[INFO] cloning repository https://github.com/ryanpbrewster/advent-of-code-2020
[INFO] running `Command { std: "git" "-c" "credential.helper=" "-c" "credential.helper=/workspace/cargo-home/bin/git-credential-null" "clone" "--bare" "https://github.com/ryanpbrewster/advent-of-code-2020" "/workspace/cache/git-repos/https%3A%2F%2Fgithub.com%2Fryanpbrewster%2Fadvent-of-code-2020", kill_on_drop: false }`
[INFO] [stderr] Cloning into bare repository '/workspace/cache/git-repos/https%3A%2F%2Fgithub.com%2Fryanpbrewster%2Fadvent-of-code-2020'...
[INFO] running `Command { std: "git" "rev-parse" "HEAD", kill_on_drop: false }`
[INFO] [stdout] 654d2320b220fa5736494ae4792d7ea5359d8022
[INFO] testing ryanpbrewster/advent-of-code-2020 against 1.75.0 for beta-1.76-1
[INFO] running `Command { std: "git" "clone" "/workspace/cache/git-repos/https%3A%2F%2Fgithub.com%2Fryanpbrewster%2Fadvent-of-code-2020" "/workspace/builds/worker-2-tc1/source", kill_on_drop: false }`
[INFO] [stderr] Cloning into '/workspace/builds/worker-2-tc1/source'...
[INFO] [stderr] done.
[INFO] validating manifest of git repo https://github.com/ryanpbrewster/advent-of-code-2020 on toolchain 1.75.0
[INFO] running `Command { std: CARGO_HOME="/workspace/cargo-home" RUSTUP_HOME="/workspace/rustup-home" "/workspace/cargo-home/bin/cargo" "+1.75.0" "metadata" "--manifest-path" "Cargo.toml" "--no-deps", kill_on_drop: false }`
[INFO] started tweaking git repo https://github.com/ryanpbrewster/advent-of-code-2020
[INFO] finished tweaking git repo https://github.com/ryanpbrewster/advent-of-code-2020
[INFO] tweaked toml for git repo https://github.com/ryanpbrewster/advent-of-code-2020 written to /workspace/builds/worker-2-tc1/source/Cargo.toml
[INFO] crate git repo https://github.com/ryanpbrewster/advent-of-code-2020 already has a lockfile, it will not be regenerated
[INFO] running `Command { std: CARGO_HOME="/workspace/cargo-home" RUSTUP_HOME="/workspace/rustup-home" "/workspace/cargo-home/bin/cargo" "+1.75.0" "fetch" "--manifest-path" "Cargo.toml", kill_on_drop: false }`
[INFO] [stderr]     Blocking waiting for file lock on package cache
[ERROR] error running command: no output for 300 seconds
[ERROR] this task or one of its parent failed!
[ERROR] no output for 300 seconds
[ERROR] note: run with `RUST_BACKTRACE=1` to display a backtrace.
[INFO] testing ryanpbrewster/advent-of-code-2020 against beta-2023-12-22 for beta-1.76-1
[INFO] running `Command { std: "git" "clone" "/workspace/cache/git-repos/https%3A%2F%2Fgithub.com%2Fryanpbrewster%2Fadvent-of-code-2020" "/workspace/builds/worker-2-tc2/source", kill_on_drop: false }`
[INFO] [stderr] Cloning into '/workspace/builds/worker-2-tc2/source'...
[INFO] [stderr] done.
[INFO] validating manifest of git repo https://github.com/ryanpbrewster/advent-of-code-2020 on toolchain beta-2023-12-22
[INFO] running `Command { std: CARGO_HOME="/workspace/cargo-home" RUSTUP_HOME="/workspace/rustup-home" "/workspace/cargo-home/bin/cargo" "+beta-2023-12-22" "metadata" "--manifest-path" "Cargo.toml" "--no-deps", kill_on_drop: false }`
[INFO] started tweaking git repo https://github.com/ryanpbrewster/advent-of-code-2020
[INFO] finished tweaking git repo https://github.com/ryanpbrewster/advent-of-code-2020
[INFO] tweaked toml for git repo https://github.com/ryanpbrewster/advent-of-code-2020 written to /workspace/builds/worker-2-tc2/source/Cargo.toml
[INFO] crate git repo https://github.com/ryanpbrewster/advent-of-code-2020 already has a lockfile, it will not be regenerated
[INFO] running `Command { std: CARGO_HOME="/workspace/cargo-home" RUSTUP_HOME="/workspace/rustup-home" "/workspace/cargo-home/bin/cargo" "+beta-2023-12-22" "fetch" "--manifest-path" "Cargo.toml", kill_on_drop: false }`
[INFO] [stderr]     Blocking waiting for file lock on package cache
[INFO] [stderr]     Blocking waiting for file lock on package cache
[INFO] [stderr]  Downloading crates ...
[INFO] [stderr]   Downloaded minimal-lexical v0.1.2
[INFO] running `Command { std: "docker" "create" "-v" "/var/lib/crater-agent-workspace/builds/worker-2-tc2/target:/opt/rustwide/target:rw,Z" "-v" "/var/lib/crater-agent-workspace/builds/worker-2-tc2/source:/opt/rustwide/workdir:ro,Z" "-v" "/var/lib/crater-agent-workspace/cargo-home:/opt/rustwide/cargo-home:ro,Z" "-v" "/var/lib/crater-agent-workspace/rustup-home:/opt/rustwide/rustup-home:ro,Z" "-e" "SOURCE_DIR=/opt/rustwide/workdir" "-e" "CARGO_TARGET_DIR=/opt/rustwide/target" "-e" "CARGO_HOME=/opt/rustwide/cargo-home" "-e" "RUSTUP_HOME=/opt/rustwide/rustup-home" "-w" "/opt/rustwide/workdir" "-m" "1610612736" "--user" "0:0" "--network" "none" "ghcr.io/rust-lang/crates-build-env/linux@sha256:2788e3201cd34a07e3172128adcd8b3090168a8e3bcc40d7c032b9dda1df7d1c" "/opt/rustwide/cargo-home/bin/cargo" "+beta-2023-12-22" "metadata" "--no-deps" "--format-version=1", kill_on_drop: false }`
[INFO] [stdout] 24abc3bbffc2237df9c1c0e79d279c9723011e95a6cc4934df77d2caefea001f
[INFO] running `Command { std: "docker" "start" "-a" "24abc3bbffc2237df9c1c0e79d279c9723011e95a6cc4934df77d2caefea001f", kill_on_drop: false }`
[INFO] running `Command { std: "docker" "inspect" "24abc3bbffc2237df9c1c0e79d279c9723011e95a6cc4934df77d2caefea001f", kill_on_drop: false }`
[INFO] running `Command { std: "docker" "rm" "-f" "24abc3bbffc2237df9c1c0e79d279c9723011e95a6cc4934df77d2caefea001f", kill_on_drop: false }`
[INFO] [stdout] 24abc3bbffc2237df9c1c0e79d279c9723011e95a6cc4934df77d2caefea001f
[INFO] running `Command { std: "docker" "create" "-v" "/var/lib/crater-agent-workspace/builds/worker-2-tc2/target:/opt/rustwide/target:rw,Z" "-v" "/var/lib/crater-agent-workspace/builds/worker-2-tc2/source:/opt/rustwide/workdir:ro,Z" "-v" "/var/lib/crater-agent-workspace/cargo-home:/opt/rustwide/cargo-home:ro,Z" "-v" "/var/lib/crater-agent-workspace/rustup-home:/opt/rustwide/rustup-home:ro,Z" "-e" "SOURCE_DIR=/opt/rustwide/workdir" "-e" "CARGO_TARGET_DIR=/opt/rustwide/target" "-e" "CARGO_INCREMENTAL=0" "-e" "RUST_BACKTRACE=full" "-e" "RUSTFLAGS=--cap-lints=warn" "-e" "RUSTDOCFLAGS=--cap-lints=warn" "-e" "CARGO_HOME=/opt/rustwide/cargo-home" "-e" "RUSTUP_HOME=/opt/rustwide/rustup-home" "-w" "/opt/rustwide/workdir" "-m" "1610612736" "--user" "0:0" "--network" "none" "ghcr.io/rust-lang/crates-build-env/linux@sha256:2788e3201cd34a07e3172128adcd8b3090168a8e3bcc40d7c032b9dda1df7d1c" "/opt/rustwide/cargo-home/bin/cargo" "+beta-2023-12-22" "build" "--frozen" "--message-format=json", kill_on_drop: false }`
[INFO] [stdout] 98f7f6f61126b360b4ca4c9e2d2651e597825189af3a28964812ca1507479fb5
[INFO] running `Command { std: "docker" "start" "-a" "98f7f6f61126b360b4ca4c9e2d2651e597825189af3a28964812ca1507479fb5", kill_on_drop: false }`
[INFO] [stderr]    Compiling memchr v2.4.1
[INFO] [stderr]    Compiling version_check v0.9.3
[INFO] [stderr]    Compiling minimal-lexical v0.1.2
[INFO] [stderr]    Compiling either v1.6.1
[INFO] [stderr]    Compiling regex-syntax v0.6.25
[INFO] [stderr]    Compiling itertools v0.10.1
[INFO] [stderr]    Compiling nom v7.0.0
[INFO] [stderr]    Compiling aho-corasick v0.7.18
[INFO] [stderr]    Compiling regex v1.5.4
[INFO] [stderr]    Compiling advent-of-code-2020 v0.1.0 (/opt/rustwide/workdir)
[INFO] [stderr]     Finished dev [unoptimized + debuginfo] target(s) in 7.45s
[INFO] running `Command { std: "docker" "inspect" "98f7f6f61126b360b4ca4c9e2d2651e597825189af3a28964812ca1507479fb5", kill_on_drop: false }`
[INFO] running `Command { std: "docker" "rm" "-f" "98f7f6f61126b360b4ca4c9e2d2651e597825189af3a28964812ca1507479fb5", kill_on_drop: false }`
[INFO] [stdout] 98f7f6f61126b360b4ca4c9e2d2651e597825189af3a28964812ca1507479fb5
[INFO] running `Command { std: "docker" "create" "-v" "/var/lib/crater-agent-workspace/builds/worker-2-tc2/target:/opt/rustwide/target:rw,Z" "-v" "/var/lib/crater-agent-workspace/builds/worker-2-tc2/source:/opt/rustwide/workdir:ro,Z" "-v" "/var/lib/crater-agent-workspace/cargo-home:/opt/rustwide/cargo-home:ro,Z" "-v" "/var/lib/crater-agent-workspace/rustup-home:/opt/rustwide/rustup-home:ro,Z" "-e" "SOURCE_DIR=/opt/rustwide/workdir" "-e" "CARGO_TARGET_DIR=/opt/rustwide/target" "-e" "CARGO_INCREMENTAL=0" "-e" "RUST_BACKTRACE=full" "-e" "RUSTFLAGS=--cap-lints=warn" "-e" "RUSTDOCFLAGS=--cap-lints=warn" "-e" "CARGO_HOME=/opt/rustwide/cargo-home" "-e" "RUSTUP_HOME=/opt/rustwide/rustup-home" "-w" "/opt/rustwide/workdir" "-m" "1610612736" "--user" "0:0" "--network" "none" "ghcr.io/rust-lang/crates-build-env/linux@sha256:2788e3201cd34a07e3172128adcd8b3090168a8e3bcc40d7c032b9dda1df7d1c" "/opt/rustwide/cargo-home/bin/cargo" "+beta-2023-12-22" "test" "--frozen" "--no-run" "--message-format=json", kill_on_drop: false }`
[INFO] [stdout] 06d569e8936c547e2bd17802231b22a447f9f69fbbc3871e61ce2e853baf3ef6
[INFO] running `Command { std: "docker" "start" "-a" "06d569e8936c547e2bd17802231b22a447f9f69fbbc3871e61ce2e853baf3ef6", kill_on_drop: false }`
[INFO] [stderr]    Compiling advent-of-code-2020 v0.1.0 (/opt/rustwide/workdir)
[INFO] [stderr]     Finished test [unoptimized + debuginfo] target(s) in 3.66s
[INFO] running `Command { std: "docker" "inspect" "06d569e8936c547e2bd17802231b22a447f9f69fbbc3871e61ce2e853baf3ef6", kill_on_drop: false }`
[INFO] running `Command { std: "docker" "rm" "-f" "06d569e8936c547e2bd17802231b22a447f9f69fbbc3871e61ce2e853baf3ef6", kill_on_drop: false }`
[INFO] [stdout] 06d569e8936c547e2bd17802231b22a447f9f69fbbc3871e61ce2e853baf3ef6
[INFO] running `Command { std: "docker" "create" "-v" "/var/lib/crater-agent-workspace/builds/worker-2-tc2/target:/opt/rustwide/target:rw,Z" "-v" "/var/lib/crater-agent-workspace/builds/worker-2-tc2/source:/opt/rustwide/workdir:ro,Z" "-v" "/var/lib/crater-agent-workspace/cargo-home:/opt/rustwide/cargo-home:ro,Z" "-v" "/var/lib/crater-agent-workspace/rustup-home:/opt/rustwide/rustup-home:ro,Z" "-e" "SOURCE_DIR=/opt/rustwide/workdir" "-e" "CARGO_TARGET_DIR=/opt/rustwide/target" "-e" "CARGO_INCREMENTAL=0" "-e" "RUST_BACKTRACE=full" "-e" "RUSTFLAGS=--cap-lints=warn" "-e" "RUSTDOCFLAGS=--cap-lints=warn" "-e" "CARGO_HOME=/opt/rustwide/cargo-home" "-e" "RUSTUP_HOME=/opt/rustwide/rustup-home" "-w" "/opt/rustwide/workdir" "-m" "1610612736" "--user" "0:0" "--network" "none" "ghcr.io/rust-lang/crates-build-env/linux@sha256:2788e3201cd34a07e3172128adcd8b3090168a8e3bcc40d7c032b9dda1df7d1c" "/opt/rustwide/cargo-home/bin/cargo" "+beta-2023-12-22" "test" "--frozen", kill_on_drop: false }`
[INFO] [stdout] 53854955f0eab1374dfd5e14e49410941ec4699c6c8647f064ecbd69d1dbdf6b
[INFO] running `Command { std: "docker" "start" "-a" "53854955f0eab1374dfd5e14e49410941ec4699c6c8647f064ecbd69d1dbdf6b", kill_on_drop: false }`
[INFO] [stderr]     Finished test [unoptimized + debuginfo] target(s) in 0.02s
[INFO] [stderr]      Running unittests src/lib.rs (/opt/rustwide/target/debug/deps/advent_of_code_2020-1f7c68dc13b26571)
[INFO] [stdout] 
[INFO] [stdout] running 103 tests
[INFO] [stdout] test day01::test::normal1 ... ok
[INFO] [stdout] test day03::test::normal1 ... ok
[INFO] [stdout] test day01::test::small1 ... ok
[INFO] [stdout] test day03::test::small1 ... ok
[INFO] [stdout] test day03::test::normal2 ... ok
[INFO] [stdout] test day05::test::normal1 ... ok
[INFO] [stdout] test day06::test::small2 ... ok
[INFO] [stdout] test day05::test::normal2 ... ok
[INFO] [stdout] test day05::test::small1 ... ok
[INFO] [stdout] test day07::test::parser ... ok
[INFO] [stdout] test day06::test::small1 ... ok
[INFO] [stdout] test day07::test::small1 ... ok
[INFO] [stdout] test day06::test::normal1 ... ok
[INFO] [stdout] test day02::test::normal2 ... ok
[INFO] [stdout] test day04::test::small1 ... ok
[INFO] [stdout] test day07::test::small2 ... ok
[INFO] [stdout] test day08::test::normal1 ... ok
[INFO] [stdout] test day06::test::normal2 ... ok
[INFO] [stdout] test day08::test::small2 ... ok
[INFO] [stdout] test day08::test::parser_list ... ok
[INFO] [stdout] test day08::test::small1 ... ok
[INFO] [stdout] test day08::test::parser_one ... ok
[INFO] [stdout] test day01::test::normal2 ... ok
[INFO] [stdout] test day10::test::normal1 ... ok
[INFO] [stdout] test day07::test::normal2 ... ok
[INFO] [stdout] test day09::test::small1 ... ok
[INFO] [stdout] test day04::test::small2 ... ok
[INFO] [stdout] test day10::test::small2 ... ok
[INFO] [stdout] test day10::test::small1 ... ok
[INFO] [stdout] test day11::test::small1 ... ok
[INFO] [stdout] test day09::test::normal1 ... ok
[INFO] [stdout] test day09::test::normal2 ... ok
[INFO] [stdout] test day09::test::small2 ... ok
[INFO] [stdout] test day12::test::small1 ... ok
[INFO] [stdout] test day12::test::small2 ... ok
[INFO] [stdout] test day13::test::gcd1 ... ok
[INFO] [stdout] test day02::test::parser ... ok
[INFO] [stdout] test day12::test::normal2 ... ok
[INFO] [stdout] test day02::test::small1 ... ok
[INFO] [stdout] test day13::test::normal1 ... ok
[INFO] [stdout] test day13::test::normal2 ... ok
[INFO] [stdout] test day12::test::normal1 ... ok
[INFO] [stdout] test day13::test::small1 ... ok
[INFO] [stdout] test day13::test::small2 ... ok
[INFO] [stdout] test day14::test::small1 ... ok
[INFO] [stdout] test day14::test::small2 ... ok
[INFO] [stdout] test day02::test::normal1 ... ok
[INFO] [stdout] test day15::test::normal1 ... ok
[INFO] [stdout] test day07::test::normal1 ... ok
[INFO] [stdout] test day10::test::normal2 ... ok
[INFO] [stdout] test day08::test::normal2 ... ok
[INFO] [stdout] test day15::test::small1 ... ok
[INFO] [stdout] test day04::test::normal2 ... ok
[INFO] [stdout] test day17::test::parser ... ok
[INFO] [stdout] test day16::test::normal1 ... ok
[INFO] [stdout] test day16::test::small1 ... ok
[INFO] [stdout] test day16::test::parser ... ok
[INFO] [stdout] test day02::test::small2 ... ok
[INFO] [stdout] test day18::test::normal1 ... ok
[INFO] [stdout] test day16::test::small2 ... ok
[INFO] [stdout] test day04::test::normal1 ... ok
[INFO] [stdout] test day18::test::small1 ... ok
[INFO] [stdout] test day19::test::parser_literal ... ok
[INFO] [stdout] test day14::test::normal1 ... ok
[INFO] [stdout] test day16::test::normal2 ... ok
[INFO] [stdout] test day18::test::parser ... ok
[INFO] [stdout] test day18::test::normal2 ... ok
[INFO] [stdout] test day19::test::parser_subrule ... ok
[INFO] [stdout] test day20::test::small1 ... ok
[INFO] [stdout] test day19::test::small1 ... ok
[INFO] [stdout] test day17::test::small1 ... ok
[INFO] [stdout] test day21::test::parser_test ... ok
[INFO] [stdout] test day19::test::tiny2 ... ok
[INFO] [stdout] test day22::test::normal1 ... ok
[INFO] [stdout] test day17::test::normal1 ... ok
[INFO] [stdout] test day20::test::normal1 ... ok
[INFO] [stdout] test day22::test::parser_test ... ok
[INFO] [stdout] test day21::test::small1 ... ok
[INFO] [stdout] test day19::test::small2 ... ok
[INFO] [stdout] test day23::test::normal1 ... ok
[INFO] [stdout] test day23::test::ring_test ... ok
[INFO] [stdout] test day23::test::small1 ... ok
[INFO] [stdout] test day22::test::small2 ... ok
[INFO] [stdout] test day22::test::small1 ... ok
[INFO] [stdout] test day24::test::parser_test ... ok
[INFO] [stdout] test day19::test::normal1 ... ok
[INFO] [stdout] test day24::test::normal1 ... ok
[INFO] [stdout] test day21::test::normal ... ok
[INFO] [stdout] test day24::test::small1 ... ok
[INFO] [stdout] test day20::test::parser_test ... ok
[INFO] [stdout] test day25::test::small1 ... ok
[INFO] [stdout] test day17::test::small2 ... ok
[INFO] [stdout] test day14::test::normal2 ... ok
[INFO] [stdout] test day19::test::normal2 ... ok
[INFO] [stdout] test day25::test::normal1 ... ok
[INFO] [stdout] test day17::test::normal2 ... ok
[INFO] [stdout] test day11::test::normal1 ... ok
[INFO] [stdout] test day24::test::small2 ... ok
[INFO] [stdout] test day11::test::normal2 ... ok
[INFO] [stdout] test day24::test::normal2 ... ok
[INFO] [stdout] test day23::test::normal2 ... ok
[INFO] [stdout] test day22::test::normal2 ... ok
[INFO] [stdout] test day15::test::normal2 ... ok
[INFO] [stdout] 
[INFO] [stdout] test result: ok. 103 passed; 0 failed; 0 ignored; 0 measured; 0 filtered out; finished in 5.71s
[INFO] [stdout] 
[INFO] [stderr]      Running unittests src/main.rs (/opt/rustwide/target/debug/deps/advent_of_code_2020-1ea6d85e93c82dc9)
[INFO] [stdout] 
[INFO] [stderr]    Doc-tests advent-of-code-2020
[INFO] [stdout] running 0 tests
[INFO] [stdout] 
[INFO] [stdout] test result: ok. 0 passed; 0 failed; 0 ignored; 0 measured; 0 filtered out; finished in 0.00s
[INFO] [stdout] 
[INFO] [stdout] 
[INFO] [stdout] running 0 tests
[INFO] [stdout] 
[INFO] [stdout] test result: ok. 0 passed; 0 failed; 0 ignored; 0 measured; 0 filtered out; finished in 0.00s
[INFO] [stdout] 
[INFO] running `Command { std: "docker" "inspect" "53854955f0eab1374dfd5e14e49410941ec4699c6c8647f064ecbd69d1dbdf6b", kill_on_drop: false }`
[INFO] running `Command { std: "docker" "rm" "-f" "53854955f0eab1374dfd5e14e49410941ec4699c6c8647f064ecbd69d1dbdf6b", kill_on_drop: false }`
[INFO] [stdout] 53854955f0eab1374dfd5e14e49410941ec4699c6c8647f064ecbd69d1dbdf6b
