[INFO] cloning repository https://github.com/rustkas/rust-101-impl
[INFO] running `Command { std: "git" "-c" "credential.helper=" "-c" "credential.helper=/workspace/cargo-home/bin/git-credential-null" "clone" "--bare" "https://github.com/rustkas/rust-101-impl" "/workspace/cache/git-repos/https%3A%2F%2Fgithub.com%2Frustkas%2Frust-101-impl", kill_on_drop: false }`
[INFO] [stderr] Cloning into bare repository '/workspace/cache/git-repos/https%3A%2F%2Fgithub.com%2Frustkas%2Frust-101-impl'...
[INFO] running `Command { std: "git" "rev-parse" "HEAD", kill_on_drop: false }`
[INFO] [stdout] 613d00f4626de92ead3dc7534fc6f94a73e95cfb
[INFO] testing rustkas/rust-101-impl against 1.75.0 for beta-1.76-1
[INFO] running `Command { std: "git" "clone" "/workspace/cache/git-repos/https%3A%2F%2Fgithub.com%2Frustkas%2Frust-101-impl" "/workspace/builds/worker-4-tc1/source", kill_on_drop: false }`
[INFO] [stderr] Cloning into '/workspace/builds/worker-4-tc1/source'...
[INFO] [stderr] done.
[INFO] validating manifest of git repo https://github.com/rustkas/rust-101-impl on toolchain 1.75.0
[INFO] running `Command { std: CARGO_HOME="/workspace/cargo-home" RUSTUP_HOME="/workspace/rustup-home" "/workspace/cargo-home/bin/cargo" "+1.75.0" "metadata" "--manifest-path" "Cargo.toml" "--no-deps", kill_on_drop: false }`
[INFO] started tweaking git repo https://github.com/rustkas/rust-101-impl
[INFO] finished tweaking git repo https://github.com/rustkas/rust-101-impl
[INFO] tweaked toml for git repo https://github.com/rustkas/rust-101-impl written to /workspace/builds/worker-4-tc1/source/Cargo.toml
[INFO] crate git repo https://github.com/rustkas/rust-101-impl already has a lockfile, it will not be regenerated
[INFO] running `Command { std: CARGO_HOME="/workspace/cargo-home" RUSTUP_HOME="/workspace/rustup-home" "/workspace/cargo-home/bin/cargo" "+1.75.0" "fetch" "--manifest-path" "Cargo.toml", kill_on_drop: false }`
[INFO] [stderr]     Blocking waiting for file lock on package cache
[ERROR] error running command: no output for 300 seconds
[ERROR] this task or one of its parent failed!
[ERROR] no output for 300 seconds
[ERROR] note: run with `RUST_BACKTRACE=1` to display a backtrace.
[INFO] testing rustkas/rust-101-impl against beta-2023-12-22 for beta-1.76-1
[INFO] running `Command { std: "git" "clone" "/workspace/cache/git-repos/https%3A%2F%2Fgithub.com%2Frustkas%2Frust-101-impl" "/workspace/builds/worker-4-tc2/source", kill_on_drop: false }`
[INFO] [stderr] Cloning into '/workspace/builds/worker-4-tc2/source'...
[INFO] [stderr] done.
[INFO] validating manifest of git repo https://github.com/rustkas/rust-101-impl on toolchain beta-2023-12-22
[INFO] running `Command { std: CARGO_HOME="/workspace/cargo-home" RUSTUP_HOME="/workspace/rustup-home" "/workspace/cargo-home/bin/cargo" "+beta-2023-12-22" "metadata" "--manifest-path" "Cargo.toml" "--no-deps", kill_on_drop: false }`
[INFO] started tweaking git repo https://github.com/rustkas/rust-101-impl
[INFO] finished tweaking git repo https://github.com/rustkas/rust-101-impl
[INFO] tweaked toml for git repo https://github.com/rustkas/rust-101-impl written to /workspace/builds/worker-4-tc2/source/Cargo.toml
[INFO] crate git repo https://github.com/rustkas/rust-101-impl already has a lockfile, it will not be regenerated
[INFO] running `Command { std: CARGO_HOME="/workspace/cargo-home" RUSTUP_HOME="/workspace/rustup-home" "/workspace/cargo-home/bin/cargo" "+beta-2023-12-22" "fetch" "--manifest-path" "Cargo.toml", kill_on_drop: false }`
[INFO] [stderr]     Blocking waiting for file lock on package cache
[INFO] [stderr]     Blocking waiting for file lock on package cache
[ERROR] error running command: no output for 300 seconds
[INFO] testing rustkas/rust-101-impl against beta-2023-12-22 for beta-1.76-1
[INFO] running `Command { std: "git" "clone" "/workspace/cache/git-repos/https%3A%2F%2Fgithub.com%2Frustkas%2Frust-101-impl" "/workspace/builds/worker-4-tc2/source", kill_on_drop: false }`
[INFO] [stderr] Cloning into '/workspace/builds/worker-4-tc2/source'...
[INFO] [stderr] done.
[INFO] validating manifest of git repo https://github.com/rustkas/rust-101-impl on toolchain beta-2023-12-22
[INFO] running `Command { std: CARGO_HOME="/workspace/cargo-home" RUSTUP_HOME="/workspace/rustup-home" "/workspace/cargo-home/bin/cargo" "+beta-2023-12-22" "metadata" "--manifest-path" "Cargo.toml" "--no-deps", kill_on_drop: false }`
[INFO] started tweaking git repo https://github.com/rustkas/rust-101-impl
[INFO] finished tweaking git repo https://github.com/rustkas/rust-101-impl
[INFO] tweaked toml for git repo https://github.com/rustkas/rust-101-impl written to /workspace/builds/worker-4-tc2/source/Cargo.toml
[INFO] crate git repo https://github.com/rustkas/rust-101-impl already has a lockfile, it will not be regenerated
[INFO] running `Command { std: CARGO_HOME="/workspace/cargo-home" RUSTUP_HOME="/workspace/rustup-home" "/workspace/cargo-home/bin/cargo" "+beta-2023-12-22" "fetch" "--manifest-path" "Cargo.toml", kill_on_drop: false }`
[INFO] [stderr]     Blocking waiting for file lock on package cache
[INFO] [stderr]     Blocking waiting for file lock on package cache
[INFO] running `Command { std: "docker" "create" "-v" "/var/lib/crater-agent-workspace/builds/worker-4-tc2/target:/opt/rustwide/target:rw,Z" "-v" "/var/lib/crater-agent-workspace/builds/worker-4-tc2/source:/opt/rustwide/workdir:ro,Z" "-v" "/var/lib/crater-agent-workspace/cargo-home:/opt/rustwide/cargo-home:ro,Z" "-v" "/var/lib/crater-agent-workspace/rustup-home:/opt/rustwide/rustup-home:ro,Z" "-e" "SOURCE_DIR=/opt/rustwide/workdir" "-e" "CARGO_TARGET_DIR=/opt/rustwide/target" "-e" "CARGO_HOME=/opt/rustwide/cargo-home" "-e" "RUSTUP_HOME=/opt/rustwide/rustup-home" "-w" "/opt/rustwide/workdir" "-m" "1610612736" "--user" "0:0" "--network" "none" "ghcr.io/rust-lang/crates-build-env/linux@sha256:2788e3201cd34a07e3172128adcd8b3090168a8e3bcc40d7c032b9dda1df7d1c" "/opt/rustwide/cargo-home/bin/cargo" "+beta-2023-12-22" "metadata" "--no-deps" "--format-version=1", kill_on_drop: false }`
[INFO] [stdout] af89239c60267086d602fe1f9a8ad14f2ee6d16ff2214155896b42a2733229d5
[INFO] running `Command { std: "docker" "start" "-a" "af89239c60267086d602fe1f9a8ad14f2ee6d16ff2214155896b42a2733229d5", kill_on_drop: false }`
[INFO] running `Command { std: "docker" "inspect" "af89239c60267086d602fe1f9a8ad14f2ee6d16ff2214155896b42a2733229d5", kill_on_drop: false }`
[INFO] running `Command { std: "docker" "rm" "-f" "af89239c60267086d602fe1f9a8ad14f2ee6d16ff2214155896b42a2733229d5", kill_on_drop: false }`
[INFO] [stdout] af89239c60267086d602fe1f9a8ad14f2ee6d16ff2214155896b42a2733229d5
[INFO] running `Command { std: "docker" "create" "-v" "/var/lib/crater-agent-workspace/builds/worker-4-tc2/target:/opt/rustwide/target:rw,Z" "-v" "/var/lib/crater-agent-workspace/builds/worker-4-tc2/source:/opt/rustwide/workdir:ro,Z" "-v" "/var/lib/crater-agent-workspace/cargo-home:/opt/rustwide/cargo-home:ro,Z" "-v" "/var/lib/crater-agent-workspace/rustup-home:/opt/rustwide/rustup-home:ro,Z" "-e" "SOURCE_DIR=/opt/rustwide/workdir" "-e" "CARGO_TARGET_DIR=/opt/rustwide/target" "-e" "CARGO_INCREMENTAL=0" "-e" "RUST_BACKTRACE=full" "-e" "RUSTFLAGS=--cap-lints=warn" "-e" "RUSTDOCFLAGS=--cap-lints=warn" "-e" "CARGO_HOME=/opt/rustwide/cargo-home" "-e" "RUSTUP_HOME=/opt/rustwide/rustup-home" "-w" "/opt/rustwide/workdir" "-m" "1610612736" "--user" "0:0" "--network" "none" "ghcr.io/rust-lang/crates-build-env/linux@sha256:2788e3201cd34a07e3172128adcd8b3090168a8e3bcc40d7c032b9dda1df7d1c" "/opt/rustwide/cargo-home/bin/cargo" "+beta-2023-12-22" "build" "--frozen" "--message-format=json", kill_on_drop: false }`
[INFO] [stdout] c959274c1aaecfc34edbb41bea7db86932da23c0774c62dec9b94eb18d4cc98c
[INFO] running `Command { std: "docker" "start" "-a" "c959274c1aaecfc34edbb41bea7db86932da23c0774c62dec9b94eb18d4cc98c", kill_on_drop: false }`
[INFO] [stderr]    Compiling rust-101 v0.1.0 (/opt/rustwide/workdir)
[INFO] [stdout] warning: unused variable: `el`
[INFO] [stdout]   --> src/part0.rs:24:9
[INFO] [stdout]    |
[INFO] [stdout] 24 |     for el in vec {
[INFO] [stdout]    |         ^^ help: if this is intentional, prefix it with an underscore: `_el`
[INFO] [stdout]    |
[INFO] [stdout]    = note: `#[warn(unused_variables)]` on by default
[INFO] [stdout] 
[INFO] [stdout] 
[INFO] [stdout] warning: unused variable: `n`
[INFO] [stdout]   --> src/part0.rs:35:20
[INFO] [stdout]    |
[INFO] [stdout] 35 |             Number(n) => {
[INFO] [stdout]    |                    ^ help: if this is intentional, prefix it with an underscore: `_n`
[INFO] [stdout] 
[INFO] [stdout] 
[INFO] [stdout] warning: variable does not need to be mutable
[INFO] [stdout]   --> src/part0.rs:21:9
[INFO] [stdout]    |
[INFO] [stdout] 21 |     let mut min = Nothing;
[INFO] [stdout]    |         ----^^^
[INFO] [stdout]    |         |
[INFO] [stdout]    |         help: remove this `mut`
[INFO] [stdout]    |
[INFO] [stdout]    = note: `#[warn(unused_mut)]` on by default
[INFO] [stdout] 
[INFO] [stdout] 
[INFO] [stdout] warning: unused variable: `n`
[INFO] [stdout]   --> src/part0.rs:70:28
[INFO] [stdout]    |
[INFO] [stdout] 70 | fn print_number_or_nothing(n: NumberOrNothing) {
[INFO] [stdout]    |                            ^ help: if this is intentional, prefix it with an underscore: `_n`
[INFO] [stdout] 
[INFO] [stdout] 
[INFO] [stdout] warning: variant `Number` is never constructed
[INFO] [stdout]   --> src/part0.rs:14:5
[INFO] [stdout]    |
[INFO] [stdout] 13 | enum NumberOrNothing {
[INFO] [stdout]    |      --------------- variant in this enum
[INFO] [stdout] 14 |     Number(i32),
[INFO] [stdout]    |     ^^^^^^
[INFO] [stdout]    |
[INFO] [stdout]    = note: `#[warn(dead_code)]` on by default
[INFO] [stdout] 
[INFO] [stdout] 
[INFO] [stdout] warning: function `min_i32` is never used
[INFO] [stdout]   --> src/part0.rs:45:4
[INFO] [stdout]    |
[INFO] [stdout] 45 | fn min_i32(a: i32, b: i32) -> i32 {
[INFO] [stdout]    |    ^^^^^^^
[INFO] [stdout] 
[INFO] [stdout] 
[INFO] [stdout] warning: 6 warnings emitted
[INFO] [stdout] 
[INFO] [stdout] 
[INFO] [stderr]     Finished dev [unoptimized + debuginfo] target(s) in 0.24s
[INFO] running `Command { std: "docker" "inspect" "c959274c1aaecfc34edbb41bea7db86932da23c0774c62dec9b94eb18d4cc98c", kill_on_drop: false }`
[INFO] running `Command { std: "docker" "rm" "-f" "c959274c1aaecfc34edbb41bea7db86932da23c0774c62dec9b94eb18d4cc98c", kill_on_drop: false }`
[INFO] [stdout] c959274c1aaecfc34edbb41bea7db86932da23c0774c62dec9b94eb18d4cc98c
[INFO] running `Command { std: "docker" "create" "-v" "/var/lib/crater-agent-workspace/builds/worker-4-tc2/target:/opt/rustwide/target:rw,Z" "-v" "/var/lib/crater-agent-workspace/builds/worker-4-tc2/source:/opt/rustwide/workdir:ro,Z" "-v" "/var/lib/crater-agent-workspace/cargo-home:/opt/rustwide/cargo-home:ro,Z" "-v" "/var/lib/crater-agent-workspace/rustup-home:/opt/rustwide/rustup-home:ro,Z" "-e" "SOURCE_DIR=/opt/rustwide/workdir" "-e" "CARGO_TARGET_DIR=/opt/rustwide/target" "-e" "CARGO_INCREMENTAL=0" "-e" "RUST_BACKTRACE=full" "-e" "RUSTFLAGS=--cap-lints=warn" "-e" "RUSTDOCFLAGS=--cap-lints=warn" "-e" "CARGO_HOME=/opt/rustwide/cargo-home" "-e" "RUSTUP_HOME=/opt/rustwide/rustup-home" "-w" "/opt/rustwide/workdir" "-m" "1610612736" "--user" "0:0" "--network" "none" "ghcr.io/rust-lang/crates-build-env/linux@sha256:2788e3201cd34a07e3172128adcd8b3090168a8e3bcc40d7c032b9dda1df7d1c" "/opt/rustwide/cargo-home/bin/cargo" "+beta-2023-12-22" "test" "--frozen" "--no-run" "--message-format=json", kill_on_drop: false }`
[INFO] [stdout] 88bdde99234912a293d3c98c0b14d71a18a7926b21abd00048a46c27c11ffd9e
[INFO] running `Command { std: "docker" "start" "-a" "88bdde99234912a293d3c98c0b14d71a18a7926b21abd00048a46c27c11ffd9e", kill_on_drop: false }`
[INFO] [stderr]    Compiling rust-101 v0.1.0 (/opt/rustwide/workdir)
[INFO] [stdout] warning: unused variable: `el`
[INFO] [stdout]   --> src/part0.rs:24:9
[INFO] [stdout]    |
[INFO] [stdout] 24 |     for el in vec {
[INFO] [stdout]    |         ^^ help: if this is intentional, prefix it with an underscore: `_el`
[INFO] [stdout]    |
[INFO] [stdout]    = note: `#[warn(unused_variables)]` on by default
[INFO] [stdout] 
[INFO] [stdout] 
[INFO] [stdout] warning: unused variable: `n`
[INFO] [stdout]   --> src/part0.rs:35:20
[INFO] [stdout]    |
[INFO] [stdout] 35 |             Number(n) => {
[INFO] [stdout]    |                    ^ help: if this is intentional, prefix it with an underscore: `_n`
[INFO] [stdout] 
[INFO] [stdout] 
[INFO] [stdout] warning: variable does not need to be mutable
[INFO] [stdout]   --> src/part0.rs:21:9
[INFO] [stdout]    |
[INFO] [stdout] 21 |     let mut min = Nothing;
[INFO] [stdout]    |         ----^^^
[INFO] [stdout]    |         |
[INFO] [stdout]    |         help: remove this `mut`
[INFO] [stdout]    |
[INFO] [stdout]    = note: `#[warn(unused_mut)]` on by default
[INFO] [stdout] 
[INFO] [stdout] 
[INFO] [stdout] warning: unused variable: `n`
[INFO] [stdout]   --> src/part0.rs:70:28
[INFO] [stdout]    |
[INFO] [stdout] 70 | fn print_number_or_nothing(n: NumberOrNothing) {
[INFO] [stdout]    |                            ^ help: if this is intentional, prefix it with an underscore: `_n`
[INFO] [stdout] 
[INFO] [stdout] 
[INFO] [stdout] warning: variant `Number` is never constructed
[INFO] [stdout]   --> src/part0.rs:14:5
[INFO] [stdout]    |
[INFO] [stdout] 13 | enum NumberOrNothing {
[INFO] [stdout]    |      --------------- variant in this enum
[INFO] [stdout] 14 |     Number(i32),
[INFO] [stdout]    |     ^^^^^^
[INFO] [stdout]    |
[INFO] [stdout]    = note: `#[warn(dead_code)]` on by default
[INFO] [stdout] 
[INFO] [stdout] 
[INFO] [stdout] warning: function `min_i32` is never used
[INFO] [stdout]   --> src/part0.rs:45:4
[INFO] [stdout]    |
[INFO] [stdout] 45 | fn min_i32(a: i32, b: i32) -> i32 {
[INFO] [stdout]    |    ^^^^^^^
[INFO] [stdout] 
[INFO] [stdout] 
[INFO] [stdout] warning: 6 warnings emitted
[INFO] [stdout] 
[INFO] [stdout] 
[INFO] [stderr]     Finished test [unoptimized + debuginfo] target(s) in 0.19s
[INFO] running `Command { std: "docker" "inspect" "88bdde99234912a293d3c98c0b14d71a18a7926b21abd00048a46c27c11ffd9e", kill_on_drop: false }`
[INFO] running `Command { std: "docker" "rm" "-f" "88bdde99234912a293d3c98c0b14d71a18a7926b21abd00048a46c27c11ffd9e", kill_on_drop: false }`
[INFO] [stdout] 88bdde99234912a293d3c98c0b14d71a18a7926b21abd00048a46c27c11ffd9e
[INFO] running `Command { std: "docker" "create" "-v" "/var/lib/crater-agent-workspace/builds/worker-4-tc2/target:/opt/rustwide/target:rw,Z" "-v" "/var/lib/crater-agent-workspace/builds/worker-4-tc2/source:/opt/rustwide/workdir:ro,Z" "-v" "/var/lib/crater-agent-workspace/cargo-home:/opt/rustwide/cargo-home:ro,Z" "-v" "/var/lib/crater-agent-workspace/rustup-home:/opt/rustwide/rustup-home:ro,Z" "-e" "SOURCE_DIR=/opt/rustwide/workdir" "-e" "CARGO_TARGET_DIR=/opt/rustwide/target" "-e" "CARGO_INCREMENTAL=0" "-e" "RUST_BACKTRACE=full" "-e" "RUSTFLAGS=--cap-lints=warn" "-e" "RUSTDOCFLAGS=--cap-lints=warn" "-e" "CARGO_HOME=/opt/rustwide/cargo-home" "-e" "RUSTUP_HOME=/opt/rustwide/rustup-home" "-w" "/opt/rustwide/workdir" "-m" "1610612736" "--user" "0:0" "--network" "none" "ghcr.io/rust-lang/crates-build-env/linux@sha256:2788e3201cd34a07e3172128adcd8b3090168a8e3bcc40d7c032b9dda1df7d1c" "/opt/rustwide/cargo-home/bin/cargo" "+beta-2023-12-22" "test" "--frozen", kill_on_drop: false }`
[INFO] [stdout] 7991e5943b40f24d6151a1b3f97aa6db535722c58e3ca37624d7e967e0c933e9
[INFO] running `Command { std: "docker" "start" "-a" "7991e5943b40f24d6151a1b3f97aa6db535722c58e3ca37624d7e967e0c933e9", kill_on_drop: false }`
[INFO] [stderr] warning: unused variable: `el`
[INFO] [stderr]   --> src/part0.rs:24:9
[INFO] [stderr]    |
[INFO] [stderr] 24 |     for el in vec {
[INFO] [stderr]    |         ^^ help: if this is intentional, prefix it with an underscore: `_el`
[INFO] [stderr]    |
[INFO] [stderr]    = note: `#[warn(unused_variables)]` on by default
[INFO] [stderr] 
[INFO] [stderr] warning: unused variable: `n`
[INFO] [stderr]   --> src/part0.rs:35:20
[INFO] [stderr]    |
[INFO] [stderr] 35 |             Number(n) => {
[INFO] [stderr]    |                    ^ help: if this is intentional, prefix it with an underscore: `_n`
[INFO] [stderr] 
[INFO] [stderr] warning: variable does not need to be mutable
[INFO] [stderr]   --> src/part0.rs:21:9
[INFO] [stderr]    |
[INFO] [stderr] 21 |     let mut min = Nothing;
[INFO] [stderr]    |         ----^^^
[INFO] [stderr]    |         |
[INFO] [stderr]    |         help: remove this `mut`
[INFO] [stderr]    |
[INFO] [stderr]    = note: `#[warn(unused_mut)]` on by default
[INFO] [stderr] 
[INFO] [stderr] warning: unused variable: `n`
[INFO] [stderr]   --> src/part0.rs:70:28
[INFO] [stderr]    |
[INFO] [stderr] 70 | fn print_number_or_nothing(n: NumberOrNothing) {
[INFO] [stderr]    |                            ^ help: if this is intentional, prefix it with an underscore: `_n`
[INFO] [stderr] 
[INFO] [stderr] warning: variant `Number` is never constructed
[INFO] [stderr]   --> src/part0.rs:14:5
[INFO] [stderr]    |
[INFO] [stderr] 13 | enum NumberOrNothing {
[INFO] [stderr]    |      --------------- variant in this enum
[INFO] [stderr] 14 |     Number(i32),
[INFO] [stderr]    |     ^^^^^^
[INFO] [stderr]    |
[INFO] [stderr]    = note: `#[warn(dead_code)]` on by default
[INFO] [stderr] 
[INFO] [stderr] warning: function `min_i32` is never used
[INFO] [stderr]   --> src/part0.rs:45:4
[INFO] [stderr]    |
[INFO] [stderr] 45 | fn min_i32(a: i32, b: i32) -> i32 {
[INFO] [stderr]    |    ^^^^^^^
[INFO] [stderr] 
[INFO] [stderr] warning: `rust-101` (bin "part0" test) generated 6 warnings (run `cargo fix --bin "part0" --tests` to apply 4 suggestions)
[INFO] [stderr]     Finished test [unoptimized + debuginfo] target(s) in 0.00s
[INFO] [stderr]      Running unittests src/part0.rs (/opt/rustwide/target/debug/deps/part0-5f52b18d237fa6be)
[INFO] [stdout] 
[INFO] [stdout] running 0 tests
[INFO] [stdout] 
[INFO] [stdout] test result: ok. 0 passed; 0 failed; 0 ignored; 0 measured; 0 filtered out; finished in 0.00s
[INFO] [stdout] 
[INFO] [stderr]      Running unittests src/part01.rs (/opt/rustwide/target/debug/deps/part01-9ca82c13fb2f7016)
[INFO] [stdout] 
[INFO] [stdout] running 0 tests
[INFO] [stdout] 
[INFO] [stdout] test result: ok. 0 passed; 0 failed; 0 ignored; 0 measured; 0 filtered out; finished in 0.00s
[INFO] [stdout] 
[INFO] [stderr]      Running unittests src/part02.rs (/opt/rustwide/target/debug/deps/part02-bd02cc5853e88f54)
[INFO] [stdout] 
[INFO] [stdout] running 0 tests
[INFO] [stdout] 
[INFO] [stdout] test result: ok. 0 passed; 0 failed; 0 ignored; 0 measured; 0 filtered out; finished in 0.00s
[INFO] [stdout] 
[INFO] running `Command { std: "docker" "inspect" "7991e5943b40f24d6151a1b3f97aa6db535722c58e3ca37624d7e967e0c933e9", kill_on_drop: false }`
[INFO] running `Command { std: "docker" "rm" "-f" "7991e5943b40f24d6151a1b3f97aa6db535722c58e3ca37624d7e967e0c933e9", kill_on_drop: false }`
[INFO] [stdout] 7991e5943b40f24d6151a1b3f97aa6db535722c58e3ca37624d7e967e0c933e9
