[INFO] cloning repository https://github.com/rust-lang-nursery/rust-bindgen
[INFO] running `Command { std: "git" "-c" "credential.helper=" "-c" "credential.helper=/workspace/cargo-home/bin/git-credential-null" "clone" "--bare" "https://github.com/rust-lang-nursery/rust-bindgen" "/workspace/cache/git-repos/https%3A%2F%2Fgithub.com%2Frust-lang-nursery%2Frust-bindgen", kill_on_drop: false }`
[INFO] [stderr] Cloning into bare repository '/workspace/cache/git-repos/https%3A%2F%2Fgithub.com%2Frust-lang-nursery%2Frust-bindgen'...
[INFO] running `Command { std: "git" "rev-parse" "HEAD", kill_on_drop: false }`
[INFO] [stdout] d0c2b1e3de54860cebb649af6fee2abca8410506
[INFO] [stderr] warning: refname 'HEAD' is ambiguous.
[INFO] testing rust-lang-nursery/rust-bindgen against 1.75.0 for beta-1.76-1
[INFO] running `Command { std: "git" "clone" "/workspace/cache/git-repos/https%3A%2F%2Fgithub.com%2Frust-lang-nursery%2Frust-bindgen" "/workspace/builds/worker-6-tc1/source", kill_on_drop: false }`
[INFO] [stderr] Cloning into '/workspace/builds/worker-6-tc1/source'...
[INFO] [stderr] done.
[INFO] validating manifest of git repo https://github.com/rust-lang-nursery/rust-bindgen on toolchain 1.75.0
[INFO] running `Command { std: CARGO_HOME="/workspace/cargo-home" RUSTUP_HOME="/workspace/rustup-home" "/workspace/cargo-home/bin/cargo" "+1.75.0" "metadata" "--manifest-path" "Cargo.toml" "--no-deps", kill_on_drop: false }`
[INFO] started tweaking git repo https://github.com/rust-lang-nursery/rust-bindgen
[INFO] finished tweaking git repo https://github.com/rust-lang-nursery/rust-bindgen
[INFO] tweaked toml for git repo https://github.com/rust-lang-nursery/rust-bindgen written to /workspace/builds/worker-6-tc1/source/Cargo.toml
[INFO] crate git repo https://github.com/rust-lang-nursery/rust-bindgen already has a lockfile, it will not be regenerated
[INFO] running `Command { std: CARGO_HOME="/workspace/cargo-home" RUSTUP_HOME="/workspace/rustup-home" "/workspace/cargo-home/bin/cargo" "+1.75.0" "fetch" "--manifest-path" "Cargo.toml", kill_on_drop: false }`
[INFO] [stderr]     Blocking waiting for file lock on package cache
[INFO] [stderr]     Blocking waiting for file lock on package cache
[INFO] [stderr]  Downloading crates ...
[INFO] [stderr]   Downloaded prettyplease v0.2.7
[INFO] running `Command { std: "docker" "create" "-v" "/var/lib/crater-agent-workspace/builds/worker-6-tc1/target:/opt/rustwide/target:rw,Z" "-v" "/var/lib/crater-agent-workspace/builds/worker-6-tc1/source:/opt/rustwide/workdir:ro,Z" "-v" "/var/lib/crater-agent-workspace/cargo-home:/opt/rustwide/cargo-home:ro,Z" "-v" "/var/lib/crater-agent-workspace/rustup-home:/opt/rustwide/rustup-home:ro,Z" "-e" "SOURCE_DIR=/opt/rustwide/workdir" "-e" "CARGO_TARGET_DIR=/opt/rustwide/target" "-e" "CARGO_HOME=/opt/rustwide/cargo-home" "-e" "RUSTUP_HOME=/opt/rustwide/rustup-home" "-w" "/opt/rustwide/workdir" "-m" "1610612736" "--user" "0:0" "--network" "none" "ghcr.io/rust-lang/crates-build-env/linux@sha256:2788e3201cd34a07e3172128adcd8b3090168a8e3bcc40d7c032b9dda1df7d1c" "/opt/rustwide/cargo-home/bin/cargo" "+1.75.0" "metadata" "--no-deps" "--format-version=1", kill_on_drop: false }`
[INFO] [stdout] 2c2bbf8bcd51e68bc2a2165f4269dd06b66f96228d8be5491b96a6df6e8c3cfd
[INFO] running `Command { std: "docker" "start" "-a" "2c2bbf8bcd51e68bc2a2165f4269dd06b66f96228d8be5491b96a6df6e8c3cfd", kill_on_drop: false }`
[INFO] running `Command { std: "docker" "inspect" "2c2bbf8bcd51e68bc2a2165f4269dd06b66f96228d8be5491b96a6df6e8c3cfd", kill_on_drop: false }`
[INFO] running `Command { std: "docker" "rm" "-f" "2c2bbf8bcd51e68bc2a2165f4269dd06b66f96228d8be5491b96a6df6e8c3cfd", kill_on_drop: false }`
[INFO] [stdout] 2c2bbf8bcd51e68bc2a2165f4269dd06b66f96228d8be5491b96a6df6e8c3cfd
[INFO] running `Command { std: "docker" "create" "-v" "/var/lib/crater-agent-workspace/builds/worker-6-tc1/target:/opt/rustwide/target:rw,Z" "-v" "/var/lib/crater-agent-workspace/builds/worker-6-tc1/source:/opt/rustwide/workdir:ro,Z" "-v" "/var/lib/crater-agent-workspace/cargo-home:/opt/rustwide/cargo-home:ro,Z" "-v" "/var/lib/crater-agent-workspace/rustup-home:/opt/rustwide/rustup-home:ro,Z" "-e" "SOURCE_DIR=/opt/rustwide/workdir" "-e" "CARGO_TARGET_DIR=/opt/rustwide/target" "-e" "CARGO_INCREMENTAL=0" "-e" "RUST_BACKTRACE=full" "-e" "RUSTFLAGS=--cap-lints=warn" "-e" "RUSTDOCFLAGS=--cap-lints=warn" "-e" "CARGO_HOME=/opt/rustwide/cargo-home" "-e" "RUSTUP_HOME=/opt/rustwide/rustup-home" "-w" "/opt/rustwide/workdir" "-m" "1610612736" "--user" "0:0" "--network" "none" "ghcr.io/rust-lang/crates-build-env/linux@sha256:2788e3201cd34a07e3172128adcd8b3090168a8e3bcc40d7c032b9dda1df7d1c" "/opt/rustwide/cargo-home/bin/cargo" "+1.75.0" "build" "--frozen" "--message-format=json", kill_on_drop: false }`
[INFO] [stdout] d33ddb584e6adc3b27117f9dfca42395e27ff0fdb69671c75c76a226f071cb16
[INFO] running `Command { std: "docker" "start" "-a" "d33ddb584e6adc3b27117f9dfca42395e27ff0fdb69671c75c76a226f071cb16", kill_on_drop: false }`
[INFO] [stderr]    Compiling proc-macro2 v1.0.60
[INFO] [stderr]    Compiling libc v0.2.139
[INFO] [stderr]    Compiling unicode-ident v1.0.6
[INFO] [stderr]    Compiling quote v1.0.28
[INFO] [stderr]    Compiling version_check v0.9.4
[INFO] [stderr]    Compiling memchr v2.5.0
[INFO] [stderr]    Compiling io-lifetimes v1.0.4
[INFO] [stderr]    Compiling syn v1.0.107
[INFO] [stderr]    Compiling rustix v0.37.3
[INFO] [stderr]    Compiling glob v0.3.1
[INFO] [stderr]    Compiling proc-macro-error-attr v1.0.4
[INFO] [stderr]    Compiling proc-macro-error v1.0.4
[INFO] [stderr]    Compiling linux-raw-sys v0.3.8
[INFO] [stderr]    Compiling cfg-if v1.0.0
[INFO] [stderr]    Compiling bitflags v1.3.2
[INFO] [stderr]    Compiling prettyplease v0.2.7
[INFO] [stderr]    Compiling log v0.4.17
[INFO] [stderr]    Compiling aho-corasick v0.7.20
[INFO] [stderr]    Compiling clang-sys v1.4.0
[INFO] [stderr]    Compiling regex-syntax v0.6.28
[INFO] [stderr]    Compiling termcolor v1.2.0
[INFO] [stderr]    Compiling os_str_bytes v6.4.1
[INFO] [stderr]    Compiling heck v0.4.0
[INFO] [stderr]    Compiling minimal-lexical v0.2.1
[INFO] [stderr]    Compiling clap_lex v0.3.1
[INFO] [stderr]    Compiling nom v7.1.3
[INFO] [stderr]    Compiling syn v2.0.18
[INFO] [stderr]    Compiling libloading v0.7.4
[INFO] [stderr]    Compiling regex v1.7.1
[INFO] [stderr]    Compiling either v1.8.1
[INFO] [stderr]    Compiling strsim v0.10.0
[INFO] [stderr]    Compiling yansi-term v0.1.2
[INFO] [stderr]    Compiling bindgen v0.69.1 (/opt/rustwide/workdir/bindgen)
[INFO] [stderr]    Compiling is-terminal v0.4.7
[INFO] [stderr]    Compiling unicode-width v0.1.10
[INFO] [stderr]    Compiling once_cell v1.17.0
[INFO] [stderr]    Compiling annotate-snippets v0.9.1
[INFO] [stderr]    Compiling which v4.4.0
[INFO] [stderr]    Compiling lazy_static v1.4.0
[INFO] [stderr]    Compiling cexpr v0.6.0
[INFO] [stderr]    Compiling lazycell v1.3.0
[INFO] [stderr]    Compiling humantime v2.1.0
[INFO] [stderr]    Compiling rustc-hash v1.1.0
[INFO] [stderr]    Compiling bitflags v2.2.1
[INFO] [stderr]    Compiling peeking_take_while v0.1.2
[INFO] [stderr]    Compiling bindgen-tests v0.1.0 (/opt/rustwide/workdir/bindgen-tests)
[INFO] [stderr]    Compiling shlex v1.1.0
[INFO] [stderr]    Compiling env_logger v0.10.0
[INFO] [stderr]    Compiling clap_derive v4.1.0
[INFO] [stderr]    Compiling clap v4.1.4
[INFO] [stderr]    Compiling clap_complete v4.2.0
[INFO] [stderr]    Compiling bindgen-cli v0.69.1 (/opt/rustwide/workdir/bindgen-cli)
[INFO] [stderr]     Finished dev [unoptimized + debuginfo] target(s) in 13.07s
[INFO] running `Command { std: "docker" "inspect" "d33ddb584e6adc3b27117f9dfca42395e27ff0fdb69671c75c76a226f071cb16", kill_on_drop: false }`
[INFO] running `Command { std: "docker" "rm" "-f" "d33ddb584e6adc3b27117f9dfca42395e27ff0fdb69671c75c76a226f071cb16", kill_on_drop: false }`
[INFO] [stdout] d33ddb584e6adc3b27117f9dfca42395e27ff0fdb69671c75c76a226f071cb16
[INFO] running `Command { std: "docker" "create" "-v" "/var/lib/crater-agent-workspace/builds/worker-6-tc1/target:/opt/rustwide/target:rw,Z" "-v" "/var/lib/crater-agent-workspace/builds/worker-6-tc1/source:/opt/rustwide/workdir:ro,Z" "-v" "/var/lib/crater-agent-workspace/cargo-home:/opt/rustwide/cargo-home:ro,Z" "-v" "/var/lib/crater-agent-workspace/rustup-home:/opt/rustwide/rustup-home:ro,Z" "-e" "SOURCE_DIR=/opt/rustwide/workdir" "-e" "CARGO_TARGET_DIR=/opt/rustwide/target" "-e" "CARGO_INCREMENTAL=0" "-e" "RUST_BACKTRACE=full" "-e" "RUSTFLAGS=--cap-lints=warn" "-e" "RUSTDOCFLAGS=--cap-lints=warn" "-e" "CARGO_HOME=/opt/rustwide/cargo-home" "-e" "RUSTUP_HOME=/opt/rustwide/rustup-home" "-w" "/opt/rustwide/workdir" "-m" "1610612736" "--user" "0:0" "--network" "none" "ghcr.io/rust-lang/crates-build-env/linux@sha256:2788e3201cd34a07e3172128adcd8b3090168a8e3bcc40d7c032b9dda1df7d1c" "/opt/rustwide/cargo-home/bin/cargo" "+1.75.0" "test" "--frozen" "--no-run" "--message-format=json", kill_on_drop: false }`
[INFO] [stdout] 8bda4773df093acd78be682025a84d22084bbf8cc74b0de4d9d4b7641e28eb4f
[INFO] running `Command { std: "docker" "start" "-a" "8bda4773df093acd78be682025a84d22084bbf8cc74b0de4d9d4b7641e28eb4f", kill_on_drop: false }`
[INFO] [stderr]    Compiling rustix v0.36.16
[INFO] [stderr]    Compiling linux-raw-sys v0.1.4
[INFO] [stderr]    Compiling fastrand v1.8.0
[INFO] [stderr]    Compiling similar v2.2.1
[INFO] [stderr]    Compiling owo-colors v3.5.0
[INFO] [stderr]    Compiling bindgen-cli v0.69.1 (/opt/rustwide/workdir/bindgen-cli)
[INFO] [stderr]    Compiling bindgen v0.69.1 (/opt/rustwide/workdir/bindgen)
[INFO] [stderr]    Compiling tempfile v3.4.0
[INFO] [stderr]    Compiling bindgen-tests v0.1.0 (/opt/rustwide/workdir/bindgen-tests)
[INFO] [stderr]     Finished test [unoptimized + debuginfo] target(s) in 6.06s
[INFO] running `Command { std: "docker" "inspect" "8bda4773df093acd78be682025a84d22084bbf8cc74b0de4d9d4b7641e28eb4f", kill_on_drop: false }`
[INFO] running `Command { std: "docker" "rm" "-f" "8bda4773df093acd78be682025a84d22084bbf8cc74b0de4d9d4b7641e28eb4f", kill_on_drop: false }`
[INFO] [stdout] 8bda4773df093acd78be682025a84d22084bbf8cc74b0de4d9d4b7641e28eb4f
[INFO] running `Command { std: "docker" "create" "-v" "/var/lib/crater-agent-workspace/builds/worker-6-tc1/target:/opt/rustwide/target:rw,Z" "-v" "/var/lib/crater-agent-workspace/builds/worker-6-tc1/source:/opt/rustwide/workdir:ro,Z" "-v" "/var/lib/crater-agent-workspace/cargo-home:/opt/rustwide/cargo-home:ro,Z" "-v" "/var/lib/crater-agent-workspace/rustup-home:/opt/rustwide/rustup-home:ro,Z" "-e" "SOURCE_DIR=/opt/rustwide/workdir" "-e" "CARGO_TARGET_DIR=/opt/rustwide/target" "-e" "CARGO_INCREMENTAL=0" "-e" "RUST_BACKTRACE=full" "-e" "RUSTFLAGS=--cap-lints=warn" "-e" "RUSTDOCFLAGS=--cap-lints=warn" "-e" "CARGO_HOME=/opt/rustwide/cargo-home" "-e" "RUSTUP_HOME=/opt/rustwide/rustup-home" "-w" "/opt/rustwide/workdir" "-m" "1610612736" "--user" "0:0" "--network" "none" "ghcr.io/rust-lang/crates-build-env/linux@sha256:2788e3201cd34a07e3172128adcd8b3090168a8e3bcc40d7c032b9dda1df7d1c" "/opt/rustwide/cargo-home/bin/cargo" "+1.75.0" "test" "--frozen", kill_on_drop: false }`
[INFO] [stdout] b3c14f59cebae7d59bd8db2b98194dbb74cb9282551320cac7c58219ae46dec7
[INFO] running `Command { std: "docker" "start" "-a" "b3c14f59cebae7d59bd8db2b98194dbb74cb9282551320cac7c58219ae46dec7", kill_on_drop: false }`
[INFO] [stderr]     Finished test [unoptimized + debuginfo] target(s) in 0.04s
[INFO] [stderr]      Running unittests lib.rs (/opt/rustwide/target/debug/deps/bindgen-c0b43320bccf157a)
[INFO] [stdout] 
[INFO] [stdout] running 25 tests
[INFO] [stdout] test codegen::bitfield_unit_tests::bitfield_unit_get_bit ... ok
[INFO] [stdout] test codegen::bitfield_unit_tests::bitfield_unit_get ... ok
[INFO] [stdout] test codegen::struct_layout::test_align_to ... ok
[INFO] [stdout] test codegen::bitfield_unit_tests::bitfield_unit_set_bit ... ok
[INFO] [stdout] test codegen::struct_layout::test_bytes_from_bits_pow2 ... ok
[INFO] [stdout] test codegen::bitfield_unit_tests::bitfield_unit_set ... ok
[INFO] [stdout] test commandline_flag_unit_test_function ... ok
[INFO] [stdout] test features::test::target_features ... ok
[INFO] [stdout] test features::test::str_to_target ... ok
[INFO] [stdout] test deps::tests::escaping_depfile ... ok
[INFO] [stdout] test ir::comment::test::processes_multi_lines_correctly ... ok
[INFO] [stdout] test ir::comment::test::picks_up_single_and_multi_line_doc_comments ... ok
[INFO] [stdout] test ir::comment::test::processes_single_lines_correctly ... ok
[INFO] [stdout] test ir::ty::is_invalid_type_param_empty_name ... ok
[INFO] [stdout] test ir::layout::test_layout_for_size ... ok
[INFO] [stdout] test ir::analysis::tests::monotone ... ok
[INFO] [stdout] test ir::ty::is_invalid_type_param_valid ... ok
[INFO] [stdout] test ir::ty::is_invalid_type_param_invalid_start ... ok
[INFO] [stdout] test ir::ty::is_invalid_type_param_valid_underscore_and_numbers ... ok
[INFO] [stdout] test ir::ty::is_invalid_type_param_valid_unnamed_kind ... ok
[INFO] [stdout] test test_rust_to_clang_target ... ok
[INFO] [stdout] test ir::ty::is_invalid_type_param_invalid_remaing ... ok
[INFO] [stdout] test test_rust_to_clang_target_riscv ... ok
[INFO] [stdout] test test_rust_to_clang_target_espidf ... ok
[INFO] [stdout] test ir::ty::is_invalid_type_param_unnamed - should panic ... ok
[INFO] [stdout] 
[INFO] [stdout] test result: ok. 25 passed; 0 failed; 0 ignored; 0 measured; 0 filtered out; finished in 0.03s
[INFO] [stdout] 
[INFO] [stderr]      Running unittests main.rs (/opt/rustwide/target/debug/deps/bindgen-19de2c3e7a0f503a)
[INFO] [stdout] 
[INFO] [stdout] running 0 tests
[INFO] [stdout] 
[INFO] [stdout] test result: ok. 0 passed; 0 failed; 0 ignored; 0 measured; 0 filtered out; finished in 0.00s
[INFO] [stdout] 
[INFO] [stderr]      Running unittests src/lib.rs (/opt/rustwide/target/debug/deps/bindgen_tests-c9c9998ea0fa49e3)
[INFO] [stdout] 
[INFO] [stdout] running 0 tests
[INFO] [stdout] 
[INFO] [stdout] test result: ok. 0 passed; 0 failed; 0 ignored; 0 measured; 0 filtered out; finished in 0.00s
[INFO] [stdout] 
[INFO] [stderr]      Running tests/stylo_sanity.rs (/opt/rustwide/target/debug/deps/stylo_sanity-e08d37a0d85b73db)
[INFO] [stdout] 
[INFO] [stdout] running 0 tests
[INFO] [stdout] 
[INFO] [stdout] test result: ok. 0 passed; 0 failed; 0 ignored; 0 measured; 0 filtered out; finished in 0.00s
[INFO] [stdout] 
[INFO] [stderr]      Running tests/tests.rs (/opt/rustwide/target/debug/deps/tests-eba4c65dd3f174ff)
[INFO] [stdout] 
[INFO] [stdout] running 592 tests
[INFO] [stdout] test dump_preprocessed_input ... FAILED
[INFO] [stdout] test emit_depfile ... ok
[INFO] [stdout] test commandline_multiple_headers ... ok
[INFO] [stdout] test header_abi_variadic_function_hpp ... ok
[INFO] [stdout] test header_abi_override_h ... ok
[INFO] [stdout] test header_381_decltype_alias_hpp ... ok
[INFO] [stdout] test header_16_byte_alignment_h ... ok
[INFO] [stdout] test header_accessors_hpp ... ok
[INFO] [stdout] test header_16_byte_alignment_1_0_h ... ok
[INFO] [stdout] test header_alias_comments_h ... ok
[INFO] [stdout] test header_allowlist_basic_hpp ... ok
[INFO] [stdout] test header_allowlist_fix_hpp ... ok
[INFO] [stdout] test header_allowlist_item_h ... ok
[INFO] [stdout] test header_allowlist_file_hpp ... ok
[INFO] [stdout] test header_allowlist_vars_h ... ok
[INFO] [stdout] test header_allowlist_namespaces_basic_hpp ... ok
[INFO] [stdout] test header_allowlist_namespaces_hpp ... ok
[INFO] [stdout] test header_allowlist_warnings_h ... ok
[INFO] [stdout] test header_allowlisted_item_references_no_copy_hpp ... ok
[INFO] [stdout] test header_allowlisted_item_references_no_hash_hpp ... ok
[INFO] [stdout] test header_allowlisted_item_references_no_partialeq_hpp ... ok
[INFO] [stdout] test header_annotation_hide_hpp ... ok
[INFO] [stdout] test header_anon_enum_allowlist_h ... ok
[INFO] [stdout] test header_anon_enum_hpp ... ok
[INFO] [stdout] test header_anon_enum_trait_hpp ... ok
[INFO] [stdout] test header_anon_struct_in_union_1_0_h ... ok
[INFO] [stdout] test header_anon_fields_prefix_h ... ok
[INFO] [stdout] test header_anon_struct_in_union_h ... ok
[INFO] [stdout] test header_anon_union_hpp ... ok
[INFO] [stdout] test header_anon_union_1_0_hpp ... ok
[INFO] [stdout] test header_arg_keyword_hpp ... ok
[INFO] [stdout] test header_anonymous_template_types_hpp ... ok
[INFO] [stdout] test header_array_of_zero_sized_types_hpp ... ok
[INFO] [stdout] test header_attribute_warn_unused_result_hpp ... ok
[INFO] [stdout] test header_attribute_warn_unused_result_no_attribute_detection_hpp ... ok
[INFO] [stdout] test header_attribute_warn_unused_result_pre_1_27_hpp ... ok
[INFO] [stdout] test header_auto_hpp ... ok
[INFO] [stdout] test header_bad_namespace_parenthood_inheritance_hpp ... ok
[INFO] [stdout] test header_base_to_derived_hpp ... ok
[INFO] [stdout] test header_bindgen_union_inside_namespace_hpp ... ok
[INFO] [stdout] test header_bitfield_align_2_h ... ok
[INFO] [stdout] test header_bitfield_32bit_overflow_h ... ok
[INFO] [stdout] test header_bitfield_enum_basic_hpp ... ok
[INFO] [stdout] test header_bitfield_enum_repr_transparent_hpp ... ok
[INFO] [stdout] test header_bitfield_enum_repr_c_hpp ... ok
[INFO] [stdout] test header_bitfield_align_h ... ok
[INFO] [stdout] test header_bitfield_large_overflow_hpp ... ok
[INFO] [stdout] test header_bitfield_large_hpp ... ok
[INFO] [stdout] test header_bitfield_linux_32_hpp ... ok
[INFO] [stdout] test header_bitfield_method_mangling_h ... ok
[INFO] [stdout] test header_block_return_type_h ... ok
[INFO] [stdout] test header_blocklist_and_impl_debug_hpp ... ok
[INFO] [stdout] test header_bitfield_method_same_name_hpp ... ok
[INFO] [stdout] test header_blocklist_function_hpp ... ok
[INFO] [stdout] test header_bitfield_pragma_packed_h ... ok
[INFO] [stdout] test header_blocklist_file_hpp ... ok
[INFO] [stdout] test header_blocklist_item_hpp ... ok
[INFO] [stdout] test header_blocklist_methods_hpp ... ok
[INFO] [stdout] test header_bug_1529681_hpp ... ok
[INFO] [stdout] test header_blocks_hpp ... ok
[INFO] [stdout] test header_blocks_signature_hpp ... ok
[INFO] [stdout] test header_builtin_template_hpp ... ok
[INFO] [stdout] test header_c_empty_layout_h ... ok
[INFO] [stdout] test header_c_naming_h ... ok
[INFO] [stdout] test header_c_unwind_abi_override_h ... ok
[INFO] [stdout] test header_call_conv_field_h ... ok
[INFO] [stdout] test header_call_conv_typedef_h ... ok
[INFO] [stdout] test header_canonical_path_without_namespacing_hpp ... ok
[INFO] [stdout] test header_char_h ... ok
[INFO] [stdout] test header_canonical_types_hpp ... ok
[INFO] [stdout] test header_class_1_0_hpp ... ok
[INFO] [stdout] test header_class_hpp ... ok
[INFO] [stdout] test header_class_nested_hpp ... ok
[INFO] [stdout] test header_class_no_members_hpp ... ok
[INFO] [stdout] test header_class_static_hpp ... ok
[INFO] [stdout] test header_class_static_const_hpp ... ok
[INFO] [stdout] test header_class_use_as_hpp ... ok
[INFO] [stdout] test header_class_with_dtor_hpp ... ok
[INFO] [stdout] test header_class_with_inner_struct_1_0_hpp ... ok
[INFO] [stdout] test header_class_with_typedef_hpp ... ok
[INFO] [stdout] test header_comment_indent_hpp ... ok
[INFO] [stdout] test header_class_with_inner_struct_hpp ... ok
[INFO] [stdout] test header_complex_global_h ... ok
[INFO] [stdout] test header_complex_h ... ok
[INFO] [stdout] test header_const_array_h ... ok
[INFO] [stdout] test header_const_array_fn_arg_h ... ok
[INFO] [stdout] test header_const_bool_hpp ... ok
[INFO] [stdout] test header_const_enum_unnamed_hpp ... ok
[INFO] [stdout] test header_const_const_mut_ptr_h ... ok
[INFO] [stdout] test header_const_ptr_hpp ... ok
[INFO] [stdout] test header_const_multidim_array_fn_arg_h ... ok
[INFO] [stdout] test header_const_resolved_ty_h ... ok
[INFO] [stdout] test header_const_tparam_hpp ... ok
[INFO] [stdout] test header_constant_evaluate_h ... ok
[INFO] [stdout] test header_constify_all_enums_h ... ok
[INFO] [stdout] test header_constified_enum_module_overflow_hpp ... ok
[INFO] [stdout] test header_constant_non_specialized_tp_hpp ... ok
[INFO] [stdout] test header_constify_enum_h ... ok
[INFO] [stdout] test header_constify_module_enums_basic_h ... ok
[INFO] [stdout] test header_constify_module_enums_namespace_hpp ... ok
[INFO] [stdout] test header_constify_module_enums_shadow_name_h ... ok
[INFO] [stdout] test header_constify_module_enums_simple_alias_hpp ... ok
[INFO] [stdout] test header_constify_module_enums_simple_nonamespace_hpp ... ok
[INFO] [stdout] test header_constructor_tp_hpp ... ok
[INFO] [stdout] test header_constructors_1_33_hpp ... ok
[INFO] [stdout] test header_constructors_hpp ... ok
[INFO] [stdout] test header_constify_module_enums_types_hpp ... ok
[INFO] [stdout] test header_contains_vs_inherits_zero_sized_hpp ... ok
[INFO] [stdout] test header_convert_cpp_comment_to_rust_hpp ... ok
[INFO] [stdout] test header_convert_floats_h ... ok
[INFO] [stdout] test header_core_ffi_c_h ... ok
[INFO] [stdout] test header_cpp_empty_layout_hpp ... ok
[INFO] [stdout] test header_ctypes_prefix_path_h ... ok
[INFO] [stdout] test header_crtp_hpp ... ok
[INFO] [stdout] test header_dash_language_h ... ok
[INFO] [stdout] test header_decl_extern_int_twice_h ... ok
[INFO] [stdout] test header_decl_ptr_to_array_h ... ok
[INFO] [stdout] test header_default_enum_style_constified_module_h ... ok
[INFO] [stdout] test header_default_macro_constant_type_h ... ok
[INFO] [stdout] test header_default_template_parameter_hpp ... ok
[INFO] [stdout] test header_default_macro_constant_type_unsigned_h ... ok
[INFO] [stdout] test header_default_macro_constant_type_signed_h ... ok
[INFO] [stdout] test header_default_visibility_crate_h ... ok
[INFO] [stdout] test header_default_visibility_private_respects_cxx_access_spec_h ... ok
[INFO] [stdout] test header_default_visibility_private_h ... ok
[INFO] [stdout] test header_deleted_function_hpp ... ok
[INFO] [stdout] test header_derive_bitfield_method_same_name_hpp ... ok
[INFO] [stdout] test header_derive_clone_1_0_h ... ok
[INFO] [stdout] test header_derive_clone_h ... ok
[INFO] [stdout] test header_derive_custom_h ... ok
[INFO] [stdout] test header_derive_custom_cli_h ... ok
[INFO] [stdout] test header_derive_debug_bitfield_core_hpp ... ok
[INFO] [stdout] test header_derive_debug_bitfield_hpp ... ok
[INFO] [stdout] test header_derive_debug_function_pointer_hpp ... ok
[INFO] [stdout] test header_derive_debug_generic_hpp ... ok
[INFO] [stdout] test header_derive_debug_opaque_hpp ... ok
[INFO] [stdout] test header_derive_debug_mangle_name_h ... ok
[INFO] [stdout] test header_derive_debug_opaque_template_instantiation_hpp ... ok
[INFO] [stdout] test header_derive_default_and_blocklist_hpp ... ok
[INFO] [stdout] test header_derive_hash_and_blocklist_hpp ... ok
[INFO] [stdout] test header_derive_hash_blocklisting_hpp ... ok
[INFO] [stdout] test header_derive_fn_ptr_h ... ok
[INFO] [stdout] test header_derive_hash_struct_with_float_array_h ... ok
[INFO] [stdout] test header_derive_hash_struct_with_anon_struct_float_h ... ok
[INFO] [stdout] test header_derive_hash_struct_with_incomplete_array_h ... ok
[INFO] [stdout] test header_derive_hash_template_def_float_hpp ... ok
[INFO] [stdout] test header_derive_hash_struct_with_pointer_h ... ok
[INFO] [stdout] test header_derive_partialeq_anonfield_h ... ok
[INFO] [stdout] test header_derive_partialeq_and_blocklist_hpp ... ok
[INFO] [stdout] test header_derive_hash_template_inst_float_hpp ... ok
[INFO] [stdout] test header_derive_partialeq_base_hpp ... ok
[INFO] [stdout] test header_derive_partialeq_bitfield_hpp ... ok
[INFO] [stdout] test header_derive_partialeq_core_h ... ok
[INFO] [stdout] test header_derive_partialeq_pointer_hpp ... ok
[INFO] [stdout] test header_derive_partialeq_union_1_0_hpp ... ok
[INFO] [stdout] test header_disable_namespacing_hpp ... ok
[INFO] [stdout] test header_derive_partialeq_union_hpp ... ok
[INFO] [stdout] test header_disable_nested_struct_naming_h ... ok
[INFO] [stdout] test header_disable_untagged_union_hpp ... ok
[INFO] [stdout] test header_do_not_derive_copy_hpp ... ok
[INFO] [stdout] test header_divide_by_zero_in_struct_layout_h ... ok
[INFO] [stdout] test header_dupe_enum_variant_in_namespace_h ... ok
[INFO] [stdout] test header_doggo_or_null_hpp ... ok
[INFO] [stdout] test header_duplicated_constants_in_ns_hpp ... ok
[INFO] [stdout] test header_duplicated_definition_count_hpp ... ok
[INFO] [stdout] test header_duplicated_namespaces_definitions_hpp ... ok
[INFO] [stdout] test header_duplicated_namespaces_hpp ... ok
[INFO] [stdout] test header_dynamic_loading_attributes_h ... ok
[INFO] [stdout] test header_dynamic_loading_required_h ... ok
[INFO] [stdout] test header_dynamic_loading_template_hpp ... ok
[INFO] [stdout] test header_dynamic_loading_simple_h ... ok
[INFO] [stdout] test header_dynamic_loading_with_allowlist_hpp ... ok
[INFO] [stdout] test header_dynamic_loading_with_blocklist_hpp ... ok
[INFO] [stdout] test header_dynamic_loading_with_class_hpp ... ok
[INFO] [stdout] test header_elaborated_hpp ... ok
[INFO] [stdout] test header_empty_template_param_name_hpp ... ok
[INFO] [stdout] test header_empty_enum_h ... ok
[INFO] [stdout] test header_enum_alias_hpp ... ok
[INFO] [stdout] test header_empty_union_hpp ... ok
[INFO] [stdout] test header_enum_and_vtable_mangling_hpp ... ok
[INFO] [stdout] test header_enum_default_bitfield_h ... ok
[INFO] [stdout] test header_enum_default_consts_h ... ok
[INFO] [stdout] test header_enum_default_module_h ... ok
[INFO] [stdout] test header_enum_doc_bitfield_h ... ok
[INFO] [stdout] test header_enum_default_rust_h ... ok
[INFO] [stdout] test header_enum_doc_h ... ok
[INFO] [stdout] test header_enum_doc_mod_h ... ok
[INFO] [stdout] test header_enum_doc_rusty_h ... ok
[INFO] [stdout] test header_enum_dupe_h ... ok
[INFO] [stdout] test header_enum_explicit_type_constants_hpp ... ok
[INFO] [stdout] test header_enum_explicit_type_hpp ... ok
[INFO] [stdout] test header_enum_in_template_hpp ... ok
[INFO] [stdout] test header_enum_h ... ok
[INFO] [stdout] test header_enum_negative_h ... ok
[INFO] [stdout] test header_enum_in_template_with_typedef_hpp ... ok
[INFO] [stdout] test header_enum_no_debug_rust_h ... ok
[INFO] [stdout] test header_enum_packed_h ... ok
[INFO] [stdout] test header_enum_translate_type_hpp ... ok
[INFO] [stdout] test header_enum_typedef_h ... ok
[INFO] [stdout] test header_enum_undefault_h ... ok
[INFO] [stdout] test header_enum_variant_replaces_h ... ok
[INFO] [stdout] test header_error_e0600_cannot_apply_unary_negation_to_u32_h ... ok
[INFO] [stdout] test header_eval_value_dependent_hpp ... ok
[INFO] [stdout] test header_eval_variadic_template_parameter_hpp ... ok
[INFO] [stdout] test header_extern_const_struct_h ... ok
[INFO] [stdout] test header_explicit_padding_h ... ok
[INFO] [stdout] test header_extern_hpp ... ok
[INFO] [stdout] test header_field_visibility_callback_h ... ok
[INFO] [stdout] test header_fit_macro_constant_types_signed_h ... ok
[INFO] [stdout] test header_fit_macro_constant_types_h ... ok
[INFO] [stdout] test header_field_visibility_h ... ok
[INFO] [stdout] test header_float128_hpp ... ok
[INFO] [stdout] test header_forward_declaration_autoptr_hpp ... ok
[INFO] [stdout] test header_float16_h ... ok
[INFO] [stdout] test header_forward_declared_complex_types_1_0_hpp ... ok
[INFO] [stdout] test header_forward_declared_complex_types_hpp ... ok
[INFO] [stdout] test header_forward_enum_decl_hpp ... ok
[INFO] [stdout] test header_forward_declared_opaque_h ... ok
[INFO] [stdout] test header_forward_declared_struct_h ... ok
[INFO] [stdout] test header_forward_inherit_struct_hpp ... ok
[INFO] [stdout] test header_func_proto_h ... ok
[INFO] [stdout] test header_forward_inherit_struct_with_fields_hpp ... ok
[INFO] [stdout] test header_func_ptr_h ... ok
[INFO] [stdout] test header_func_ptr_in_struct_h ... ok
[INFO] [stdout] test header_func_ptr_return_type_h ... ok
[INFO] [stdout] test header_func_with_array_arg_h ... ok
[INFO] [stdout] test header_func_return_must_use_h ... ok
[INFO] [stdout] test header_func_with_func_ptr_arg_h ... ok
[INFO] [stdout] test header_function_typedef_stdcall_h ... ok
[INFO] [stdout] test header_gen_constructors_hpp ... ok
[INFO] [stdout] test header_gen_constructors_neg_hpp ... ok
[INFO] [stdout] test header_gen_destructors_hpp ... ok
[INFO] [stdout] test header_gen_destructors_neg_hpp ... ok
[INFO] [stdout] test header_generate_inline_hpp ... ok
[INFO] [stdout] test header_i128_h ... ok
[INFO] [stdout] test header_in_class_typedef_hpp ... ok
[INFO] [stdout] test header_infinite_macro_h ... ok
[INFO] [stdout] test header_incomplete_array_padding_h ... ok
[INFO] [stdout] test header_inherit_from_template_instantiation_with_vtable_hpp ... ok
[INFO] [stdout] test header_inherit_named_hpp ... ok
[INFO] [stdout] test header_inherit_namespaced_hpp ... ok
[INFO] [stdout] test header_inherit_typedef_hpp ... ok
[INFO] [stdout] test header_inherit_multiple_interfaces_hpp ... ok
[INFO] [stdout] test header_inline_function_h ... ok
[INFO] [stdout] test header_inline_namespace_allowlist_hpp ... ok
[INFO] [stdout] test header_inline_namespace_conservative_hpp ... ok
[INFO] [stdout] test header_inline_namespace_hpp ... ok
[INFO] [stdout] test header_inline_namespace_nested_hpp ... ok
[INFO] [stdout] test header_inline_namespace_no_ns_enabled_hpp ... ok
[INFO] [stdout] test header_inner_const_hpp ... ok
[INFO] [stdout] test header_inner_template_self_hpp ... ok
[INFO] [stdout] test header_inner_typedef_gh422_hpp ... ok
[INFO] [stdout] test header_int128_t_h ... ok
[INFO] [stdout] test header_issue_1025_unknown_enum_repr_hpp ... ok
[INFO] [stdout] test header_issue_1034_h ... ok
[INFO] [stdout] test header_issue_1040_h ... ok
[INFO] [stdout] test header_issue_1113_template_references_hpp ... ok
[INFO] [stdout] test header_issue_1118_using_forward_decl_hpp ... ok
[INFO] [stdout] test header_issue_1076_unnamed_bitfield_alignment_h ... ok
[INFO] [stdout] test header_issue_1197_pure_virtual_stuff_hpp ... ok
[INFO] [stdout] test header_issue_1198_alias_rust_bitfield_enum_h ... ok
[INFO] [stdout] test header_issue_1198_alias_rust_const_mod_bitfield_enum_h ... ok
[INFO] [stdout] test header_issue_1198_alias_rust_const_mod_enum_h ... ok
[INFO] [stdout] test header_issue_1198_alias_rust_enum_h ... ok
[INFO] [stdout] test header_issue_1238_fwd_no_copy_h ... ok
[INFO] [stdout] test header_issue_1216_variadic_member_h ... ok
[INFO] [stdout] test header_issue_1281_h ... ok
[INFO] [stdout] test header_issue_1285_h ... ok
[INFO] [stdout] test header_issue_1291_hpp ... ok
[INFO] [stdout] test header_issue_1350_attribute_overloadable_h ... ok
[INFO] [stdout] test header_issue_1375_prefixed_functions_h ... ok
[INFO] [stdout] test header_issue_1382_rust_primitive_types_h ... ok
[INFO] [stdout] test header_issue_1435_hpp ... ok
[INFO] [stdout] test header_issue_1454_h ... ok
[INFO] [stdout] test header_issue_1443_hpp ... ok
[INFO] [stdout] test header_issue_1464_hpp ... ok
[INFO] [stdout] test header_issue_1488_enum_new_type_h ... ok
[INFO] [stdout] test header_issue_1488_options_h ... ok
[INFO] [stdout] test header_issue_1488_template_alias_new_type_hpp ... ok
[INFO] [stdout] test header_issue_1554_h ... ok
[INFO] [stdout] test header_issue_1514_hpp ... ok
[INFO] [stdout] test header_issue_1498_h ... ok
[INFO] [stdout] test header_issue_1676_macro_namespace_prefix_hpp ... ok
[INFO] [stdout] test header_issue_1599_opaque_typedef_to_enum_h ... ok
[INFO] [stdout] test header_issue_1977_larger_arrays_hpp ... ok
[INFO] [stdout] test header_issue_1995_h ... ok
[INFO] [stdout] test header_issue_1947_h ... ok
[INFO] [stdout] test header_issue_2239_template_dependent_bit_width_hpp ... ok
[INFO] [stdout] test header_issue_2019_hpp ... ok
[INFO] [stdout] test header_issue_2556_h ... ok
[INFO] [stdout] test header_issue_2566_cstr_h ... ok
[INFO] [stdout] test header_issue_2566_h ... ok
[INFO] [stdout] test header_issue_315_hpp ... ok
[INFO] [stdout] test header_issue_311_hpp ... ok
[INFO] [stdout] test header_issue_358_hpp ... ok
[INFO] [stdout] test header_issue_410_hpp ... ok
[INFO] [stdout] test header_issue_372_hpp ... ok
[INFO] [stdout] test header_issue_446_hpp ... ok
[INFO] [stdout] test header_issue_447_hpp ... ok
[INFO] [stdout] test header_issue_493_1_0_hpp ... ok
[INFO] [stdout] test header_issue_511_h ... ok
[INFO] [stdout] test header_issue_493_hpp ... ok
[INFO] [stdout] test header_issue_537_h ... ok
[INFO] [stdout] test header_issue_544_stylo_creduce_2_hpp ... ok
[INFO] [stdout] test header_issue_544_stylo_creduce_hpp ... ok
[INFO] [stdout] test header_issue_537_repr_packed_n_h ... ok
[INFO] [stdout] test header_issue_569_non_type_template_params_causing_layout_test_failures_hpp ... ok
[INFO] [stdout] test header_issue_573_layout_test_failures_hpp ... ok
[INFO] [stdout] test header_issue_574_assertion_failure_in_codegen_hpp ... ok
[INFO] [stdout] test header_issue_584_stylo_template_analysis_panic_hpp ... ok
[INFO] [stdout] test header_issue_638_stylo_cannot_find_t_in_this_scope_hpp ... ok
[INFO] [stdout] test header_issue_639_typedef_anon_field_hpp ... ok
[INFO] [stdout] test header_issue_645_cannot_find_type_t_in_this_scope_hpp ... ok
[INFO] [stdout] test header_issue_643_inner_struct_h ... ok
[INFO] [stdout] test header_issue_648_derive_debug_with_padding_h ... ok
[INFO] [stdout] test header_issue_654_struct_fn_collision_h ... ok
[INFO] [stdout] test header_issue_662_part_2_hpp ... ok
[INFO] [stdout] test header_issue_662_cannot_find_t_in_this_scope_hpp ... ok
[INFO] [stdout] test header_issue_674_1_hpp ... ok
[INFO] [stdout] test header_issue_674_2_hpp ... ok
[INFO] [stdout] test header_issue_677_nested_ns_specifier_hpp ... ok
[INFO] [stdout] test header_issue_674_3_hpp ... ok
[INFO] [stdout] test header_issue_691_template_parameter_virtual_hpp ... ok
[INFO] [stdout] test header_issue_710_must_use_type_h ... ok
[INFO] [stdout] test header_issue_769_bad_instantiation_test_hpp ... ok
[INFO] [stdout] test header_issue_801_opaque_sloppiness_hpp ... ok
[INFO] [stdout] test header_issue_739_pointer_wide_bitfield_h ... ok
[INFO] [stdout] test header_issue_826_generating_methods_when_asked_not_to_hpp ... ok
[INFO] [stdout] test header_issue_820_unused_template_param_in_alias_hpp ... ok
[INFO] [stdout] test header_issue_807_opaque_types_methods_being_generated_hpp ... ok
[INFO] [stdout] test header_issue_833_1_hpp ... ok
[INFO] [stdout] test header_issue_816_h ... ok
[INFO] [stdout] test header_issue_833_2_hpp ... ok
[INFO] [stdout] test header_issue_833_hpp ... ok
[INFO] [stdout] test header_issue_834_hpp ... ok
[INFO] [stdout] test header_issue_888_enum_var_decl_jump_hpp ... ok
[INFO] [stdout] test header_issue_848_replacement_system_include_hpp ... ok
[INFO] [stdout] test header_issue_944_derive_copy_and_blocklisting_hpp ... ok
[INFO] [stdout] test header_issue_946_h ... ok
[INFO] [stdout] test header_keywords_h ... ok
[INFO] [stdout] test header_layout_align_h ... ok
[INFO] [stdout] test header_jsval_layout_opaque_1_0_hpp ... ok
[INFO] [stdout] test header_jsval_layout_opaque_hpp ... ok
[INFO] [stdout] test header_layout_arp_h ... ok
[INFO] [stdout] test header_layout_array_too_long_h ... ok
[INFO] [stdout] test header_layout_cmdline_token_h ... ok
[INFO] [stdout] test header_layout_array_h ... ok
[INFO] [stdout] test header_layout_h ... ok
[INFO] [stdout] test header_layout_kni_mbuf_h ... ok
[INFO] [stdout] test header_long_double_h ... ok
[INFO] [stdout] test header_layout_large_align_field_h ... ok
[INFO] [stdout] test header_macro_const_1_0_h ... ok
[INFO] [stdout] test header_layout_mbuf_h ... ok
[INFO] [stdout] test header_layout_mbuf_1_0_h ... ok
[INFO] [stdout] test header_macro_const_h ... ok
[INFO] [stdout] test header_layout_eth_conf_h ... ok
[INFO] [stdout] test header_macro_expr_basic_h ... ok
[INFO] [stdout] test header_layout_eth_conf_1_0_h ... ok
[INFO] [stdout] test header_macro_expr_uncommon_token_h ... ok
[INFO] [stdout] test header_mangling_ios_h ... ok
[INFO] [stdout] test header_macro_redef_h ... ok
[INFO] [stdout] test header_mangling_linux32_hpp ... ok
[INFO] [stdout] test header_maddness_is_avoidable_hpp ... ok
[INFO] [stdout] test header_mangling_macos_hpp ... ok
[INFO] [stdout] test header_mangling_linux64_hpp ... ok
[INFO] [stdout] test header_mangling_win32_hpp ... ok
[INFO] [stdout] test header_mangling_win64_hpp ... ok
[INFO] [stdout] test header_method_mangling_hpp ... ok
[INFO] [stdout] test header_merge_extern_blocks_hpp ... ok
[INFO] [stdout] test header_module_allowlisted_hpp ... ok
[INFO] [stdout] test header_msvc_no_usr_hpp ... ok
[INFO] [stdout] test header_multiple_inherit_empty_correct_layout_hpp ... ok
[INFO] [stdout] test header_mutable_hpp ... ok
[INFO] [stdout] test header_namespace_hpp ... ok
[INFO] [stdout] test header_nested_hpp ... ok
[INFO] [stdout] test header_nested_template_typedef_hpp ... ok
[INFO] [stdout] test header_newtype_enum_hpp ... ok
[INFO] [stdout] test header_nested_vtable_hpp ... ok
[INFO] [stdout] test header_nested_within_namespace_hpp ... ok
[INFO] [stdout] test header_newtype_global_enum_hpp ... ok
[INFO] [stdout] test header_no_comments_h ... ok
[INFO] [stdout] test header_no_copy_hpp ... ok
[INFO] [stdout] test header_no_copy_allowlisted_hpp ... ok
[INFO] [stdout] test header_no_copy_opaque_hpp ... ok
[INFO] [stdout] test header_no_debug_allowlisted_hpp ... ok
[INFO] [stdout] test header_no_debug_bypass_impl_debug_hpp ... ok
[INFO] [stdout] test header_no_debug_hpp ... ok
[INFO] [stdout] test header_no_debug_opaque_hpp ... ok
[INFO] [stdout] test header_no_default_allowlisted_hpp ... ok
[INFO] [stdout] test header_no_default_hpp ... ok
[INFO] [stdout] test header_no_default_bypass_derive_default_hpp ... ok
[INFO] [stdout] test header_no_default_opaque_hpp ... ok
[INFO] [stdout] test header_no_derive_default_h ... ok
[INFO] [stdout] test header_no_derive_debug_h ... ok
[INFO] [stdout] test header_no_hash_allowlisted_hpp ... ok
[INFO] [stdout] test header_no_hash_opaque_hpp ... ok
[INFO] [stdout] test header_no_partialeq_allowlisted_hpp ... ok
[INFO] [stdout] test header_no_partialeq_opaque_hpp ... ok
[INFO] [stdout] test header_no_recursive_allowlisting_h ... ok
[INFO] [stdout] test header_noreturn_hpp ... ok
[INFO] [stdout] test header_no_std_h ... ok
[INFO] [stdout] test header_no_size_t_is_usize_h ... ok
[INFO] [stdout] test header_non_type_params_hpp ... ok
[INFO] [stdout] test header_nsstyleautoarray_hpp ... ok
[INFO] [stdout] test header_nsbasehashtable_hpp ... ok
[INFO] [stdout] test header_objc_blocklist_h ... ok
[INFO] [stdout] test header_objc_allowlist_h ... ok
[INFO] [stdout] test header_objc_category_h ... ok
[INFO] [stdout] test header_objc_class_h ... ok
[INFO] [stdout] test header_objc_escape_h ... ok
[INFO] [stdout] test header_objc_class_method_h ... ok
[INFO] [stdout] test header_objc_interface_h ... ok
[INFO] [stdout] test header_objc_inheritance_h ... ok
[INFO] [stdout] test header_objc_interface_type_h ... ok
[INFO] [stdout] test header_objc_method_clash_h ... ok
[INFO] [stdout] test header_objc_protocol_h ... ok
[INFO] [stdout] test header_objc_pointer_return_types_h ... ok
[INFO] [stdout] test header_objc_property_fnptr_h ... ok
[INFO] [stdout] test header_objc_method_h ... ok
[INFO] [stdout] test header_objc_protocol_inheritance_h ... ok
[INFO] [stdout] test header_objc_sel_and_id_h ... ok
[INFO] [stdout] test header_objc_template_h ... ok
[INFO] [stdout] test header_only_bitfields_hpp ... ok
[INFO] [stdout] test header_opaque_in_struct_hpp ... ok
[INFO] [stdout] test header_opaque_pointer_hpp ... ok
[INFO] [stdout] test header_opaque_template_inst_member_2_hpp ... ok
[INFO] [stdout] test header_opaque_template_inst_member_hpp ... ok
[INFO] [stdout] test header_opaque_template_instantiation_hpp ... ok
[INFO] [stdout] test header_opaque_template_instantiation_namespaced_hpp ... ok
[INFO] [stdout] test header_opaque_tracing_hpp ... ok
[INFO] [stdout] test header_opaque_typedef_hpp ... ok
[INFO] [stdout] test header_overflowed_enum_hpp ... ok
[INFO] [stdout] test header_ord_enum_h ... ok
[INFO] [stdout] test header_operator_hpp ... ok
[INFO] [stdout] test header_overloading_hpp ... ok
[INFO] [stdout] test header_packed_n_with_padding_h ... ok
[INFO] [stdout] test header_packed_bitfield_h ... ok
[INFO] [stdout] test header_packed_vtable_h ... ok
[INFO] [stdout] test header_parm_union_hpp ... ok
[INFO] [stdout] test header_prefix_link_name_c_h ... ok
[INFO] [stdout] test header_partial_specialization_and_inheritance_hpp ... ok
[INFO] [stdout] test header_parsecb_anonymous_enum_variant_rename_h ... ok
[INFO] [stdout] test header_pointer_attr_h ... ok
[INFO] [stdout] test header_prefix_link_name_cpp_hpp ... ok
[INFO] [stdout] test header_prepend_enum_constified_variant_h ... ok
[INFO] [stdout] test header_prepend_enum_name_hpp ... ok
[INFO] [stdout] test header_ptr32_has_different_size_h ... FAILED
[INFO] [stdout] test header_private_fields_hpp ... ok
[INFO] [stdout] test header_qualified_dependent_types_hpp ... ok
[INFO] [stdout] test header_public_dtor_hpp ... ok
[INFO] [stdout] test header_private_hpp ... ok
[INFO] [stdout] test header_redeclaration_hpp ... ok
[INFO] [stdout] test header_ref_argument_array_hpp ... ok
[INFO] [stdout] test header_reparented_replacement_hpp ... ok
[INFO] [stdout] test header_replace_template_alias_hpp ... ok
[INFO] [stdout] test header_replace_use_hpp ... ok
[INFO] [stdout] test header_resolved_type_def_function_h ... ok
[INFO] [stdout] test header_replaces_double_hpp ... ok
[INFO] [stdout] test header_repr_align_hpp ... ok
[INFO] [stdout] test header_same_struct_name_in_different_namespaces_hpp ... ok
[INFO] [stdout] test header_short_enums_hpp ... ok
[INFO] [stdout] test header_size_t_template_hpp ... ok
[INFO] [stdout] test header_sentry_defined_multiple_times_hpp ... ok
[INFO] [stdout] test header_strings_cstr_h ... ok
[INFO] [stdout] test header_strings_array_h ... ok
[INFO] [stdout] test header_stdint_typedef_h ... ok
[INFO] [stdout] test header_sorted_items_hpp ... ok
[INFO] [stdout] test header_struct_containing_forward_declared_struct_h ... ok
[INFO] [stdout] test header_struct_typedef_h ... ok
[INFO] [stdout] test header_struct_typedef_ns_hpp ... ok
[INFO] [stdout] test header_struct_with_anon_struct_array_h ... ok
[INFO] [stdout] test header_struct_with_anon_struct_h ... ok
[INFO] [stdout] test header_struct_with_anon_struct_pointer_h ... ok
[INFO] [stdout] test header_struct_with_anon_union_1_0_h ... ok
[INFO] [stdout] test header_struct_with_anon_union_h ... ok
[INFO] [stdout] test header_struct_with_anon_unnamed_struct_h ... ok
[INFO] [stdout] test header_struct_with_anon_unnamed_union_h ... ok
[INFO] [stdout] test header_struct_with_anon_unnamed_union_1_0_h ... ok
[INFO] [stdout] test header_struct_with_bitfields_h ... ok
[INFO] [stdout] test header_struct_with_large_array_hpp ... ok
[INFO] [stdout] test header_struct_with_derive_debug_h ... ok
[INFO] [stdout] test header_struct_with_nesting_1_0_h ... ok
[INFO] [stdout] test header_struct_with_nesting_h ... ok
[INFO] [stdout] test header_struct_with_packing_h ... ok
[INFO] [stdout] test header_struct_with_typedef_template_arg_hpp ... ok
[INFO] [stdout] test header_struct_with_struct_h ... ok
[INFO] [stdout] test header_template_alias_basic_hpp ... ok
[INFO] [stdout] test header_template_alias_hpp ... ok
[INFO] [stdout] test header_template_alias_namespace_hpp ... ok
[INFO] [stdout] test header_template_fun_hpp ... ok
[INFO] [stdout] test header_template_fun_ty_hpp ... ok
[INFO] [stdout] test header_template_param_usage_0_hpp ... ok
[INFO] [stdout] test header_template_instantiation_with_fn_local_type_hpp ... ok
[INFO] [stdout] test header_template_param_usage_10_hpp ... ok
[INFO] [stdout] test header_template_param_usage_11_hpp ... ok
[INFO] [stdout] test header_template_param_usage_13_hpp ... ok
[INFO] [stdout] test header_template_param_usage_12_hpp ... ok
[INFO] [stdout] test header_template_param_usage_14_hpp ... ok
[INFO] [stdout] test header_template_hpp ... ok
[INFO] [stdout] test header_template_param_usage_15_hpp ... ok
[INFO] [stdout] test header_template_param_usage_1_hpp ... ok
[INFO] [stdout] test header_template_param_usage_2_hpp ... ok
[INFO] [stdout] test header_template_param_usage_3_hpp ... ok
[INFO] [stdout] test header_template_param_usage_5_hpp ... ok
[INFO] [stdout] test header_template_param_usage_4_hpp ... ok
[INFO] [stdout] test header_template_param_usage_6_hpp ... ok
[INFO] [stdout] test header_template_param_usage_7_hpp ... ok
[INFO] [stdout] test header_template_param_usage_8_hpp ... ok
[INFO] [stdout] test header_template_param_usage_9_hpp ... ok
[INFO] [stdout] test header_template_partial_specification_hpp ... ok
[INFO] [stdout] test header_template_typedef_transitive_param_hpp ... ok
[INFO] [stdout] test header_template_with_var_hpp ... ok
[INFO] [stdout] test header_template_typedefs_hpp ... ok
[INFO] [stdout] test header_templateref_opaque_hpp ... ok
[INFO] [stdout] test header_templatized_bitfield_hpp ... ok
[INFO] [stdout] test header_type_alias_empty_hpp ... ok
[INFO] [stdout] test header_timex_h ... ok
[INFO] [stdout] test header_transform_op_hpp ... ok
[INFO] [stdout] test header_type_alias_partial_template_especialization_hpp ... ok
[INFO] [stdout] test header_type_referenced_by_allowlisted_function_h ... ok
[INFO] [stdout] test header_type_alias_template_specialized_hpp ... ok
[INFO] [stdout] test header_typedefd_array_as_function_arg_h ... ok
[INFO] [stdout] test header_typedef_pointer_overlap_h ... ok
[INFO] [stdout] test header_underscore_hpp ... ok
[INFO] [stdout] test header_typeref_1_0_hpp ... ok
[INFO] [stdout] test header_typeref_hpp ... ok
[INFO] [stdout] test header_union_align_h ... ok
[INFO] [stdout] test header_union_bitfield_h ... ok
[INFO] [stdout] test header_union_bitfield_1_0_h ... ok
[INFO] [stdout] test header_union_dtor_hpp ... ok
[INFO] [stdout] test header_union_dtor_1_0_hpp ... ok
[INFO] [stdout] test header_union_fields_1_0_hpp ... ok
[INFO] [stdout] test header_union_fields_hpp ... ok
[INFO] [stdout] test header_union_in_ns_1_0_hpp ... ok
[INFO] [stdout] test header_union_in_ns_hpp ... ok
[INFO] [stdout] test header_union_template_1_0_hpp ... ok
[INFO] [stdout] test header_union_template_hpp ... ok
[INFO] [stdout] test header_union_with_anon_struct_1_0_h ... ok
[INFO] [stdout] test header_union_with_anon_struct_bitfield_1_0_h ... ok
[INFO] [stdout] test header_union_with_anon_struct_bitfield_h ... ok
[INFO] [stdout] test header_union_with_anon_struct_h ... ok
[INFO] [stdout] test header_union_with_anon_union_h ... ok
[INFO] [stdout] test header_union_with_anon_union_1_0_h ... ok
[INFO] [stdout] test header_union_with_anon_unnamed_struct_1_0_h ... ok
[INFO] [stdout] test header_union_with_anon_unnamed_struct_h ... ok
[INFO] [stdout] test header_union_with_anon_unnamed_union_1_0_h ... ok
[INFO] [stdout] test header_union_with_anon_unnamed_union_h ... ok
[INFO] [stdout] test header_union_with_big_member_1_0_h ... ok
[INFO] [stdout] test header_union_with_big_member_h ... ok
[INFO] [stdout] test header_union_with_nesting_1_0_h ... ok
[INFO] [stdout] test header_union_with_nesting_h ... ok
[INFO] [stdout] test header_unknown_attr_h ... ok
[INFO] [stdout] test header_union_with_non_copy_member_h ... ok
[INFO] [stdout] test header_unsorted_items_h ... ok
[INFO] [stdout] test header_use_core_1_0_h ... ok
[INFO] [stdout] test header_use_core_h ... ok
[INFO] [stdout] test header_using_hpp ... ok
[INFO] [stdout] test header_var_tracing_hpp ... ok
[INFO] [stdout] test header_variadic_method_hpp ... ok
[INFO] [stdout] test header_variadic_template_function_hpp ... ok
[INFO] [stdout] test header_vector_hpp ... ok
[INFO] [stdout] test header_virtual_dtor_hpp ... ok
[INFO] [stdout] test header_virtual_inheritance_hpp ... ok
[INFO] [stdout] test header_virtual_interface_hpp ... ok
[INFO] [stdout] test header_void_typedef_h ... ok
[INFO] [stdout] test header_virtual_overloaded_hpp ... ok
[INFO] [stdout] test header_vtable_recursive_sig_hpp ... ok
[INFO] [stdout] test header_wasm_constructor_returns_hpp ... ok
[INFO] [stdout] test header_wasm_import_module_h ... ok
[INFO] [stdout] test header_what_is_going_on_hpp ... ok
[INFO] [stdout] test header_weird_bitfields_hpp ... ok
[INFO] [stdout] test header_win32_thiscall_1_0_hpp ... ok
[INFO] [stdout] test header_win32_thiscall_nightly_hpp ... ok
[INFO] [stdout] test header_win32_vectorcall_1_0_h ... ok
[INFO] [stdout] test header_win32_dtors_hpp ... ok
[INFO] [stdout] test header_win32_vectorcall_nightly_h ... ok
[INFO] [stdout] test header_with_array_pointers_arguments_h ... ok
[INFO] [stdout] test header_without_array_pointers_arguments_h ... ok
[INFO] [stdout] Checking for #include directives of system headers...
[INFO] [stdout] Found none; OK!
[INFO] [stdout] test no_system_header_includes ... ok
[INFO] [stdout] test header_wrap_static_fns_h ... ok
[INFO] [stdout] test header_wrap_unsafe_ops_anon_union_1_0_hpp ... ok
[INFO] [stdout] test header_wrap_unsafe_ops_objc_class_h ... ok
[INFO] [stdout] test header_wrap_unsafe_ops_dynamic_loading_simple_h ... ok
[INFO] [stdout] test header_wrap_unsafe_ops_class_hpp ... ok
[INFO] [stdout] test header_zero_size_array_align_h ... ok
[INFO] [stdout] test header_zero_sized_array_hpp ... ok
[INFO] [stdout] test test_wrap_static_fns ... ok
[INFO] [stderr] error: 'rustfmt' is not installed for the toolchain '1.75.0-x86_64-unknown-linux-gnu'
[INFO] [stderr] To install, run `rustup component add rustfmt --toolchain 1.75.0-x86_64-unknown-linux-gnu`
[INFO] [stderr] error: 'rustfmt' is not installed for the toolchain '1.75.0-x86_64-unknown-linux-gnu'
[INFO] [stderr] To install, run `rustup component add rustfmt --toolchain 1.75.0-x86_64-unknown-linux-gnu`
[INFO] [stdout] test test_multiple_header_calls_in_builder ... ok
[INFO] [stdout] test test_mixed_header_and_header_contents ... ok
[INFO] [stderr] error: 'rustfmt' is not installed for the toolchain '1.75.0-x86_64-unknown-linux-gnu'
[INFO] [stderr] To install, run `rustup component add rustfmt --toolchain 1.75.0-x86_64-unknown-linux-gnu`
[INFO] [stdout] test test_multiple_header_contents ... ok
[INFO] [stderr] error: 'rustfmt' is not installed for the toolchain '1.75.0-x86_64-unknown-linux-gnu'
[INFO] [stderr] To install, run `rustup component add rustfmt --toolchain 1.75.0-x86_64-unknown-linux-gnu`
[INFO] [stdout] test test_clang_env_args ... ok
[INFO] [stderr] error: 'rustfmt' is not installed for the toolchain '1.75.0-x86_64-unknown-linux-gnu'
[INFO] [stderr] To install, run `rustup component add rustfmt --toolchain 1.75.0-x86_64-unknown-linux-gnu`
[INFO] [stdout] test test_header_contents ... ok
[INFO] [stdout] 
[INFO] [stdout] failures:
[INFO] [stdout] 
[INFO] [stdout] ---- dump_preprocessed_input stdout ----
[INFO] [stdout] thread 'dump_preprocessed_input' panicked at bindgen-tests/tests/tests.rs:594:10:
[INFO] [stdout] should dump preprocessed input: Os { code: 30, kind: ReadOnlyFilesystem, message: "Read-only file system" }
[INFO] [stdout] stack backtrace:
[INFO] [stdout]    0:     0x563edac46aec - std::backtrace_rs::backtrace::libunwind::trace::ha637c64ce894333a
[INFO] [stdout]                                at /rustc/82e1608dfa6e0b5569232559e3d385fea5a93112/library/std/src/../../backtrace/src/backtrace/libunwind.rs:104:5
[INFO] [stdout]    1:     0x563edac46aec - std::backtrace_rs::backtrace::trace_unsynchronized::h47f62dea28e0c88d
[INFO] [stdout]                                at /rustc/82e1608dfa6e0b5569232559e3d385fea5a93112/library/std/src/../../backtrace/src/backtrace/mod.rs:66:5
[INFO] [stdout]    2:     0x563edac46aec - std::sys_common::backtrace::_print_fmt::h9eef0abe20ede486
[INFO] [stdout]                                at /rustc/82e1608dfa6e0b5569232559e3d385fea5a93112/library/std/src/sys_common/backtrace.rs:67:5
[INFO] [stdout]    3:     0x563edac46aec - <std::sys_common::backtrace::_print::DisplayBacktrace as core::fmt::Display>::fmt::hed7f999df88cc644
[INFO] [stdout]                                at /rustc/82e1608dfa6e0b5569232559e3d385fea5a93112/library/std/src/sys_common/backtrace.rs:44:22
[INFO] [stdout]    4:     0x563edac73ac0 - core::fmt::rt::Argument::fmt::h1539a9308b8d058d
[INFO] [stdout]                                at /rustc/82e1608dfa6e0b5569232559e3d385fea5a93112/library/core/src/fmt/rt.rs:142:9
[INFO] [stdout]    5:     0x563edac73ac0 - core::fmt::write::h3a39390d8560d9c9
[INFO] [stdout]                                at /rustc/82e1608dfa6e0b5569232559e3d385fea5a93112/library/core/src/fmt/mod.rs:1120:17
[INFO] [stdout]    6:     0x563edac43bff - std::io::Write::write_fmt::h040b369f3a0f9cbc
[INFO] [stdout]                                at /rustc/82e1608dfa6e0b5569232559e3d385fea5a93112/library/std/src/io/mod.rs:1762:15
[INFO] [stdout]    7:     0x563edac468d4 - std::sys_common::backtrace::_print::h894006fb5c6f3d45
[INFO] [stdout]                                at /rustc/82e1608dfa6e0b5569232559e3d385fea5a93112/library/std/src/sys_common/backtrace.rs:47:5
[INFO] [stdout]    8:     0x563edac468d4 - std::sys_common::backtrace::print::h23a2d212c6fff936
[INFO] [stdout]                                at /rustc/82e1608dfa6e0b5569232559e3d385fea5a93112/library/std/src/sys_common/backtrace.rs:34:9
[INFO] [stdout]    9:     0x563edac48597 - std::panicking::default_hook::{{closure}}::h8a1d2ee00185001a
[INFO] [stdout]   10:     0x563edac48283 - std::panicking::default_hook::h6038f2eba384e475
[INFO] [stdout]                                at /rustc/82e1608dfa6e0b5569232559e3d385fea5a93112/library/std/src/panicking.rs:289:9
[INFO] [stdout]   11:     0x563eda3fb097 - <alloc::boxed::Box<F,A> as core::ops::function::Fn<Args>>::call::h0ad024c9bdc6d768
[INFO] [stdout]                                at /rustc/82e1608dfa6e0b5569232559e3d385fea5a93112/library/alloc/src/boxed.rs:2021:9
[INFO] [stdout]   12:     0x563eda3fb097 - test::test_main::{{closure}}::h7500b54257359db6
[INFO] [stdout]                                at /rustc/82e1608dfa6e0b5569232559e3d385fea5a93112/library/test/src/lib.rs:138:21
[INFO] [stdout]   13:     0x563edac48ba8 - <alloc::boxed::Box<F,A> as core::ops::function::Fn<Args>>::call::h1f8f335eaa9cfaee
[INFO] [stdout]                                at /rustc/82e1608dfa6e0b5569232559e3d385fea5a93112/library/alloc/src/boxed.rs:2021:9
[INFO] [stdout]   14:     0x563edac48ba8 - std::panicking::rust_panic_with_hook::h2b5517d590cab22e
[INFO] [stdout]                                at /rustc/82e1608dfa6e0b5569232559e3d385fea5a93112/library/std/src/panicking.rs:783:13
[INFO] [stdout]   15:     0x563edac488fe - std::panicking::begin_panic_handler::{{closure}}::h233112c06e0ef43e
[INFO] [stdout]                                at /rustc/82e1608dfa6e0b5569232559e3d385fea5a93112/library/std/src/panicking.rs:657:13
[INFO] [stdout]   16:     0x563edac46fb6 - std::sys_common::backtrace::__rust_end_short_backtrace::h6e893f24d7ebbff8
[INFO] [stdout]                                at /rustc/82e1608dfa6e0b5569232559e3d385fea5a93112/library/std/src/sys_common/backtrace.rs:170:18
[INFO] [stdout]   17:     0x563edac48662 - rust_begin_unwind
[INFO] [stdout]                                at /rustc/82e1608dfa6e0b5569232559e3d385fea5a93112/library/std/src/panicking.rs:645:5
[INFO] [stdout]   18:     0x563eda237155 - core::panicking::panic_fmt::hbf0e066aabfa482c
[INFO] [stdout]                                at /rustc/82e1608dfa6e0b5569232559e3d385fea5a93112/library/core/src/panicking.rs:72:14
[INFO] [stdout]   19:     0x563eda237723 - core::result::unwrap_failed::hddb4fea594200c52
[INFO] [stdout]                                at /rustc/82e1608dfa6e0b5569232559e3d385fea5a93112/library/core/src/result.rs:1653:5
[INFO] [stdout]   20:     0x563eda72502f - core::result::Result<T,E>::expect::hb56438b1f152e205
[INFO] [stdout]                                at /rustc/82e1608dfa6e0b5569232559e3d385fea5a93112/library/core/src/result.rs:1034:23
[INFO] [stdout]   21:     0x563eda2a7ec3 - tests::dump_preprocessed_input::hb3e0f8c228562177
[INFO] [stdout]                                at /opt/rustwide/workdir/bindgen-tests/tests/tests.rs:590:5
[INFO] [stdout]   22:     0x563eda2a7da7 - tests::dump_preprocessed_input::{{closure}}::h6a836e3fa25e142d
[INFO] [stdout]                                at /opt/rustwide/workdir/bindgen-tests/tests/tests.rs:582:29
[INFO] [stdout]   23:     0x563eda3468b6 - core::ops::function::FnOnce::call_once::h7231b14c984d26c5
[INFO] [stdout]                                at /rustc/82e1608dfa6e0b5569232559e3d385fea5a93112/library/core/src/ops/function.rs:250:5
[INFO] [stdout]   24:     0x563eda4006ef - core::ops::function::FnOnce::call_once::h2b5d431d5046312d
[INFO] [stdout]                                at /rustc/82e1608dfa6e0b5569232559e3d385fea5a93112/library/core/src/ops/function.rs:250:5
[INFO] [stdout]   25:     0x563eda4006ef - test::__rust_begin_short_backtrace::h7714669af176e207
[INFO] [stdout]                                at /rustc/82e1608dfa6e0b5569232559e3d385fea5a93112/library/test/src/lib.rs:628:18
[INFO] [stdout]   26:     0x563eda3ff705 - test::run_test_in_process::{{closure}}::h85218797dcbcec12
[INFO] [stdout]                                at /rustc/82e1608dfa6e0b5569232559e3d385fea5a93112/library/test/src/lib.rs:651:60
[INFO] [stdout]   27:     0x563eda3ff705 - <core::panic::unwind_safe::AssertUnwindSafe<F> as core::ops::function::FnOnce<()>>::call_once::h76c106ea31c14d7b
[INFO] [stdout]                                at /rustc/82e1608dfa6e0b5569232559e3d385fea5a93112/library/core/src/panic/unwind_safe.rs:272:9
[INFO] [stdout]   28:     0x563eda3ff705 - std::panicking::try::do_call::h3bd5d0f6620ee946
[INFO] [stdout]                                at /rustc/82e1608dfa6e0b5569232559e3d385fea5a93112/library/std/src/panicking.rs:552:40
[INFO] [stdout]   29:     0x563eda3ff705 - std::panicking::try::h232e535e4744fe31
[INFO] [stdout]                                at /rustc/82e1608dfa6e0b5569232559e3d385fea5a93112/library/std/src/panicking.rs:516:19
[INFO] [stdout]   30:     0x563eda3ff705 - std::panic::catch_unwind::h3ce3bd6ca8dbac68
[INFO] [stdout]                                at /rustc/82e1608dfa6e0b5569232559e3d385fea5a93112/library/std/src/panic.rs:142:14
[INFO] [stdout]   31:     0x563eda3ff705 - test::run_test_in_process::hc97b257c9621286a
[INFO] [stdout]                                at /rustc/82e1608dfa6e0b5569232559e3d385fea5a93112/library/test/src/lib.rs:651:27
[INFO] [stdout]   32:     0x563eda3ff705 - test::run_test::{{closure}}::h2aa798823a438d38
[INFO] [stdout]                                at /rustc/82e1608dfa6e0b5569232559e3d385fea5a93112/library/test/src/lib.rs:574:43
[INFO] [stdout]   33:     0x563eda3c79c6 - test::run_test::{{closure}}::h87d231c78fb59832
[INFO] [stdout]                                at /rustc/82e1608dfa6e0b5569232559e3d385fea5a93112/library/test/src/lib.rs:602:41
[INFO] [stdout]   34:     0x563eda3c79c6 - std::sys_common::backtrace::__rust_begin_short_backtrace::he6df152596625789
[INFO] [stdout]                                at /rustc/82e1608dfa6e0b5569232559e3d385fea5a93112/library/std/src/sys_common/backtrace.rs:154:18
[INFO] [stdout]   35:     0x563eda3cca77 - std::thread::Builder::spawn_unchecked_::{{closure}}::{{closure}}::ha94be15d1e0acf36
[INFO] [stdout]                                at /rustc/82e1608dfa6e0b5569232559e3d385fea5a93112/library/std/src/thread/mod.rs:529:17
[INFO] [stdout]   36:     0x563eda3cca77 - <core::panic::unwind_safe::AssertUnwindSafe<F> as core::ops::function::FnOnce<()>>::call_once::h9dc6bd6372f16606
[INFO] [stdout]                                at /rustc/82e1608dfa6e0b5569232559e3d385fea5a93112/library/core/src/panic/unwind_safe.rs:272:9
[INFO] [stdout]   37:     0x563eda3cca77 - std::panicking::try::do_call::h9057517f80303cd4
[INFO] [stdout]                                at /rustc/82e1608dfa6e0b5569232559e3d385fea5a93112/library/std/src/panicking.rs:552:40
[INFO] [stdout]   38:     0x563eda3cca77 - std::panicking::try::he3a30b11ee45340c
[INFO] [stdout]                                at /rustc/82e1608dfa6e0b5569232559e3d385fea5a93112/library/std/src/panicking.rs:516:19
[INFO] [stdout]   39:     0x563eda3cca77 - std::panic::catch_unwind::h410458cfd3528b8b
[INFO] [stdout]                                at /rustc/82e1608dfa6e0b5569232559e3d385fea5a93112/library/std/src/panic.rs:142:14
[INFO] [stdout]   40:     0x563eda3cca77 - std::thread::Builder::spawn_unchecked_::{{closure}}::h72ac3bdb567b737b
[INFO] [stdout]                                at /rustc/82e1608dfa6e0b5569232559e3d385fea5a93112/library/std/src/thread/mod.rs:528:30
[INFO] [stdout]   41:     0x563eda3cca77 - core::ops::function::FnOnce::call_once{{vtable.shim}}::h38f34da3654a8344
[INFO] [stdout]                                at /rustc/82e1608dfa6e0b5569232559e3d385fea5a93112/library/core/src/ops/function.rs:250:5
[INFO] [stdout]   42:     0x563edac4e6a5 - <alloc::boxed::Box<F,A> as core::ops::function::FnOnce<Args>>::call_once::hc7eafaff61e32df9
[INFO] [stdout]                                at /rustc/82e1608dfa6e0b5569232559e3d385fea5a93112/library/alloc/src/boxed.rs:2007:9
[INFO] [stdout]   43:     0x563edac4e6a5 - <alloc::boxed::Box<F,A> as core::ops::function::FnOnce<Args>>::call_once::h6ba4a5de48dd2304
[INFO] [stdout]                                at /rustc/82e1608dfa6e0b5569232559e3d385fea5a93112/library/alloc/src/boxed.rs:2007:9
[INFO] [stdout]   44:     0x563edac4e6a5 - std::sys::unix::thread::Thread::new::thread_start::he469335aef763e45
[INFO] [stdout]                                at /rustc/82e1608dfa6e0b5569232559e3d385fea5a93112/library/std/src/sys/unix/thread.rs:108:17
[INFO] [stdout]   45:     0x7f605b74dac3 - <unknown>
[INFO] [stdout]   46:     0x7f605b7debf4 - __clone
[INFO] [stdout]   47:                0x0 - <unknown>
[INFO] [stdout] 
[INFO] [stdout] ---- header_ptr32_has_different_size_h stdout ----
[INFO] [stdout] diff expected generated
[INFO] [stdout] --- expected: "/opt/rustwide/workdir/bindgen-tests/tests/expectations/tests/libclang-9/ptr32-has-different-size.rs"
[INFO] [stdout] +++ generated from: "/opt/rustwide/workdir/bindgen-tests/tests/headers/ptr32-has-different-size.h"
[INFO] [stdout] [2m2   [0m[2m2   [0m| [1m [0m#[repr(C)]
[INFO] [stdout] [2m3   [0m[2m3   [0m| [1m [0m#[derive(Debug, Copy, Clone)]
[INFO] [stdout] [2m4   [0m[2m4   [0m| [1m [0mpub struct TEST_STRUCT {
[INFO] [stdout] [2m[31m5   [0m[0m[2m[31m    [0m[0m| [1m[31m-[0m[0m[31m    pub ptr_32bit: [0m[4m[31m*mut ::std::os::raw::c_void,[0m[0m[31m
[INFO] [stdout] [0m[2m[32m    [0m[0m[2m[32m5   [0m[0m| [1m[32m+[0m[0m[32m    pub ptr_32bit: [0m[4m[32mu32,[0m[0m[32m
[INFO] [stdout] [0m[2m6   [0m[2m6   [0m| [1m [0m}
[INFO] [stdout] [2m7   [0m[2m7   [0m| [1m [0m#[test]
[INFO] [stdout] [2m8   [0m[2m8   [0m| [1m [0mfn bindgen_test_layout_TEST_STRUCT() {
[INFO] [stdout] [2m[36m(chunk 1/n)[39m[0m
[INFO] [stdout] [2m10  [0m[2m10  [0m| [1m [0m    let ptr = UNINIT.as_ptr();
[INFO] [stdout] [2m11  [0m[2m11  [0m| [1m [0m    assert_eq!(
[INFO] [stdout] [2m12  [0m[2m12  [0m| [1m [0m        ::std::mem::size_of::<TEST_STRUCT>(),
[INFO] [stdout] [2m[31m13  [0m[0m[2m[31m    [0m[0m| [1m[31m-[0m[0m[31m        [0m[4m[31m8usize,[0m[0m[31m
[INFO] [stdout] [0m[2m[32m    [0m[0m[2m[32m13  [0m[0m| [1m[32m+[0m[0m[32m        [0m[4m[32m4usize,[0m[0m[32m
[INFO] [stdout] [0m[2m14  [0m[2m14  [0m| [1m [0m        concat!("Size of: ", stringify!(TEST_STRUCT)),
[INFO] [stdout] [2m15  [0m[2m15  [0m| [1m [0m    );
[INFO] [stdout] [2m16  [0m[2m16  [0m| [1m [0m    assert_eq!(
[INFO] [stdout] [2m17  [0m[2m17  [0m| [1m [0m        ::std::mem::align_of::<TEST_STRUCT>(),
[INFO] [stdout] [2m[31m18  [0m[0m[2m[31m    [0m[0m| [1m[31m-[0m[0m[31m        [0m[4m[31m8usize,[0m[0m[31m
[INFO] [stdout] [0m[2m[32m    [0m[0m[2m[32m18  [0m[0m| [1m[32m+[0m[0m[32m        [0m[4m[32m4usize,[0m[0m[32m
[INFO] [stdout] [0m[2m19  [0m[2m19  [0m| [1m [0m        concat!("Alignment of ", stringify!(TEST_STRUCT)),
[INFO] [stdout] [2m20  [0m[2m20  [0m| [1m [0m    );
[INFO] [stdout] [2m21  [0m[2m21  [0m| [1m [0m    assert_eq!(
[INFO] [stdout] thread 'header_ptr32_has_different_size_h' panicked at /opt/rustwide/target/debug/build/bindgen-tests-6758011ffbc539d6/out/tests.rs:446:1:
[INFO] [stdout] Header and binding differ! Run with BINDGEN_OVERWRITE_EXPECTED=1 in the environment to automatically overwrite the expectation or with BINDGEN_TESTS_DIFFTOOL=meld to do this manually.
[INFO] [stdout] stack backtrace:
[INFO] [stdout]    0:     0x563edac46aec - std::backtrace_rs::backtrace::libunwind::trace::ha637c64ce894333a
[INFO] [stdout]                                at /rustc/82e1608dfa6e0b5569232559e3d385fea5a93112/library/std/src/../../backtrace/src/backtrace/libunwind.rs:104:5
[INFO] [stdout]    1:     0x563edac46aec - std::backtrace_rs::backtrace::trace_unsynchronized::h47f62dea28e0c88d
[INFO] [stdout]                                at /rustc/82e1608dfa6e0b5569232559e3d385fea5a93112/library/std/src/../../backtrace/src/backtrace/mod.rs:66:5
[INFO] [stdout]    2:     0x563edac46aec - std::sys_common::backtrace::_print_fmt::h9eef0abe20ede486
[INFO] [stdout]                                at /rustc/82e1608dfa6e0b5569232559e3d385fea5a93112/library/std/src/sys_common/backtrace.rs:67:5
[INFO] [stdout]    3:     0x563edac46aec - <std::sys_common::backtrace::_print::DisplayBacktrace as core::fmt::Display>::fmt::hed7f999df88cc644
[INFO] [stdout]                                at /rustc/82e1608dfa6e0b5569232559e3d385fea5a93112/library/std/src/sys_common/backtrace.rs:44:22
[INFO] [stdout]    4:     0x563edac73ac0 - core::fmt::rt::Argument::fmt::h1539a9308b8d058d
[INFO] [stdout]                                at /rustc/82e1608dfa6e0b5569232559e3d385fea5a93112/library/core/src/fmt/rt.rs:142:9
[INFO] [stdout]    5:     0x563edac73ac0 - core::fmt::write::h3a39390d8560d9c9
[INFO] [stdout]                                at /rustc/82e1608dfa6e0b5569232559e3d385fea5a93112/library/core/src/fmt/mod.rs:1120:17
[INFO] [stdout]    6:     0x563edac43bff - std::io::Write::write_fmt::h040b369f3a0f9cbc
[INFO] [stdout]                                at /rustc/82e1608dfa6e0b5569232559e3d385fea5a93112/library/std/src/io/mod.rs:1762:15
[INFO] [stdout]    7:     0x563edac468d4 - std::sys_common::backtrace::_print::h894006fb5c6f3d45
[INFO] [stdout]                                at /rustc/82e1608dfa6e0b5569232559e3d385fea5a93112/library/std/src/sys_common/backtrace.rs:47:5
[INFO] [stdout]    8:     0x563edac468d4 - std::sys_common::backtrace::print::h23a2d212c6fff936
[INFO] [stdout]                                at /rustc/82e1608dfa6e0b5569232559e3d385fea5a93112/library/std/src/sys_common/backtrace.rs:34:9
[INFO] [stdout]    9:     0x563edac48597 - std::panicking::default_hook::{{closure}}::h8a1d2ee00185001a
[INFO] [stdout]   10:     0x563edac48283 - std::panicking::default_hook::h6038f2eba384e475
[INFO] [stdout]                                at /rustc/82e1608dfa6e0b5569232559e3d385fea5a93112/library/std/src/panicking.rs:289:9
[INFO] [stdout]   11:     0x563eda3fb097 - <alloc::boxed::Box<F,A> as core::ops::function::Fn<Args>>::call::h0ad024c9bdc6d768
[INFO] [stdout]                                at /rustc/82e1608dfa6e0b5569232559e3d385fea5a93112/library/alloc/src/boxed.rs:2021:9
[INFO] [stdout]   12:     0x563eda3fb097 - test::test_main::{{closure}}::h7500b54257359db6
[INFO] [stdout]                                at /rustc/82e1608dfa6e0b5569232559e3d385fea5a93112/library/test/src/lib.rs:138:21
[INFO] [stdout]   13:     0x563edac48ba8 - <alloc::boxed::Box<F,A> as core::ops::function::Fn<Args>>::call::h1f8f335eaa9cfaee
[INFO] [stdout]                                at /rustc/82e1608dfa6e0b5569232559e3d385fea5a93112/library/alloc/src/boxed.rs:2021:9
[INFO] [stdout]   14:     0x563edac48ba8 - std::panicking::rust_panic_with_hook::h2b5517d590cab22e
[INFO] [stdout]                                at /rustc/82e1608dfa6e0b5569232559e3d385fea5a93112/library/std/src/panicking.rs:783:13
[INFO] [stdout]   15:     0x563edac488fe - std::panicking::begin_panic_handler::{{closure}}::h233112c06e0ef43e
[INFO] [stdout]                                at /rustc/82e1608dfa6e0b5569232559e3d385fea5a93112/library/std/src/panicking.rs:657:13
[INFO] [stdout]   16:     0x563edac46fb6 - std::sys_common::backtrace::__rust_end_short_backtrace::h6e893f24d7ebbff8
[INFO] [stdout]                                at /rustc/82e1608dfa6e0b5569232559e3d385fea5a93112/library/std/src/sys_common/backtrace.rs:170:18
[INFO] [stdout]   17:     0x563edac48662 - rust_begin_unwind
[INFO] [stdout]                                at /rustc/82e1608dfa6e0b5569232559e3d385fea5a93112/library/std/src/panicking.rs:645:5
[INFO] [stdout]   18:     0x563eda237155 - core::panicking::panic_fmt::hbf0e066aabfa482c
[INFO] [stdout]                                at /rustc/82e1608dfa6e0b5569232559e3d385fea5a93112/library/core/src/panicking.rs:72:14
[INFO] [stdout]   19:     0x563eda35ec5f - core::panicking::panic_display::h437a0903a8e3ca31
[INFO] [stdout]                                at /rustc/82e1608dfa6e0b5569232559e3d385fea5a93112/library/core/src/panicking.rs:178:5
[INFO] [stdout]   20:     0x563eda28d386 - tests::header_ptr32_has_different_size_h::hff75d712b182f387
[INFO] [stdout]                                at /opt/rustwide/workdir/bindgen-tests/tests/tests.rs:373:17
[INFO] [stdout]   21:     0x563eda28d287 - tests::header_ptr32_has_different_size_h::{{closure}}::h46363f4dbc79d523
[INFO] [stdout]                                at /opt/rustwide/workdir/bindgen-tests/tests/tests.rs:364:23
[INFO] [stdout]   22:     0x563eda347496 - core::ops::function::FnOnce::call_once::h82f47b2abc6fa9f7
[INFO] [stdout]                                at /rustc/82e1608dfa6e0b5569232559e3d385fea5a93112/library/core/src/ops/function.rs:250:5
[INFO] [stdout]   23:     0x563eda4006ef - core::ops::function::FnOnce::call_once::h2b5d431d5046312d
[INFO] [stdout]                                at /rustc/82e1608dfa6e0b5569232559e3d385fea5a93112/library/core/src/ops/function.rs:250:5
[INFO] [stdout]   24:     0x563eda4006ef - test::__rust_begin_short_backtrace::h7714669af176e207
[INFO] [stdout]                                at /rustc/82e1608dfa6e0b5569232559e3d385fea5a93112/library/test/src/lib.rs:628:18
[INFO] [stdout]   25:     0x563eda3ff705 - test::run_test_in_process::{{closure}}::h85218797dcbcec12
[INFO] [stdout]                                at /rustc/82e1608dfa6e0b5569232559e3d385fea5a93112/library/test/src/lib.rs:651:60
[INFO] [stdout]   26:     0x563eda3ff705 - <core::panic::unwind_safe::AssertUnwindSafe<F> as core::ops::function::FnOnce<()>>::call_once::h76c106ea31c14d7b
[INFO] [stdout]                                at /rustc/82e1608dfa6e0b5569232559e3d385fea5a93112/library/core/src/panic/unwind_safe.rs:272:9
[INFO] [stdout]   27:     0x563eda3ff705 - std::panicking::try::do_call::h3bd5d0f6620ee946
[INFO] [stdout]                                at /rustc/82e1608dfa6e0b5569232559e3d385fea5a93112/library/std/src/panicking.rs:552:40
[INFO] [stdout]   28:     0x563eda3ff705 - std::panicking::try::h232e535e4744fe31
[INFO] [stdout]                                at /rustc/82e1608dfa6e0b5569232559e3d385fea5a93112/library/std/src/panicking.rs:516:19
[INFO] [stdout]   29:     0x563eda3ff705 - std::panic::catch_unwind::h3ce3bd6ca8dbac68
[INFO] [stdout]                                at /rustc/82e1608dfa6e0b5569232559e3d385fea5a93112/library/std/src/panic.rs:142:14
[INFO] [stdout]   30:     0x563eda3ff705 - test::run_test_in_process::hc97b257c9621286a
[INFO] [stdout]                                at /rustc/82e1608dfa6e0b5569232559e3d385fea5a93112/library/test/src/lib.rs:651:27
[INFO] [stdout]   31:     0x563eda3ff705 - test::run_test::{{closure}}::h2aa798823a438d38
[INFO] [stdout]                                at /rustc/82e1608dfa6e0b5569232559e3d385fea5a93112/library/test/src/lib.rs:574:43
[INFO] [stdout]   32:     0x563eda3c79c6 - test::run_test::{{closure}}::h87d231c78fb59832
[INFO] [stdout]                                at /rustc/82e1608dfa6e0b5569232559e3d385fea5a93112/library/test/src/lib.rs:602:41
[INFO] [stdout]   33:     0x563eda3c79c6 - std::sys_common::backtrace::__rust_begin_short_backtrace::he6df152596625789
[INFO] [stdout]                                at /rustc/82e1608dfa6e0b5569232559e3d385fea5a93112/library/std/src/sys_common/backtrace.rs:154:18
[INFO] [stdout]   34:     0x563eda3cca77 - std::thread::Builder::spawn_unchecked_::{{closure}}::{{closure}}::ha94be15d1e0acf36
[INFO] [stdout]                                at /rustc/82e1608dfa6e0b5569232559e3d385fea5a93112/library/std/src/thread/mod.rs:529:17
[INFO] [stdout]   35:     0x563eda3cca77 - <core::panic::unwind_safe::AssertUnwindSafe<F> as core::ops::function::FnOnce<()>>::call_once::h9dc6bd6372f16606
[INFO] [stdout]                                at /rustc/82e1608dfa6e0b5569232559e3d385fea5a93112/library/core/src/panic/unwind_safe.rs:272:9
[INFO] [stdout]   36:     0x563eda3cca77 - std::panicking::try::do_call::h9057517f80303cd4
[INFO] [stdout]                                at /rustc/82e1608dfa6e0b5569232559e3d385fea5a93112/library/std/src/panicking.rs:552:40
[INFO] [stdout]   37:     0x563eda3cca77 - std::panicking::try::he3a30b11ee45340c
[INFO] [stdout]                                at /rustc/82e1608dfa6e0b5569232559e3d385fea5a93112/library/std/src/panicking.rs:516:19
[INFO] [stdout]   38:     0x563eda3cca77 - std::panic::catch_unwind::h410458cfd3528b8b
[INFO] [stdout]                                at /rustc/82e1608dfa6e0b5569232559e3d385fea5a93112/library/std/src/panic.rs:142:14
[INFO] [stdout]   39:     0x563eda3cca77 - std::thread::Builder::spawn_unchecked_::{{closure}}::h72ac3bdb567b737b
[INFO] [stdout]                                at /rustc/82e1608dfa6e0b5569232559e3d385fea5a93112/library/std/src/thread/mod.rs:528:30
[INFO] [stdout]   40:     0x563eda3cca77 - core::ops::function::FnOnce::call_once{{vtable.shim}}::h38f34da3654a8344
[INFO] [stdout]                                at /rustc/82e1608dfa6e0b5569232559e3d385fea5a93112/library/core/src/ops/function.rs:250:5
[INFO] [stdout]   41:     0x563edac4e6a5 - <alloc::boxed::Box<F,A> as core::ops::function::FnOnce<Args>>::call_once::hc7eafaff61e32df9
[INFO] [stdout]                                at /rustc/82e1608dfa6e0b5569232559e3d385fea5a93112/library/alloc/src/boxed.rs:2007:9
[INFO] [stdout]   42:     0x563edac4e6a5 - <alloc::boxed::Box<F,A> as core::ops::function::FnOnce<Args>>::call_once::h6ba4a5de48dd2304
[INFO] [stdout]                                at /rustc/82e1608dfa6e0b5569232559e3d385fea5a93112/library/alloc/src/boxed.rs:2007:9
[INFO] [stdout]   43:     0x563edac4e6a5 - std::sys::unix::thread::Thread::new::thread_start::he469335aef763e45
[INFO] [stdout]                                at /rustc/82e1608dfa6e0b5569232559e3d385fea5a93112/library/std/src/sys/unix/thread.rs:108:17
[INFO] [stdout]   44:     0x7f605b74dac3 - <unknown>
[INFO] [stdout]   45:     0x7f605b7debf4 - __clone
[INFO] [stdout]   46:                0x0 - <unknown>
[INFO] [stdout] 
[INFO] [stdout] 
[INFO] [stdout] failures:
[INFO] [stdout]     dump_preprocessed_input
[INFO] [stdout]     header_ptr32_has_different_size_h
[INFO] [stdout] 
[INFO] [stdout] test result: FAILED. 590 passed; 2 failed; 0 ignored; 0 measured; 0 filtered out; finished in 17.23s
[INFO] [stdout] 
[INFO] [stderr] error: test failed, to rerun pass `-p bindgen-tests --test tests`
[INFO] running `Command { std: "docker" "inspect" "b3c14f59cebae7d59bd8db2b98194dbb74cb9282551320cac7c58219ae46dec7", kill_on_drop: false }`
[INFO] running `Command { std: "docker" "rm" "-f" "b3c14f59cebae7d59bd8db2b98194dbb74cb9282551320cac7c58219ae46dec7", kill_on_drop: false }`
[INFO] [stdout] b3c14f59cebae7d59bd8db2b98194dbb74cb9282551320cac7c58219ae46dec7
[INFO] testing rust-lang-nursery/rust-bindgen against beta-2023-12-22 for beta-1.76-1
[INFO] running `Command { std: "git" "clone" "/workspace/cache/git-repos/https%3A%2F%2Fgithub.com%2Frust-lang-nursery%2Frust-bindgen" "/workspace/builds/worker-6-tc2/source", kill_on_drop: false }`
[INFO] [stderr] Cloning into '/workspace/builds/worker-6-tc2/source'...
[INFO] [stderr] done.
[INFO] validating manifest of git repo https://github.com/rust-lang-nursery/rust-bindgen on toolchain beta-2023-12-22
[INFO] running `Command { std: CARGO_HOME="/workspace/cargo-home" RUSTUP_HOME="/workspace/rustup-home" "/workspace/cargo-home/bin/cargo" "+beta-2023-12-22" "metadata" "--manifest-path" "Cargo.toml" "--no-deps", kill_on_drop: false }`
[INFO] started tweaking git repo https://github.com/rust-lang-nursery/rust-bindgen
[INFO] finished tweaking git repo https://github.com/rust-lang-nursery/rust-bindgen
[INFO] tweaked toml for git repo https://github.com/rust-lang-nursery/rust-bindgen written to /workspace/builds/worker-6-tc2/source/Cargo.toml
[INFO] crate git repo https://github.com/rust-lang-nursery/rust-bindgen already has a lockfile, it will not be regenerated
[INFO] running `Command { std: CARGO_HOME="/workspace/cargo-home" RUSTUP_HOME="/workspace/rustup-home" "/workspace/cargo-home/bin/cargo" "+beta-2023-12-22" "fetch" "--manifest-path" "Cargo.toml", kill_on_drop: false }`
[INFO] [stderr]     Blocking waiting for file lock on package cache
[ERROR] error running command: no output for 300 seconds
[INFO] testing rust-lang-nursery/rust-bindgen against beta-2023-12-22 for beta-1.76-1
[INFO] running `Command { std: "git" "clone" "/workspace/cache/git-repos/https%3A%2F%2Fgithub.com%2Frust-lang-nursery%2Frust-bindgen" "/workspace/builds/worker-6-tc2/source", kill_on_drop: false }`
[INFO] [stderr] Cloning into '/workspace/builds/worker-6-tc2/source'...
[INFO] [stderr] done.
[INFO] validating manifest of git repo https://github.com/rust-lang-nursery/rust-bindgen on toolchain beta-2023-12-22
[INFO] running `Command { std: CARGO_HOME="/workspace/cargo-home" RUSTUP_HOME="/workspace/rustup-home" "/workspace/cargo-home/bin/cargo" "+beta-2023-12-22" "metadata" "--manifest-path" "Cargo.toml" "--no-deps", kill_on_drop: false }`
[INFO] started tweaking git repo https://github.com/rust-lang-nursery/rust-bindgen
[INFO] finished tweaking git repo https://github.com/rust-lang-nursery/rust-bindgen
[INFO] tweaked toml for git repo https://github.com/rust-lang-nursery/rust-bindgen written to /workspace/builds/worker-6-tc2/source/Cargo.toml
[INFO] crate git repo https://github.com/rust-lang-nursery/rust-bindgen already has a lockfile, it will not be regenerated
[INFO] running `Command { std: CARGO_HOME="/workspace/cargo-home" RUSTUP_HOME="/workspace/rustup-home" "/workspace/cargo-home/bin/cargo" "+beta-2023-12-22" "fetch" "--manifest-path" "Cargo.toml", kill_on_drop: false }`
[INFO] [stderr]     Blocking waiting for file lock on package cache
[INFO] [stderr]     Blocking waiting for file lock on package cache
[ERROR] error running command: no output for 300 seconds
[INFO] testing rust-lang-nursery/rust-bindgen against beta-2023-12-22 for beta-1.76-1
[INFO] running `Command { std: "git" "clone" "/workspace/cache/git-repos/https%3A%2F%2Fgithub.com%2Frust-lang-nursery%2Frust-bindgen" "/workspace/builds/worker-6-tc2/source", kill_on_drop: false }`
[INFO] [stderr] Cloning into '/workspace/builds/worker-6-tc2/source'...
[INFO] [stderr] done.
[INFO] validating manifest of git repo https://github.com/rust-lang-nursery/rust-bindgen on toolchain beta-2023-12-22
[INFO] running `Command { std: CARGO_HOME="/workspace/cargo-home" RUSTUP_HOME="/workspace/rustup-home" "/workspace/cargo-home/bin/cargo" "+beta-2023-12-22" "metadata" "--manifest-path" "Cargo.toml" "--no-deps", kill_on_drop: false }`
[INFO] started tweaking git repo https://github.com/rust-lang-nursery/rust-bindgen
[INFO] finished tweaking git repo https://github.com/rust-lang-nursery/rust-bindgen
[INFO] tweaked toml for git repo https://github.com/rust-lang-nursery/rust-bindgen written to /workspace/builds/worker-6-tc2/source/Cargo.toml
[INFO] crate git repo https://github.com/rust-lang-nursery/rust-bindgen already has a lockfile, it will not be regenerated
[INFO] running `Command { std: CARGO_HOME="/workspace/cargo-home" RUSTUP_HOME="/workspace/rustup-home" "/workspace/cargo-home/bin/cargo" "+beta-2023-12-22" "fetch" "--manifest-path" "Cargo.toml", kill_on_drop: false }`
[INFO] [stderr]     Blocking waiting for file lock on package cache
[INFO] [stderr]     Blocking waiting for file lock on package cache
[ERROR] error running command: no output for 300 seconds
[INFO] testing rust-lang-nursery/rust-bindgen against beta-2023-12-22 for beta-1.76-1
[INFO] running `Command { std: "git" "clone" "/workspace/cache/git-repos/https%3A%2F%2Fgithub.com%2Frust-lang-nursery%2Frust-bindgen" "/workspace/builds/worker-6-tc2/source", kill_on_drop: false }`
[INFO] [stderr] Cloning into '/workspace/builds/worker-6-tc2/source'...
[INFO] [stderr] done.
[INFO] validating manifest of git repo https://github.com/rust-lang-nursery/rust-bindgen on toolchain beta-2023-12-22
[INFO] running `Command { std: CARGO_HOME="/workspace/cargo-home" RUSTUP_HOME="/workspace/rustup-home" "/workspace/cargo-home/bin/cargo" "+beta-2023-12-22" "metadata" "--manifest-path" "Cargo.toml" "--no-deps", kill_on_drop: false }`
[INFO] started tweaking git repo https://github.com/rust-lang-nursery/rust-bindgen
[INFO] finished tweaking git repo https://github.com/rust-lang-nursery/rust-bindgen
[INFO] tweaked toml for git repo https://github.com/rust-lang-nursery/rust-bindgen written to /workspace/builds/worker-6-tc2/source/Cargo.toml
[INFO] crate git repo https://github.com/rust-lang-nursery/rust-bindgen already has a lockfile, it will not be regenerated
[INFO] running `Command { std: CARGO_HOME="/workspace/cargo-home" RUSTUP_HOME="/workspace/rustup-home" "/workspace/cargo-home/bin/cargo" "+beta-2023-12-22" "fetch" "--manifest-path" "Cargo.toml", kill_on_drop: false }`
[INFO] [stderr]     Blocking waiting for file lock on package cache
[INFO] [stderr]     Blocking waiting for file lock on package cache
[ERROR] error running command: no output for 300 seconds
[INFO] testing rust-lang-nursery/rust-bindgen against beta-2023-12-22 for beta-1.76-1
[INFO] running `Command { std: "git" "clone" "/workspace/cache/git-repos/https%3A%2F%2Fgithub.com%2Frust-lang-nursery%2Frust-bindgen" "/workspace/builds/worker-6-tc2/source", kill_on_drop: false }`
[INFO] [stderr] Cloning into '/workspace/builds/worker-6-tc2/source'...
[INFO] [stderr] done.
[INFO] validating manifest of git repo https://github.com/rust-lang-nursery/rust-bindgen on toolchain beta-2023-12-22
[INFO] running `Command { std: CARGO_HOME="/workspace/cargo-home" RUSTUP_HOME="/workspace/rustup-home" "/workspace/cargo-home/bin/cargo" "+beta-2023-12-22" "metadata" "--manifest-path" "Cargo.toml" "--no-deps", kill_on_drop: false }`
[INFO] started tweaking git repo https://github.com/rust-lang-nursery/rust-bindgen
[INFO] finished tweaking git repo https://github.com/rust-lang-nursery/rust-bindgen
[INFO] tweaked toml for git repo https://github.com/rust-lang-nursery/rust-bindgen written to /workspace/builds/worker-6-tc2/source/Cargo.toml
[INFO] crate git repo https://github.com/rust-lang-nursery/rust-bindgen already has a lockfile, it will not be regenerated
[INFO] running `Command { std: CARGO_HOME="/workspace/cargo-home" RUSTUP_HOME="/workspace/rustup-home" "/workspace/cargo-home/bin/cargo" "+beta-2023-12-22" "fetch" "--manifest-path" "Cargo.toml", kill_on_drop: false }`
[INFO] [stderr]     Blocking waiting for file lock on package cache
[INFO] [stderr]     Blocking waiting for file lock on package cache
[ERROR] error running command: no output for 300 seconds
[ERROR] this task or one of its parent failed!
[ERROR] no output for 300 seconds
[ERROR] note: run with `RUST_BACKTRACE=1` to display a backtrace.
