[INFO] cloning repository https://github.com/runnerSnail/deno_redis
[INFO] running `Command { std: "git" "-c" "credential.helper=" "-c" "credential.helper=/workspace/cargo-home/bin/git-credential-null" "clone" "--bare" "https://github.com/runnerSnail/deno_redis" "/workspace/cache/git-repos/https%3A%2F%2Fgithub.com%2FrunnerSnail%2Fdeno_redis", kill_on_drop: false }`
[INFO] [stderr] Cloning into bare repository '/workspace/cache/git-repos/https%3A%2F%2Fgithub.com%2FrunnerSnail%2Fdeno_redis'...
[INFO] running `Command { std: "git" "rev-parse" "HEAD", kill_on_drop: false }`
[INFO] [stdout] 89681aa9f6093e796e5807c0ce5a0410a593f034
[INFO] testing runnerSnail/deno_redis against 1.75.0 for beta-1.76-1
[INFO] running `Command { std: "git" "clone" "/workspace/cache/git-repos/https%3A%2F%2Fgithub.com%2FrunnerSnail%2Fdeno_redis" "/workspace/builds/worker-4-tc1/source", kill_on_drop: false }`
[INFO] [stderr] Cloning into '/workspace/builds/worker-4-tc1/source'...
[INFO] [stderr] done.
[INFO] validating manifest of git repo https://github.com/runnerSnail/deno_redis on toolchain 1.75.0
[INFO] running `Command { std: CARGO_HOME="/workspace/cargo-home" RUSTUP_HOME="/workspace/rustup-home" "/workspace/cargo-home/bin/cargo" "+1.75.0" "metadata" "--manifest-path" "Cargo.toml" "--no-deps", kill_on_drop: false }`
[INFO] started tweaking git repo https://github.com/runnerSnail/deno_redis
[INFO] finished tweaking git repo https://github.com/runnerSnail/deno_redis
[INFO] tweaked toml for git repo https://github.com/runnerSnail/deno_redis written to /workspace/builds/worker-4-tc1/source/Cargo.toml
[INFO] crate git repo https://github.com/runnerSnail/deno_redis already has a lockfile, it will not be regenerated
[INFO] running `Command { std: CARGO_HOME="/workspace/cargo-home" RUSTUP_HOME="/workspace/rustup-home" "/workspace/cargo-home/bin/cargo" "+1.75.0" "fetch" "--manifest-path" "Cargo.toml", kill_on_drop: false }`
[INFO] [stderr]     Blocking waiting for file lock on package cache
[ERROR] error running command: no output for 300 seconds
[ERROR] this task or one of its parent failed!
[ERROR] no output for 300 seconds
[ERROR] note: run with `RUST_BACKTRACE=1` to display a backtrace.
[INFO] testing runnerSnail/deno_redis against beta-2023-12-22 for beta-1.76-1
[INFO] running `Command { std: "git" "clone" "/workspace/cache/git-repos/https%3A%2F%2Fgithub.com%2FrunnerSnail%2Fdeno_redis" "/workspace/builds/worker-4-tc2/source", kill_on_drop: false }`
[INFO] [stderr] Cloning into '/workspace/builds/worker-4-tc2/source'...
[INFO] [stderr] done.
[INFO] validating manifest of git repo https://github.com/runnerSnail/deno_redis on toolchain beta-2023-12-22
[INFO] running `Command { std: CARGO_HOME="/workspace/cargo-home" RUSTUP_HOME="/workspace/rustup-home" "/workspace/cargo-home/bin/cargo" "+beta-2023-12-22" "metadata" "--manifest-path" "Cargo.toml" "--no-deps", kill_on_drop: false }`
[INFO] started tweaking git repo https://github.com/runnerSnail/deno_redis
[INFO] finished tweaking git repo https://github.com/runnerSnail/deno_redis
[INFO] tweaked toml for git repo https://github.com/runnerSnail/deno_redis written to /workspace/builds/worker-4-tc2/source/Cargo.toml
[INFO] crate git repo https://github.com/runnerSnail/deno_redis already has a lockfile, it will not be regenerated
[INFO] running `Command { std: CARGO_HOME="/workspace/cargo-home" RUSTUP_HOME="/workspace/rustup-home" "/workspace/cargo-home/bin/cargo" "+beta-2023-12-22" "fetch" "--manifest-path" "Cargo.toml", kill_on_drop: false }`
[INFO] [stderr]     Blocking waiting for file lock on package cache
[ERROR] error running command: no output for 300 seconds
[INFO] testing runnerSnail/deno_redis against beta-2023-12-22 for beta-1.76-1
[INFO] running `Command { std: "git" "clone" "/workspace/cache/git-repos/https%3A%2F%2Fgithub.com%2FrunnerSnail%2Fdeno_redis" "/workspace/builds/worker-4-tc2/source", kill_on_drop: false }`
[INFO] [stderr] Cloning into '/workspace/builds/worker-4-tc2/source'...
[INFO] [stderr] done.
[INFO] validating manifest of git repo https://github.com/runnerSnail/deno_redis on toolchain beta-2023-12-22
[INFO] running `Command { std: CARGO_HOME="/workspace/cargo-home" RUSTUP_HOME="/workspace/rustup-home" "/workspace/cargo-home/bin/cargo" "+beta-2023-12-22" "metadata" "--manifest-path" "Cargo.toml" "--no-deps", kill_on_drop: false }`
[INFO] started tweaking git repo https://github.com/runnerSnail/deno_redis
[INFO] finished tweaking git repo https://github.com/runnerSnail/deno_redis
[INFO] tweaked toml for git repo https://github.com/runnerSnail/deno_redis written to /workspace/builds/worker-4-tc2/source/Cargo.toml
[INFO] crate git repo https://github.com/runnerSnail/deno_redis already has a lockfile, it will not be regenerated
[INFO] running `Command { std: CARGO_HOME="/workspace/cargo-home" RUSTUP_HOME="/workspace/rustup-home" "/workspace/cargo-home/bin/cargo" "+beta-2023-12-22" "fetch" "--manifest-path" "Cargo.toml", kill_on_drop: false }`
[INFO] [stderr]     Blocking waiting for file lock on package cache
[INFO] [stderr]     Updating crates.io index
[INFO] [stderr]     Blocking waiting for file lock on package cache
[INFO] [stderr]  Downloading crates ...
[INFO] [stderr]   Downloaded cargo_gn v0.0.15
[INFO] [stderr]   Downloaded proc-macro-hack v0.5.12
[INFO] [stderr]   Downloaded deno_core v0.35.0
[INFO] [stderr]   Downloaded rusty_v8 v0.3.4
[INFO] running `Command { std: "docker" "create" "-v" "/var/lib/crater-agent-workspace/builds/worker-4-tc2/target:/opt/rustwide/target:rw,Z" "-v" "/var/lib/crater-agent-workspace/builds/worker-4-tc2/source:/opt/rustwide/workdir:ro,Z" "-v" "/var/lib/crater-agent-workspace/cargo-home:/opt/rustwide/cargo-home:ro,Z" "-v" "/var/lib/crater-agent-workspace/rustup-home:/opt/rustwide/rustup-home:ro,Z" "-e" "SOURCE_DIR=/opt/rustwide/workdir" "-e" "CARGO_TARGET_DIR=/opt/rustwide/target" "-e" "CARGO_HOME=/opt/rustwide/cargo-home" "-e" "RUSTUP_HOME=/opt/rustwide/rustup-home" "-w" "/opt/rustwide/workdir" "-m" "1610612736" "--user" "0:0" "--network" "none" "ghcr.io/rust-lang/crates-build-env/linux@sha256:2788e3201cd34a07e3172128adcd8b3090168a8e3bcc40d7c032b9dda1df7d1c" "/opt/rustwide/cargo-home/bin/cargo" "+beta-2023-12-22" "metadata" "--no-deps" "--format-version=1", kill_on_drop: false }`
[INFO] [stdout] 4369c9348d38a679553dadd0ff030a6a9710623b5f26638c246305cc03896547
[INFO] running `Command { std: "docker" "start" "-a" "4369c9348d38a679553dadd0ff030a6a9710623b5f26638c246305cc03896547", kill_on_drop: false }`
[INFO] running `Command { std: "docker" "inspect" "4369c9348d38a679553dadd0ff030a6a9710623b5f26638c246305cc03896547", kill_on_drop: false }`
[INFO] running `Command { std: "docker" "rm" "-f" "4369c9348d38a679553dadd0ff030a6a9710623b5f26638c246305cc03896547", kill_on_drop: false }`
[INFO] [stdout] 4369c9348d38a679553dadd0ff030a6a9710623b5f26638c246305cc03896547
[INFO] running `Command { std: "docker" "create" "-v" "/var/lib/crater-agent-workspace/builds/worker-4-tc2/target:/opt/rustwide/target:rw,Z" "-v" "/var/lib/crater-agent-workspace/builds/worker-4-tc2/source:/opt/rustwide/workdir:ro,Z" "-v" "/var/lib/crater-agent-workspace/cargo-home:/opt/rustwide/cargo-home:ro,Z" "-v" "/var/lib/crater-agent-workspace/rustup-home:/opt/rustwide/rustup-home:ro,Z" "-e" "SOURCE_DIR=/opt/rustwide/workdir" "-e" "CARGO_TARGET_DIR=/opt/rustwide/target" "-e" "CARGO_INCREMENTAL=0" "-e" "RUST_BACKTRACE=full" "-e" "RUSTFLAGS=--cap-lints=warn" "-e" "RUSTDOCFLAGS=--cap-lints=warn" "-e" "CARGO_HOME=/opt/rustwide/cargo-home" "-e" "RUSTUP_HOME=/opt/rustwide/rustup-home" "-w" "/opt/rustwide/workdir" "-m" "1610612736" "--user" "0:0" "--network" "none" "ghcr.io/rust-lang/crates-build-env/linux@sha256:2788e3201cd34a07e3172128adcd8b3090168a8e3bcc40d7c032b9dda1df7d1c" "/opt/rustwide/cargo-home/bin/cargo" "+beta-2023-12-22" "build" "--frozen" "--message-format=json", kill_on_drop: false }`
[INFO] [stdout] d5b12a0cb540eee331c7fa66b18fbc182a7470b7be8c5118c5b3333cf98cb3fb
[INFO] running `Command { std: "docker" "start" "-a" "d5b12a0cb540eee331c7fa66b18fbc182a7470b7be8c5118c5b3333cf98cb3fb", kill_on_drop: false }`
[INFO] [stderr]    Compiling libc v0.2.68
[INFO] [stderr]    Compiling cfg-if v0.1.10
[INFO] [stderr]    Compiling proc-macro2 v1.0.9
[INFO] [stderr]    Compiling unicode-xid v0.2.0
[INFO] [stderr]    Compiling autocfg v1.0.0
[INFO] [stderr]    Compiling syn v1.0.16
[INFO] [stderr]    Compiling memchr v2.3.3
[INFO] [stderr]    Compiling cc v1.0.50
[INFO] [stderr]    Compiling slab v0.4.2
[INFO] [stderr]    Compiling futures-core v0.3.4
[INFO] [stderr]    Compiling log v0.4.8
[INFO] [stderr]    Compiling rustc-demangle v0.1.16
[INFO] [stderr]    Compiling futures-sink v0.3.4
[INFO] [stderr]    Compiling proc-macro-nested v0.1.4
[INFO] [stderr]    Compiling getrandom v0.1.14
[INFO] [stderr]    Compiling futures-channel v0.3.4
[INFO] [stderr]    Compiling indexmap v1.3.2
[INFO] [stderr]    Compiling num-traits v0.2.11
[INFO] [stderr]    Compiling quote v1.0.3
[INFO] [stderr]    Compiling lazy_static v1.4.0
[INFO] [stderr]    Compiling smallvec v1.2.0
[INFO] [stderr]    Compiling futures-task v0.3.4
[INFO] [stderr]    Compiling backtrace-sys v0.1.34
[INFO] [stderr]    Compiling iovec v0.1.4
[INFO] [stderr]    Compiling net2 v0.2.33
[INFO] [stderr]    Compiling matches v0.1.8
[INFO] [stderr]    Compiling serde v1.0.105
[INFO] [stderr]    Compiling byteorder v1.3.4
[INFO] [stderr]    Compiling pin-utils v0.1.0-alpha.4
[INFO] [stderr]    Compiling futures v0.1.29
[INFO] [stderr]    Compiling futures-io v0.3.4
[INFO] [stderr]    Compiling ryu v1.0.3
[INFO] [stderr]    Compiling mio v0.6.21
[INFO] [stderr]    Compiling unicode-bidi v0.3.4
[INFO] [stderr]    Compiling unicode-normalization v0.1.12
[INFO] [stderr]    Compiling num_cpus v1.12.0
[INFO] [stderr]    Compiling num-integer v0.1.42
[INFO] [stderr]    Compiling cargo_gn v0.0.15
[INFO] [stderr]    Compiling bitflags v1.2.1
[INFO] [stderr]    Compiling itoa v0.4.5
[INFO] [stderr]    Compiling idna v0.2.0
[INFO] [stderr]    Compiling backtrace v0.3.45
[INFO] [stderr]    Compiling mio-uds v0.6.7
[INFO] [stderr]    Compiling rand_core v0.5.1
[INFO] [stderr]    Compiling failure v0.1.7
[INFO] [stderr]    Compiling which v3.1.1
[INFO] [stderr]    Compiling pin-project-lite v0.1.4
[INFO] [stderr]    Compiling ppv-lite86 v0.2.6
[INFO] [stderr]    Compiling fnv v1.0.6
[INFO] [stderr]    Compiling percent-encoding v2.1.0
[INFO] [stderr]    Compiling void v1.0.2
[INFO] [stderr]    Compiling bytes v0.5.4
[INFO] [stderr]    Compiling rusty_v8 v0.3.4
[INFO] [stderr]    Compiling unreachable v1.0.0
[INFO] [stderr]    Compiling url v2.1.1
[INFO] [stderr]    Compiling time v0.1.42
[INFO] [stderr]    Compiling ascii v0.9.3
[INFO] [stderr]    Compiling rand_chacha v0.2.2
[INFO] [stderr]    Compiling tokio v0.2.13
[INFO] [stderr]    Compiling either v1.5.3
[INFO] [stderr]    Compiling combine v3.8.1
[INFO] [stderr]    Compiling rand v0.7.3
[INFO] [stderr]    Compiling chrono v0.4.11
[INFO] [stderr]    Compiling md5 v0.6.1
[INFO] [stderr]    Compiling dtoa v0.4.5
[INFO] [stderr]    Compiling downcast-rs v1.1.1
[INFO] [stderr]    Compiling hex v0.3.2
[INFO] [stderr]    Compiling sha1 v0.6.0
[INFO] [stderr]    Compiling linked-hash-map v0.5.2
[INFO] [stderr]    Compiling tokio-util v0.2.0
[INFO] [stderr]    Compiling proc-macro-hack v0.5.12
[INFO] [stderr]    Compiling serde_derive v1.0.105
[INFO] [stderr]    Compiling futures-macro v0.3.4
[INFO] [stderr]    Compiling futures-util v0.3.4
[INFO] [stderr]    Compiling futures-executor v0.3.4
[INFO] [stderr]    Compiling futures v0.3.4
[INFO] [stderr]    Compiling redis v0.15.1
[INFO] [stderr]    Compiling serde_json v1.0.48
[INFO] [stderr]    Compiling bson v0.14.1
[INFO] [stderr]    Compiling deno_core v0.35.0
[INFO] [stderr]    Compiling deno_redis v0.1.0 (/opt/rustwide/workdir)
[INFO] [stdout] warning: unused import: `futures::future`
[INFO] [stdout]  --> src/command/connect.rs:3:5
[INFO] [stdout]   |
[INFO] [stdout] 3 | use futures::future;
[INFO] [stdout]   |     ^^^^^^^^^^^^^^^
[INFO] [stdout]   |
[INFO] [stdout]   = note: `#[warn(unused_imports)]` on by default
[INFO] [stdout] 
[INFO] [stdout] 
[INFO] [stdout] warning: unused imports: `Connection`, `MultiplexedConnection`
[INFO] [stdout]  --> src/command/connect.rs:4:18
[INFO] [stdout]   |
[INFO] [stdout] 4 | use redis::aio::{Connection, MultiplexedConnection};
[INFO] [stdout]   |                  ^^^^^^^^^^  ^^^^^^^^^^^^^^^^^^^^^
[INFO] [stdout] 
[INFO] [stdout] 
[INFO] [stdout] warning: unused import: `redis::RedisResult`
[INFO] [stdout]  --> src/command/connect.rs:5:5
[INFO] [stdout]   |
[INFO] [stdout] 5 | use redis::RedisResult;
[INFO] [stdout]   |     ^^^^^^^^^^^^^^^^^^
[INFO] [stdout] 
[INFO] [stdout] 
[INFO] [stdout] warning: unused imports: `Duration`, `SystemTime`
[INFO] [stdout]  --> src/command/connect.rs:6:17
[INFO] [stdout]   |
[INFO] [stdout] 6 | use std::time::{Duration, SystemTime};
[INFO] [stdout]   |                 ^^^^^^^^  ^^^^^^^^^^
[INFO] [stdout] 
[INFO] [stdout] 
[INFO] [stdout] warning: unused import: `serde_json::Value`
[INFO] [stdout]  --> src/command/operator.rs:4:5
[INFO] [stdout]   |
[INFO] [stdout] 4 | use serde_json::Value;
[INFO] [stdout]   |     ^^^^^^^^^^^^^^^^^
[INFO] [stdout] 
[INFO] [stdout] 
[INFO] [stdout] warning: unused import: `futures::Future`
[INFO] [stdout]  --> src/util.rs:2:5
[INFO] [stdout]   |
[INFO] [stdout] 2 | use futures::Future;
[INFO] [stdout]   |     ^^^^^^^^^^^^^^^
[INFO] [stdout] 
[INFO] [stdout] 
[INFO] [stdout] warning: unused import: `redis::Connection`
[INFO] [stdout]   --> src/lib.rs:22:5
[INFO] [stdout]    |
[INFO] [stdout] 22 | use redis::Connection;
[INFO] [stdout]    |     ^^^^^^^^^^^^^^^^^
[INFO] [stdout] 
[INFO] [stdout] 
[INFO] [stdout] warning: type `channels` should have an upper camel case name
[INFO] [stdout]   --> src/lib.rs:28:6
[INFO] [stdout]    |
[INFO] [stdout] 28 | type channels = HashSet<String>;
[INFO] [stdout]    |      ^^^^^^^^ help: convert the identifier to upper camel case (notice the capitalization): `Channels`
[INFO] [stdout]    |
[INFO] [stdout]    = note: `#[warn(non_camel_case_types)]` on by default
[INFO] [stdout] 
[INFO] [stdout] 
[INFO] [stdout] warning: unused variable: `key2`
[INFO] [stdout]   --> src/command/operator.rs:31:9
[INFO] [stdout]    |
[INFO] [stdout] 31 |     let key2 = format!("key{}_2", 2);
[INFO] [stdout]    |         ^^^^ help: if this is intentional, prefix it with an underscore: `_key2`
[INFO] [stdout]    |
[INFO] [stdout]    = note: `#[warn(unused_variables)]` on by default
[INFO] [stdout] 
[INFO] [stdout] 
[INFO] [stdout] warning: unused import: `futures::FutureExt`
[INFO] [stdout]   --> src/lib.rs:20:5
[INFO] [stdout]    |
[INFO] [stdout] 20 | use futures::FutureExt;
[INFO] [stdout]    |     ^^^^^^^^^^^^^^^^^^
[INFO] [stdout] 
[INFO] [stdout] 
[INFO] [stdout] warning: variable does not need to be mutable
[INFO] [stdout]   --> src/command/operator.rs:90:13
[INFO] [stdout]    |
[INFO] [stdout] 90 |         let mut client = get_client(command.identity.client_id.unwrap());
[INFO] [stdout]    |             ----^^^^^^
[INFO] [stdout]    |             |
[INFO] [stdout]    |             help: remove this `mut`
[INFO] [stdout]    |
[INFO] [stdout]    = note: `#[warn(unused_mut)]` on by default
[INFO] [stdout] 
[INFO] [stdout] 
[INFO] [stdout] warning: variable does not need to be mutable
[INFO] [stdout]    --> src/command/operator.rs:105:13
[INFO] [stdout]     |
[INFO] [stdout] 105 |         let mut client = get_client(command.identity.client_id.unwrap());
[INFO] [stdout]     |             ----^^^^^^
[INFO] [stdout]     |             |
[INFO] [stdout]     |             help: remove this `mut`
[INFO] [stdout] 
[INFO] [stdout] 
[INFO] [stdout] warning: variable does not need to be mutable
[INFO] [stdout]    --> src/command/operator.rs:116:13
[INFO] [stdout]     |
[INFO] [stdout] 116 |         let mut client = get_client(command.identity.client_id.unwrap());
[INFO] [stdout]     |             ----^^^^^^
[INFO] [stdout]     |             |
[INFO] [stdout]     |             help: remove this `mut`
[INFO] [stdout] 
[INFO] [stdout] 
[INFO] [stdout] warning: unused variable: `redis`
[INFO] [stdout]    --> src/command/operator.rs:139:21
[INFO] [stdout]     |
[INFO] [stdout] 139 |             let mut redis = redis.arg(&args.fileds[cur + 1]);
[INFO] [stdout]     |                     ^^^^^ help: if this is intentional, prefix it with an underscore: `_redis`
[INFO] [stdout] 
[INFO] [stdout] 
[INFO] [stdout] warning: variable does not need to be mutable
[INFO] [stdout]    --> src/command/operator.rs:131:13
[INFO] [stdout]     |
[INFO] [stdout] 131 |         let mut client = get_client(command.identity.client_id.unwrap());
[INFO] [stdout]     |             ----^^^^^^
[INFO] [stdout]     |             |
[INFO] [stdout]     |             help: remove this `mut`
[INFO] [stdout] 
[INFO] [stdout] 
[INFO] [stdout] warning: variable does not need to be mutable
[INFO] [stdout]    --> src/command/operator.rs:136:13
[INFO] [stdout]     |
[INFO] [stdout] 136 |         let mut redis = redis.arg(args.key);
[INFO] [stdout]     |             ----^^^^^
[INFO] [stdout]     |             |
[INFO] [stdout]     |             help: remove this `mut`
[INFO] [stdout] 
[INFO] [stdout] 
[INFO] [stdout] warning: variable does not need to be mutable
[INFO] [stdout]    --> src/command/operator.rs:138:17
[INFO] [stdout]     |
[INFO] [stdout] 138 |             let mut redis = redis.arg(&args.fileds[cur]);
[INFO] [stdout]     |                 ----^^^^^
[INFO] [stdout]     |                 |
[INFO] [stdout]     |                 help: remove this `mut`
[INFO] [stdout] 
[INFO] [stdout] 
[INFO] [stdout] warning: variable does not need to be mutable
[INFO] [stdout]    --> src/command/operator.rs:139:17
[INFO] [stdout]     |
[INFO] [stdout] 139 |             let mut redis = redis.arg(&args.fileds[cur + 1]);
[INFO] [stdout]     |                 ----^^^^^
[INFO] [stdout]     |                 |
[INFO] [stdout]     |                 help: remove this `mut`
[INFO] [stdout] 
[INFO] [stdout] 
[INFO] [stdout] warning: variable does not need to be mutable
[INFO] [stdout]    --> src/command/operator.rs:150:13
[INFO] [stdout]     |
[INFO] [stdout] 150 |         let mut client = get_client(command.identity.client_id.unwrap());
[INFO] [stdout]     |             ----^^^^^^
[INFO] [stdout]     |             |
[INFO] [stdout]     |             help: remove this `mut`
[INFO] [stdout] 
[INFO] [stdout] 
[INFO] [stdout] warning: method `get_client` is never used
[INFO] [stdout]   --> src/lib.rs:80:8
[INFO] [stdout]    |
[INFO] [stdout] 76 | impl Command {
[INFO] [stdout]    | ------------ method in this implementation
[INFO] [stdout] ...
[INFO] [stdout] 80 |     fn get_client(&self) -> Client {
[INFO] [stdout]    |        ^^^^^^^^^^
[INFO] [stdout]    |
[INFO] [stdout]    = note: `#[warn(dead_code)]` on by default
[INFO] [stdout] 
[INFO] [stdout] 
[INFO] [stdout] warning: function `test_cmd` is never used
[INFO] [stdout]   --> src/command/operator.rs:27:10
[INFO] [stdout]    |
[INFO] [stdout] 27 | async fn test_cmd(con: &MultiplexedConnection) -> RedisResult<()> {
[INFO] [stdout]    |          ^^^^^^^^
[INFO] [stdout] 
[INFO] [stdout] 
[INFO] [stdout] warning: 21 warnings emitted
[INFO] [stdout] 
[INFO] [stdout] 
[INFO] [stderr]     Finished dev [unoptimized + debuginfo] target(s) in 37.61s
[INFO] [stderr] warning: the following packages contain code that will be rejected by a future version of Rust: bson v0.14.1, redis v0.15.1
[INFO] [stderr] note: to see what the problems were, use the option `--future-incompat-report`, or run `cargo report future-incompatibilities --id 1`
[INFO] running `Command { std: "docker" "inspect" "d5b12a0cb540eee331c7fa66b18fbc182a7470b7be8c5118c5b3333cf98cb3fb", kill_on_drop: false }`
[INFO] running `Command { std: "docker" "rm" "-f" "d5b12a0cb540eee331c7fa66b18fbc182a7470b7be8c5118c5b3333cf98cb3fb", kill_on_drop: false }`
[INFO] [stdout] d5b12a0cb540eee331c7fa66b18fbc182a7470b7be8c5118c5b3333cf98cb3fb
[INFO] running `Command { std: "docker" "create" "-v" "/var/lib/crater-agent-workspace/builds/worker-4-tc2/target:/opt/rustwide/target:rw,Z" "-v" "/var/lib/crater-agent-workspace/builds/worker-4-tc2/source:/opt/rustwide/workdir:ro,Z" "-v" "/var/lib/crater-agent-workspace/cargo-home:/opt/rustwide/cargo-home:ro,Z" "-v" "/var/lib/crater-agent-workspace/rustup-home:/opt/rustwide/rustup-home:ro,Z" "-e" "SOURCE_DIR=/opt/rustwide/workdir" "-e" "CARGO_TARGET_DIR=/opt/rustwide/target" "-e" "CARGO_INCREMENTAL=0" "-e" "RUST_BACKTRACE=full" "-e" "RUSTFLAGS=--cap-lints=warn" "-e" "RUSTDOCFLAGS=--cap-lints=warn" "-e" "CARGO_HOME=/opt/rustwide/cargo-home" "-e" "RUSTUP_HOME=/opt/rustwide/rustup-home" "-w" "/opt/rustwide/workdir" "-m" "1610612736" "--user" "0:0" "--network" "none" "ghcr.io/rust-lang/crates-build-env/linux@sha256:2788e3201cd34a07e3172128adcd8b3090168a8e3bcc40d7c032b9dda1df7d1c" "/opt/rustwide/cargo-home/bin/cargo" "+beta-2023-12-22" "test" "--frozen" "--no-run" "--message-format=json", kill_on_drop: false }`
[INFO] [stdout] dffd0f23d7a149da6af16444fc4bc228515870ec5e33fd4f7b54ad0d3611eb8e
[INFO] running `Command { std: "docker" "start" "-a" "dffd0f23d7a149da6af16444fc4bc228515870ec5e33fd4f7b54ad0d3611eb8e", kill_on_drop: false }`
[INFO] [stderr]    Compiling deno_redis v0.1.0 (/opt/rustwide/workdir)
[INFO] [stdout] warning: function `connect_with_url_test` is never used
[INFO] [stdout]  --> tests/connect_test.rs:8:8
[INFO] [stdout]   |
[INFO] [stdout] 8 |     fn connect_with_url_test() {
[INFO] [stdout]   |        ^^^^^^^^^^^^^^^^^^^^^
[INFO] [stdout]   |
[INFO] [stdout]   = note: `#[warn(dead_code)]` on by default
[INFO] [stdout] 
[INFO] [stdout] 
[INFO] [stdout] warning: unused import: `futures::future`
[INFO] [stdout]  --> src/command/connect.rs:3:5
[INFO] [stdout]   |
[INFO] [stdout] 3 | use futures::future;
[INFO] [stdout]   |     ^^^^^^^^^^^^^^^
[INFO] [stdout]   |
[INFO] [stdout]   = note: `#[warn(unused_imports)]` on by default
[INFO] [stdout] 
[INFO] [stdout] 
[INFO] [stdout] warning: unused imports: `Connection`, `MultiplexedConnection`
[INFO] [stdout]  --> src/command/connect.rs:4:18
[INFO] [stdout]   |
[INFO] [stdout] 4 | use redis::aio::{Connection, MultiplexedConnection};
[INFO] [stdout]   |                  ^^^^^^^^^^  ^^^^^^^^^^^^^^^^^^^^^
[INFO] [stdout] 
[INFO] [stdout] 
[INFO] [stdout] warning: unused import: `redis::RedisResult`
[INFO] [stdout]  --> src/command/connect.rs:5:5
[INFO] [stdout]   |
[INFO] [stdout] 5 | use redis::RedisResult;
[INFO] [stdout]   |     ^^^^^^^^^^^^^^^^^^
[INFO] [stdout] 
[INFO] [stdout] 
[INFO] [stdout] warning: unused imports: `Duration`, `SystemTime`
[INFO] [stdout]  --> src/command/connect.rs:6:17
[INFO] [stdout]   |
[INFO] [stdout] 6 | use std::time::{Duration, SystemTime};
[INFO] [stdout]   |                 ^^^^^^^^  ^^^^^^^^^^
[INFO] [stdout] 
[INFO] [stdout] 
[INFO] [stdout] warning: unused import: `serde_json::Value`
[INFO] [stdout]  --> src/command/operator.rs:4:5
[INFO] [stdout]   |
[INFO] [stdout] 4 | use serde_json::Value;
[INFO] [stdout]   |     ^^^^^^^^^^^^^^^^^
[INFO] [stdout] 
[INFO] [stdout] 
[INFO] [stdout] warning: unused import: `futures::Future`
[INFO] [stdout]  --> src/util.rs:2:5
[INFO] [stdout]   |
[INFO] [stdout] 2 | use futures::Future;
[INFO] [stdout]   |     ^^^^^^^^^^^^^^^
[INFO] [stdout] 
[INFO] [stdout] 
[INFO] [stdout] warning: unused import: `redis::Connection`
[INFO] [stdout]   --> src/lib.rs:22:5
[INFO] [stdout]    |
[INFO] [stdout] 22 | use redis::Connection;
[INFO] [stdout]    |     ^^^^^^^^^^^^^^^^^
[INFO] [stdout] 
[INFO] [stdout] 
[INFO] [stdout] warning: type `channels` should have an upper camel case name
[INFO] [stdout]   --> src/lib.rs:28:6
[INFO] [stdout]    |
[INFO] [stdout] 28 | type channels = HashSet<String>;
[INFO] [stdout]    |      ^^^^^^^^ help: convert the identifier to upper camel case (notice the capitalization): `Channels`
[INFO] [stdout]    |
[INFO] [stdout]    = note: `#[warn(non_camel_case_types)]` on by default
[INFO] [stdout] 
[INFO] [stdout] 
[INFO] [stdout] warning: unused variable: `key2`
[INFO] [stdout]   --> src/command/operator.rs:31:9
[INFO] [stdout]    |
[INFO] [stdout] 31 |     let key2 = format!("key{}_2", 2);
[INFO] [stdout]    |         ^^^^ help: if this is intentional, prefix it with an underscore: `_key2`
[INFO] [stdout]    |
[INFO] [stdout]    = note: `#[warn(unused_variables)]` on by default
[INFO] [stdout] 
[INFO] [stdout] 
[INFO] [stdout] warning: unused import: `futures::FutureExt`
[INFO] [stdout]   --> src/lib.rs:20:5
[INFO] [stdout]    |
[INFO] [stdout] 20 | use futures::FutureExt;
[INFO] [stdout]    |     ^^^^^^^^^^^^^^^^^^
[INFO] [stdout] 
[INFO] [stdout] 
[INFO] [stdout] warning: variable does not need to be mutable
[INFO] [stdout]   --> src/command/operator.rs:90:13
[INFO] [stdout]    |
[INFO] [stdout] 90 |         let mut client = get_client(command.identity.client_id.unwrap());
[INFO] [stdout]    |             ----^^^^^^
[INFO] [stdout]    |             |
[INFO] [stdout]    |             help: remove this `mut`
[INFO] [stdout]    |
[INFO] [stdout]    = note: `#[warn(unused_mut)]` on by default
[INFO] [stdout] 
[INFO] [stdout] 
[INFO] [stdout] warning: variable does not need to be mutable
[INFO] [stdout]    --> src/command/operator.rs:105:13
[INFO] [stdout]     |
[INFO] [stdout] 105 |         let mut client = get_client(command.identity.client_id.unwrap());
[INFO] [stdout]     |             ----^^^^^^
[INFO] [stdout]     |             |
[INFO] [stdout]     |             help: remove this `mut`
[INFO] [stdout] 
[INFO] [stdout] 
[INFO] [stdout] warning: variable does not need to be mutable
[INFO] [stdout]    --> src/command/operator.rs:116:13
[INFO] [stdout]     |
[INFO] [stdout] 116 |         let mut client = get_client(command.identity.client_id.unwrap());
[INFO] [stdout]     |             ----^^^^^^
[INFO] [stdout]     |             |
[INFO] [stdout]     |             help: remove this `mut`
[INFO] [stdout] 
[INFO] [stdout] 
[INFO] [stdout] warning: unused variable: `redis`
[INFO] [stdout]    --> src/command/operator.rs:139:21
[INFO] [stdout]     |
[INFO] [stdout] 139 |             let mut redis = redis.arg(&args.fileds[cur + 1]);
[INFO] [stdout]     |                     ^^^^^ help: if this is intentional, prefix it with an underscore: `_redis`
[INFO] [stdout] 
[INFO] [stdout] 
[INFO] [stdout] warning: variable does not need to be mutable
[INFO] [stdout]    --> src/command/operator.rs:131:13
[INFO] [stdout]     |
[INFO] [stdout] 131 |         let mut client = get_client(command.identity.client_id.unwrap());
[INFO] [stdout]     |             ----^^^^^^
[INFO] [stdout]     |             |
[INFO] [stdout]     |             help: remove this `mut`
[INFO] [stdout] 
[INFO] [stdout] 
[INFO] [stdout] warning: variable does not need to be mutable
[INFO] [stdout]    --> src/command/operator.rs:136:13
[INFO] [stdout]     |
[INFO] [stdout] 136 |         let mut redis = redis.arg(args.key);
[INFO] [stdout]     |             ----^^^^^
[INFO] [stdout]     |             |
[INFO] [stdout]     |             help: remove this `mut`
[INFO] [stdout] 
[INFO] [stdout] 
[INFO] [stdout] warning: variable does not need to be mutable
[INFO] [stdout]    --> src/command/operator.rs:138:17
[INFO] [stdout]     |
[INFO] [stdout] 138 |             let mut redis = redis.arg(&args.fileds[cur]);
[INFO] [stdout]     |                 ----^^^^^
[INFO] [stdout]     |                 |
[INFO] [stdout]     |                 help: remove this `mut`
[INFO] [stdout] 
[INFO] [stdout] 
[INFO] [stdout] warning: variable does not need to be mutable
[INFO] [stdout]    --> src/command/operator.rs:139:17
[INFO] [stdout]     |
[INFO] [stdout] 139 |             let mut redis = redis.arg(&args.fileds[cur + 1]);
[INFO] [stdout]     |                 ----^^^^^
[INFO] [stdout]     |                 |
[INFO] [stdout]     |                 help: remove this `mut`
[INFO] [stdout] 
[INFO] [stdout] 
[INFO] [stdout] warning: variable does not need to be mutable
[INFO] [stdout]    --> src/command/operator.rs:150:13
[INFO] [stdout]     |
[INFO] [stdout] 150 |         let mut client = get_client(command.identity.client_id.unwrap());
[INFO] [stdout]     |             ----^^^^^^
[INFO] [stdout]     |             |
[INFO] [stdout]     |             help: remove this `mut`
[INFO] [stdout] 
[INFO] [stdout] 
[INFO] [stdout] warning: 1 warning emitted
[INFO] [stdout] 
[INFO] [stdout] 
[INFO] [stdout] warning: method `get_client` is never used
[INFO] [stdout]   --> src/lib.rs:80:8
[INFO] [stdout]    |
[INFO] [stdout] 76 | impl Command {
[INFO] [stdout]    | ------------ method in this implementation
[INFO] [stdout] ...
[INFO] [stdout] 80 |     fn get_client(&self) -> Client {
[INFO] [stdout]    |        ^^^^^^^^^^
[INFO] [stdout]    |
[INFO] [stdout]    = note: `#[warn(dead_code)]` on by default
[INFO] [stdout] 
[INFO] [stdout] 
[INFO] [stdout] warning: function `test_cmd` is never used
[INFO] [stdout]   --> src/command/operator.rs:27:10
[INFO] [stdout]    |
[INFO] [stdout] 27 | async fn test_cmd(con: &MultiplexedConnection) -> RedisResult<()> {
[INFO] [stdout]    |          ^^^^^^^^
[INFO] [stdout] 
[INFO] [stdout] 
[INFO] [stdout] warning: 21 warnings emitted
[INFO] [stdout] 
[INFO] [stdout] 
[INFO] [stderr]     Finished test [unoptimized + debuginfo] target(s) in 2.28s
[INFO] [stderr] warning: the following packages contain code that will be rejected by a future version of Rust: bson v0.14.1, redis v0.15.1
[INFO] [stderr] note: to see what the problems were, use the option `--future-incompat-report`, or run `cargo report future-incompatibilities --id 1`
[INFO] running `Command { std: "docker" "inspect" "dffd0f23d7a149da6af16444fc4bc228515870ec5e33fd4f7b54ad0d3611eb8e", kill_on_drop: false }`
[INFO] running `Command { std: "docker" "rm" "-f" "dffd0f23d7a149da6af16444fc4bc228515870ec5e33fd4f7b54ad0d3611eb8e", kill_on_drop: false }`
[INFO] [stdout] dffd0f23d7a149da6af16444fc4bc228515870ec5e33fd4f7b54ad0d3611eb8e
[INFO] running `Command { std: "docker" "create" "-v" "/var/lib/crater-agent-workspace/builds/worker-4-tc2/target:/opt/rustwide/target:rw,Z" "-v" "/var/lib/crater-agent-workspace/builds/worker-4-tc2/source:/opt/rustwide/workdir:ro,Z" "-v" "/var/lib/crater-agent-workspace/cargo-home:/opt/rustwide/cargo-home:ro,Z" "-v" "/var/lib/crater-agent-workspace/rustup-home:/opt/rustwide/rustup-home:ro,Z" "-e" "SOURCE_DIR=/opt/rustwide/workdir" "-e" "CARGO_TARGET_DIR=/opt/rustwide/target" "-e" "CARGO_INCREMENTAL=0" "-e" "RUST_BACKTRACE=full" "-e" "RUSTFLAGS=--cap-lints=warn" "-e" "RUSTDOCFLAGS=--cap-lints=warn" "-e" "CARGO_HOME=/opt/rustwide/cargo-home" "-e" "RUSTUP_HOME=/opt/rustwide/rustup-home" "-w" "/opt/rustwide/workdir" "-m" "1610612736" "--user" "0:0" "--network" "none" "ghcr.io/rust-lang/crates-build-env/linux@sha256:2788e3201cd34a07e3172128adcd8b3090168a8e3bcc40d7c032b9dda1df7d1c" "/opt/rustwide/cargo-home/bin/cargo" "+beta-2023-12-22" "test" "--frozen", kill_on_drop: false }`
[INFO] [stdout] dee48db2b0562cb1ae174180fbdce343fb78f5f8d6c181f5cebb65c7854d720b
[INFO] running `Command { std: "docker" "start" "-a" "dee48db2b0562cb1ae174180fbdce343fb78f5f8d6c181f5cebb65c7854d720b", kill_on_drop: false }`
[INFO] [stderr] warning: function `connect_with_url_test` is never used
[INFO] [stderr]  --> tests/connect_test.rs:8:8
[INFO] [stderr]   |
[INFO] [stderr] 8 |     fn connect_with_url_test() {
[INFO] [stderr]   |        ^^^^^^^^^^^^^^^^^^^^^
[INFO] [stderr]   |
[INFO] [stderr]   = note: `#[warn(dead_code)]` on by default
[INFO] [stderr] 
[INFO] [stderr] warning: unused import: `futures::future`
[INFO] [stderr]  --> src/command/connect.rs:3:5
[INFO] [stderr]   |
[INFO] [stderr] 3 | use futures::future;
[INFO] [stderr]   |     ^^^^^^^^^^^^^^^
[INFO] [stderr]   |
[INFO] [stderr]   = note: `#[warn(unused_imports)]` on by default
[INFO] [stderr] 
[INFO] [stderr] warning: unused imports: `Connection`, `MultiplexedConnection`
[INFO] [stderr]  --> src/command/connect.rs:4:18
[INFO] [stderr]   |
[INFO] [stderr] 4 | use redis::aio::{Connection, MultiplexedConnection};
[INFO] [stderr]   |                  ^^^^^^^^^^  ^^^^^^^^^^^^^^^^^^^^^
[INFO] [stderr] 
[INFO] [stderr] warning: unused import: `redis::RedisResult`
[INFO] [stderr]  --> src/command/connect.rs:5:5
[INFO] [stderr]   |
[INFO] [stderr] 5 | use redis::RedisResult;
[INFO] [stderr]   |     ^^^^^^^^^^^^^^^^^^
[INFO] [stderr] 
[INFO] [stderr] warning: unused imports: `Duration`, `SystemTime`
[INFO] [stderr]  --> src/command/connect.rs:6:17
[INFO] [stderr]   |
[INFO] [stderr] 6 | use std::time::{Duration, SystemTime};
[INFO] [stderr]   |                 ^^^^^^^^  ^^^^^^^^^^
[INFO] [stderr] 
[INFO] [stderr] warning: unused import: `serde_json::Value`
[INFO] [stderr]  --> src/command/operator.rs:4:5
[INFO] [stderr]   |
[INFO] [stderr] 4 | use serde_json::Value;
[INFO] [stderr]   |     ^^^^^^^^^^^^^^^^^
[INFO] [stderr] 
[INFO] [stderr] warning: unused import: `futures::Future`
[INFO] [stderr]  --> src/util.rs:2:5
[INFO] [stderr]   |
[INFO] [stderr] 2 | use futures::Future;
[INFO] [stderr]   |     ^^^^^^^^^^^^^^^
[INFO] [stderr] 
[INFO] [stderr] warning: unused import: `redis::Connection`
[INFO] [stderr]   --> src/lib.rs:22:5
[INFO] [stderr]    |
[INFO] [stderr] 22 | use redis::Connection;
[INFO] [stderr]    |     ^^^^^^^^^^^^^^^^^
[INFO] [stderr] 
[INFO] [stderr] warning: type `channels` should have an upper camel case name
[INFO] [stderr]   --> src/lib.rs:28:6
[INFO] [stderr]    |
[INFO] [stderr] 28 | type channels = HashSet<String>;
[INFO] [stderr]    |      ^^^^^^^^ help: convert the identifier to upper camel case (notice the capitalization): `Channels`
[INFO] [stderr]    |
[INFO] [stderr]    = note: `#[warn(non_camel_case_types)]` on by default
[INFO] [stderr] 
[INFO] [stderr] warning: unused variable: `key2`
[INFO] [stderr]   --> src/command/operator.rs:31:9
[INFO] [stderr]    |
[INFO] [stderr] 31 |     let key2 = format!("key{}_2", 2);
[INFO] [stderr]    |         ^^^^ help: if this is intentional, prefix it with an underscore: `_key2`
[INFO] [stderr]    |
[INFO] [stderr]    = note: `#[warn(unused_variables)]` on by default
[INFO] [stderr] 
[INFO] [stderr] warning: unused import: `futures::FutureExt`
[INFO] [stderr]   --> src/lib.rs:20:5
[INFO] [stderr]    |
[INFO] [stderr] 20 | use futures::FutureExt;
[INFO] [stderr]    |     ^^^^^^^^^^^^^^^^^^
[INFO] [stderr] 
[INFO] [stderr] warning: variable does not need to be mutable
[INFO] [stderr]   --> src/command/operator.rs:90:13
[INFO] [stderr]    |
[INFO] [stderr] 90 |         let mut client = get_client(command.identity.client_id.unwrap());
[INFO] [stderr]    |             ----^^^^^^
[INFO] [stderr]    |             |
[INFO] [stderr]    |             help: remove this `mut`
[INFO] [stderr]    |
[INFO] [stderr]    = note: `#[warn(unused_mut)]` on by default
[INFO] [stderr] 
[INFO] [stderr] warning: variable does not need to be mutable
[INFO] [stderr]    --> src/command/operator.rs:105:13
[INFO] [stderr]     |
[INFO] [stderr] 105 |         let mut client = get_client(command.identity.client_id.unwrap());
[INFO] [stderr]     |             ----^^^^^^
[INFO] [stderr]     |             |
[INFO] [stderr]     |             help: remove this `mut`
[INFO] [stderr] 
[INFO] [stderr] warning: variable does not need to be mutable
[INFO] [stderr]    --> src/command/operator.rs:116:13
[INFO] [stderr]     |
[INFO] [stderr] 116 |         let mut client = get_client(command.identity.client_id.unwrap());
[INFO] [stderr]     |             ----^^^^^^
[INFO] [stderr]     |             |
[INFO] [stderr]     |             help: remove this `mut`
[INFO] [stderr] 
[INFO] [stderr] warning: unused variable: `redis`
[INFO] [stderr]    --> src/command/operator.rs:139:21
[INFO] [stderr]     |
[INFO] [stderr] 139 |             let mut redis = redis.arg(&args.fileds[cur + 1]);
[INFO] [stderr]     |                     ^^^^^ help: if this is intentional, prefix it with an underscore: `_redis`
[INFO] [stderr] 
[INFO] [stderr] warning: variable does not need to be mutable
[INFO] [stderr]    --> src/command/operator.rs:131:13
[INFO] [stderr]     |
[INFO] [stderr] 131 |         let mut client = get_client(command.identity.client_id.unwrap());
[INFO] [stderr]     |             ----^^^^^^
[INFO] [stderr]     |             |
[INFO] [stderr]     |             help: remove this `mut`
[INFO] [stderr] 
[INFO] [stderr] warning: variable does not need to be mutable
[INFO] [stderr]    --> src/command/operator.rs:136:13
[INFO] [stderr]     |
[INFO] [stderr] 136 |         let mut redis = redis.arg(args.key);
[INFO] [stderr]     |             ----^^^^^
[INFO] [stderr]     |             |
[INFO] [stderr]     |             help: remove this `mut`
[INFO] [stderr] 
[INFO] [stderr] warning: variable does not need to be mutable
[INFO] [stderr]    --> src/command/operator.rs:138:17
[INFO] [stderr]     |
[INFO] [stderr] 138 |             let mut redis = redis.arg(&args.fileds[cur]);
[INFO] [stderr]     |                 ----^^^^^
[INFO] [stderr]     |                 |
[INFO] [stderr]     |                 help: remove this `mut`
[INFO] [stderr] 
[INFO] [stderr] warning: variable does not need to be mutable
[INFO] [stderr]    --> src/command/operator.rs:139:17
[INFO] [stderr]     |
[INFO] [stderr] 139 |             let mut redis = redis.arg(&args.fileds[cur + 1]);
[INFO] [stderr]     |                 ----^^^^^
[INFO] [stderr]     |                 |
[INFO] [stderr]     |                 help: remove this `mut`
[INFO] [stderr] 
[INFO] [stderr] warning: variable does not need to be mutable
[INFO] [stderr]    --> src/command/operator.rs:150:13
[INFO] [stderr]     |
[INFO] [stderr] 150 |         let mut client = get_client(command.identity.client_id.unwrap());
[INFO] [stderr]     |             ----^^^^^^
[INFO] [stderr]     |             |
[INFO] [stderr]     |             help: remove this `mut`
[INFO] [stderr] 
[INFO] [stderr] warning: method `get_client` is never used
[INFO] [stderr]   --> src/lib.rs:80:8
[INFO] [stderr]    |
[INFO] [stderr] 76 | impl Command {
[INFO] [stderr]    | ------------ method in this implementation
[INFO] [stderr] ...
[INFO] [stderr] 80 |     fn get_client(&self) -> Client {
[INFO] [stderr]    |        ^^^^^^^^^^
[INFO] [stderr]    |
[INFO] [stderr]    = note: `#[warn(dead_code)]` on by default
[INFO] [stderr] 
[INFO] [stderr] warning: function `test_cmd` is never used
[INFO] [stderr]   --> src/command/operator.rs:27:10
[INFO] [stderr]    |
[INFO] [stderr] 27 | async fn test_cmd(con: &MultiplexedConnection) -> RedisResult<()> {
[INFO] [stderr]    |          ^^^^^^^^
[INFO] [stderr] 
[INFO] [stderr] warning: `deno_redis` (test "connect_test") generated 1 warning
[INFO] [stderr] warning: `deno_redis` (lib test) generated 21 warnings (run `cargo fix --lib -p deno_redis --tests` to apply 17 suggestions)
[INFO] [stderr]     Finished test [unoptimized + debuginfo] target(s) in 0.11s
[INFO] [stderr] warning: the following packages contain code that will be rejected by a future version of Rust: bson v0.14.1, redis v0.15.1
[INFO] [stderr] note: to see what the problems were, use the option `--future-incompat-report`, or run `cargo report future-incompatibilities --id 1`
[INFO] [stderr]      Running unittests src/lib.rs (/opt/rustwide/target/debug/deps/deno_redis-b8628d22c8e03ed8)
[INFO] [stdout] 
[INFO] [stdout] running 2 tests
[INFO] [stdout] test test_future ... ok
[INFO] [stdout] test command::operator::test_future ... FAILED
[INFO] [stdout] 
[INFO] [stdout] failures:
[INFO] [stdout] 
[INFO] [stdout] ---- command::operator::test_future stdout ----
[INFO] [stdout] thread 'command::operator::test_future' panicked at src/command/operator.rs:206:47:
[INFO] [stdout] called `Result::unwrap()` on an `Err` value: Connection refused (os error 111)
[INFO] [stdout] stack backtrace:
[INFO] [stdout]    0:     0x5567220181f6 - std::backtrace_rs::backtrace::libunwind::trace::h261606ad26a499c1
[INFO] [stdout]                                at /rustc/0e09125c6c3c2fd70d7de961bcf0e51575235fad/library/std/src/../../backtrace/src/backtrace/libunwind.rs:104:5
[INFO] [stdout]    1:     0x5567220181f6 - std::backtrace_rs::backtrace::trace_unsynchronized::hd183f0625477fb28
[INFO] [stdout]                                at /rustc/0e09125c6c3c2fd70d7de961bcf0e51575235fad/library/std/src/../../backtrace/src/backtrace/mod.rs:66:5
[INFO] [stdout]    2:     0x5567220181f6 - std::sys_common::backtrace::_print_fmt::hd7f8fef21b4eda67
[INFO] [stdout]                                at /rustc/0e09125c6c3c2fd70d7de961bcf0e51575235fad/library/std/src/sys_common/backtrace.rs:68:5
[INFO] [stdout]    3:     0x5567220181f6 - <std::sys_common::backtrace::_print::DisplayBacktrace as core::fmt::Display>::fmt::h623d9b51f2f453f1
[INFO] [stdout]                                at /rustc/0e09125c6c3c2fd70d7de961bcf0e51575235fad/library/std/src/sys_common/backtrace.rs:44:22
[INFO] [stdout]    4:     0x556722042b30 - core::fmt::rt::Argument::fmt::h9f417ac76a86f368
[INFO] [stdout]                                at /rustc/0e09125c6c3c2fd70d7de961bcf0e51575235fad/library/core/src/fmt/rt.rs:142:9
[INFO] [stdout]    5:     0x556722042b30 - core::fmt::write::hc9b6faf4ac2aeff7
[INFO] [stdout]                                at /rustc/0e09125c6c3c2fd70d7de961bcf0e51575235fad/library/core/src/fmt/mod.rs:1120:17
[INFO] [stdout]    6:     0x556722014f8f - std::io::Write::write_fmt::he04625a3a989fec3
[INFO] [stdout]                                at /rustc/0e09125c6c3c2fd70d7de961bcf0e51575235fad/library/std/src/io/mod.rs:1810:15
[INFO] [stdout]    7:     0x556722017fd4 - std::sys_common::backtrace::_print::hd5d66399c7df88a2
[INFO] [stdout]                                at /rustc/0e09125c6c3c2fd70d7de961bcf0e51575235fad/library/std/src/sys_common/backtrace.rs:47:5
[INFO] [stdout]    8:     0x556722017fd4 - std::sys_common::backtrace::print::he81ed2da642d37e5
[INFO] [stdout]                                at /rustc/0e09125c6c3c2fd70d7de961bcf0e51575235fad/library/std/src/sys_common/backtrace.rs:34:9
[INFO] [stdout]    9:     0x556722019d47 - std::panicking::default_hook::{{closure}}::h85773f4fa117163d
[INFO] [stdout]   10:     0x556722019a2d - std::panicking::default_hook::h6a1694a91d09b278
[INFO] [stdout]                                at /rustc/0e09125c6c3c2fd70d7de961bcf0e51575235fad/library/std/src/panicking.rs:289:9
[INFO] [stdout]   11:     0x556721f2d4a7 - <alloc::boxed::Box<F,A> as core::ops::function::Fn<Args>>::call::h616ac37fa3cd6c8f
[INFO] [stdout]                                at /rustc/0e09125c6c3c2fd70d7de961bcf0e51575235fad/library/alloc/src/boxed.rs:2029:9
[INFO] [stdout]   12:     0x556721f2d4a7 - test::test_main::{{closure}}::h00d84697cefdcbb6
[INFO] [stdout]                                at /rustc/0e09125c6c3c2fd70d7de961bcf0e51575235fad/library/test/src/lib.rs:138:21
[INFO] [stdout]   13:     0x55672201a366 - <alloc::boxed::Box<F,A> as core::ops::function::Fn<Args>>::call::hcb3fe3b9bb537ba8
[INFO] [stdout]                                at /rustc/0e09125c6c3c2fd70d7de961bcf0e51575235fad/library/alloc/src/boxed.rs:2029:9
[INFO] [stdout]   14:     0x55672201a366 - std::panicking::rust_panic_with_hook::h0a7ad96e90f7145b
[INFO] [stdout]                                at /rustc/0e09125c6c3c2fd70d7de961bcf0e51575235fad/library/std/src/panicking.rs:783:13
[INFO] [stdout]   15:     0x55672201a0b2 - std::panicking::begin_panic_handler::{{closure}}::h7919090525c6485e
[INFO] [stdout]                                at /rustc/0e09125c6c3c2fd70d7de961bcf0e51575235fad/library/std/src/panicking.rs:657:13
[INFO] [stdout]   16:     0x5567220186f6 - std::sys_common::backtrace::__rust_end_short_backtrace::hf3289479464f7dfe
[INFO] [stdout]                                at /rustc/0e09125c6c3c2fd70d7de961bcf0e51575235fad/library/std/src/sys_common/backtrace.rs:171:18
[INFO] [stdout]   17:     0x556722019e10 - rust_begin_unwind
[INFO] [stdout]                                at /rustc/0e09125c6c3c2fd70d7de961bcf0e51575235fad/library/std/src/panicking.rs:645:5
[INFO] [stdout]   18:     0x556721ef73b5 - core::panicking::panic_fmt::hcc9f77c5c132af55
[INFO] [stdout]                                at /rustc/0e09125c6c3c2fd70d7de961bcf0e51575235fad/library/core/src/panicking.rs:72:14
[INFO] [stdout]   19:     0x556721ef7953 - core::result::unwrap_failed::hbe14f498be1452f9
[INFO] [stdout]                                at /rustc/0e09125c6c3c2fd70d7de961bcf0e51575235fad/library/core/src/result.rs:1649:5
[INFO] [stdout]   20:     0x556721ef8248 - core::result::Result<T,E>::unwrap::hbbccf24ebded3d16
[INFO] [stdout]                                at /rustc/0e09125c6c3c2fd70d7de961bcf0e51575235fad/library/core/src/result.rs:1073:23
[INFO] [stdout]   21:     0x556721ef8996 - deno_redis::command::operator::test_future::h294b5252736426b1
[INFO] [stdout]                                at /opt/rustwide/workdir/src/command/operator.rs:206:23
[INFO] [stdout]   22:     0x556721ef88e7 - deno_redis::command::operator::test_future::{{closure}}::h666c0810835f2413
[INFO] [stdout]                                at /opt/rustwide/workdir/src/command/operator.rs:204:17
[INFO] [stdout]   23:     0x556721ef7f36 - core::ops::function::FnOnce::call_once::h6b51a2d95c9f7563
[INFO] [stdout]                                at /rustc/0e09125c6c3c2fd70d7de961bcf0e51575235fad/library/core/src/ops/function.rs:250:5
[INFO] [stdout]   24:     0x556721f32d7f - core::ops::function::FnOnce::call_once::hd64d26f405258157
[INFO] [stdout]                                at /rustc/0e09125c6c3c2fd70d7de961bcf0e51575235fad/library/core/src/ops/function.rs:250:5
[INFO] [stdout]   25:     0x556721f32d7f - test::__rust_begin_short_backtrace::he21b0b7a6d731bf9
[INFO] [stdout]                                at /rustc/0e09125c6c3c2fd70d7de961bcf0e51575235fad/library/test/src/lib.rs:627:18
[INFO] [stdout]   26:     0x556721f31b01 - test::run_test_in_process::{{closure}}::hf5c73986d7bdfde2
[INFO] [stdout]                                at /rustc/0e09125c6c3c2fd70d7de961bcf0e51575235fad/library/test/src/lib.rs:650:60
[INFO] [stdout]   27:     0x556721f31b01 - <core::panic::unwind_safe::AssertUnwindSafe<F> as core::ops::function::FnOnce<()>>::call_once::h330011ad032aadc0
[INFO] [stdout]                                at /rustc/0e09125c6c3c2fd70d7de961bcf0e51575235fad/library/core/src/panic/unwind_safe.rs:272:9
[INFO] [stdout]   28:     0x556721f31b01 - std::panicking::try::do_call::he61b0a958b795a41
[INFO] [stdout]                                at /rustc/0e09125c6c3c2fd70d7de961bcf0e51575235fad/library/std/src/panicking.rs:552:40
[INFO] [stdout]   29:     0x556721f31b01 - std::panicking::try::h7309da130f906eb7
[INFO] [stdout]                                at /rustc/0e09125c6c3c2fd70d7de961bcf0e51575235fad/library/std/src/panicking.rs:516:19
[INFO] [stdout]   30:     0x556721f31b01 - std::panic::catch_unwind::hc5c3a06fdaf0a92a
[INFO] [stdout]                                at /rustc/0e09125c6c3c2fd70d7de961bcf0e51575235fad/library/std/src/panic.rs:142:14
[INFO] [stdout]   31:     0x556721f31b01 - test::run_test_in_process::h7e7b7c71c3324e0f
[INFO] [stdout]                                at /rustc/0e09125c6c3c2fd70d7de961bcf0e51575235fad/library/test/src/lib.rs:650:27
[INFO] [stdout]   32:     0x556721f31b01 - test::run_test::{{closure}}::h1f509f28f5cf20b1
[INFO] [stdout]                                at /rustc/0e09125c6c3c2fd70d7de961bcf0e51575235fad/library/test/src/lib.rs:573:43
[INFO] [stdout]   33:     0x556721ef8e36 - test::run_test::{{closure}}::h1754218abf443f6d
[INFO] [stdout]                                at /rustc/0e09125c6c3c2fd70d7de961bcf0e51575235fad/library/test/src/lib.rs:601:41
[INFO] [stdout]   34:     0x556721ef8e36 - std::sys_common::backtrace::__rust_begin_short_backtrace::h2ee174b9d5954948
[INFO] [stdout]                                at /rustc/0e09125c6c3c2fd70d7de961bcf0e51575235fad/library/std/src/sys_common/backtrace.rs:155:18
[INFO] [stdout]   35:     0x556721efde97 - std::thread::Builder::spawn_unchecked_::{{closure}}::{{closure}}::hf60bee9c1a17ef09
[INFO] [stdout]                                at /rustc/0e09125c6c3c2fd70d7de961bcf0e51575235fad/library/std/src/thread/mod.rs:529:17
[INFO] [stdout]   36:     0x556721efde97 - <core::panic::unwind_safe::AssertUnwindSafe<F> as core::ops::function::FnOnce<()>>::call_once::h33d0dddec5216160
[INFO] [stdout]                                at /rustc/0e09125c6c3c2fd70d7de961bcf0e51575235fad/library/core/src/panic/unwind_safe.rs:272:9
[INFO] [stdout]   37:     0x556721efde97 - std::panicking::try::do_call::h144b3048b546f835
[INFO] [stdout]                                at /rustc/0e09125c6c3c2fd70d7de961bcf0e51575235fad/library/std/src/panicking.rs:552:40
[INFO] [stdout]   38:     0x556721efde97 - std::panicking::try::h978244d04646189f
[INFO] [stdout]                                at /rustc/0e09125c6c3c2fd70d7de961bcf0e51575235fad/library/std/src/panicking.rs:516:19
[INFO] [stdout]   39:     0x556721efde97 - std::panic::catch_unwind::hdf436369d188fe86
[INFO] [stdout]                                at /rustc/0e09125c6c3c2fd70d7de961bcf0e51575235fad/library/std/src/panic.rs:142:14
[INFO] [stdout]   40:     0x556721efde97 - std::thread::Builder::spawn_unchecked_::{{closure}}::h87329cbdd33c79ec
[INFO] [stdout]                                at /rustc/0e09125c6c3c2fd70d7de961bcf0e51575235fad/library/std/src/thread/mod.rs:528:30
[INFO] [stdout]   41:     0x556721efde97 - core::ops::function::FnOnce::call_once{{vtable.shim}}::h401abbe67897d450
[INFO] [stdout]                                at /rustc/0e09125c6c3c2fd70d7de961bcf0e51575235fad/library/core/src/ops/function.rs:250:5
[INFO] [stdout]   42:     0x55672201eea5 - <alloc::boxed::Box<F,A> as core::ops::function::FnOnce<Args>>::call_once::h5d7c8f150ab9c84c
[INFO] [stdout]                                at /rustc/0e09125c6c3c2fd70d7de961bcf0e51575235fad/library/alloc/src/boxed.rs:2015:9
[INFO] [stdout]   43:     0x55672201eea5 - <alloc::boxed::Box<F,A> as core::ops::function::FnOnce<Args>>::call_once::h570d5b005c242c15
[INFO] [stdout]                                at /rustc/0e09125c6c3c2fd70d7de961bcf0e51575235fad/library/alloc/src/boxed.rs:2015:9
[INFO] [stdout]   44:     0x55672201eea5 - std::sys::unix::thread::Thread::new::thread_start::h36b0a20c0b2361ad
[INFO] [stdout]                                at /rustc/0e09125c6c3c2fd70d7de961bcf0e51575235fad/library/std/src/sys/unix/thread.rs:108:17
[INFO] [stdout]   45:     0x7fec3c5dbac3 - <unknown>
[INFO] [stdout]   46:     0x7fec3c66cbf4 - __clone
[INFO] [stdout]   47:                0x0 - <unknown>
[INFO] [stdout] 
[INFO] [stdout] 
[INFO] [stdout] failures:
[INFO] [stdout]     command::operator::test_future
[INFO] [stdout] 
[INFO] [stdout] test result: FAILED. 1 passed; 1 failed; 0 ignored; 0 measured; 0 filtered out; finished in 0.07s
[INFO] [stdout] 
[INFO] [stderr] error: test failed, to rerun pass `--lib`
[INFO] running `Command { std: "docker" "inspect" "dee48db2b0562cb1ae174180fbdce343fb78f5f8d6c181f5cebb65c7854d720b", kill_on_drop: false }`
[INFO] running `Command { std: "docker" "rm" "-f" "dee48db2b0562cb1ae174180fbdce343fb78f5f8d6c181f5cebb65c7854d720b", kill_on_drop: false }`
[INFO] [stdout] dee48db2b0562cb1ae174180fbdce343fb78f5f8d6c181f5cebb65c7854d720b
