[INFO] cloning repository https://github.com/rollrat/youtube-dl-rs
[INFO] running `Command { std: "git" "-c" "credential.helper=" "-c" "credential.helper=/workspace/cargo-home/bin/git-credential-null" "clone" "--bare" "https://github.com/rollrat/youtube-dl-rs" "/workspace/cache/git-repos/https%3A%2F%2Fgithub.com%2Frollrat%2Fyoutube-dl-rs", kill_on_drop: false }`
[INFO] [stderr] Cloning into bare repository '/workspace/cache/git-repos/https%3A%2F%2Fgithub.com%2Frollrat%2Fyoutube-dl-rs'...
[INFO] running `Command { std: "git" "rev-parse" "HEAD", kill_on_drop: false }`
[INFO] [stdout] ae2b3179d07d89ede150f1e4ef3a343b8694a92d
[INFO] testing rollrat/youtube-dl-rs against 1.75.0 for beta-1.76-1
[INFO] running `Command { std: "git" "clone" "/workspace/cache/git-repos/https%3A%2F%2Fgithub.com%2Frollrat%2Fyoutube-dl-rs" "/workspace/builds/worker-4-tc1/source", kill_on_drop: false }`
[INFO] [stderr] Cloning into '/workspace/builds/worker-4-tc1/source'...
[INFO] [stderr] done.
[INFO] validating manifest of git repo https://github.com/rollrat/youtube-dl-rs on toolchain 1.75.0
[INFO] running `Command { std: CARGO_HOME="/workspace/cargo-home" RUSTUP_HOME="/workspace/rustup-home" "/workspace/cargo-home/bin/cargo" "+1.75.0" "metadata" "--manifest-path" "Cargo.toml" "--no-deps", kill_on_drop: false }`
[INFO] removed /workspace/builds/worker-4-tc1/source/.cargo/config.toml
[INFO] removed /workspace/builds/worker-4-tc1/source/rust-toolchain.toml
[INFO] started tweaking git repo https://github.com/rollrat/youtube-dl-rs
[INFO] finished tweaking git repo https://github.com/rollrat/youtube-dl-rs
[INFO] tweaked toml for git repo https://github.com/rollrat/youtube-dl-rs written to /workspace/builds/worker-4-tc1/source/Cargo.toml
[INFO] crate git repo https://github.com/rollrat/youtube-dl-rs already has a lockfile, it will not be regenerated
[INFO] running `Command { std: CARGO_HOME="/workspace/cargo-home" RUSTUP_HOME="/workspace/rustup-home" "/workspace/cargo-home/bin/cargo" "+1.75.0" "fetch" "--manifest-path" "Cargo.toml", kill_on_drop: false }`
[INFO] [stderr]     Blocking waiting for file lock on package cache
[ERROR] error running command: no output for 300 seconds
[ERROR] this task or one of its parent failed!
[ERROR] no output for 300 seconds
[ERROR] note: run with `RUST_BACKTRACE=1` to display a backtrace.
[INFO] testing rollrat/youtube-dl-rs against beta-2023-12-22 for beta-1.76-1
[INFO] running `Command { std: "git" "clone" "/workspace/cache/git-repos/https%3A%2F%2Fgithub.com%2Frollrat%2Fyoutube-dl-rs" "/workspace/builds/worker-4-tc2/source", kill_on_drop: false }`
[INFO] [stderr] Cloning into '/workspace/builds/worker-4-tc2/source'...
[INFO] [stderr] done.
[INFO] validating manifest of git repo https://github.com/rollrat/youtube-dl-rs on toolchain beta-2023-12-22
[INFO] running `Command { std: CARGO_HOME="/workspace/cargo-home" RUSTUP_HOME="/workspace/rustup-home" "/workspace/cargo-home/bin/cargo" "+beta-2023-12-22" "metadata" "--manifest-path" "Cargo.toml" "--no-deps", kill_on_drop: false }`
[INFO] removed /workspace/builds/worker-4-tc2/source/.cargo/config.toml
[INFO] removed /workspace/builds/worker-4-tc2/source/rust-toolchain.toml
[INFO] started tweaking git repo https://github.com/rollrat/youtube-dl-rs
[INFO] finished tweaking git repo https://github.com/rollrat/youtube-dl-rs
[INFO] tweaked toml for git repo https://github.com/rollrat/youtube-dl-rs written to /workspace/builds/worker-4-tc2/source/Cargo.toml
[INFO] crate git repo https://github.com/rollrat/youtube-dl-rs already has a lockfile, it will not be regenerated
[INFO] running `Command { std: CARGO_HOME="/workspace/cargo-home" RUSTUP_HOME="/workspace/rustup-home" "/workspace/cargo-home/bin/cargo" "+beta-2023-12-22" "fetch" "--manifest-path" "Cargo.toml", kill_on_drop: false }`
[INFO] [stderr]     Blocking waiting for file lock on package cache
[INFO] [stderr]     Updating git repository `https://github.com/youknowone/unicode_names2.git`
[INFO] [stderr]     Updating crates.io index
[INFO] [stderr]     Updating git repository `https://github.com/RustPython/__doc__`
[INFO] [stderr]     Blocking waiting for file lock on package cache
[INFO] [stderr]  Downloading crates ...
[INFO] [stderr]   Downloaded unicode-casing v0.1.0
[INFO] [stderr]   Downloaded puruspe v0.1.5
[INFO] [stderr]   Downloaded unic-ucd-hangul v0.9.0
[INFO] [stderr]   Downloaded result-like v0.4.5
[INFO] [stderr]   Downloaded libffi v3.1.0
[INFO] [stderr]   Downloaded cranelift-jit v0.88.2
[INFO] [stderr]   Downloaded volatile v0.3.0
[INFO] [stderr]   Downloaded is-macro v0.2.1
[INFO] [stderr]   Downloaded cranelift-module v0.88.2
[INFO] [stderr]   Downloaded cranelift v0.88.2
[INFO] [stderr]   Downloaded unic-emoji-char v0.9.0
[INFO] [stderr]   Downloaded lalrpop-util v0.19.9
[INFO] [stderr]   Downloaded unic-ucd-age v0.9.0
[INFO] [stderr]   Downloaded unic-ucd-category v0.9.0
[INFO] [stderr]   Downloaded unic-ucd-normal v0.9.0
[INFO] [stderr]   Downloaded cpython v0.7.1
[INFO] [stderr]   Downloaded libffi-sys v2.1.0
[INFO] [stderr]   Downloaded lalrpop v0.19.9
[INFO] [stderr]   Downloaded unic-normal v0.9.0
[INFO] [stderr]   Downloaded flame v0.2.2
[INFO] [stderr]   Downloaded ucd v0.1.1
[INFO] [stderr]   Downloaded python3-sys v0.7.1
[INFO] [stderr]   Downloaded dns-lookup v1.0.8
[INFO] [stderr]   Downloaded sre-engine v0.4.1
[INFO] [stderr]   Downloaded timsort v0.1.2
[INFO] [stderr]   Downloaded syn-ext v0.4.0
[INFO] [stderr]   Downloaded flamer v0.4.0
[INFO] [stderr]   Downloaded result-like-derive v0.4.5
[INFO] [stderr]   Downloaded flamescope v0.1.2
[INFO] running `Command { std: "docker" "create" "-v" "/var/lib/crater-agent-workspace/builds/worker-4-tc2/target:/opt/rustwide/target:rw,Z" "-v" "/var/lib/crater-agent-workspace/builds/worker-4-tc2/source:/opt/rustwide/workdir:ro,Z" "-v" "/var/lib/crater-agent-workspace/cargo-home:/opt/rustwide/cargo-home:ro,Z" "-v" "/var/lib/crater-agent-workspace/rustup-home:/opt/rustwide/rustup-home:ro,Z" "-e" "SOURCE_DIR=/opt/rustwide/workdir" "-e" "CARGO_TARGET_DIR=/opt/rustwide/target" "-e" "CARGO_HOME=/opt/rustwide/cargo-home" "-e" "RUSTUP_HOME=/opt/rustwide/rustup-home" "-w" "/opt/rustwide/workdir" "-m" "1610612736" "--user" "0:0" "--network" "none" "ghcr.io/rust-lang/crates-build-env/linux@sha256:2788e3201cd34a07e3172128adcd8b3090168a8e3bcc40d7c032b9dda1df7d1c" "/opt/rustwide/cargo-home/bin/cargo" "+beta-2023-12-22" "metadata" "--no-deps" "--format-version=1", kill_on_drop: false }`
[INFO] [stdout] 2f01dca50695cce9458fe0063cc734e756645a0b55f1898021082836c88c5ad8
[INFO] running `Command { std: "docker" "start" "-a" "2f01dca50695cce9458fe0063cc734e756645a0b55f1898021082836c88c5ad8", kill_on_drop: false }`
[INFO] running `Command { std: "docker" "inspect" "2f01dca50695cce9458fe0063cc734e756645a0b55f1898021082836c88c5ad8", kill_on_drop: false }`
[INFO] running `Command { std: "docker" "rm" "-f" "2f01dca50695cce9458fe0063cc734e756645a0b55f1898021082836c88c5ad8", kill_on_drop: false }`
[INFO] [stdout] 2f01dca50695cce9458fe0063cc734e756645a0b55f1898021082836c88c5ad8
[INFO] running `Command { std: "docker" "create" "-v" "/var/lib/crater-agent-workspace/builds/worker-4-tc2/target:/opt/rustwide/target:rw,Z" "-v" "/var/lib/crater-agent-workspace/builds/worker-4-tc2/source:/opt/rustwide/workdir:ro,Z" "-v" "/var/lib/crater-agent-workspace/cargo-home:/opt/rustwide/cargo-home:ro,Z" "-v" "/var/lib/crater-agent-workspace/rustup-home:/opt/rustwide/rustup-home:ro,Z" "-e" "SOURCE_DIR=/opt/rustwide/workdir" "-e" "CARGO_TARGET_DIR=/opt/rustwide/target" "-e" "CARGO_INCREMENTAL=0" "-e" "RUST_BACKTRACE=full" "-e" "RUSTFLAGS=--cap-lints=warn" "-e" "RUSTDOCFLAGS=--cap-lints=warn" "-e" "CARGO_HOME=/opt/rustwide/cargo-home" "-e" "RUSTUP_HOME=/opt/rustwide/rustup-home" "-w" "/opt/rustwide/workdir" "-m" "1610612736" "--user" "0:0" "--network" "none" "ghcr.io/rust-lang/crates-build-env/linux@sha256:2788e3201cd34a07e3172128adcd8b3090168a8e3bcc40d7c032b9dda1df7d1c" "/opt/rustwide/cargo-home/bin/cargo" "+beta-2023-12-22" "build" "--frozen" "--message-format=json", kill_on_drop: false }`
[INFO] [stdout] 0ab4b8790206d51070aab362f5629c65ca90ff3025d103882e5680bff177e3ce
[INFO] running `Command { std: "docker" "start" "-a" "0ab4b8790206d51070aab362f5629c65ca90ff3025d103882e5680bff177e3ce", kill_on_drop: false }`
[INFO] [stderr]    Compiling autocfg v1.1.0
[INFO] [stderr]    Compiling libc v0.2.141
[INFO] [stderr]    Compiling cfg-if v1.0.0
[INFO] [stderr]    Compiling memchr v2.5.0
[INFO] [stderr]    Compiling bitflags v1.3.2
[INFO] [stderr]    Compiling version_check v0.9.4
[INFO] [stderr]    Compiling static_assertions v1.1.0
[INFO] [stderr]    Compiling once_cell v1.17.1
[INFO] [stderr]    Compiling unic-common v0.9.0
[INFO] [stderr]    Compiling hashbrown v0.12.3
[INFO] [stderr]    Compiling proc-macro2 v1.0.51
[INFO] [stderr]    Compiling unic-ucd-version v0.9.0
[INFO] [stderr]    Compiling unic-char-range v0.9.0
[INFO] [stderr]    Compiling siphasher v0.3.10
[INFO] [stderr]    Compiling unic-char-property v0.9.0
[INFO] [stderr]    Compiling unicode-ident v1.0.6
[INFO] [stderr]    Compiling quote v1.0.23
[INFO] [stderr]    Compiling syn v1.0.107
[INFO] [stderr]    Compiling smallvec v1.10.0
[INFO] [stderr]    Compiling either v1.8.1
[INFO] [stderr]    Compiling lazy_static v1.4.0
[INFO] [stderr]    Compiling regex-automata v0.1.10
[INFO] [stderr]    Compiling twox-hash v1.6.3
[INFO] [stderr]    Compiling itertools v0.10.5
[INFO] [stderr]    Compiling aho-corasick v0.7.20
[INFO] [stderr]    Compiling num-traits v0.2.15
[INFO] [stderr]    Compiling indexmap v1.9.2
[INFO] [stderr]    Compiling num-bigint v0.4.3
[INFO] [stderr]    Compiling num-complex v0.4.3
[INFO] [stderr]    Compiling bstr v0.2.17
[INFO] [stderr]    Compiling lock_api v0.4.9
[INFO] [stderr]    Compiling lexical-util v0.8.5
[INFO] [stderr]    Compiling parking_lot_core v0.9.7
[INFO] [stderr]    Compiling linux-raw-sys v0.3.1
[INFO] [stderr]    Compiling regex-syntax v0.6.28
[INFO] [stderr]    Compiling dirs-sys-next v0.1.2
[INFO] [stderr]    Compiling lz4_flex v0.9.5
[INFO] [stderr]    Compiling lexical-parse-integer v0.8.6
[INFO] [stderr]    Compiling scopeguard v1.1.0
[INFO] [stderr]    Compiling io-lifetimes v1.0.10
[INFO] [stderr]    Compiling log v0.4.17
[INFO] [stderr]    Compiling matches v0.1.10
[INFO] [stderr]    Compiling lexical-parse-float v0.8.5
[INFO] [stderr]    Compiling unic-ucd-category v0.9.0
[INFO] [stderr]    Compiling dirs-next v2.0.0
[INFO] [stderr]    Compiling num-integer v0.1.45
[INFO] [stderr]    Compiling phf_shared v0.11.1
[INFO] [stderr]    Compiling regex v1.7.1
[INFO] [stderr]    Compiling crunchy v0.2.2
[INFO] [stderr]    Compiling rustix v0.37.11
[INFO] [stderr]    Compiling hexf-parse v0.2.1
[INFO] [stderr]    Compiling parking_lot v0.12.1
[INFO] [stderr]    Compiling rustpython-literal v0.2.0 (/opt/rustwide/workdir/compiler/literal)
[INFO] [stderr]    Compiling ahash v0.7.6
[INFO] [stderr]    Compiling rand_core v0.6.4
[INFO] [stderr]    Compiling tiny-keccak v2.0.2
[INFO] [stderr]    Compiling typenum v1.16.0
[INFO] [stderr]    Compiling rand v0.8.5
[INFO] [stderr]    Compiling term v0.7.0
[INFO] [stderr]    Compiling getrandom v0.2.8
[INFO] [stderr]    Compiling generic-array v0.14.6
[INFO] [stderr]    Compiling phf_shared v0.10.0
[INFO] [stderr]    Compiling bit-vec v0.6.3
[INFO] [stderr]    Compiling precomputed-hash v0.1.1
[INFO] [stderr]    Compiling new_debug_unreachable v1.0.4
[INFO] [stderr]    Compiling fixedbitset v0.4.2
[INFO] [stderr]    Compiling anyhow v1.0.69
[INFO] [stderr]    Compiling string_cache v0.8.4
[INFO] [stderr]    Compiling petgraph v0.6.3
[INFO] [stderr]    Compiling bit-set v0.5.3
[INFO] [stderr]    Compiling is-terminal v0.4.7
[INFO] [stderr]    Compiling ascii-canvas v3.0.0
[INFO] [stderr]    Compiling phf_generator v0.11.1
[INFO] [stderr]    Compiling lalrpop-util v0.19.9
[INFO] [stderr]    Compiling ena v0.14.0
[INFO] [stderr]    Compiling pico-args v0.4.2
[INFO] [stderr]    Compiling unicode-xid v0.2.4
[INFO] [stderr]    Compiling diff v0.1.13
[INFO] [stderr]    Compiling phf_codegen v0.11.1
[INFO] [stderr]    Compiling lalrpop v0.19.9
[INFO] [stderr]    Compiling pkg-config v0.3.26
[INFO] [stderr]    Compiling rustpython-compiler-core v0.2.0 (/opt/rustwide/workdir/compiler/core)
[INFO] [stderr]    Compiling cc v1.0.79
[INFO] [stderr]    Compiling block-buffer v0.10.3
[INFO] [stderr]    Compiling crypto-common v0.1.6
[INFO] [stderr]    Compiling unic-emoji-char v0.9.0
[INFO] [stderr]    Compiling unic-ucd-ident v0.9.0
[INFO] [stderr]    Compiling subtle v2.4.1
[INFO] [stderr]    Compiling rustc-hash v1.1.0
[INFO] [stderr]    Compiling digest v0.10.6
[INFO] [stderr]    Compiling rustpython-ast v0.2.0 (/opt/rustwide/workdir/compiler/ast)
[INFO] [stderr]    Compiling syn-ext v0.4.0
[INFO] [stderr]    Compiling phf v0.11.1
[INFO] [stderr]    Compiling nom8 v0.2.0
[INFO] [stderr]    Compiling glob v0.3.1
[INFO] [stderr]    Compiling toml_datetime v0.5.1
[INFO] [stderr]    Compiling semver v1.0.16
[INFO] [stderr]    Compiling unicode_names2 v0.6.0 (https://github.com/youknowone/unicode_names2.git?rev=4ce16aa85cbcdd9cc830410f1a72ef9a235f2fde#4ce16aa8)
[INFO] [stderr]    Compiling toml_edit v0.18.1
[INFO] [stderr]    Compiling memoffset v0.7.1
[INFO] [stderr]    Compiling memoffset v0.6.5
[INFO] [stderr]    Compiling ppv-lite86 v0.2.17
[INFO] [stderr]    Compiling rand_chacha v0.3.1
[INFO] [stderr]    Compiling proc-macro-crate v1.3.0
[INFO] [stderr]    Compiling libz-sys v1.1.8
[INFO] [stderr]    Compiling rustpython-codegen v0.2.0 (/opt/rustwide/workdir/compiler/codegen)
[INFO] [stderr]    Compiling pmutil v0.5.3
[INFO] [stderr]    Compiling rustpython-doc v0.1.0 (https://github.com/RustPython/__doc__?branch=main#d927debd)
[INFO] [stderr]    Compiling textwrap v0.15.2
[INFO] [stderr]    Compiling vcpkg v0.2.15
[INFO] [stderr]    Compiling unicode-width v0.1.10
[INFO] [stderr]    Compiling rustversion v1.0.11
[INFO] [stderr]    Compiling radium v0.7.0
[INFO] [stderr]    Compiling maplit v1.0.2
[INFO] [stderr]    Compiling tinyvec_macros v0.1.1
[INFO] [stderr]    Compiling rustpython-derive-impl v0.2.0 (/opt/rustwide/workdir/derive-impl)
[INFO] [stderr]    Compiling tinyvec v1.6.0
[INFO] [stderr]    Compiling caseless v0.2.1
[INFO] [stderr]    Compiling rustc_version v0.4.0
[INFO] [stderr]    Compiling libsqlite3-sys v0.25.2
[INFO] [stderr]    Compiling atty v0.2.14
[INFO] [stderr]    Compiling atomic v0.5.1
[INFO] [stderr]    Compiling num-rational v0.4.1
[INFO] [stderr]    Compiling nibble_vec v0.1.0
[INFO] [stderr]    Compiling thiserror v1.0.38
[INFO] [stderr]    Compiling crossbeam-utils v0.8.14
[INFO] [stderr]    Compiling pin-utils v0.1.0
[INFO] [stderr]    Compiling endian-type v0.1.2
[INFO] [stderr]    Compiling crc32fast v1.3.2
[INFO] [stderr]    Compiling paste v1.0.11
[INFO] [stderr]    Compiling radix_trie v0.2.1
[INFO] [stderr]    Compiling nix v0.26.2
[INFO] [stderr]    Compiling rustpython-vm v0.2.0 (/opt/rustwide/workdir/vm)
[INFO] [stderr]    Compiling fd-lock v3.0.12
[INFO] [stderr]    Compiling unicode-normalization v0.1.22
[INFO] [stderr]    Compiling time v0.1.45
[INFO] [stderr]    Compiling unic-ucd-hangul v0.9.0
[INFO] [stderr]    Compiling heck v0.4.1
[INFO] [stderr]    Compiling volatile v0.3.0
[INFO] [stderr]    Compiling adler v1.0.2
[INFO] [stderr]    Compiling ascii v1.1.0
[INFO] [stderr]    Compiling optional v0.5.0
[INFO] [stderr]    Compiling iana-time-zone v0.1.53
[INFO] [stderr]    Compiling unicode-segmentation v1.10.1
[INFO] [stderr]    Compiling utf8parse v0.2.0
[INFO] [stderr]    Compiling Inflector v0.11.4
[INFO] [stderr]    Compiling cpufeatures v0.2.5
[INFO] [stderr]    Compiling chrono v0.4.23
[INFO] [stderr]    Compiling rustpython-common v0.2.0 (/opt/rustwide/workdir/common)
[INFO] [stderr]    Compiling rustyline v11.0.0
[INFO] [stderr]    Compiling miniz_oxide v0.6.2
[INFO] [stderr]    Compiling unic-ucd-normal v0.9.0
[INFO] [stderr]    Compiling nix v0.23.2
[INFO] [stderr]    Compiling rustpython-pylib v0.2.0 (/opt/rustwide/workdir/pylib)
[INFO] [stderr]    Compiling which v4.4.0
[INFO] [stderr]    Compiling uname v0.1.1
[INFO] [stderr]    Compiling socket2 v0.4.7
[INFO] [stderr]    Compiling num_cpus v1.15.0
[INFO] [stderr]    Compiling unic-ucd-bidi v0.9.0
[INFO] [stderr]    Compiling thread_local v1.1.7
[INFO] [stderr]    Compiling unicode-casing v0.1.0
[INFO] [stderr]    Compiling num_enum_derive v0.5.9
[INFO] [stderr]    Compiling result-like-derive v0.4.5
[INFO] [stderr]    Compiling thiserror-impl v1.0.38
[INFO] [stderr]    Compiling is-macro v0.2.1
[INFO] [stderr]    Compiling strum_macros v0.24.3
[INFO] [stderr]    Compiling uuid-macro-internal v1.3.0
[INFO] [stderr]    Compiling hex v0.4.3
[INFO] [stderr]    Compiling keccak v0.1.3
[INFO] [stderr]    Compiling half v1.8.2
[INFO] [stderr]    Compiling timsort v0.1.2
[INFO] [stderr]    Compiling rustpython-stdlib v0.2.0 (/opt/rustwide/workdir/stdlib)
[INFO] [stderr]    Compiling strum v0.24.1
[INFO] [stderr]    Compiling exitcode v1.1.2
[INFO] [stderr]    Compiling sha3 v0.10.6
[INFO] [stderr]    Compiling uuid v1.3.0
[INFO] [stderr]    Compiling mac_address v1.1.4
[INFO] [stderr]    Compiling dns-lookup v1.0.8
[INFO] [stderr]    Compiling flate2 v1.0.25
[INFO] [stderr]    Compiling unic-normal v0.9.0
[INFO] [stderr]    Compiling sha-1 v0.10.1
[INFO] [stderr]    Compiling num_enum v0.5.9
[INFO] [stderr]    Compiling sre-engine v0.4.1
[INFO] [stderr]    Compiling sha2 v0.10.6
[INFO] [stderr]    Compiling textwrap v0.11.0
[INFO] [stderr]    Compiling mt19937 v2.0.1
[INFO] [stderr]    Compiling blake2 v0.10.6
[INFO] [stderr]    Compiling hmac v0.12.1
[INFO] [stderr]    Compiling md-5 v0.10.5
[INFO] [stderr]    Compiling page_size v0.4.2
[INFO] [stderr]    Compiling memmap2 v0.5.8
[INFO] [stderr]    Compiling termios v0.3.3
[INFO] [stderr]    Compiling result-like v0.4.5
[INFO] [stderr]    Compiling gethostname v0.2.3
[INFO] [stderr]    Compiling csv-core v0.1.10
[INFO] [stderr]    Compiling unic-ucd-age v0.9.0
[INFO] [stderr]    Compiling dyn-clone v1.0.10
[INFO] [stderr]    Compiling adler32 v1.2.0
[INFO] [stderr]    Compiling vec_map v0.8.2
[INFO] [stderr]    Compiling termcolor v1.2.0
[INFO] [stderr]    Compiling strsim v0.8.0
[INFO] [stderr]    Compiling base64 v0.13.1
[INFO] [stderr]    Compiling ansi_term v0.12.1
[INFO] [stderr]    Compiling puruspe v0.1.5
[INFO] [stderr]    Compiling xml-rs v0.8.4
[INFO] [stderr]    Compiling ucd v0.1.1
[INFO] [stderr]    Compiling clap v2.34.0
[INFO] [stderr]    Compiling env_logger v0.9.3
[INFO] [stderr]    Compiling rustpython-parser v0.2.0 (/opt/rustwide/workdir/compiler/parser)
[INFO] [stderr]    Compiling rustpython-compiler v0.2.0 (/opt/rustwide/workdir/compiler)
[INFO] [stderr]    Compiling rustpython-derive v0.2.0 (/opt/rustwide/workdir/derive)
[INFO] [stdout] warning: unused doc comment
[INFO] [stdout]    --> vm/src/stdlib/sys.rs:765:13
[INFO] [stdout]     |
[INFO] [stdout] 765 |             /// As I know, there's only way to use lock as "Mutex" in Rust
[INFO] [stdout]     |             ^^^^^^^^^^^^^^^^^^^^^^^^^^^^^^^^^^^^^^^^^^^^^^^^^^^^^^^^^^^^^^
[INFO] [stdout] 766 |             /// with satisfying python document spec.
[INFO] [stdout] 767 |             lock: Some("mutex+cond"),
[INFO] [stdout]     |             ------------------------ rustdoc does not generate documentation for expression fields
[INFO] [stdout]     |
[INFO] [stdout]     = help: use `//` for a plain comment
[INFO] [stdout]     = note: `#[warn(unused_doc_comments)]` on by default
[INFO] [stdout] 
[INFO] [stdout] 
[INFO] [stdout] warning: unused doc comment
[INFO] [stdout]    --> vm/src/stdlib/sys.rs:766:13
[INFO] [stdout]     |
[INFO] [stdout] 766 |             /// with satisfying python document spec.
[INFO] [stdout]     |             ^^^^^^^^^^^^^^^^^^^^^^^^^^^^^^^^^^^^^^^^^
[INFO] [stdout] 767 |             lock: Some("mutex+cond"),
[INFO] [stdout]     |             ------------------------ rustdoc does not generate documentation for expression fields
[INFO] [stdout]     |
[INFO] [stdout]     = help: use `//` for a plain comment
[INFO] [stdout] 
[INFO] [stdout] 
[INFO] [stdout] warning: variable does not need to be mutable
[INFO] [stdout]    --> vm/src/dictdatatype.rs:658:13
[INFO] [stdout]     |
[INFO] [stdout] 658 |         let mut inner = &mut *self.write();
[INFO] [stdout]     |             ----^^^^^
[INFO] [stdout]     |             |
[INFO] [stdout]     |             help: remove this `mut`
[INFO] [stdout]     |
[INFO] [stdout]     = note: `#[warn(unused_mut)]` on by default
[INFO] [stdout] 
[INFO] [stdout] 
[INFO] [stderr] error: could not compile `rustpython-vm` (lib); 3 warnings emitted
[INFO] [stderr] 
[INFO] [stderr] Caused by:
[INFO] [stderr]   process didn't exit successfully: `/opt/rustwide/rustup-home/toolchains/beta-2023-12-22-x86_64-unknown-linux-gnu/bin/rustc --crate-name rustpython_vm --edition=2021 vm/src/lib.rs --error-format=json --json=diagnostic-rendered-ansi,artifacts,future-incompat --crate-type lib --emit=dep-info,metadata,link -C embed-bitcode=no -C debuginfo=2 --cfg 'feature="ast"' --cfg 'feature="codegen"' --cfg 'feature="compiler"' --cfg 'feature="default"' --cfg 'feature="encodings"' --cfg 'feature="importlib"' --cfg 'feature="parser"' --cfg 'feature="rustpython-ast"' --cfg 'feature="rustpython-codegen"' --cfg 'feature="rustpython-compiler"' --cfg 'feature="rustpython-parser"' --cfg 'feature="threading"' -C metadata=7f042a306bb59abb -C extra-filename=-7f042a306bb59abb --out-dir /opt/rustwide/target/debug/deps -L dependency=/opt/rustwide/target/debug/deps --extern ahash=/opt/rustwide/target/debug/deps/libahash-9568b112a2562cd2.rmeta --extern ascii=/opt/rustwide/target/debug/deps/libascii-f417a04b532bb50e.rmeta --extern atty=/opt/rustwide/target/debug/deps/libatty-6ee6dcb35c5b8e1d.rmeta --extern bitflags=/opt/rustwide/target/debug/deps/libbitflags-3b5825c1703356d2.rmeta --extern bstr=/opt/rustwide/target/debug/deps/libbstr-9955451c3a472f3f.rmeta --extern caseless=/opt/rustwide/target/debug/deps/libcaseless-a0fbe9065fef5fac.rmeta --extern cfg_if=/opt/rustwide/target/debug/deps/libcfg_if-44f9b973fc2c0996.rmeta --extern chrono=/opt/rustwide/target/debug/deps/libchrono-68f4f0ae1168dbce.rmeta --extern crossbeam_utils=/opt/rustwide/target/debug/deps/libcrossbeam_utils-7763b3312228d8e4.rmeta --extern exitcode=/opt/rustwide/target/debug/deps/libexitcode-ccbbbfca405570f7.rmeta --extern getrandom=/opt/rustwide/target/debug/deps/libgetrandom-2f7663cf6aa170c1.rmeta --extern half=/opt/rustwide/target/debug/deps/libhalf-7c38b3a9eb436cbe.rmeta --extern hex=/opt/rustwide/target/debug/deps/libhex-0be34a6978cecec3.rmeta --extern indexmap=/opt/rustwide/target/debug/deps/libindexmap-a57fff7aaf499b57.rmeta --extern is_macro=/opt/rustwide/target/debug/deps/libis_macro-20118b3bc22583b3.so --extern itertools=/opt/rustwide/target/debug/deps/libitertools-7f8cd20df2b3b65e.rmeta --extern libc=/opt/rustwide/target/debug/deps/liblibc-a494d7474dfd0a99.rmeta --extern log=/opt/rustwide/target/debug/deps/liblog-000931187a3078ff.rmeta --extern memchr=/opt/rustwide/target/debug/deps/libmemchr-d9afefe58a07b4a3.rmeta --extern memoffset=/opt/rustwide/target/debug/deps/libmemoffset-29c123cd81680a8c.rmeta --extern nix=/opt/rustwide/target/debug/deps/libnix-cc2775d157b8c0fa.rmeta --extern num_bigint=/opt/rustwide/target/debug/deps/libnum_bigint-5963717040d28367.rmeta --extern num_complex=/opt/rustwide/target/debug/deps/libnum_complex-5061c78474dbb03b.rmeta --extern num_integer=/opt/rustwide/target/debug/deps/libnum_integer-837209f98a3b2bb0.rmeta --extern num_rational=/opt/rustwide/target/debug/deps/libnum_rational-4849e63807cc9b34.rmeta --extern num_traits=/opt/rustwide/target/debug/deps/libnum_traits-1c41402cf110e913.rmeta --extern num_cpus=/opt/rustwide/target/debug/deps/libnum_cpus-59b6c338561a5b9e.rmeta --extern num_enum=/opt/rustwide/target/debug/deps/libnum_enum-9cd45f4809bff7fc.rmeta --extern once_cell=/opt/rustwide/target/debug/deps/libonce_cell-ad1b02d39097e2d4.rmeta --extern optional=/opt/rustwide/target/debug/deps/liboptional-043033cec95308d2.rmeta --extern parking_lot=/opt/rustwide/target/debug/deps/libparking_lot-b4cf0c9cf8cdcf96.rmeta --extern paste=/opt/rustwide/target/debug/deps/libpaste-b285aa28042249b1.so --extern rand=/opt/rustwide/target/debug/deps/librand-dc496275eafb4c78.rmeta --extern result_like=/opt/rustwide/target/debug/deps/libresult_like-80816e6e589f57d3.rmeta --extern rustpython_ast=/opt/rustwide/target/debug/deps/librustpython_ast-1e63d31ed3b3dffa.rmeta --extern rustpython_codegen=/opt/rustwide/target/debug/deps/librustpython_codegen-cc451710c7bf6842.rmeta --extern rustpython_common=/opt/rustwide/target/debug/deps/librustpython_common-5cf6d6249a31c7b0.rmeta --extern rustpython_compiler=/opt/rustwide/target/debug/deps/librustpython_compiler-0a9eba8afdc5d546.rmeta --extern rustpython_compiler_core=/opt/rustwide/target/debug/deps/librustpython_compiler_core-51b0f42e636db5d3.rmeta --extern rustpython_derive=/opt/rustwide/target/debug/deps/librustpython_derive-71b57f6640a77212.so --extern rustpython_literal=/opt/rustwide/target/debug/deps/librustpython_literal-f6f5b1005e397b4d.rmeta --extern rustpython_parser=/opt/rustwide/target/debug/deps/librustpython_parser-52f4ccfa9c87129d.rmeta --extern rustyline=/opt/rustwide/target/debug/deps/librustyline-a225070fa4c04f0a.rmeta --extern sre_engine=/opt/rustwide/target/debug/deps/libsre_engine-867b11a8354ae482.rmeta --extern static_assertions=/opt/rustwide/target/debug/deps/libstatic_assertions-e26a23f97cfae9cb.rmeta --extern strum=/opt/rustwide/target/debug/deps/libstrum-4872c93820b375f2.rmeta --extern strum_macros=/opt/rustwide/target/debug/deps/libstrum_macros-7091b8ce718e1814.so --extern thiserror=/opt/rustwide/target/debug/deps/libthiserror-9e067d702958973d.rmeta --extern thread_local=/opt/rustwide/target/debug/deps/libthread_local-9915827a0a019e07.rmeta --extern timsort=/opt/rustwide/target/debug/deps/libtimsort-4044c66fa47ad8cb.rmeta --extern uname=/opt/rustwide/target/debug/deps/libuname-b594b7d5bb418696.rmeta --extern unic_ucd_bidi=/opt/rustwide/target/debug/deps/libunic_ucd_bidi-d135837ead5d01ba.rmeta --extern unic_ucd_category=/opt/rustwide/target/debug/deps/libunic_ucd_category-676515b7f490d2cc.rmeta --extern unic_ucd_ident=/opt/rustwide/target/debug/deps/libunic_ucd_ident-08bd3e0a91cc40f0.rmeta --extern unicode_casing=/opt/rustwide/target/debug/deps/libunicode_casing-160f62242442b727.rmeta --extern unicode_names2=/opt/rustwide/target/debug/deps/libunicode_names2-3a1c18fd68ba4027.rmeta --extern which=/opt/rustwide/target/debug/deps/libwhich-0d0d822c8b5a029c.rmeta --cap-lints=warn` (signal: 9, SIGKILL: kill)
[INFO] [stderr] warning: build failed, waiting for other jobs to finish...
[INFO] running `Command { std: "docker" "inspect" "0ab4b8790206d51070aab362f5629c65ca90ff3025d103882e5680bff177e3ce", kill_on_drop: false }`
[INFO] running `Command { std: "docker" "rm" "-f" "0ab4b8790206d51070aab362f5629c65ca90ff3025d103882e5680bff177e3ce", kill_on_drop: false }`
[INFO] [stdout] 0ab4b8790206d51070aab362f5629c65ca90ff3025d103882e5680bff177e3ce
