[INFO] cloning repository https://github.com/rm-dr/daisy
[INFO] running `Command { std: "git" "-c" "credential.helper=" "-c" "credential.helper=/workspace/cargo-home/bin/git-credential-null" "clone" "--bare" "https://github.com/rm-dr/daisy" "/workspace/cache/git-repos/https%3A%2F%2Fgithub.com%2Frm-dr%2Fdaisy", kill_on_drop: false }`
[INFO] [stderr] Cloning into bare repository '/workspace/cache/git-repos/https%3A%2F%2Fgithub.com%2Frm-dr%2Fdaisy'...
[INFO] running `Command { std: "git" "rev-parse" "HEAD", kill_on_drop: false }`
[INFO] [stdout] 228cbf281f95740cc953b81e9e7a4df33f96e24c
[INFO] testing rm-dr/daisy against 1.75.0 for beta-1.76-1
[INFO] running `Command { std: "git" "clone" "/workspace/cache/git-repos/https%3A%2F%2Fgithub.com%2Frm-dr%2Fdaisy" "/workspace/builds/worker-3-tc1/source", kill_on_drop: false }`
[INFO] [stderr] Cloning into '/workspace/builds/worker-3-tc1/source'...
[INFO] [stderr] done.
[INFO] validating manifest of git repo https://github.com/rm-dr/daisy on toolchain 1.75.0
[INFO] running `Command { std: CARGO_HOME="/workspace/cargo-home" RUSTUP_HOME="/workspace/rustup-home" "/workspace/cargo-home/bin/cargo" "+1.75.0" "metadata" "--manifest-path" "Cargo.toml" "--no-deps", kill_on_drop: false }`
[INFO] started tweaking git repo https://github.com/rm-dr/daisy
[INFO] finished tweaking git repo https://github.com/rm-dr/daisy
[INFO] tweaked toml for git repo https://github.com/rm-dr/daisy written to /workspace/builds/worker-3-tc1/source/Cargo.toml
[INFO] crate git repo https://github.com/rm-dr/daisy already has a lockfile, it will not be regenerated
[INFO] running `Command { std: CARGO_HOME="/workspace/cargo-home" RUSTUP_HOME="/workspace/rustup-home" "/workspace/cargo-home/bin/cargo" "+1.75.0" "fetch" "--manifest-path" "Cargo.toml", kill_on_drop: false }`
[INFO] [stderr]     Blocking waiting for file lock on package cache
[ERROR] error running command: no output for 300 seconds
[ERROR] this task or one of its parent failed!
[ERROR] no output for 300 seconds
[ERROR] note: run with `RUST_BACKTRACE=1` to display a backtrace.
[INFO] testing rm-dr/daisy against beta-2023-12-22 for beta-1.76-1
[INFO] running `Command { std: "git" "clone" "/workspace/cache/git-repos/https%3A%2F%2Fgithub.com%2Frm-dr%2Fdaisy" "/workspace/builds/worker-3-tc2/source", kill_on_drop: false }`
[INFO] [stderr] Cloning into '/workspace/builds/worker-3-tc2/source'...
[INFO] [stderr] done.
[INFO] validating manifest of git repo https://github.com/rm-dr/daisy on toolchain beta-2023-12-22
[INFO] running `Command { std: CARGO_HOME="/workspace/cargo-home" RUSTUP_HOME="/workspace/rustup-home" "/workspace/cargo-home/bin/cargo" "+beta-2023-12-22" "metadata" "--manifest-path" "Cargo.toml" "--no-deps", kill_on_drop: false }`
[INFO] started tweaking git repo https://github.com/rm-dr/daisy
[INFO] finished tweaking git repo https://github.com/rm-dr/daisy
[INFO] tweaked toml for git repo https://github.com/rm-dr/daisy written to /workspace/builds/worker-3-tc2/source/Cargo.toml
[INFO] crate git repo https://github.com/rm-dr/daisy already has a lockfile, it will not be regenerated
[INFO] running `Command { std: CARGO_HOME="/workspace/cargo-home" RUSTUP_HOME="/workspace/rustup-home" "/workspace/cargo-home/bin/cargo" "+beta-2023-12-22" "fetch" "--manifest-path" "Cargo.toml", kill_on_drop: false }`
[INFO] [stderr]     Blocking waiting for file lock on package cache
[INFO] [stderr]     Blocking waiting for file lock on package cache
[INFO] running `Command { std: "docker" "create" "-v" "/var/lib/crater-agent-workspace/builds/worker-3-tc2/target:/opt/rustwide/target:rw,Z" "-v" "/var/lib/crater-agent-workspace/builds/worker-3-tc2/source:/opt/rustwide/workdir:ro,Z" "-v" "/var/lib/crater-agent-workspace/cargo-home:/opt/rustwide/cargo-home:ro,Z" "-v" "/var/lib/crater-agent-workspace/rustup-home:/opt/rustwide/rustup-home:ro,Z" "-e" "SOURCE_DIR=/opt/rustwide/workdir" "-e" "CARGO_TARGET_DIR=/opt/rustwide/target" "-e" "CARGO_HOME=/opt/rustwide/cargo-home" "-e" "RUSTUP_HOME=/opt/rustwide/rustup-home" "-w" "/opt/rustwide/workdir" "-m" "1610612736" "--user" "0:0" "--network" "none" "ghcr.io/rust-lang/crates-build-env/linux@sha256:2788e3201cd34a07e3172128adcd8b3090168a8e3bcc40d7c032b9dda1df7d1c" "/opt/rustwide/cargo-home/bin/cargo" "+beta-2023-12-22" "metadata" "--no-deps" "--format-version=1", kill_on_drop: false }`
[INFO] [stdout] a0428ce098b7ac64c6347484cdc6953af54e353193bc6559889e86036e5d252e
[INFO] running `Command { std: "docker" "start" "-a" "a0428ce098b7ac64c6347484cdc6953af54e353193bc6559889e86036e5d252e", kill_on_drop: false }`
[INFO] running `Command { std: "docker" "inspect" "a0428ce098b7ac64c6347484cdc6953af54e353193bc6559889e86036e5d252e", kill_on_drop: false }`
[INFO] running `Command { std: "docker" "rm" "-f" "a0428ce098b7ac64c6347484cdc6953af54e353193bc6559889e86036e5d252e", kill_on_drop: false }`
[INFO] [stdout] a0428ce098b7ac64c6347484cdc6953af54e353193bc6559889e86036e5d252e
[INFO] running `Command { std: "docker" "create" "-v" "/var/lib/crater-agent-workspace/builds/worker-3-tc2/target:/opt/rustwide/target:rw,Z" "-v" "/var/lib/crater-agent-workspace/builds/worker-3-tc2/source:/opt/rustwide/workdir:ro,Z" "-v" "/var/lib/crater-agent-workspace/cargo-home:/opt/rustwide/cargo-home:ro,Z" "-v" "/var/lib/crater-agent-workspace/rustup-home:/opt/rustwide/rustup-home:ro,Z" "-e" "SOURCE_DIR=/opt/rustwide/workdir" "-e" "CARGO_TARGET_DIR=/opt/rustwide/target" "-e" "CARGO_INCREMENTAL=0" "-e" "RUST_BACKTRACE=full" "-e" "RUSTFLAGS=--cap-lints=warn" "-e" "RUSTDOCFLAGS=--cap-lints=warn" "-e" "CARGO_HOME=/opt/rustwide/cargo-home" "-e" "RUSTUP_HOME=/opt/rustwide/rustup-home" "-w" "/opt/rustwide/workdir" "-m" "1610612736" "--user" "0:0" "--network" "none" "ghcr.io/rust-lang/crates-build-env/linux@sha256:2788e3201cd34a07e3172128adcd8b3090168a8e3bcc40d7c032b9dda1df7d1c" "/opt/rustwide/cargo-home/bin/cargo" "+beta-2023-12-22" "build" "--frozen" "--message-format=json", kill_on_drop: false }`
[INFO] [stdout] db67cf9548d1ef4d949c077433719fea5ff4c1bf77bcb1d3b043e2eac0e9fccc
[INFO] running `Command { std: "docker" "start" "-a" "db67cf9548d1ef4d949c077433719fea5ff4c1bf77bcb1d3b043e2eac0e9fccc", kill_on_drop: false }`
[INFO] [stderr]    Compiling autocfg v1.1.0
[INFO] [stderr]    Compiling serde v1.0.164
[INFO] [stderr]    Compiling hashbrown v0.12.3
[INFO] [stderr]    Compiling winnow v0.4.6
[INFO] [stderr]    Compiling libc v0.2.147
[INFO] [stderr]    Compiling numtoa v0.1.0
[INFO] [stderr]    Compiling cfg-if v1.0.0
[INFO] [stderr]    Compiling num-traits v0.2.16
[INFO] [stderr]    Compiling indexmap v1.9.3
[INFO] [stderr]    Compiling num-integer v0.1.45
[INFO] [stderr]    Compiling num-bigint v0.4.4
[INFO] [stderr]    Compiling num-iter v0.1.43
[INFO] [stderr]    Compiling num-rational v0.4.1
[INFO] [stderr]    Compiling termion v2.0.1
[INFO] [stderr]    Compiling num-complex v0.4.4
[INFO] [stderr]    Compiling toml_datetime v0.6.2
[INFO] [stderr]    Compiling serde_spanned v0.6.2
[INFO] [stderr]    Compiling toml_edit v0.19.10
[INFO] [stderr]    Compiling num v0.4.1
[INFO] [stderr]    Compiling toml v0.7.4
[INFO] [stderr]    Compiling daisycalc v1.1.7 (/opt/rustwide/workdir)
[INFO] [stderr]     Finished dev [unoptimized + debuginfo] target(s) in 7.91s
[INFO] running `Command { std: "docker" "inspect" "db67cf9548d1ef4d949c077433719fea5ff4c1bf77bcb1d3b043e2eac0e9fccc", kill_on_drop: false }`
[INFO] running `Command { std: "docker" "rm" "-f" "db67cf9548d1ef4d949c077433719fea5ff4c1bf77bcb1d3b043e2eac0e9fccc", kill_on_drop: false }`
[INFO] [stdout] db67cf9548d1ef4d949c077433719fea5ff4c1bf77bcb1d3b043e2eac0e9fccc
[INFO] running `Command { std: "docker" "create" "-v" "/var/lib/crater-agent-workspace/builds/worker-3-tc2/target:/opt/rustwide/target:rw,Z" "-v" "/var/lib/crater-agent-workspace/builds/worker-3-tc2/source:/opt/rustwide/workdir:ro,Z" "-v" "/var/lib/crater-agent-workspace/cargo-home:/opt/rustwide/cargo-home:ro,Z" "-v" "/var/lib/crater-agent-workspace/rustup-home:/opt/rustwide/rustup-home:ro,Z" "-e" "SOURCE_DIR=/opt/rustwide/workdir" "-e" "CARGO_TARGET_DIR=/opt/rustwide/target" "-e" "CARGO_INCREMENTAL=0" "-e" "RUST_BACKTRACE=full" "-e" "RUSTFLAGS=--cap-lints=warn" "-e" "RUSTDOCFLAGS=--cap-lints=warn" "-e" "CARGO_HOME=/opt/rustwide/cargo-home" "-e" "RUSTUP_HOME=/opt/rustwide/rustup-home" "-w" "/opt/rustwide/workdir" "-m" "1610612736" "--user" "0:0" "--network" "none" "ghcr.io/rust-lang/crates-build-env/linux@sha256:2788e3201cd34a07e3172128adcd8b3090168a8e3bcc40d7c032b9dda1df7d1c" "/opt/rustwide/cargo-home/bin/cargo" "+beta-2023-12-22" "test" "--frozen" "--no-run" "--message-format=json", kill_on_drop: false }`
[INFO] [stdout] 4c8a81033c2d8f5f67f1c9a552c1170e33da27925798cd9f6ca096fd966a1107
[INFO] running `Command { std: "docker" "start" "-a" "4c8a81033c2d8f5f67f1c9a552c1170e33da27925798cd9f6ca096fd966a1107", kill_on_drop: false }`
[INFO] [stderr]    Compiling daisycalc v1.1.7 (/opt/rustwide/workdir)
[INFO] [stderr]     Finished test [unoptimized + debuginfo] target(s) in 1.71s
[INFO] running `Command { std: "docker" "inspect" "4c8a81033c2d8f5f67f1c9a552c1170e33da27925798cd9f6ca096fd966a1107", kill_on_drop: false }`
[INFO] running `Command { std: "docker" "rm" "-f" "4c8a81033c2d8f5f67f1c9a552c1170e33da27925798cd9f6ca096fd966a1107", kill_on_drop: false }`
[INFO] [stdout] 4c8a81033c2d8f5f67f1c9a552c1170e33da27925798cd9f6ca096fd966a1107
[INFO] running `Command { std: "docker" "create" "-v" "/var/lib/crater-agent-workspace/builds/worker-3-tc2/target:/opt/rustwide/target:rw,Z" "-v" "/var/lib/crater-agent-workspace/builds/worker-3-tc2/source:/opt/rustwide/workdir:ro,Z" "-v" "/var/lib/crater-agent-workspace/cargo-home:/opt/rustwide/cargo-home:ro,Z" "-v" "/var/lib/crater-agent-workspace/rustup-home:/opt/rustwide/rustup-home:ro,Z" "-e" "SOURCE_DIR=/opt/rustwide/workdir" "-e" "CARGO_TARGET_DIR=/opt/rustwide/target" "-e" "CARGO_INCREMENTAL=0" "-e" "RUST_BACKTRACE=full" "-e" "RUSTFLAGS=--cap-lints=warn" "-e" "RUSTDOCFLAGS=--cap-lints=warn" "-e" "CARGO_HOME=/opt/rustwide/cargo-home" "-e" "RUSTUP_HOME=/opt/rustwide/rustup-home" "-w" "/opt/rustwide/workdir" "-m" "1610612736" "--user" "0:0" "--network" "none" "ghcr.io/rust-lang/crates-build-env/linux@sha256:2788e3201cd34a07e3172128adcd8b3090168a8e3bcc40d7c032b9dda1df7d1c" "/opt/rustwide/cargo-home/bin/cargo" "+beta-2023-12-22" "test" "--frozen", kill_on_drop: false }`
[INFO] [stdout] 529f6d1ed604a6fd27e21f16bc52c6e72ac3c4936af7d820efa7bac777acd9e0
[INFO] running `Command { std: "docker" "start" "-a" "529f6d1ed604a6fd27e21f16bc52c6e72ac3c4936af7d820efa7bac777acd9e0", kill_on_drop: false }`
[INFO] [stderr]    Compiling daisycalc v1.1.7 (/opt/rustwide/workdir)
[INFO] [stderr]     Finished test [unoptimized + debuginfo] target(s) in 1.51s
[INFO] [stderr]      Running unittests src/lib.rs (/opt/rustwide/target/debug/deps/daisycalc-4d48b5df34d8d063)
[INFO] [stdout] 
[INFO] [stdout] running 0 tests
[INFO] [stdout] 
[INFO] [stdout] test result: ok. 0 passed; 0 failed; 0 ignored; 0 measured; 0 filtered out; finished in 0.00s
[INFO] [stdout] 
[INFO] [stderr]      Running unittests src/main.rs (/opt/rustwide/target/debug/deps/daisy-e2855a4e45cc044c)
[INFO] [stdout] 
[INFO] [stdout] running 10 tests
[INFO] [stdout] test tests::bad_expressions ... ok
[INFO] [stdout] test tests::big_numbers ... ok
[INFO] [stdout] test tests::basic_numbers ... ok
[INFO] [stdout] test tests::implicit_multiply ... ok
[INFO] [stdout] test tests::signs ... ok
[INFO] [stdout] test tests::scientific ... ok
[INFO] [stdout] test tests::basic_units ... ok
[INFO] [stdout] test tests::functions ... ok
[INFO] [stdout] test tests::complex_units ... ok
[INFO] [stdout] test tests::operators ... ok
[INFO] [stdout] 
[INFO] [stdout] test result: ok. 10 passed; 0 failed; 0 ignored; 0 measured; 0 filtered out; finished in 0.02s
[INFO] [stdout] 
[INFO] [stderr]    Doc-tests daisycalc
[INFO] [stdout] 
[INFO] [stdout] running 0 tests
[INFO] [stdout] 
[INFO] [stdout] test result: ok. 0 passed; 0 failed; 0 ignored; 0 measured; 0 filtered out; finished in 0.00s
[INFO] [stdout] 
[INFO] running `Command { std: "docker" "inspect" "529f6d1ed604a6fd27e21f16bc52c6e72ac3c4936af7d820efa7bac777acd9e0", kill_on_drop: false }`
[INFO] running `Command { std: "docker" "rm" "-f" "529f6d1ed604a6fd27e21f16bc52c6e72ac3c4936af7d820efa7bac777acd9e0", kill_on_drop: false }`
[INFO] [stdout] 529f6d1ed604a6fd27e21f16bc52c6e72ac3c4936af7d820efa7bac777acd9e0
