[INFO] cloning repository https://github.com/rklaehn/rust-nursery
[INFO] running `Command { std: "git" "-c" "credential.helper=" "-c" "credential.helper=/workspace/cargo-home/bin/git-credential-null" "clone" "--bare" "https://github.com/rklaehn/rust-nursery" "/workspace/cache/git-repos/https%3A%2F%2Fgithub.com%2Frklaehn%2Frust-nursery", kill_on_drop: false }`
[INFO] [stderr] Cloning into bare repository '/workspace/cache/git-repos/https%3A%2F%2Fgithub.com%2Frklaehn%2Frust-nursery'...
[INFO] running `Command { std: "git" "rev-parse" "HEAD", kill_on_drop: false }`
[INFO] [stdout] 2d9cabeafe1b0bb90ccbf54d168bc0376e23c658
[INFO] testing rklaehn/rust-nursery against 1.75.0 for beta-1.76-1
[INFO] running `Command { std: "git" "clone" "/workspace/cache/git-repos/https%3A%2F%2Fgithub.com%2Frklaehn%2Frust-nursery" "/workspace/builds/worker-6-tc1/source", kill_on_drop: false }`
[INFO] [stderr] Cloning into '/workspace/builds/worker-6-tc1/source'...
[INFO] [stderr] done.
[INFO] validating manifest of git repo https://github.com/rklaehn/rust-nursery on toolchain 1.75.0
[INFO] running `Command { std: CARGO_HOME="/workspace/cargo-home" RUSTUP_HOME="/workspace/rustup-home" "/workspace/cargo-home/bin/cargo" "+1.75.0" "metadata" "--manifest-path" "Cargo.toml" "--no-deps", kill_on_drop: false }`
[INFO] started tweaking git repo https://github.com/rklaehn/rust-nursery
[INFO] finished tweaking git repo https://github.com/rklaehn/rust-nursery
[INFO] tweaked toml for git repo https://github.com/rklaehn/rust-nursery written to /workspace/builds/worker-6-tc1/source/Cargo.toml
[INFO] crate git repo https://github.com/rklaehn/rust-nursery already has a lockfile, it will not be regenerated
[INFO] running `Command { std: CARGO_HOME="/workspace/cargo-home" RUSTUP_HOME="/workspace/rustup-home" "/workspace/cargo-home/bin/cargo" "+1.75.0" "fetch" "--manifest-path" "Cargo.toml", kill_on_drop: false }`
[INFO] [stderr]     Blocking waiting for file lock on package cache
[ERROR] error running command: no output for 300 seconds
[ERROR] this task or one of its parent failed!
[ERROR] no output for 300 seconds
[ERROR] note: run with `RUST_BACKTRACE=1` to display a backtrace.
[INFO] testing rklaehn/rust-nursery against beta-2023-12-22 for beta-1.76-1
[INFO] running `Command { std: "git" "clone" "/workspace/cache/git-repos/https%3A%2F%2Fgithub.com%2Frklaehn%2Frust-nursery" "/workspace/builds/worker-6-tc2/source", kill_on_drop: false }`
[INFO] [stderr] Cloning into '/workspace/builds/worker-6-tc2/source'...
[INFO] [stderr] done.
[INFO] validating manifest of git repo https://github.com/rklaehn/rust-nursery on toolchain beta-2023-12-22
[INFO] running `Command { std: CARGO_HOME="/workspace/cargo-home" RUSTUP_HOME="/workspace/rustup-home" "/workspace/cargo-home/bin/cargo" "+beta-2023-12-22" "metadata" "--manifest-path" "Cargo.toml" "--no-deps", kill_on_drop: false }`
[INFO] started tweaking git repo https://github.com/rklaehn/rust-nursery
[INFO] finished tweaking git repo https://github.com/rklaehn/rust-nursery
[INFO] tweaked toml for git repo https://github.com/rklaehn/rust-nursery written to /workspace/builds/worker-6-tc2/source/Cargo.toml
[INFO] crate git repo https://github.com/rklaehn/rust-nursery already has a lockfile, it will not be regenerated
[INFO] running `Command { std: CARGO_HOME="/workspace/cargo-home" RUSTUP_HOME="/workspace/rustup-home" "/workspace/cargo-home/bin/cargo" "+beta-2023-12-22" "fetch" "--manifest-path" "Cargo.toml", kill_on_drop: false }`
[INFO] [stderr]     Blocking waiting for file lock on package cache
[INFO] [stderr]     Updating crates.io index
[INFO] [stderr]     Blocking waiting for file lock on package cache
[ERROR] error running command: no output for 300 seconds
[INFO] testing rklaehn/rust-nursery against beta-2023-12-22 for beta-1.76-1
[INFO] running `Command { std: "git" "clone" "/workspace/cache/git-repos/https%3A%2F%2Fgithub.com%2Frklaehn%2Frust-nursery" "/workspace/builds/worker-6-tc2/source", kill_on_drop: false }`
[INFO] [stderr] Cloning into '/workspace/builds/worker-6-tc2/source'...
[INFO] [stderr] done.
[INFO] validating manifest of git repo https://github.com/rklaehn/rust-nursery on toolchain beta-2023-12-22
[INFO] running `Command { std: CARGO_HOME="/workspace/cargo-home" RUSTUP_HOME="/workspace/rustup-home" "/workspace/cargo-home/bin/cargo" "+beta-2023-12-22" "metadata" "--manifest-path" "Cargo.toml" "--no-deps", kill_on_drop: false }`
[INFO] started tweaking git repo https://github.com/rklaehn/rust-nursery
[INFO] finished tweaking git repo https://github.com/rklaehn/rust-nursery
[INFO] tweaked toml for git repo https://github.com/rklaehn/rust-nursery written to /workspace/builds/worker-6-tc2/source/Cargo.toml
[INFO] crate git repo https://github.com/rklaehn/rust-nursery already has a lockfile, it will not be regenerated
[INFO] running `Command { std: CARGO_HOME="/workspace/cargo-home" RUSTUP_HOME="/workspace/rustup-home" "/workspace/cargo-home/bin/cargo" "+beta-2023-12-22" "fetch" "--manifest-path" "Cargo.toml", kill_on_drop: false }`
[INFO] [stderr]     Blocking waiting for file lock on package cache
[INFO] [stderr]     Blocking waiting for file lock on package cache
[INFO] [stderr]  Downloading crates ...
[INFO] [stderr]   Downloaded testdrop v0.1.2
[INFO] [stderr]   Downloaded sorted-iter v0.1.5
[INFO] running `Command { std: "docker" "create" "-v" "/var/lib/crater-agent-workspace/builds/worker-6-tc2/target:/opt/rustwide/target:rw,Z" "-v" "/var/lib/crater-agent-workspace/builds/worker-6-tc2/source:/opt/rustwide/workdir:ro,Z" "-v" "/var/lib/crater-agent-workspace/cargo-home:/opt/rustwide/cargo-home:ro,Z" "-v" "/var/lib/crater-agent-workspace/rustup-home:/opt/rustwide/rustup-home:ro,Z" "-e" "SOURCE_DIR=/opt/rustwide/workdir" "-e" "CARGO_TARGET_DIR=/opt/rustwide/target" "-e" "CARGO_HOME=/opt/rustwide/cargo-home" "-e" "RUSTUP_HOME=/opt/rustwide/rustup-home" "-w" "/opt/rustwide/workdir" "-m" "1610612736" "--user" "0:0" "--network" "none" "ghcr.io/rust-lang/crates-build-env/linux@sha256:2788e3201cd34a07e3172128adcd8b3090168a8e3bcc40d7c032b9dda1df7d1c" "/opt/rustwide/cargo-home/bin/cargo" "+beta-2023-12-22" "metadata" "--no-deps" "--format-version=1", kill_on_drop: false }`
[INFO] [stdout] 632e159f0f0913114508a2d2b8b5a7dff765e3ca3096c664c7029f98cd893899
[INFO] running `Command { std: "docker" "start" "-a" "632e159f0f0913114508a2d2b8b5a7dff765e3ca3096c664c7029f98cd893899", kill_on_drop: false }`
[INFO] running `Command { std: "docker" "inspect" "632e159f0f0913114508a2d2b8b5a7dff765e3ca3096c664c7029f98cd893899", kill_on_drop: false }`
[INFO] running `Command { std: "docker" "rm" "-f" "632e159f0f0913114508a2d2b8b5a7dff765e3ca3096c664c7029f98cd893899", kill_on_drop: false }`
[INFO] [stdout] 632e159f0f0913114508a2d2b8b5a7dff765e3ca3096c664c7029f98cd893899
[INFO] running `Command { std: "docker" "create" "-v" "/var/lib/crater-agent-workspace/builds/worker-6-tc2/target:/opt/rustwide/target:rw,Z" "-v" "/var/lib/crater-agent-workspace/builds/worker-6-tc2/source:/opt/rustwide/workdir:ro,Z" "-v" "/var/lib/crater-agent-workspace/cargo-home:/opt/rustwide/cargo-home:ro,Z" "-v" "/var/lib/crater-agent-workspace/rustup-home:/opt/rustwide/rustup-home:ro,Z" "-e" "SOURCE_DIR=/opt/rustwide/workdir" "-e" "CARGO_TARGET_DIR=/opt/rustwide/target" "-e" "CARGO_INCREMENTAL=0" "-e" "RUST_BACKTRACE=full" "-e" "RUSTFLAGS=--cap-lints=warn" "-e" "RUSTDOCFLAGS=--cap-lints=warn" "-e" "CARGO_HOME=/opt/rustwide/cargo-home" "-e" "RUSTUP_HOME=/opt/rustwide/rustup-home" "-w" "/opt/rustwide/workdir" "-m" "1610612736" "--user" "0:0" "--network" "none" "ghcr.io/rust-lang/crates-build-env/linux@sha256:2788e3201cd34a07e3172128adcd8b3090168a8e3bcc40d7c032b9dda1df7d1c" "/opt/rustwide/cargo-home/bin/cargo" "+beta-2023-12-22" "build" "--frozen" "--message-format=json", kill_on_drop: false }`
[INFO] [stdout] 555cb4fbf3d4f17804f7b65ae9e682026b26b578ec177c49fee4b1bff0e4b8c5
[INFO] running `Command { std: "docker" "start" "-a" "555cb4fbf3d4f17804f7b65ae9e682026b26b578ec177c49fee4b1bff0e4b8c5", kill_on_drop: false }`
[INFO] [stderr]    Compiling autocfg v0.1.7
[INFO] [stderr]    Compiling proc-macro2 v1.0.6
[INFO] [stderr]    Compiling unicode-xid v0.2.0
[INFO] [stderr]    Compiling syn v1.0.8
[INFO] [stderr]    Compiling libm v0.1.4
[INFO] [stderr]    Compiling serde v1.0.102
[INFO] [stderr]    Compiling smallvec v1.0.0
[INFO] [stderr]    Compiling sorted-iter v0.1.5
[INFO] [stderr]    Compiling num-traits v0.2.8
[INFO] [stderr]    Compiling num-complex v0.2.3
[INFO] [stderr]    Compiling quote v1.0.2
[INFO] [stderr]    Compiling approx v0.3.2
[INFO] [stderr]    Compiling alga v0.9.2
[INFO] [stderr]    Compiling serde_derive v1.0.102
[INFO] [stderr]    Compiling vec-collections v0.1.1 (/opt/rustwide/workdir)
[INFO] [stdout] warning: unused import: `VecSet`
[INFO] [stdout]  --> src/total_vec_set.rs:1:13
[INFO] [stdout]   |
[INFO] [stdout] 1 | use crate::{VecSet, VecSet2};
[INFO] [stdout]   |             ^^^^^^
[INFO] [stdout]   |
[INFO] [stdout]   = note: `#[warn(unused_imports)]` on by default
[INFO] [stdout] 
[INFO] [stdout] 
[INFO] [stdout] warning: unused import: `UnsafeSliceMergeState`
[INFO] [stdout]  --> src/vec_set.rs:6:30
[INFO] [stdout]   |
[INFO] [stdout] 6 |     UnsafeInPlaceMergeState, UnsafeSliceMergeState, VecMergeState, SmallVecInPlaceMergeState,
[INFO] [stdout]   |                              ^^^^^^^^^^^^^^^^^^^^^
[INFO] [stdout] 
[INFO] [stdout] 
[INFO] [stdout] warning: use of deprecated function `std::mem::uninitialized`: use `mem::MaybeUninit` instead
[INFO] [stdout]    --> src/flip_buffer/small_vec_builder.rs:177:67
[INFO] [stdout]     |
[INFO] [stdout] 177 |         let v = std::mem::replace(&mut self.v, unsafe { std::mem::uninitialized() });
[INFO] [stdout]     |                                                                   ^^^^^^^^^^^^^
[INFO] [stdout]     |
[INFO] [stdout]     = note: `#[warn(deprecated)]` on by default
[INFO] [stdout] 
[INFO] [stdout] 
[INFO] [stdout] warning: associated function `merge` is never used
[INFO] [stdout]   --> src/merge_state.rs:70:12
[INFO] [stdout]    |
[INFO] [stdout] 61 | impl<'a, A: Array, B: Array> SmallVecInPlaceMergeState<A, B> {
[INFO] [stdout]    | ------------------------------------------------------------ associated function in this implementation
[INFO] [stdout] ...
[INFO] [stdout] 70 |     pub fn merge<O: MergeOperation<A::Item, B::Item, Self>>(a: &mut SmallVec<A>, b: SmallVec<B>, o: O) {
[INFO] [stdout]    |            ^^^^^
[INFO] [stdout]    |
[INFO] [stdout]    = note: `#[warn(dead_code)]` on by default
[INFO] [stdout] 
[INFO] [stdout] 
[INFO] [stdout] warning: associated function `merge` is never used
[INFO] [stdout]    --> src/merge_state.rs:344:12
[INFO] [stdout]     |
[INFO] [stdout] 320 | impl<'a, A, B, Arr: Array> SmallVecMergeState<'a, A, B, Arr> {
[INFO] [stdout]     | ------------------------------------------------------------ associated function in this implementation
[INFO] [stdout] ...
[INFO] [stdout] 344 |     pub fn merge<O: MergeOperation<A, B, Self>>(a: &'a [A], b: &'a [B], o: O) -> SmallVec<Arr> {
[INFO] [stdout]     |            ^^^^^
[INFO] [stdout] 
[INFO] [stdout] 
[INFO] [stdout] warning: associated function `merge` is never used
[INFO] [stdout]    --> src/merge_state.rs:476:12
[INFO] [stdout]     |
[INFO] [stdout] 475 | impl<T> UnsafeSliceMergeState<T> {
[INFO] [stdout]     | -------------------------------- associated function in this implementation
[INFO] [stdout] 476 |     pub fn merge<O: ShortcutMergeOperation<T, T, Self>>(
[INFO] [stdout]     |            ^^^^^
[INFO] [stdout] 
[INFO] [stdout] 
[INFO] [stdout] warning: function `dedup` is never used
[INFO] [stdout]   --> src/dedup.rs:28:4
[INFO] [stdout]    |
[INFO] [stdout] 28 | fn dedup<T: Eq>(d: &mut [T], keep: Keep) -> usize {
[INFO] [stdout]    |    ^^^^^
[INFO] [stdout] 
[INFO] [stdout] 
[INFO] [stdout] warning: associated items `single` and `filter_map_values` are never used
[INFO] [stdout]   --> src/radix_tree.rs:87:8
[INFO] [stdout]    |
[INFO] [stdout] 58 | impl<K: Ord, V> TagTree<K, V> {
[INFO] [stdout]    | ----------------------------- associated items in this implementation
[INFO] [stdout] ...
[INFO] [stdout] 87 |     fn single(key: Vec<K>, value: V) -> Self {
[INFO] [stdout]    |        ^^^^^^
[INFO] [stdout] ...
[INFO] [stdout] 96 |     fn filter_map_values<W>(self, f: &impl Fn(V) -> Option<W>) -> Option<TagTree<K, W>> {
[INFO] [stdout]    |        ^^^^^^^^^^^^^^^^^
[INFO] [stdout] 
[INFO] [stdout] 
[INFO] [stdout] warning: method `inner_join_with` is never used
[INFO] [stdout]    --> src/radix_tree.rs:142:8
[INFO] [stdout]     |
[INFO] [stdout] 107 | impl<K: Ord + Clone, V: Clone> TagTree<K, V> {
[INFO] [stdout]     | -------------------------------------------- method in this implementation
[INFO] [stdout] ...
[INFO] [stdout] 142 |     fn inner_join_with(&self, that: &Self, f: &impl Fn(&V, &V) -> Option<V>) -> Option<Self> {
[INFO] [stdout]     |        ^^^^^^^^^^^^^^^
[INFO] [stdout] 
[INFO] [stdout] 
[INFO] [stdout] warning: methods `min` and `max` are never used
[INFO] [stdout]    --> src/radix_tree.rs:164:8
[INFO] [stdout]     |
[INFO] [stdout] 163 | impl<K: Ord + Clone, V: Ord + Clone + Zero> TagTree<K, V> {
[INFO] [stdout]     | --------------------------------------------------------- methods in this implementation
[INFO] [stdout] 164 |     fn min(&self, that: &Self) -> Self {
[INFO] [stdout]     |        ^^^
[INFO] [stdout] ...
[INFO] [stdout] 169 |     fn max(&self, that: &Self) -> Self {
[INFO] [stdout]     |        ^^^
[INFO] [stdout] 
[INFO] [stdout] 
[INFO] [stdout] warning: associated function `from_range_bounds` is never used
[INFO] [stdout]    --> src/range_set.rs:175:8
[INFO] [stdout]     |
[INFO] [stdout] 174 | impl<T: Ord + Clone> RangeSet<T> {
[INFO] [stdout]     | -------------------------------- associated function in this implementation
[INFO] [stdout] 175 |     fn from_range_bounds<R: RangeBounds<T>>(r: R) -> std::result::Result<Self, ()> {
[INFO] [stdout]     |        ^^^^^^^^^^^^^^^^^
[INFO] [stdout] 
[INFO] [stdout] 
[INFO] [stdout] warning: the type `SmallVec<A>` does not permit being left uninitialized
[INFO] [stdout]    --> src/flip_buffer/small_vec_builder.rs:177:57
[INFO] [stdout]     |
[INFO] [stdout] 177 |         let v = std::mem::replace(&mut self.v, unsafe { std::mem::uninitialized() });
[INFO] [stdout]     |                                                         ^^^^^^^^^^^^^^^^^^^^^^^^^
[INFO] [stdout]     |                                                         |
[INFO] [stdout]     |                                                         this code causes undefined behavior when executed
[INFO] [stdout]     |                                                         help: use `MaybeUninit<T>` instead, and only call `assume_init` after initialization is done
[INFO] [stdout]     |
[INFO] [stdout]     = note: integers must be initialized
[INFO] [stdout]     = note: `#[warn(invalid_value)]` on by default
[INFO] [stdout] 
[INFO] [stdout] 
[INFO] [stdout] warning: 12 warnings emitted
[INFO] [stdout] 
[INFO] [stdout] 
[INFO] [stderr]     Finished dev [unoptimized + debuginfo] target(s) in 12.22s
[INFO] running `Command { std: "docker" "inspect" "555cb4fbf3d4f17804f7b65ae9e682026b26b578ec177c49fee4b1bff0e4b8c5", kill_on_drop: false }`
[INFO] running `Command { std: "docker" "rm" "-f" "555cb4fbf3d4f17804f7b65ae9e682026b26b578ec177c49fee4b1bff0e4b8c5", kill_on_drop: false }`
[INFO] [stdout] 555cb4fbf3d4f17804f7b65ae9e682026b26b578ec177c49fee4b1bff0e4b8c5
[INFO] running `Command { std: "docker" "create" "-v" "/var/lib/crater-agent-workspace/builds/worker-6-tc2/target:/opt/rustwide/target:rw,Z" "-v" "/var/lib/crater-agent-workspace/builds/worker-6-tc2/source:/opt/rustwide/workdir:ro,Z" "-v" "/var/lib/crater-agent-workspace/cargo-home:/opt/rustwide/cargo-home:ro,Z" "-v" "/var/lib/crater-agent-workspace/rustup-home:/opt/rustwide/rustup-home:ro,Z" "-e" "SOURCE_DIR=/opt/rustwide/workdir" "-e" "CARGO_TARGET_DIR=/opt/rustwide/target" "-e" "CARGO_INCREMENTAL=0" "-e" "RUST_BACKTRACE=full" "-e" "RUSTFLAGS=--cap-lints=warn" "-e" "RUSTDOCFLAGS=--cap-lints=warn" "-e" "CARGO_HOME=/opt/rustwide/cargo-home" "-e" "RUSTUP_HOME=/opt/rustwide/rustup-home" "-w" "/opt/rustwide/workdir" "-m" "1610612736" "--user" "0:0" "--network" "none" "ghcr.io/rust-lang/crates-build-env/linux@sha256:2788e3201cd34a07e3172128adcd8b3090168a8e3bcc40d7c032b9dda1df7d1c" "/opt/rustwide/cargo-home/bin/cargo" "+beta-2023-12-22" "test" "--frozen" "--no-run" "--message-format=json", kill_on_drop: false }`
[INFO] [stdout] a68a4eac4e43c32b5cab612e702c98f9e1c83a5b76cf848f6c5b8f8de9c242ae
[INFO] running `Command { std: "docker" "start" "-a" "a68a4eac4e43c32b5cab612e702c98f9e1c83a5b76cf848f6c5b8f8de9c242ae", kill_on_drop: false }`
[INFO] [stderr]    Compiling rand_core v0.4.2
[INFO] [stderr]    Compiling libc v0.2.65
[INFO] [stderr]    Compiling cfg-if v0.1.10
[INFO] [stderr]    Compiling memchr v2.2.1
[INFO] [stderr]    Compiling proc-macro2 v0.4.30
[INFO] [stderr]    Compiling getrandom v0.1.13
[INFO] [stderr]    Compiling rand_chacha v0.1.1
[INFO] [stderr]    Compiling rand_pcg v0.1.2
[INFO] [stderr]    Compiling log v0.4.8
[INFO] [stderr]    Compiling unicode-xid v0.1.0
[INFO] [stderr]    Compiling lazy_static v1.4.0
[INFO] [stderr]    Compiling rand v0.6.5
[INFO] [stderr]    Compiling regex-syntax v0.6.12
[INFO] [stderr]    Compiling ppv-lite86 v0.2.6
[INFO] [stderr]    Compiling syn v0.15.44
[INFO] [stderr]    Compiling ryu v1.0.2
[INFO] [stderr]    Compiling itoa v0.4.4
[INFO] [stderr]    Compiling thread_local v0.3.6
[INFO] [stderr]    Compiling maplit v1.0.2
[INFO] [stderr]    Compiling rand_core v0.3.1
[INFO] [stderr]    Compiling rand_hc v0.1.0
[INFO] [stderr]    Compiling rand_xorshift v0.1.1
[INFO] [stderr]    Compiling rand_isaac v0.1.1
[INFO] [stderr]    Compiling rand_jitter v0.1.4
[INFO] [stderr]    Compiling c2-chacha v0.2.3
[INFO] [stderr]    Compiling testdrop v0.1.2
[INFO] [stdout] warning: unused import: `VecSet`
[INFO] [stdout]  --> src/total_vec_set.rs:1:13
[INFO] [stdout]   |
[INFO] [stdout] 1 | use crate::{VecSet, VecSet2};
[INFO] [stdout]   |             ^^^^^^
[INFO] [stdout]   |
[INFO] [stdout]   = note: `#[warn(unused_imports)]` on by default
[INFO] [stdout] 
[INFO] [stdout] 
[INFO] [stdout] warning: unused import: `UnsafeSliceMergeState`
[INFO] [stdout]  --> src/vec_set.rs:6:30
[INFO] [stdout]   |
[INFO] [stdout] 6 |     UnsafeInPlaceMergeState, UnsafeSliceMergeState, VecMergeState, SmallVecInPlaceMergeState,
[INFO] [stdout]   |                              ^^^^^^^^^^^^^^^^^^^^^
[INFO] [stdout] 
[INFO] [stdout] 
[INFO] [stdout] warning: use of deprecated function `std::mem::uninitialized`: use `mem::MaybeUninit` instead
[INFO] [stdout]    --> src/flip_buffer/small_vec_builder.rs:177:67
[INFO] [stdout]     |
[INFO] [stdout] 177 |         let v = std::mem::replace(&mut self.v, unsafe { std::mem::uninitialized() });
[INFO] [stdout]     |                                                                   ^^^^^^^^^^^^^
[INFO] [stdout]     |
[INFO] [stdout]     = note: `#[warn(deprecated)]` on by default
[INFO] [stdout] 
[INFO] [stdout] 
[INFO] [stdout] warning: associated function `merge` is never used
[INFO] [stdout]   --> src/merge_state.rs:70:12
[INFO] [stdout]    |
[INFO] [stdout] 61 | impl<'a, A: Array, B: Array> SmallVecInPlaceMergeState<A, B> {
[INFO] [stdout]    | ------------------------------------------------------------ associated function in this implementation
[INFO] [stdout] ...
[INFO] [stdout] 70 |     pub fn merge<O: MergeOperation<A::Item, B::Item, Self>>(a: &mut SmallVec<A>, b: SmallVec<B>, o: O) {
[INFO] [stdout]    |            ^^^^^
[INFO] [stdout]    |
[INFO] [stdout]    = note: `#[warn(dead_code)]` on by default
[INFO] [stdout] 
[INFO] [stdout] 
[INFO] [stdout] warning: associated function `merge` is never used
[INFO] [stdout]    --> src/merge_state.rs:344:12
[INFO] [stdout]     |
[INFO] [stdout] 320 | impl<'a, A, B, Arr: Array> SmallVecMergeState<'a, A, B, Arr> {
[INFO] [stdout]     | ------------------------------------------------------------ associated function in this implementation
[INFO] [stdout] ...
[INFO] [stdout] 344 |     pub fn merge<O: MergeOperation<A, B, Self>>(a: &'a [A], b: &'a [B], o: O) -> SmallVec<Arr> {
[INFO] [stdout]     |            ^^^^^
[INFO] [stdout] 
[INFO] [stdout] 
[INFO] [stdout] warning: associated function `merge` is never used
[INFO] [stdout]    --> src/merge_state.rs:476:12
[INFO] [stdout]     |
[INFO] [stdout] 475 | impl<T> UnsafeSliceMergeState<T> {
[INFO] [stdout]     | -------------------------------- associated function in this implementation
[INFO] [stdout] 476 |     pub fn merge<O: ShortcutMergeOperation<T, T, Self>>(
[INFO] [stdout]     |            ^^^^^
[INFO] [stdout] 
[INFO] [stdout] 
[INFO] [stdout] warning: function `dedup` is never used
[INFO] [stdout]   --> src/dedup.rs:28:4
[INFO] [stdout]    |
[INFO] [stdout] 28 | fn dedup<T: Eq>(d: &mut [T], keep: Keep) -> usize {
[INFO] [stdout]    |    ^^^^^
[INFO] [stdout] 
[INFO] [stdout] 
[INFO] [stdout] warning: associated items `single` and `filter_map_values` are never used
[INFO] [stdout]   --> src/radix_tree.rs:87:8
[INFO] [stdout]    |
[INFO] [stdout] 58 | impl<K: Ord, V> TagTree<K, V> {
[INFO] [stdout]    | ----------------------------- associated items in this implementation
[INFO] [stdout] ...
[INFO] [stdout] 87 |     fn single(key: Vec<K>, value: V) -> Self {
[INFO] [stdout]    |        ^^^^^^
[INFO] [stdout] ...
[INFO] [stdout] 96 |     fn filter_map_values<W>(self, f: &impl Fn(V) -> Option<W>) -> Option<TagTree<K, W>> {
[INFO] [stdout]    |        ^^^^^^^^^^^^^^^^^
[INFO] [stdout] 
[INFO] [stdout] 
[INFO] [stdout] warning: method `inner_join_with` is never used
[INFO] [stdout]    --> src/radix_tree.rs:142:8
[INFO] [stdout]     |
[INFO] [stdout] 107 | impl<K: Ord + Clone, V: Clone> TagTree<K, V> {
[INFO] [stdout]     | -------------------------------------------- method in this implementation
[INFO] [stdout] ...
[INFO] [stdout] 142 |     fn inner_join_with(&self, that: &Self, f: &impl Fn(&V, &V) -> Option<V>) -> Option<Self> {
[INFO] [stdout]     |        ^^^^^^^^^^^^^^^
[INFO] [stdout] 
[INFO] [stdout] 
[INFO] [stdout] warning: methods `min` and `max` are never used
[INFO] [stdout]    --> src/radix_tree.rs:164:8
[INFO] [stdout]     |
[INFO] [stdout] 163 | impl<K: Ord + Clone, V: Ord + Clone + Zero> TagTree<K, V> {
[INFO] [stdout]     | --------------------------------------------------------- methods in this implementation
[INFO] [stdout] 164 |     fn min(&self, that: &Self) -> Self {
[INFO] [stdout]     |        ^^^
[INFO] [stdout] ...
[INFO] [stdout] 169 |     fn max(&self, that: &Self) -> Self {
[INFO] [stdout]     |        ^^^
[INFO] [stdout] 
[INFO] [stdout] 
[INFO] [stdout] warning: associated function `from_range_bounds` is never used
[INFO] [stdout]    --> src/range_set.rs:175:8
[INFO] [stdout]     |
[INFO] [stdout] 174 | impl<T: Ord + Clone> RangeSet<T> {
[INFO] [stdout]     | -------------------------------- associated function in this implementation
[INFO] [stdout] 175 |     fn from_range_bounds<R: RangeBounds<T>>(r: R) -> std::result::Result<Self, ()> {
[INFO] [stdout]     |        ^^^^^^^^^^^^^^^^^
[INFO] [stdout] 
[INFO] [stdout] 
[INFO] [stdout] warning: the type `SmallVec<A>` does not permit being left uninitialized
[INFO] [stdout]    --> src/flip_buffer/small_vec_builder.rs:177:57
[INFO] [stdout]     |
[INFO] [stdout] 177 |         let v = std::mem::replace(&mut self.v, unsafe { std::mem::uninitialized() });
[INFO] [stdout]     |                                                         ^^^^^^^^^^^^^^^^^^^^^^^^^
[INFO] [stdout]     |                                                         |
[INFO] [stdout]     |                                                         this code causes undefined behavior when executed
[INFO] [stdout]     |                                                         help: use `MaybeUninit<T>` instead, and only call `assume_init` after initialization is done
[INFO] [stdout]     |
[INFO] [stdout]     = note: integers must be initialized
[INFO] [stdout]     = note: `#[warn(invalid_value)]` on by default
[INFO] [stdout] 
[INFO] [stdout] 
[INFO] [stdout] warning: 12 warnings emitted
[INFO] [stdout] 
[INFO] [stdout] 
[INFO] [stderr]    Compiling serde_json v1.0.41
[INFO] [stderr]    Compiling aho-corasick v0.7.6
[INFO] [stderr]    Compiling rand_os v0.1.3
[INFO] [stderr]    Compiling quote v0.6.13
[INFO] [stderr]    Compiling rand_core v0.5.1
[INFO] [stderr]    Compiling rand_chacha v0.2.1
[INFO] [stderr]    Compiling rand v0.7.2
[INFO] [stderr]    Compiling regex v1.3.1
[INFO] [stderr]    Compiling env_logger v0.6.2
[INFO] [stderr]    Compiling quickcheck v0.8.5
[INFO] [stderr]    Compiling quickcheck_macros v0.8.0
[INFO] [stderr]    Compiling vec-collections v0.1.1 (/opt/rustwide/workdir)
[INFO] [stdout] warning: unused `#[macro_use]` import
[INFO] [stdout]  --> src/lib.rs:2:1
[INFO] [stdout]   |
[INFO] [stdout] 2 | #[macro_use]
[INFO] [stdout]   | ^^^^^^^^^^^^
[INFO] [stdout]   |
[INFO] [stdout]   = note: `#[warn(unused_imports)]` on by default
[INFO] [stdout] 
[INFO] [stdout] 
[INFO] [stdout] warning: unused import: `VecSet`
[INFO] [stdout]  --> src/total_vec_set.rs:1:13
[INFO] [stdout]   |
[INFO] [stdout] 1 | use crate::{VecSet, VecSet2};
[INFO] [stdout]   |             ^^^^^^
[INFO] [stdout] 
[INFO] [stdout] 
[INFO] [stdout] warning: use of deprecated function `std::mem::uninitialized`: use `mem::MaybeUninit` instead
[INFO] [stdout]    --> src/flip_buffer/small_vec_builder.rs:177:67
[INFO] [stdout]     |
[INFO] [stdout] 177 |         let v = std::mem::replace(&mut self.v, unsafe { std::mem::uninitialized() });
[INFO] [stdout]     |                                                                   ^^^^^^^^^^^^^
[INFO] [stdout]     |
[INFO] [stdout]     = note: `#[warn(deprecated)]` on by default
[INFO] [stdout] 
[INFO] [stdout] 
[INFO] [stdout] warning: associated function `merge` is never used
[INFO] [stdout]   --> src/merge_state.rs:70:12
[INFO] [stdout]    |
[INFO] [stdout] 61 | impl<'a, A: Array, B: Array> SmallVecInPlaceMergeState<A, B> {
[INFO] [stdout]    | ------------------------------------------------------------ associated function in this implementation
[INFO] [stdout] ...
[INFO] [stdout] 70 |     pub fn merge<O: MergeOperation<A::Item, B::Item, Self>>(a: &mut SmallVec<A>, b: SmallVec<B>, o: O) {
[INFO] [stdout]    |            ^^^^^
[INFO] [stdout]    |
[INFO] [stdout]    = note: `#[warn(dead_code)]` on by default
[INFO] [stdout] 
[INFO] [stdout] 
[INFO] [stdout] warning: associated function `merge` is never used
[INFO] [stdout]    --> src/merge_state.rs:344:12
[INFO] [stdout]     |
[INFO] [stdout] 320 | impl<'a, A, B, Arr: Array> SmallVecMergeState<'a, A, B, Arr> {
[INFO] [stdout]     | ------------------------------------------------------------ associated function in this implementation
[INFO] [stdout] ...
[INFO] [stdout] 344 |     pub fn merge<O: MergeOperation<A, B, Self>>(a: &'a [A], b: &'a [B], o: O) -> SmallVec<Arr> {
[INFO] [stdout]     |            ^^^^^
[INFO] [stdout] 
[INFO] [stdout] 
[INFO] [stdout] warning: function `print_on_failure_unary` is never used
[INFO] [stdout]    --> src/total_vec_set.rs:285:8
[INFO] [stdout]     |
[INFO] [stdout] 285 |     fn print_on_failure_unary<E: Debug, R: Eq + Debug>(x: E, expected: R, actual: R) -> bool {
[INFO] [stdout]     |        ^^^^^^^^^^^^^^^^^^^^^^
[INFO] [stdout] 
[INFO] [stdout] 
[INFO] [stdout] warning: function `dedup` is never used
[INFO] [stdout]   --> src/dedup.rs:28:4
[INFO] [stdout]    |
[INFO] [stdout] 28 | fn dedup<T: Eq>(d: &mut [T], keep: Keep) -> usize {
[INFO] [stdout]    |    ^^^^^
[INFO] [stdout] 
[INFO] [stdout] 
[INFO] [stdout] warning: method `filter_map_values` is never used
[INFO] [stdout]   --> src/radix_tree.rs:96:8
[INFO] [stdout]    |
[INFO] [stdout] 58 | impl<K: Ord, V> TagTree<K, V> {
[INFO] [stdout]    | ----------------------------- method in this implementation
[INFO] [stdout] ...
[INFO] [stdout] 96 |     fn filter_map_values<W>(self, f: &impl Fn(V) -> Option<W>) -> Option<TagTree<K, W>> {
[INFO] [stdout]    |        ^^^^^^^^^^^^^^^^^
[INFO] [stdout] 
[INFO] [stdout] 
[INFO] [stdout] warning: method `max` is never used
[INFO] [stdout]    --> src/radix_tree.rs:169:8
[INFO] [stdout]     |
[INFO] [stdout] 163 | impl<K: Ord + Clone, V: Ord + Clone + Zero> TagTree<K, V> {
[INFO] [stdout]     | --------------------------------------------------------- method in this implementation
[INFO] [stdout] ...
[INFO] [stdout] 169 |     fn max(&self, that: &Self) -> Self {
[INFO] [stdout]     |        ^^^
[INFO] [stdout] 
[INFO] [stdout] 
[INFO] [stdout] warning: the type `smallvec::SmallVec<A>` does not permit being left uninitialized
[INFO] [stdout]    --> src/flip_buffer/small_vec_builder.rs:177:57
[INFO] [stdout]     |
[INFO] [stdout] 177 |         let v = std::mem::replace(&mut self.v, unsafe { std::mem::uninitialized() });
[INFO] [stdout]     |                                                         ^^^^^^^^^^^^^^^^^^^^^^^^^
[INFO] [stdout]     |                                                         |
[INFO] [stdout]     |                                                         this code causes undefined behavior when executed
[INFO] [stdout]     |                                                         help: use `MaybeUninit<T>` instead, and only call `assume_init` after initialization is done
[INFO] [stdout]     |
[INFO] [stdout]     = note: integers must be initialized
[INFO] [stdout]     = note: `#[warn(invalid_value)]` on by default
[INFO] [stdout] 
[INFO] [stdout] 
[INFO] [stdout] warning: 10 warnings emitted
[INFO] [stdout] 
[INFO] [stdout] 
[INFO] [stderr]     Finished test [unoptimized + debuginfo] target(s) in 12.79s
[INFO] running `Command { std: "docker" "inspect" "a68a4eac4e43c32b5cab612e702c98f9e1c83a5b76cf848f6c5b8f8de9c242ae", kill_on_drop: false }`
[INFO] running `Command { std: "docker" "rm" "-f" "a68a4eac4e43c32b5cab612e702c98f9e1c83a5b76cf848f6c5b8f8de9c242ae", kill_on_drop: false }`
[INFO] [stdout] a68a4eac4e43c32b5cab612e702c98f9e1c83a5b76cf848f6c5b8f8de9c242ae
[INFO] running `Command { std: "docker" "create" "-v" "/var/lib/crater-agent-workspace/builds/worker-6-tc2/target:/opt/rustwide/target:rw,Z" "-v" "/var/lib/crater-agent-workspace/builds/worker-6-tc2/source:/opt/rustwide/workdir:ro,Z" "-v" "/var/lib/crater-agent-workspace/cargo-home:/opt/rustwide/cargo-home:ro,Z" "-v" "/var/lib/crater-agent-workspace/rustup-home:/opt/rustwide/rustup-home:ro,Z" "-e" "SOURCE_DIR=/opt/rustwide/workdir" "-e" "CARGO_TARGET_DIR=/opt/rustwide/target" "-e" "CARGO_INCREMENTAL=0" "-e" "RUST_BACKTRACE=full" "-e" "RUSTFLAGS=--cap-lints=warn" "-e" "RUSTDOCFLAGS=--cap-lints=warn" "-e" "CARGO_HOME=/opt/rustwide/cargo-home" "-e" "RUSTUP_HOME=/opt/rustwide/rustup-home" "-w" "/opt/rustwide/workdir" "-m" "1610612736" "--user" "0:0" "--network" "none" "ghcr.io/rust-lang/crates-build-env/linux@sha256:2788e3201cd34a07e3172128adcd8b3090168a8e3bcc40d7c032b9dda1df7d1c" "/opt/rustwide/cargo-home/bin/cargo" "+beta-2023-12-22" "test" "--frozen", kill_on_drop: false }`
[INFO] [stdout] 5466f149c490fe6b5c9e616ddb92150a4137f613dc1dbc2cec39d768dbf00cac
[INFO] running `Command { std: "docker" "start" "-a" "5466f149c490fe6b5c9e616ddb92150a4137f613dc1dbc2cec39d768dbf00cac", kill_on_drop: false }`
[INFO] [stderr] warning: unused import: `VecSet`
[INFO] [stderr]  --> src/total_vec_set.rs:1:13
[INFO] [stderr]   |
[INFO] [stderr] 1 | use crate::{VecSet, VecSet2};
[INFO] [stderr]   |             ^^^^^^
[INFO] [stderr]   |
[INFO] [stderr]   = note: `#[warn(unused_imports)]` on by default
[INFO] [stderr] 
[INFO] [stderr] warning: unused import: `UnsafeSliceMergeState`
[INFO] [stderr]  --> src/vec_set.rs:6:30
[INFO] [stderr]   |
[INFO] [stderr] 6 |     UnsafeInPlaceMergeState, UnsafeSliceMergeState, VecMergeState, SmallVecInPlaceMergeState,
[INFO] [stderr]   |                              ^^^^^^^^^^^^^^^^^^^^^
[INFO] [stderr] 
[INFO] [stderr] warning: use of deprecated function `std::mem::uninitialized`: use `mem::MaybeUninit` instead
[INFO] [stderr]    --> src/flip_buffer/small_vec_builder.rs:177:67
[INFO] [stderr]     |
[INFO] [stderr] 177 |         let v = std::mem::replace(&mut self.v, unsafe { std::mem::uninitialized() });
[INFO] [stderr]     |                                                                   ^^^^^^^^^^^^^
[INFO] [stderr]     |
[INFO] [stderr]     = note: `#[warn(deprecated)]` on by default
[INFO] [stderr] 
[INFO] [stderr] warning: associated function `merge` is never used
[INFO] [stderr]   --> src/merge_state.rs:70:12
[INFO] [stderr]    |
[INFO] [stderr] 61 | impl<'a, A: Array, B: Array> SmallVecInPlaceMergeState<A, B> {
[INFO] [stderr]    | ------------------------------------------------------------ associated function in this implementation
[INFO] [stderr] ...
[INFO] [stderr] 70 |     pub fn merge<O: MergeOperation<A::Item, B::Item, Self>>(a: &mut SmallVec<A>, b: SmallVec<B>, o: O) {
[INFO] [stderr]    |            ^^^^^
[INFO] [stderr]    |
[INFO] [stderr]    = note: `#[warn(dead_code)]` on by default
[INFO] [stderr] 
[INFO] [stderr] warning: associated function `merge` is never used
[INFO] [stderr]    --> src/merge_state.rs:344:12
[INFO] [stderr]     |
[INFO] [stderr] 320 | impl<'a, A, B, Arr: Array> SmallVecMergeState<'a, A, B, Arr> {
[INFO] [stderr]     | ------------------------------------------------------------ associated function in this implementation
[INFO] [stderr] ...
[INFO] [stderr] 344 |     pub fn merge<O: MergeOperation<A, B, Self>>(a: &'a [A], b: &'a [B], o: O) -> SmallVec<Arr> {
[INFO] [stderr]     |            ^^^^^
[INFO] [stderr] 
[INFO] [stderr] warning: associated function `merge` is never used
[INFO] [stderr]    --> src/merge_state.rs:476:12
[INFO] [stderr]     |
[INFO] [stderr] 475 | impl<T> UnsafeSliceMergeState<T> {
[INFO] [stderr]     | -------------------------------- associated function in this implementation
[INFO] [stderr] 476 |     pub fn merge<O: ShortcutMergeOperation<T, T, Self>>(
[INFO] [stderr]     |            ^^^^^
[INFO] [stderr] 
[INFO] [stderr] warning: function `dedup` is never used
[INFO] [stderr]   --> src/dedup.rs:28:4
[INFO] [stderr]    |
[INFO] [stderr] 28 | fn dedup<T: Eq>(d: &mut [T], keep: Keep) -> usize {
[INFO] [stderr]    |    ^^^^^
[INFO] [stderr] 
[INFO] [stderr] warning: associated items `single` and `filter_map_values` are never used
[INFO] [stderr]   --> src/radix_tree.rs:87:8
[INFO] [stderr]    |
[INFO] [stderr] 58 | impl<K: Ord, V> TagTree<K, V> {
[INFO] [stderr]    | ----------------------------- associated items in this implementation
[INFO] [stderr] ...
[INFO] [stderr] 87 |     fn single(key: Vec<K>, value: V) -> Self {
[INFO] [stderr]    |        ^^^^^^
[INFO] [stderr] ...
[INFO] [stderr] 96 |     fn filter_map_values<W>(self, f: &impl Fn(V) -> Option<W>) -> Option<TagTree<K, W>> {
[INFO] [stderr]    |        ^^^^^^^^^^^^^^^^^
[INFO] [stderr] 
[INFO] [stderr] warning: method `inner_join_with` is never used
[INFO] [stderr]    --> src/radix_tree.rs:142:8
[INFO] [stderr]     |
[INFO] [stderr] 107 | impl<K: Ord + Clone, V: Clone> TagTree<K, V> {
[INFO] [stderr]     | -------------------------------------------- method in this implementation
[INFO] [stderr] ...
[INFO] [stderr] 142 |     fn inner_join_with(&self, that: &Self, f: &impl Fn(&V, &V) -> Option<V>) -> Option<Self> {
[INFO] [stderr]     |        ^^^^^^^^^^^^^^^
[INFO] [stderr] 
[INFO] [stderr] warning: methods `min` and `max` are never used
[INFO] [stderr]    --> src/radix_tree.rs:164:8
[INFO] [stderr]     |
[INFO] [stderr] 163 | impl<K: Ord + Clone, V: Ord + Clone + Zero> TagTree<K, V> {
[INFO] [stderr]     | --------------------------------------------------------- methods in this implementation
[INFO] [stderr] 164 |     fn min(&self, that: &Self) -> Self {
[INFO] [stderr]     |        ^^^
[INFO] [stderr] ...
[INFO] [stderr] 169 |     fn max(&self, that: &Self) -> Self {
[INFO] [stderr]     |        ^^^
[INFO] [stderr] 
[INFO] [stderr] warning: associated function `from_range_bounds` is never used
[INFO] [stderr]    --> src/range_set.rs:175:8
[INFO] [stderr]     |
[INFO] [stderr] 174 | impl<T: Ord + Clone> RangeSet<T> {
[INFO] [stderr]     | -------------------------------- associated function in this implementation
[INFO] [stderr] 175 |     fn from_range_bounds<R: RangeBounds<T>>(r: R) -> std::result::Result<Self, ()> {
[INFO] [stderr]     |        ^^^^^^^^^^^^^^^^^
[INFO] [stderr] 
[INFO] [stderr] warning: the type `SmallVec<A>` does not permit being left uninitialized
[INFO] [stderr]    --> src/flip_buffer/small_vec_builder.rs:177:57
[INFO] [stderr]     |
[INFO] [stderr] 177 |         let v = std::mem::replace(&mut self.v, unsafe { std::mem::uninitialized() });
[INFO] [stderr]     |                                                         ^^^^^^^^^^^^^^^^^^^^^^^^^
[INFO] [stderr]     |                                                         |
[INFO] [stderr]     |                                                         this code causes undefined behavior when executed
[INFO] [stderr]     |                                                         help: use `MaybeUninit<T>` instead, and only call `assume_init` after initialization is done
[INFO] [stderr]     |
[INFO] [stderr]     = note: integers must be initialized
[INFO] [stderr]     = note: `#[warn(invalid_value)]` on by default
[INFO] [stderr] 
[INFO] [stderr] warning: `vec-collections` (lib) generated 12 warnings (run `cargo fix --lib -p vec-collections` to apply 2 suggestions)
[INFO] [stderr] warning: unused `#[macro_use]` import
[INFO] [stderr]  --> src/lib.rs:2:1
[INFO] [stderr]   |
[INFO] [stderr] 2 | #[macro_use]
[INFO] [stderr]   | ^^^^^^^^^^^^
[INFO] [stderr]   |
[INFO] [stderr]   = note: `#[warn(unused_imports)]` on by default
[INFO] [stderr] 
[INFO] [stderr] warning: unused import: `VecSet`
[INFO] [stderr]  --> src/total_vec_set.rs:1:13
[INFO] [stderr]   |
[INFO] [stderr] 1 | use crate::{VecSet, VecSet2};
[INFO] [stderr]   |             ^^^^^^
[INFO] [stderr] 
[INFO] [stderr] warning: function `print_on_failure_unary` is never used
[INFO] [stderr]    --> src/total_vec_set.rs:285:8
[INFO] [stderr]     |
[INFO] [stderr] 285 |     fn print_on_failure_unary<E: Debug, R: Eq + Debug>(x: E, expected: R, actual: R) -> bool {
[INFO] [stderr]     |        ^^^^^^^^^^^^^^^^^^^^^^
[INFO] [stderr] 
[INFO] [stderr] warning: method `filter_map_values` is never used
[INFO] [stderr]   --> src/radix_tree.rs:96:8
[INFO] [stderr]    |
[INFO] [stderr] 58 | impl<K: Ord, V> TagTree<K, V> {
[INFO] [stderr]    | ----------------------------- method in this implementation
[INFO] [stderr] ...
[INFO] [stderr] 96 |     fn filter_map_values<W>(self, f: &impl Fn(V) -> Option<W>) -> Option<TagTree<K, W>> {
[INFO] [stderr]    |        ^^^^^^^^^^^^^^^^^
[INFO] [stderr] 
[INFO] [stderr] warning: method `max` is never used
[INFO] [stderr]    --> src/radix_tree.rs:169:8
[INFO] [stderr]     |
[INFO] [stderr] 163 | impl<K: Ord + Clone, V: Ord + Clone + Zero> TagTree<K, V> {
[INFO] [stderr]     | --------------------------------------------------------- method in this implementation
[INFO] [stderr] ...
[INFO] [stderr] 169 |     fn max(&self, that: &Self) -> Self {
[INFO] [stderr]     |        ^^^
[INFO] [stderr] 
[INFO] [stderr] warning: the type `smallvec::SmallVec<A>` does not permit being left uninitialized
[INFO] [stderr]    --> src/flip_buffer/small_vec_builder.rs:177:57
[INFO] [stderr]     |
[INFO] [stderr] 177 |         let v = std::mem::replace(&mut self.v, unsafe { std::mem::uninitialized() });
[INFO] [stderr]     |                                                         ^^^^^^^^^^^^^^^^^^^^^^^^^
[INFO] [stderr]     |                                                         |
[INFO] [stderr]     |                                                         this code causes undefined behavior when executed
[INFO] [stderr]     |                                                         help: use `MaybeUninit<T>` instead, and only call `assume_init` after initialization is done
[INFO] [stderr]     |
[INFO] [stderr]     = note: integers must be initialized
[INFO] [stderr]     = note: `#[warn(invalid_value)]` on by default
[INFO] [stderr] 
[INFO] [stderr] warning: `vec-collections` (lib test) generated 10 warnings (4 duplicates) (run `cargo fix --lib -p vec-collections --tests` to apply 1 suggestion)
[INFO] [stderr]     Finished test [unoptimized + debuginfo] target(s) in 0.07s
[INFO] [stderr]      Running unittests src/lib.rs (/opt/rustwide/target/debug/deps/vec_collections-4174d49fa45f77b7)
[INFO] [stdout] 
[INFO] [stdout] running 137 tests
[INFO] [stdout] test flip_buffer::small_vec_builder::tests::source_move_all ... ok
[INFO] [stdout] test flip_buffer::small_vec_builder::tests::source_drop_all ... ok
[INFO] [stdout] test flip_buffer::small_vec_builder::tests::source_drop_some ... ok
[INFO] [stdout] test dedup::tests::sort_and_dedup_by_test ... ok
[INFO] [stdout] test flip_buffer::small_vec_builder::tests::source_pop_some ... ok
[INFO] [stdout] test flip_buffer::small_vec_builder::tests::drop_just_source ... ok
[INFO] [stdout] test flip_buffer::small_vec_builder::tests::source_move_some ... ok
[INFO] [stdout] test flip_buffer::tests::builder ... ok
[INFO] [stdout] test flip_buffer::tests::drop_just_source ... ok
[INFO] [stdout] test flip_buffer::tests::source_drop_all ... ok
[INFO] [stdout] test range_set::tests::bitand_empty_neutral ... ok
[INFO] [stdout] test flip_buffer::tests::source_move_all ... ok
[INFO] [stdout] test flip_buffer::small_vec_builder::tests::target_push_gap ... ok
[INFO] [stdout] test flip_buffer::tests::source_pop_some ... ok
[INFO] [stdout] test flip_buffer::tests::source_move_some ... ok
[INFO] [stdout] test range_set::tests::bitor_all_all ... ok
[INFO] [stdout] test range_set::tests::all_is_all ... ok
[INFO] [stdout] test radix_tree::tests::smoke_test ... ok
[INFO] [stdout] test flip_buffer::tests::target_push_gap ... ok
[INFO] [stdout] test flip_buffer::tests::source_drop_some ... ok
[INFO] [stdout] test range_set::tests::bitand_all_neutral ... ok
[INFO] [stdout] test range_set::tests::bitxor_empty_neutral ... ok
[INFO] [stdout] test range_set::tests::bitor_empty_neutral ... ok
[INFO] [stdout] test range_set::tests::bitor_symmetric ... ok
[INFO] [stdout] test range_set::tests::bitor_assign_consistent ... ok
[INFO] [stdout] test range_set::tests::smoke_test ... ok
[INFO] [stdout] test range_set::tests::not_not_neutral ... ok
[INFO] [stdout] test range_set::tests::ranges_consistent ... ok
[INFO] [stdout] test range_set::tests::bitxor_assign_consistent ... ok
[INFO] [stdout] test range_set::tests::sub_empty_neutral ... ok
[INFO] [stdout] test range_set::tests::sub_assign_consistent ... ok
[INFO] [stdout] test range_set::tests::bitxor_all_not ... ok
[INFO] [stdout] test range_set::tests::negation_check ... ok
[INFO] [stdout] test range_set::tests::sub_all_not ... ok
[INFO] [stdout] test dedup::tests::sort_and_dedup_check ... ok
[INFO] [stdout] test sonic_reducer::tests::reduce_numbers ... ok
[INFO] [stdout] test sonic_reducer::tests::sum ... ok
[INFO] [stdout] test total_vec_map::tests::index ... ok
[INFO] [stdout] test range_set::tests::is_subset_sample ... ok
[INFO] [stdout] test range_set::tests::bitxor_symmetric ... ok
[INFO] [stdout] test range_set::tests::intersection_check ... ok
[INFO] [stdout] test range_set::tests::bitand_symmetric ... ok
[INFO] [stdout] test dedup::tests::dsort_and_dedup_by_check ... ok
[INFO] [stdout] test range_set::tests::bitand_assign_consistent ... ok
[INFO] [stderr] thread 'total_vec_set::tests::bitand_assign_consistent' panicked at library/core/src/panicking.rs:155:5:
[INFO] [stderr] attempted to leave type `smallvec::SmallVec<[i64; 2]>` uninitialized, which is invalid
[INFO] [stderr] stack backtrace:
[INFO] [stderr]    0:     0x556f6c1ff226 - std::backtrace_rs::backtrace::libunwind::trace::h261606ad26a499c1
[INFO] [stderr]                                at /rustc/0e09125c6c3c2fd70d7de961bcf0e51575235fad/library/std/src/../../backtrace/src/backtrace/libunwind.rs:104:5
[INFO] [stderr]    1:     0x556f6c1ff226 - std::backtrace_rs::backtrace::trace_unsynchronized::hd183f0625477fb28
[INFO] [stderr]                                at /rustc/0e09125c6c3c2fd70d7de961bcf0e51575235fad/library/std/src/../../backtrace/src/backtrace/mod.rs:66:5
[INFO] [stderr]    2:     0x556f6c1ff226 - std::sys_common::backtrace::_print_fmt::hd7f8fef21b4eda67
[INFO] [stderr]                                at /rustc/0e09125c6c3c2fd70d7de961bcf0e51575235fad/library/std/src/sys_common/backtrace.rs:68:5
[INFO] [stderr]    3:     0x556f6c1ff226 - <std::sys_common::backtrace::_print::DisplayBacktrace as core::fmt::Display>::fmt::h623d9b51f2f453f1
[INFO] [stderr]                                at /rustc/0e09125c6c3c2fd70d7de961bcf0e51575235fad/library/std/src/sys_common/backtrace.rs:44:22
[INFO] [stderr]    4:     0x556f6c228440 - core::fmt::rt::Argument::fmt::h9f417ac76a86f368
[INFO] [stderr]                                at /rustc/0e09125c6c3c2fd70d7de961bcf0e51575235fad/library/core/src/fmt/rt.rs:142:9
[INFO] [stderr]    5:     0x556f6c228440 - core::fmt::write::hc9b6faf4ac2aeff7
[INFO] [stderr]                                at /rustc/0e09125c6c3c2fd70d7de961bcf0e51575235fad/library/core/src/fmt/mod.rs:1120:17
[INFO] [stderr]    6:     0x556f6c1fcd1f - std::io::Write::write_fmt::hfead1eee52c2e65e
[INFO] [stderr]                                at /rustc/0e09125c6c3c2fd70d7de961bcf0e51575235fad/library/std/src/io/mod.rs:1810:15
[INFO] [stderr]    7:     0x556f6c1ff004 - std::sys_common::backtrace::_print::hd5d66399c7df88a2
[INFO] [stderr]                                at /rustc/0e09125c6c3c2fd70d7de961bcf0e51575235fad/library/std/src/sys_common/backtrace.rs:47:5
[INFO] [stderr]    8:     0x556f6c1ff004 - std::sys_common::backtrace::print::he81ed2da642d37e5
[INFO] [stderr]                                at /rustc/0e09125c6c3c2fd70d7de961bcf0e51575235fad/library/std/src/sys_common/backtrace.rs:34:9
[INFO] [stderr]    9:     0x556f6c200d77 - std::panicking::default_hook::{{closure}}::h85773f4fa117163d
[INFO] [stderr]   10:     0x556f6c200ad9 - std::panicking::default_hook::h6a1694a91d09b278
[INFO] [stderr]                                at /rustc/0e09125c6c3c2fd70d7de961bcf0e51575235fad/library/std/src/panicking.rs:292:9
[INFO] [stderr]   11:     0x556f6c042287 - <alloc::boxed::Box<F,A> as core::ops::function::Fn<Args>>::call::h616ac37fa3cd6c8f
[INFO] [stderr]                                at /rustc/0e09125c6c3c2fd70d7de961bcf0e51575235fad/library/alloc/src/boxed.rs:2029:9
[INFO] [stderr]   12:     0x556f6c042287 - test::test_main::{{closure}}::h00d84697cefdcbb6
[INFO] [stderr]                                at /rustc/0e09125c6c3c2fd70d7de961bcf0e51575235fad/library/test/src/lib.rs:138:21
[INFO] [stderr]   13:     0x556f6c201396 - <alloc::boxed::Box<F,A> as core::ops::function::Fn<Args>>::call::hcb3fe3b9bb537ba8
[INFO] [stderr]                                at /rustc/0e09125c6c3c2fd70d7de961bcf0e51575235fad/library/alloc/src/boxed.rs:2029:9
[INFO] [stderr]   14:     0x556f6c201396 - std::panicking::rust_panic_with_hook::h0a7ad96e90f7145b
[INFO] [stderr]                                at /rustc/0e09125c6c3c2fd70d7de961bcf0e51575235fad/library/std/src/panicking.rs:783:13
[INFO] [stderr]   15:     0x556f6c2010a9 - std::panicking::begin_panic_handler::{{closure}}::h7919090525c6485e
[INFO] [stderr]                                at /rustc/0e09125c6c3c2fd70d7de961bcf0e51575235fad/library/std/src/panicking.rs:649:13
[INFO] [stderr]   16:     0x556f6c1ff726 - std::sys_common::backtrace::__rust_end_short_backtrace::hf3289479464f7dfe
[INFO] [stderr]                                at /rustc/0e09125c6c3c2fd70d7de961bcf0e51575235fad/library/std/src/sys_common/backtrace.rs:171:18
[INFO] [stderr]   17:     0x556f6c200e40 - rust_begin_unwind
[INFO] [stderr]                                at /rustc/0e09125c6c3c2fd70d7de961bcf0e51575235fad/library/std/src/panicking.rs:645:5
[INFO] [stderr]   18:     0x556f6bedc27a - core::panicking::panic_nounwind_fmt::runtime::hb5f50ebfb7c183b9
[INFO] [stderr]                                at /rustc/0e09125c6c3c2fd70d7de961bcf0e51575235fad/library/core/src/panicking.rs:110:18
[INFO] [stderr]   19:     0x556f6bedc27a - core::panicking::panic_nounwind_fmt::he516aba6085c9891
[INFO] [stderr]                                at /rustc/0e09125c6c3c2fd70d7de961bcf0e51575235fad/library/core/src/panicking.rs:122:9
[INFO] [stderr]   20:     0x556f6bedc329 - core::panicking::panic_nounwind::h04fa3139bc1c676e
[INFO] [stderr]                                at /rustc/0e09125c6c3c2fd70d7de961bcf0e51575235fad/library/core/src/panicking.rs:155:5
[INFO] [stderr]   21:     0x556f6bf73438 - core::mem::uninitialized::h9c516deb946b7f9a
[INFO] [stderr]                                at /rustc/0e09125c6c3c2fd70d7de961bcf0e51575235fad/library/core/src/mem/mod.rs:693:9
[INFO] [stderr]   22:     0x556f6bf73438 - vec_collections::flip_buffer::small_vec_builder::InPlaceSmallVecBuilder<A>::into_vec::h2c36f8824b853760
[INFO] [stderr]                                at /opt/rustwide/workdir/src/flip_buffer/small_vec_builder.rs:177:57
[INFO] [stderr]   23:     0x556f6bff5fe4 - vec_collections::merge_state::SmallVecInPlaceMergeState<A,B>::result::h2da21cb1fde1ce6b
[INFO] [stderr]                                at /opt/rustwide/workdir/src/merge_state.rs:31:9
[INFO] [stderr]   24:     0x556f6bff6324 - vec_collections::merge_state::SmallVecInPlaceMergeState<A,B>::merge_shortcut::h373af9539504f7e0
[INFO] [stderr]                                at /opt/rustwide/workdir/src/merge_state.rs:67:14
[INFO] [stderr]   25:     0x556f6bf4a803 - <vec_collections::vec_set::VecSet2<T> as core::ops::arith::SubAssign>::sub_assign::h461b83a04b6f64f6
[INFO] [stderr]                                at /opt/rustwide/workdir/src/vec_set.rs:156:9
[INFO] [stderr]   26:     0x556f6bf73dad - <vec_collections::total_vec_set::TotalVecSet<T> as core::ops::bit::BitAndAssign>::bitand_assign::h8e119021e4adc1a4
[INFO] [stderr]                                at /opt/rustwide/workdir/src/total_vec_set.rs:129:17
[INFO] [stderr]   27:     0x556f6bf516df - vec_collections::total_vec_set::tests::bitand_assign_consistent::bitand_assign_consistent::h850ff22897b8a521
[INFO] [stderr]                                at /opt/rustwide/workdir/src/test_macros.rs:103:13
[INFO] [stderr]   28:     0x556f6bfd583d - <fn(A,B) .> T as quickcheck::tester::Testable>::result::{{closure}}::h100812e7556c288a
[INFO] [stderr]                                at /opt/rustwide/cargo-home/registry/src/index.crates.io-6f17d22bba15001f/quickcheck-0.8.5/src/tester.rs:366:35
[INFO] [stderr]   29:     0x556f6bf56590 - <core::panic::unwind_safe::AssertUnwindSafe<F> as core::ops::function::FnOnce<()>>::call_once::hca73c844da312093
[INFO] [stderr]                                at /rustc/0e09125c6c3c2fd70d7de961bcf0e51575235fad/library/core/src/panic/unwind_safe.rs:272:9
[INFO] [stderr]   30:     0x556f6bfff012 - std::panicking::try::do_call::hbadab7b4b10f4e24
[INFO] [stderr]                                at /rustc/0e09125c6c3c2fd70d7de961bcf0e51575235fad/library/std/src/panicking.rs:552:40
[INFO] [stderr]   31:     0x556f6c00991b - __rust_try
[INFO] [stderr]   32:     0x556f6bffce99 - std::panicking::try::h47f6c05ad4098ffb
[INFO] [stderr]                                at /rustc/0e09125c6c3c2fd70d7de961bcf0e51575235fad/library/std/src/panicking.rs:516:19
[INFO] [stderr]   33:     0x556f6bf8bf9d - std::panic::catch_unwind::h763f125bf4141f18
[INFO] [stderr]                                at /rustc/0e09125c6c3c2fd70d7de961bcf0e51575235fad/library/std/src/panic.rs:142:14
[INFO] [stderr]   34:     0x556f6bfc1c5b - quickcheck::tester::safe::h5e30fb67fa878f1b
[INFO] [stderr]                                at /opt/rustwide/cargo-home/registry/src/index.crates.io-6f17d22bba15001f/quickcheck-0.8.5/src/tester.rs:393:5
[INFO] [stderr]   35:     0x556f6bfd3b6c - <fn(A,B) .> T as quickcheck::tester::Testable>::result::h4e8ab6a2ba6bd4c1
[INFO] [stderr]                                at /opt/rustwide/cargo-home/registry/src/index.crates.io-6f17d22bba15001f/quickcheck-0.8.5/src/tester.rs:366:21
[INFO] [stderr]   36:     0x556f6bfc0eea - quickcheck::tester::QuickCheck<G>::quicktest::hc5a74cc6bc5ae338
[INFO] [stderr]                                at /opt/rustwide/cargo-home/registry/src/index.crates.io-6f17d22bba15001f/quickcheck-0.8.5/src/tester.rs:135:19
[INFO] [stderr]   37:     0x556f6bfbe451 - quickcheck::tester::QuickCheck<G>::quickcheck::hf55d865890d9f15d
[INFO] [stderr]                                at /opt/rustwide/cargo-home/registry/src/index.crates.io-6f17d22bba15001f/quickcheck-0.8.5/src/tester.rs:174:36
[INFO] [stderr]   38:     0x556f6bfbab85 - quickcheck::tester::quickcheck::hbb30d167a968203e
[INFO] [stderr]                                at /opt/rustwide/cargo-home/registry/src/index.crates.io-6f17d22bba15001f/quickcheck-0.8.5/src/tester.rs:193:40
[INFO] [stderr]   39:     0x556f6bf5160d - vec_collections::total_vec_set::tests::bitand_assign_consistent::h25469d6eabce0a34
[INFO] [stderr]                                at /opt/rustwide/workdir/src/test_macros.rs:99:9
[INFO] [stderr]   40:     0x556f6bf515e7 - vec_collections::total_vec_set::tests::bitand_assign_consistent::{{closure}}::h8d68bf150dfcd15d
[INFO] [stderr]                                at /opt/rustwide/workdir/src/test_macros.rs:99:22
[INFO] [stderr]   41:     0x556f6bf63646 - core::ops::function::FnOnce::call_once::hae8f3f9327061702
[INFO] [stderr]                                at /rustc/0e09125c6c3c2fd70d7de961bcf0e51575235fad/library/core/src/ops/function.rs:250:5
[INFO] [stderr]   42:     0x556f6c047b5f - core::ops::function::FnOnce::call_once::hd64d26f405258157
[INFO] [stderr]                                at /rustc/0e09125c6c3c2fd70d7de961bcf0e51575235fad/library/core/src/ops/function.rs:250:5
[INFO] [stderr]   43:     0x556f6c047b5f - test::__rust_begin_short_backtrace::he21b0b7a6d731bf9
[INFO] [stderr]                                at /rustc/0e09125c6c3c2fd70d7de961bcf0e51575235fad/library/test/src/lib.rs:627:18
[INFO] [stderr]   44:     0x556f6c0468e1 - test::run_test_in_process::{{closure}}::hf5c73986d7bdfde2
[INFO] [stderr]                                at /rustc/0e09125c6c3c2fd70d7de961bcf0e51575235fad/library/test/src/lib.rs:650:60
[INFO] [stderr]   45:     0x556f6c0468e1 - <core::panic::unwind_safe::AssertUnwindSafe<F> as core::ops::function::FnOnce<()>>::call_once::h330011ad032aadc0
[INFO] [stderr]                                at /rustc/0e09125c6c3c2fd70d7de961bcf0e51575235fad/library/core/src/panic/unwind_safe.rs:272:9
[INFO] [stderr]   46:     0x556f6c0468e1 - std::panicking::try::do_call::he61b0a958b795a41
[INFO] [stderr]                                at /rustc/0e09125c6c3c2fd70d7de961bcf0e51575235fad/library/std/src/panicking.rs:552:40
[INFO] [stderr]   47:     0x556f6c0468e1 - std::panicking::try::h7309da130f906eb7
[INFO] [stderr]                                at /rustc/0e09125c6c3c2fd70d7de961bcf0e51575235fad/library/std/src/panicking.rs:516:19
[INFO] [stderr]   48:     0x556f6c0468e1 - std::panic::catch_unwind::hc5c3a06fdaf0a92a
[INFO] [stderr]                                at /rustc/0e09125c6c3c2fd70d7de961bcf0e51575235fad/library/std/src/panic.rs:142:14
[INFO] [stderr]   49:     0x556f6c0468e1 - test::run_test_in_process::h7e7b7c71c3324e0f
[INFO] [stderr]                                at /rustc/0e09125c6c3c2fd70d7de961bcf0e51575235fad/library/test/src/lib.rs:650:27
[INFO] [stderr]   50:     0x556f6c0468e1 - test::run_test::{{closure}}::h1f509f28f5cf20b1
[INFO] [stderr]                                at /rustc/0e09125c6c3c2fd70d7de961bcf0e51575235fad/library/test/src/lib.rs:573:43
[INFO] [stderr]   51:     0x556f6c00dc16 - test::run_test::{{closure}}::h1754218abf443f6d
[INFO] [stderr]                                at /rustc/0e09125c6c3c2fd70d7de961bcf0e51575235fad/library/test/src/lib.rs:601:41
[INFO] [stderr]   52:     0x556f6c00dc16 - std::sys_common::backtrace::__rust_begin_short_backtrace::h2ee174b9d5954948
[INFO] [stderr]                                at /rustc/0e09125c6c3c2fd70d7de961bcf0e51575235fad/library/std/src/sys_common/backtrace.rs:155:18
[INFO] [stderr]   53:     0x556f6c012c77 - std::thread::Builder::spawn_unchecked_::{{closure}}::{{closure}}::hf60bee9c1a17ef09
[INFO] [stderr]                                at /rustc/0e09125c6c3c2fd70d7de961bcf0e51575235fad/library/std/src/thread/mod.rs:529:17
[INFO] [stderr]   54:     0x556f6c012c77 - <core::panic::unwind_safe::AssertUnwindSafe<F> as core::ops::function::FnOnce<()>>::call_once::h33d0dddec5216160
[INFO] [stderr]                                at /rustc/0e09125c6c3c2fd70d7de961bcf0e51575235fad/library/core/src/panic/unwind_safe.rs:272:9
[INFO] [stderr]   55:     0x556f6c012c77 - std::panicking::try::do_call::h144b3048b546f835
[INFO] [stderr]                                at /rustc/0e09125c6c3c2fd70d7de961bcf0e51575235fad/library/std/src/panicking.rs:552:40
[INFO] [stderr]   56:     0x556f6c012c77 - std::panicking::try::h978244d04646189f
[INFO] [stderr]                                at /rustc/0e09125c6c3c2fd70d7de961bcf0e51575235fad/library/std/src/panicking.rs:516:19
[INFO] [stderr]   57:     0x556f6c012c77 - std::panic::catch_unwind::hdf436369d188fe86
[INFO] [stderr]                                at /rustc/0e09125c6c3c2fd70d7de961bcf0e51575235fad/library/std/src/panic.rs:142:14
[INFO] [stderr]   58:     0x556f6c012c77 - std::thread::Builder::spawn_unchecked_::{{closure}}::h87329cbdd33c79ec
[INFO] [stderr]                                at /rustc/0e09125c6c3c2fd70d7de961bcf0e51575235fad/library/std/src/thread/mod.rs:528:30
[INFO] [stderr]   59:     0x556f6c012c77 - core::ops::function::FnOnce::call_once{{vtable.shim}}::h401abbe67897d450
[INFO] [stderr]                                at /rustc/0e09125c6c3c2fd70d7de961bcf0e51575235fad/library/core/src/ops/function.rs:250:5
[INFO] [stderr]   60:     0x556f6c205e55 - <alloc::boxed::Box<F,A> as core::ops::function::FnOnce<Args>>::call_once::h5d7c8f150ab9c84c
[INFO] [stderr]                                at /rustc/0e09125c6c3c2fd70d7de961bcf0e51575235fad/library/alloc/src/boxed.rs:2015:9
[INFO] [stderr]   61:     0x556f6c205e55 - <alloc::boxed::Box<F,A> as core::ops::function::FnOnce<Args>>::call_once::h570d5b005c242c15
[INFO] [stderr]                                at /rustc/0e09125c6c3c2fd70d7de961bcf0e51575235fad/library/alloc/src/boxed.rs:2015:9
[INFO] [stderr]   62:     0x556f6c205e55 - std::sys::unix::thread::Thread::new::thread_start::h36b0a20c0b2361ad
[INFO] [stderr]                                at /rustc/0e09125c6c3c2fd70d7de961bcf0e51575235fad/library/std/src/sys/unix/thread.rs:108:17
[INFO] [stderr]   63:     0x7fd8c3fe1ac3 - <unknown>
[INFO] [stderr]   64:     0x7fd8c4072bf4 - __clone
[INFO] [stderr]   65:                0x0 - <unknown>
[INFO] [stderr] thread caused non-unwinding panic. aborting.
[INFO] [stderr] error: test failed, to rerun pass `--lib`
[INFO] [stderr] 
[INFO] [stderr] Caused by:
[INFO] [stderr]   process didn't exit successfully: `/opt/rustwide/target/debug/deps/vec_collections-4174d49fa45f77b7` (signal: 6, SIGABRT: process abort signal)
[INFO] running `Command { std: "docker" "inspect" "5466f149c490fe6b5c9e616ddb92150a4137f613dc1dbc2cec39d768dbf00cac", kill_on_drop: false }`
[INFO] running `Command { std: "docker" "rm" "-f" "5466f149c490fe6b5c9e616ddb92150a4137f613dc1dbc2cec39d768dbf00cac", kill_on_drop: false }`
[INFO] [stdout] 5466f149c490fe6b5c9e616ddb92150a4137f613dc1dbc2cec39d768dbf00cac
