[INFO] cloning repository https://github.com/rifesama/rust_pinpong
[INFO] running `Command { std: "git" "-c" "credential.helper=" "-c" "credential.helper=/workspace/cargo-home/bin/git-credential-null" "clone" "--bare" "https://github.com/rifesama/rust_pinpong" "/workspace/cache/git-repos/https%3A%2F%2Fgithub.com%2Frifesama%2Frust_pinpong", kill_on_drop: false }`
[INFO] [stderr] Cloning into bare repository '/workspace/cache/git-repos/https%3A%2F%2Fgithub.com%2Frifesama%2Frust_pinpong'...
[INFO] running `Command { std: "git" "rev-parse" "HEAD", kill_on_drop: false }`
[INFO] [stdout] 4ed1c3045e4029338ec23a75628ba4f4af2b53ff
[INFO] testing rifesama/rust_pinpong against 1.75.0 for beta-1.76-1
[INFO] running `Command { std: "git" "clone" "/workspace/cache/git-repos/https%3A%2F%2Fgithub.com%2Frifesama%2Frust_pinpong" "/workspace/builds/worker-6-tc1/source", kill_on_drop: false }`
[INFO] [stderr] Cloning into '/workspace/builds/worker-6-tc1/source'...
[INFO] [stderr] done.
[INFO] validating manifest of git repo https://github.com/rifesama/rust_pinpong on toolchain 1.75.0
[INFO] running `Command { std: CARGO_HOME="/workspace/cargo-home" RUSTUP_HOME="/workspace/rustup-home" "/workspace/cargo-home/bin/cargo" "+1.75.0" "metadata" "--manifest-path" "Cargo.toml" "--no-deps", kill_on_drop: false }`
[INFO] started tweaking git repo https://github.com/rifesama/rust_pinpong
[INFO] finished tweaking git repo https://github.com/rifesama/rust_pinpong
[INFO] tweaked toml for git repo https://github.com/rifesama/rust_pinpong written to /workspace/builds/worker-6-tc1/source/Cargo.toml
[INFO] crate git repo https://github.com/rifesama/rust_pinpong already has a lockfile, it will not be regenerated
[INFO] running `Command { std: CARGO_HOME="/workspace/cargo-home" RUSTUP_HOME="/workspace/rustup-home" "/workspace/cargo-home/bin/cargo" "+1.75.0" "fetch" "--manifest-path" "Cargo.toml", kill_on_drop: false }`
[INFO] [stderr]     Blocking waiting for file lock on package cache
[ERROR] error running command: no output for 300 seconds
[ERROR] this task or one of its parent failed!
[ERROR] no output for 300 seconds
[ERROR] note: run with `RUST_BACKTRACE=1` to display a backtrace.
[INFO] testing rifesama/rust_pinpong against beta-2023-12-22 for beta-1.76-1
[INFO] running `Command { std: "git" "clone" "/workspace/cache/git-repos/https%3A%2F%2Fgithub.com%2Frifesama%2Frust_pinpong" "/workspace/builds/worker-6-tc2/source", kill_on_drop: false }`
[INFO] [stderr] Cloning into '/workspace/builds/worker-6-tc2/source'...
[INFO] [stderr] done.
[INFO] validating manifest of git repo https://github.com/rifesama/rust_pinpong on toolchain beta-2023-12-22
[INFO] running `Command { std: CARGO_HOME="/workspace/cargo-home" RUSTUP_HOME="/workspace/rustup-home" "/workspace/cargo-home/bin/cargo" "+beta-2023-12-22" "metadata" "--manifest-path" "Cargo.toml" "--no-deps", kill_on_drop: false }`
[INFO] started tweaking git repo https://github.com/rifesama/rust_pinpong
[INFO] finished tweaking git repo https://github.com/rifesama/rust_pinpong
[INFO] tweaked toml for git repo https://github.com/rifesama/rust_pinpong written to /workspace/builds/worker-6-tc2/source/Cargo.toml
[INFO] crate git repo https://github.com/rifesama/rust_pinpong already has a lockfile, it will not be regenerated
[INFO] running `Command { std: CARGO_HOME="/workspace/cargo-home" RUSTUP_HOME="/workspace/rustup-home" "/workspace/cargo-home/bin/cargo" "+beta-2023-12-22" "fetch" "--manifest-path" "Cargo.toml", kill_on_drop: false }`
[INFO] [stderr]     Blocking waiting for file lock on package cache
[INFO] [stderr]     Updating crates.io index
[INFO] [stderr]     Blocking waiting for file lock on package cache
[INFO] [stderr]  Downloading crates ...
[INFO] [stderr]   Downloaded spirv-types v0.4.0-alpha.14
[INFO] [stderr]   Downloaded spirv-std-macros v0.4.0
[INFO] [stderr]   Downloaded heron_core v0.12.1
[INFO] [stderr]   Downloaded spirv-std-types v0.4.0
[INFO] [stderr]   Downloaded shaderc v0.7.4
[INFO] [stderr]   Downloaded shaderc-sys v0.7.4
[INFO] [stderr]   Downloaded heron v0.12.1
[INFO] [stderr]   Downloaded heron_macros v0.12.1
[INFO] [stderr]   Downloaded heron_rapier v0.12.1
[INFO] [stderr]   Downloaded duplicate v0.3.0
[INFO] running `Command { std: "docker" "create" "-v" "/var/lib/crater-agent-workspace/builds/worker-6-tc2/target:/opt/rustwide/target:rw,Z" "-v" "/var/lib/crater-agent-workspace/builds/worker-6-tc2/source:/opt/rustwide/workdir:ro,Z" "-v" "/var/lib/crater-agent-workspace/cargo-home:/opt/rustwide/cargo-home:ro,Z" "-v" "/var/lib/crater-agent-workspace/rustup-home:/opt/rustwide/rustup-home:ro,Z" "-e" "SOURCE_DIR=/opt/rustwide/workdir" "-e" "CARGO_TARGET_DIR=/opt/rustwide/target" "-e" "CARGO_HOME=/opt/rustwide/cargo-home" "-e" "RUSTUP_HOME=/opt/rustwide/rustup-home" "-w" "/opt/rustwide/workdir" "-m" "1610612736" "--user" "0:0" "--network" "none" "ghcr.io/rust-lang/crates-build-env/linux@sha256:2788e3201cd34a07e3172128adcd8b3090168a8e3bcc40d7c032b9dda1df7d1c" "/opt/rustwide/cargo-home/bin/cargo" "+beta-2023-12-22" "metadata" "--no-deps" "--format-version=1", kill_on_drop: false }`
[INFO] [stdout] 495b907135f0d9dcb8ffab7e7e51c60efafa594cd509fbac1c090e7f05ed6e88
[INFO] running `Command { std: "docker" "start" "-a" "495b907135f0d9dcb8ffab7e7e51c60efafa594cd509fbac1c090e7f05ed6e88", kill_on_drop: false }`
[INFO] running `Command { std: "docker" "inspect" "495b907135f0d9dcb8ffab7e7e51c60efafa594cd509fbac1c090e7f05ed6e88", kill_on_drop: false }`
[INFO] running `Command { std: "docker" "rm" "-f" "495b907135f0d9dcb8ffab7e7e51c60efafa594cd509fbac1c090e7f05ed6e88", kill_on_drop: false }`
[INFO] [stdout] 495b907135f0d9dcb8ffab7e7e51c60efafa594cd509fbac1c090e7f05ed6e88
[INFO] running `Command { std: "docker" "create" "-v" "/var/lib/crater-agent-workspace/builds/worker-6-tc2/target:/opt/rustwide/target:rw,Z" "-v" "/var/lib/crater-agent-workspace/builds/worker-6-tc2/source:/opt/rustwide/workdir:ro,Z" "-v" "/var/lib/crater-agent-workspace/cargo-home:/opt/rustwide/cargo-home:ro,Z" "-v" "/var/lib/crater-agent-workspace/rustup-home:/opt/rustwide/rustup-home:ro,Z" "-e" "SOURCE_DIR=/opt/rustwide/workdir" "-e" "CARGO_TARGET_DIR=/opt/rustwide/target" "-e" "CARGO_INCREMENTAL=0" "-e" "RUST_BACKTRACE=full" "-e" "RUSTFLAGS=--cap-lints=warn" "-e" "RUSTDOCFLAGS=--cap-lints=warn" "-e" "CARGO_HOME=/opt/rustwide/cargo-home" "-e" "RUSTUP_HOME=/opt/rustwide/rustup-home" "-w" "/opt/rustwide/workdir" "-m" "1610612736" "--user" "0:0" "--network" "none" "ghcr.io/rust-lang/crates-build-env/linux@sha256:2788e3201cd34a07e3172128adcd8b3090168a8e3bcc40d7c032b9dda1df7d1c" "/opt/rustwide/cargo-home/bin/cargo" "+beta-2023-12-22" "build" "--frozen" "--message-format=json", kill_on_drop: false }`
[INFO] [stdout] d4ef7635cfc5cac660caaf7602a5c39d27784249986f5137256d1b0f8bf7ad41
[INFO] running `Command { std: "docker" "start" "-a" "d4ef7635cfc5cac660caaf7602a5c39d27784249986f5137256d1b0f8bf7ad41", kill_on_drop: false }`
[INFO] [stderr]    Compiling autocfg v1.1.0
[INFO] [stderr]    Compiling proc-macro2 v1.0.56
[INFO] [stderr]    Compiling quote v1.0.26
[INFO] [stderr]    Compiling unicode-ident v1.0.8
[INFO] [stderr]    Compiling serde_derive v1.0.160
[INFO] [stderr]    Compiling serde v1.0.160
[INFO] [stderr]    Compiling libc v0.2.141
[INFO] [stderr]    Compiling syn v1.0.65
[INFO] [stderr]    Compiling bitflags v1.3.2
[INFO] [stderr]    Compiling unicode-xid v0.2.4
[INFO] [stderr]    Compiling once_cell v1.17.1
[INFO] [stderr]    Compiling pin-project-lite v0.2.9
[INFO] [stderr]    Compiling version_check v0.9.4
[INFO] [stderr]    Compiling thiserror v1.0.40
[INFO] [stderr]    Compiling parking_lot_core v0.8.6
[INFO] [stderr]    Compiling tracing-core v0.1.30
[INFO] [stderr]    Compiling lock_api v0.4.9
[INFO] [stderr]    Compiling log v0.4.17
[INFO] [stderr]    Compiling slab v0.4.8
[INFO] [stderr]    Compiling ahash v0.7.6
[INFO] [stderr]    Compiling futures-core v0.3.28
[INFO] [stderr]    Compiling fxhash v0.2.1
[INFO] [stderr]    Compiling memchr v2.5.0
[INFO] [stderr]    Compiling event-listener v2.5.3
[INFO] [stderr]    Compiling getrandom v0.2.9
[INFO] [stderr]    Compiling num-traits v0.2.15
[INFO] [stderr]    Compiling syn v2.0.14
[INFO] [stderr]    Compiling erased-serde v0.3.25
[INFO] [stderr]    Compiling downcast-rs v1.2.0
[INFO] [stderr]    Compiling fastrand v1.9.0
[INFO] [stderr]    Compiling parking v2.1.0
[INFO] [stderr]    Compiling waker-fn v1.1.0
[INFO] [stderr]    Compiling futures-io v0.3.28
[INFO] [stderr]    Compiling async-lock v2.7.0
[INFO] [stderr]    Compiling async-task v4.4.0
[INFO] [stderr]    Compiling ppv-lite86 v0.2.17
[INFO] [stderr]    Compiling instant v0.1.12
[INFO] [stderr]    Compiling futures-lite v1.13.0
[INFO] [stderr]    Compiling fixedbitset v0.4.2
[INFO] [stderr]    Compiling crossbeam-utils v0.8.15
[INFO] [stderr]    Compiling Inflector v0.11.4
[INFO] [stderr]    Compiling itoa v1.0.6
[INFO] [stderr]    Compiling ryu v1.0.13
[INFO] [stderr]    Compiling regex-syntax v0.6.29
[INFO] [stderr]    Compiling jobserver v0.1.26
[INFO] [stderr]    Compiling num-integer v0.1.45
[INFO] [stderr]    Compiling cc v1.0.79
[INFO] [stderr]    Compiling rand_core v0.6.4
[INFO] [stderr]    Compiling concurrent-queue v2.2.0
[INFO] [stderr]    Compiling sharded-slab v0.1.4
[INFO] [stderr]    Compiling tracing-log v0.1.3
[INFO] [stderr]    Compiling thread_local v1.1.7
[INFO] [stderr]    Compiling ansi_term v0.12.1
[INFO] [stderr]    Compiling async-executor v1.5.1
[INFO] [stderr]    Compiling async-channel v1.8.0
[INFO] [stderr]    Compiling rand_chacha v0.3.1
[INFO] [stderr]    Compiling num_cpus v1.15.0
[INFO] [stderr]    Compiling rand v0.8.5
[INFO] [stderr]    Compiling same-file v1.0.6
[INFO] [stderr]    Compiling pkg-config v0.3.26
[INFO] [stderr]    Compiling bevy_tasks v0.5.0
[INFO] [stderr]    Compiling walkdir v2.3.3
[INFO] [stderr]    Compiling anyhow v1.0.70
[INFO] [stderr]    Compiling regex-automata v0.1.10
[INFO] [stderr]    Compiling thiserror-impl v1.0.40
[INFO] [stderr]    Compiling regex v1.7.3
[INFO] [stderr]    Compiling serde_json v1.0.95
[INFO] [stderr]    Compiling base64 v0.13.1
[INFO] [stderr]    Compiling matchers v0.0.1
[INFO] [stderr]    Compiling spirv_headers v1.5.0
[INFO] [stderr]    Compiling chrono v0.4.20
[INFO] [stderr]    Compiling bytemuck v1.13.1
[INFO] [stderr]    Compiling crossbeam-channel v0.5.8
[INFO] [stderr]    Compiling inotify-sys v0.1.5
[INFO] [stderr]    Compiling indexmap v1.9.3
[INFO] [stderr]    Compiling cty v0.2.2
[INFO] [stderr]    Compiling raw-window-handle v0.4.3
[INFO] [stderr]    Compiling inotify v0.9.6
[INFO] [stderr]    Compiling filetime v0.2.21
[INFO] [stderr]    Compiling mio v0.7.14
[INFO] [stderr]    Compiling adler32 v1.2.0
[INFO] [stderr]    Compiling crc32fast v1.3.2
[INFO] [stderr]    Compiling bit-vec v0.6.3
[INFO] [stderr]    Compiling hashbrown v0.12.3
[INFO] [stderr]    Compiling notify v5.0.0-pre.10
[INFO] [stderr]    Compiling raw-window-handle v0.3.4
[INFO] [stderr]    Compiling num-rational v0.3.2
[INFO] [stderr]    Compiling num-iter v0.1.43
[INFO] [stderr]    Compiling fixedbitset v0.2.0
[INFO] [stderr]    Compiling bit-set v0.5.3
[INFO] [stderr]    Compiling petgraph v0.5.1
[INFO] [stderr]    Compiling miniz_oxide v0.3.7
[INFO] [stderr]    Compiling deflate v0.8.6
[INFO] [stderr]    Compiling spirv-reflect v0.2.3
[INFO] [stderr]    Compiling cfg_aliases v0.1.1
[INFO] [stderr]    Compiling bevy-glsl-to-spirv v0.2.1
[INFO] [stderr]    Compiling tracing-attributes v0.1.22
[INFO] [stderr]    Compiling png v0.16.8
[INFO] [stderr]    Compiling color_quant v1.1.0
[INFO] [stderr]    Compiling glam v0.15.2
[INFO] [stderr]    Compiling scoped_threadpool v0.1.9
[INFO] [stderr]    Compiling naga v0.3.2
[INFO] [stderr]    Compiling image v0.23.14
[INFO] [stderr]    Compiling spirv_cross v0.23.1
[INFO] [stderr]    Compiling approx v0.5.1
[INFO] [stderr]    Compiling libloading v0.6.7
[INFO] [stderr]    Compiling alsa-sys v0.3.1
[INFO] [stderr]    Compiling memoffset v0.6.5
[INFO] [stderr]    Compiling tracing v0.1.36
[INFO] [stderr]    Compiling khronos-egl v3.0.2
[INFO] [stderr]    Compiling net2 v0.2.38
[INFO] [stderr]    Compiling libudev-sys v0.1.4
[INFO] [stderr]    Compiling x11-dl v2.21.0
[INFO] [stderr]    Compiling minimp3-sys v0.3.2
[INFO] [stderr]    Compiling iovec v0.1.4
[INFO] [stderr]    Compiling arrayvec v0.5.2
[INFO] [stderr]    Compiling hexasphere v3.4.0
[INFO] [stderr]    Compiling ttf-parser v0.18.1
[INFO] [stderr]    Compiling gfx-hal v0.7.0
[INFO] [stderr]    Compiling ahash v0.4.7
[INFO] [stderr]    Compiling hashbrown v0.9.1
[INFO] [stderr]    Compiling mio v0.6.23
[INFO] [stderr]    Compiling smallvec v1.10.0
[INFO] [stderr]    Compiling toml v0.5.11
[INFO] [stderr]    Compiling uuid v0.8.2
[INFO] [stderr]    Compiling glam v0.13.1
[INFO] [stderr]    Compiling find-crate v0.6.3
[INFO] [stderr]    Compiling parking_lot v0.11.2
[INFO] [stderr]    Compiling tracing-serde v0.1.3
[INFO] [stderr]    Compiling bevy_reflect_derive v0.5.0
[INFO] [stderr]    Compiling bevy_ecs_macros v0.5.0
[INFO] [stderr]    Compiling bevy_derive v0.5.0
[INFO] [stderr]    Compiling bevy_utils v0.5.0
[INFO] [stderr]    Compiling ron v0.6.6
[INFO] [stderr]    Compiling tracing-subscriber v0.2.25
[INFO] [stderr]    Compiling owned_ttf_parser v0.18.1
[INFO] [stderr]    Compiling bevy_reflect v0.5.0
[INFO] [stderr]    Compiling ash v0.31.0
[INFO] [stderr]    Compiling wgpu-core v0.7.2
[INFO] [stderr]    Compiling euclid v0.22.9
[INFO] [stderr]    Compiling nix v0.20.0
[INFO] [stderr]    Compiling bevy_ecs v0.5.0
[INFO] [stderr]    Compiling bevy_math v0.5.0
[INFO] [stderr]    Compiling proc-macro-error-attr v1.0.4
[INFO] [stderr]    Compiling gpu-alloc-types v0.2.0
[INFO] [stderr]    Compiling gpu-descriptor-types v0.1.1
[INFO] [stderr]    Compiling inplace_it v0.3.5
[INFO] [stderr]    Compiling glow v0.7.2
[INFO] [stderr]    Compiling lazycell v1.3.0
[INFO] [stderr]    Compiling svg_fmt v0.4.1
[INFO] [stderr]    Compiling bevy_app v0.5.0
[INFO] [stderr]    Compiling inflections v1.1.1
[INFO] [stderr]    Compiling bevy_log v0.5.0
[INFO] [stderr]    Compiling bevy_core v0.5.0
[INFO] [stderr]    Compiling bevy_transform v0.5.0
[INFO] [stderr]    Compiling bevy_window v0.5.0
[INFO] [stderr]    Compiling bevy_diagnostic v0.5.0
[INFO] [stderr]    Compiling bevy_input v0.5.0
[INFO] [stderr]    Compiling libm v0.1.4
[INFO] [stderr]    Compiling bevy_asset v0.5.1
[INFO] [stderr]    Compiling cpal v0.13.4
[INFO] [stderr]    Compiling ab_glyph_rasterizer v0.1.8
[INFO] [stderr]    Compiling ab_glyph v0.2.20
[INFO] [stderr]    Compiling gltf-derive v0.15.2
[INFO] [stderr]    Compiling gfx-backend-vulkan v0.7.0
[INFO] [stderr]    Compiling guillotiere v0.6.2
[INFO] [stderr]    Compiling mio-extras v2.0.6
[INFO] [stderr]    Compiling gpu-descriptor v0.1.1
[INFO] [stderr]    Compiling gpu-alloc v0.3.2
[INFO] [stderr]    Compiling alsa v0.5.0
[INFO] [stderr]    Compiling nix v0.23.2
[INFO] [stderr]    Compiling gfx-backend-empty v0.7.0
[INFO] [stderr]    Compiling slice-deque v0.3.0
[INFO] [stderr]    Compiling proc-macro-error v1.0.4
[INFO] [stderr]    Compiling memoffset v0.8.0
[INFO] [stderr]    Compiling wgpu-types v0.7.0
[INFO] [stderr]    Compiling rectangle-pack v0.3.0
[INFO] [stderr]    Compiling paste v1.0.12
[INFO] [stderr]    Compiling percent-encoding v2.2.0
[INFO] [stderr]    Compiling copyless v0.1.5
[INFO] [stderr]    Compiling xi-unicode v0.3.0
[INFO] [stderr]    Compiling glyph_brush_layout v0.2.3
[INFO] [stderr]    Compiling gltf-json v0.15.2
[INFO] [stderr]    Compiling safe_arch v0.6.0
[INFO] [stderr]    Compiling num-rational v0.4.1
[INFO] [stderr]    Compiling crossbeam-epoch v0.9.14
[INFO] [stderr]    Compiling typenum v1.16.0
[INFO] [stderr]    Compiling unicode-segmentation v1.10.1
[INFO] [stderr]    Compiling fnv v1.0.7
[INFO] [stderr]    Compiling gilrs-core v0.3.2
[INFO] [stderr]    Compiling stretch v0.3.2
[INFO] [stderr]    Compiling heck v0.3.2
[INFO] [stderr]    Compiling gilrs v0.8.2
[INFO] [stderr]    Compiling wide v0.7.8
[INFO] [stderr]    Compiling winit v0.24.0
[INFO] [stderr]    Compiling bevy_scene v0.5.0
[INFO] [stderr]    Compiling gltf v0.15.2
[INFO] [stderr]    Compiling bevy_winit v0.5.0
[INFO] [stderr]    Compiling num-complex v0.4.3
[INFO] [stderr]    Compiling libloading v0.7.4
[INFO] [stderr]    Compiling wasm-bindgen-shared v0.2.69
[INFO] [stderr]    Compiling rawpointer v0.2.1
[INFO] [stderr]    Compiling crossbeam-queue v0.3.8
[INFO] [stderr]    Compiling matrixmultiply v0.3.2
[INFO] [stderr]    Compiling bevy_dynamic_plugin v0.5.0
[INFO] [stderr]    Compiling simba v0.6.0
[INFO] [stderr]    Compiling bevy_gilrs v0.5.0
[INFO] [stderr]    Compiling duplicate v0.3.0
[INFO] [stderr]    Compiling nalgebra-macros v0.1.0
[INFO] [stderr]    Compiling bevy_internal v0.5.0
[INFO] [stderr]    Compiling crossbeam-deque v0.8.3
[INFO] [stderr]    Compiling num-derive v0.3.3
[INFO] [stderr]    Compiling rustc-hash v1.1.0
[INFO] [stderr]    Compiling bumpalo v3.12.0
[INFO] [stderr]    Compiling either v1.8.1
[INFO] [stderr]    Compiling arrayvec v0.7.2
[INFO] [stderr]    Compiling wasm-bindgen-backend v0.2.69
[INFO] [stderr]    Compiling crossbeam v0.8.2
[INFO] [stderr]    Compiling bevy v0.5.0
[INFO] [stderr]    Compiling heron_rapier v0.12.1
[INFO] [stderr]    Compiling heron_core v0.12.1
[INFO] [stderr]    Compiling heron v0.12.1
[INFO] [stderr]    Compiling wasm-bindgen v0.2.69
[INFO] [stderr]    Compiling wasm-bindgen-macro-support v0.2.69
[INFO] [stderr]    Compiling minimp3 v0.5.1
[INFO] [stderr]    Compiling rodio v0.13.1
[INFO] [stderr]    Compiling bevy_render v0.5.0
[INFO] [stderr]    Compiling heron_macros v0.12.1
[INFO] [stderr]    Compiling bevy_audio v0.5.0
[INFO] [stderr]    Compiling wasm-bindgen-macro v0.2.69
[INFO] [stderr]    Compiling nalgebra v0.29.0
[INFO] [stderr]    Compiling bevy_sprite v0.5.0
[INFO] [stderr]    Compiling bevy_pbr v0.5.0
[INFO] [stderr]    Compiling bevy_gltf v0.5.0
[INFO] [stderr]    Compiling bevy_text v0.5.0
[INFO] [stderr]    Compiling bevy_ui v0.5.0
[INFO] [stderr]    Compiling parry2d v0.7.1
[INFO] [stderr]    Compiling gfx-auxil v0.8.0
[INFO] [stderr]    Compiling gfx-backend-gl v0.7.1
[INFO] [stderr]    Compiling rapier2d v0.11.3
[INFO] [stderr]    Compiling wgpu v0.7.1
[INFO] [stderr]    Compiling bevy_wgpu v0.5.0
[INFO] [stderr]    Compiling rust-pong v0.1.0 (/opt/rustwide/workdir)
[INFO] [stdout] warning: unused import: `std::process::CommandArgs`
[INFO] [stdout]  --> src/lib.rs:1:5
[INFO] [stdout]   |
[INFO] [stdout] 1 | use std::process::CommandArgs;
[INFO] [stdout]   |     ^^^^^^^^^^^^^^^^^^^^^^^^^
[INFO] [stdout]   |
[INFO] [stdout]   = note: `#[warn(unused_imports)]` on by default
[INFO] [stdout] 
[INFO] [stdout] 
[INFO] [stdout] warning: variable `Keyboard_input` should have a snake case name
[INFO] [stdout]    --> src/lib.rs:212:22
[INFO] [stdout]     |
[INFO] [stdout] 212 |     fn player_racket(Keyboard_input: &Res<Input<KeyCode>>, velocity: &mut Velocity) {
[INFO] [stdout]     |                      ^^^^^^^^^^^^^^ help: convert the identifier to snake case (notice the capitalization): `keyboard_input`
[INFO] [stdout]     |
[INFO] [stdout]     = note: `#[warn(non_snake_case)]` on by default
[INFO] [stdout] 
[INFO] [stdout] 
[INFO] [stdout] warning: variable `Keyboard_input` should have a snake case name
[INFO] [stdout]    --> src/lib.rs:224:5
[INFO] [stdout]     |
[INFO] [stdout] 224 |     Keyboard_input: Res<Input<KeyCode>>,
[INFO] [stdout]     |     ^^^^^^^^^^^^^^ help: convert the identifier to snake case (notice the capitalization): `keyboard_input`
[INFO] [stdout] 
[INFO] [stdout] 
[INFO] [stdout] warning: 3 warnings emitted
[INFO] [stdout] 
[INFO] [stdout] 
[INFO] [stderr]     Finished dev [unoptimized + debuginfo] target(s) in 4m 02s
[INFO] running `Command { std: "docker" "inspect" "d4ef7635cfc5cac660caaf7602a5c39d27784249986f5137256d1b0f8bf7ad41", kill_on_drop: false }`
[INFO] running `Command { std: "docker" "rm" "-f" "d4ef7635cfc5cac660caaf7602a5c39d27784249986f5137256d1b0f8bf7ad41", kill_on_drop: false }`
[INFO] [stdout] d4ef7635cfc5cac660caaf7602a5c39d27784249986f5137256d1b0f8bf7ad41
[INFO] running `Command { std: "docker" "create" "-v" "/var/lib/crater-agent-workspace/builds/worker-6-tc2/target:/opt/rustwide/target:rw,Z" "-v" "/var/lib/crater-agent-workspace/builds/worker-6-tc2/source:/opt/rustwide/workdir:ro,Z" "-v" "/var/lib/crater-agent-workspace/cargo-home:/opt/rustwide/cargo-home:ro,Z" "-v" "/var/lib/crater-agent-workspace/rustup-home:/opt/rustwide/rustup-home:ro,Z" "-e" "SOURCE_DIR=/opt/rustwide/workdir" "-e" "CARGO_TARGET_DIR=/opt/rustwide/target" "-e" "CARGO_INCREMENTAL=0" "-e" "RUST_BACKTRACE=full" "-e" "RUSTFLAGS=--cap-lints=warn" "-e" "RUSTDOCFLAGS=--cap-lints=warn" "-e" "CARGO_HOME=/opt/rustwide/cargo-home" "-e" "RUSTUP_HOME=/opt/rustwide/rustup-home" "-w" "/opt/rustwide/workdir" "-m" "1610612736" "--user" "0:0" "--network" "none" "ghcr.io/rust-lang/crates-build-env/linux@sha256:2788e3201cd34a07e3172128adcd8b3090168a8e3bcc40d7c032b9dda1df7d1c" "/opt/rustwide/cargo-home/bin/cargo" "+beta-2023-12-22" "test" "--frozen" "--no-run" "--message-format=json", kill_on_drop: false }`
[INFO] [stdout] 6e3561951004c815ed61939847d2ef367deb6f9bf339ba80e0ada8f1bbf4ef2b
[INFO] running `Command { std: "docker" "start" "-a" "6e3561951004c815ed61939847d2ef367deb6f9bf339ba80e0ada8f1bbf4ef2b", kill_on_drop: false }`
[INFO] [stderr]    Compiling rust-pong v0.1.0 (/opt/rustwide/workdir)
[INFO] [stdout] warning: unused import: `std::process::CommandArgs`
[INFO] [stdout]  --> src/lib.rs:1:5
[INFO] [stdout]   |
[INFO] [stdout] 1 | use std::process::CommandArgs;
[INFO] [stdout]   |     ^^^^^^^^^^^^^^^^^^^^^^^^^
[INFO] [stdout]   |
[INFO] [stdout]   = note: `#[warn(unused_imports)]` on by default
[INFO] [stdout] 
[INFO] [stdout] 
[INFO] [stdout] warning: variable `Keyboard_input` should have a snake case name
[INFO] [stdout]    --> src/lib.rs:212:22
[INFO] [stdout]     |
[INFO] [stdout] 212 |     fn player_racket(Keyboard_input: &Res<Input<KeyCode>>, velocity: &mut Velocity) {
[INFO] [stdout]     |                      ^^^^^^^^^^^^^^ help: convert the identifier to snake case (notice the capitalization): `keyboard_input`
[INFO] [stdout]     |
[INFO] [stdout]     = note: `#[warn(non_snake_case)]` on by default
[INFO] [stdout] 
[INFO] [stdout] 
[INFO] [stdout] warning: variable `Keyboard_input` should have a snake case name
[INFO] [stdout]    --> src/lib.rs:224:5
[INFO] [stdout]     |
[INFO] [stdout] 224 |     Keyboard_input: Res<Input<KeyCode>>,
[INFO] [stdout]     |     ^^^^^^^^^^^^^^ help: convert the identifier to snake case (notice the capitalization): `keyboard_input`
[INFO] [stdout] 
[INFO] [stdout] 
[INFO] [stdout] warning: 3 warnings emitted
[INFO] [stdout] 
[INFO] [stdout] 
[INFO] [stdout] warning: unused import: `std::process::CommandArgs`
[INFO] [stdout]  --> src/lib.rs:1:5
[INFO] [stdout]   |
[INFO] [stdout] 1 | use std::process::CommandArgs;
[INFO] [stdout]   |     ^^^^^^^^^^^^^^^^^^^^^^^^^
[INFO] [stdout]   |
[INFO] [stdout]   = note: `#[warn(unused_imports)]` on by default
[INFO] [stdout] 
[INFO] [stdout] 
[INFO] [stdout] warning: variable `Keyboard_input` should have a snake case name
[INFO] [stdout]    --> src/lib.rs:212:22
[INFO] [stdout]     |
[INFO] [stdout] 212 |     fn player_racket(Keyboard_input: &Res<Input<KeyCode>>, velocity: &mut Velocity) {
[INFO] [stdout]     |                      ^^^^^^^^^^^^^^ help: convert the identifier to snake case (notice the capitalization): `keyboard_input`
[INFO] [stdout]     |
[INFO] [stdout]     = note: `#[warn(non_snake_case)]` on by default
[INFO] [stdout] 
[INFO] [stdout] 
[INFO] [stdout] warning: variable `Keyboard_input` should have a snake case name
[INFO] [stdout]    --> src/lib.rs:224:5
[INFO] [stdout]     |
[INFO] [stdout] 224 |     Keyboard_input: Res<Input<KeyCode>>,
[INFO] [stdout]     |     ^^^^^^^^^^^^^^ help: convert the identifier to snake case (notice the capitalization): `keyboard_input`
[INFO] [stdout] 
[INFO] [stdout] 
[INFO] [stdout] warning: 3 warnings emitted
[INFO] [stdout] 
[INFO] [stdout] 
[INFO] [stderr]     Finished test [unoptimized + debuginfo] target(s) in 4.29s
[INFO] running `Command { std: "docker" "inspect" "6e3561951004c815ed61939847d2ef367deb6f9bf339ba80e0ada8f1bbf4ef2b", kill_on_drop: false }`
[INFO] running `Command { std: "docker" "rm" "-f" "6e3561951004c815ed61939847d2ef367deb6f9bf339ba80e0ada8f1bbf4ef2b", kill_on_drop: false }`
[INFO] [stdout] 6e3561951004c815ed61939847d2ef367deb6f9bf339ba80e0ada8f1bbf4ef2b
[INFO] running `Command { std: "docker" "create" "-v" "/var/lib/crater-agent-workspace/builds/worker-6-tc2/target:/opt/rustwide/target:rw,Z" "-v" "/var/lib/crater-agent-workspace/builds/worker-6-tc2/source:/opt/rustwide/workdir:ro,Z" "-v" "/var/lib/crater-agent-workspace/cargo-home:/opt/rustwide/cargo-home:ro,Z" "-v" "/var/lib/crater-agent-workspace/rustup-home:/opt/rustwide/rustup-home:ro,Z" "-e" "SOURCE_DIR=/opt/rustwide/workdir" "-e" "CARGO_TARGET_DIR=/opt/rustwide/target" "-e" "CARGO_INCREMENTAL=0" "-e" "RUST_BACKTRACE=full" "-e" "RUSTFLAGS=--cap-lints=warn" "-e" "RUSTDOCFLAGS=--cap-lints=warn" "-e" "CARGO_HOME=/opt/rustwide/cargo-home" "-e" "RUSTUP_HOME=/opt/rustwide/rustup-home" "-w" "/opt/rustwide/workdir" "-m" "1610612736" "--user" "0:0" "--network" "none" "ghcr.io/rust-lang/crates-build-env/linux@sha256:2788e3201cd34a07e3172128adcd8b3090168a8e3bcc40d7c032b9dda1df7d1c" "/opt/rustwide/cargo-home/bin/cargo" "+beta-2023-12-22" "test" "--frozen", kill_on_drop: false }`
[INFO] [stdout] 19dbf3ea516a1869a11ed00dd02dfe5991362b6a99efed8457dad0544cdc9e0e
[INFO] running `Command { std: "docker" "start" "-a" "19dbf3ea516a1869a11ed00dd02dfe5991362b6a99efed8457dad0544cdc9e0e", kill_on_drop: false }`
[INFO] [stderr] warning: unused import: `std::process::CommandArgs`
[INFO] [stderr]  --> src/lib.rs:1:5
[INFO] [stderr]   |
[INFO] [stderr] 1 | use std::process::CommandArgs;
[INFO] [stderr]   |     ^^^^^^^^^^^^^^^^^^^^^^^^^
[INFO] [stderr]   |
[INFO] [stderr]   = note: `#[warn(unused_imports)]` on by default
[INFO] [stderr] 
[INFO] [stderr] warning: variable `Keyboard_input` should have a snake case name
[INFO] [stderr]    --> src/lib.rs:212:22
[INFO] [stderr]     |
[INFO] [stderr] 212 |     fn player_racket(Keyboard_input: &Res<Input<KeyCode>>, velocity: &mut Velocity) {
[INFO] [stderr]     |                      ^^^^^^^^^^^^^^ help: convert the identifier to snake case (notice the capitalization): `keyboard_input`
[INFO] [stderr]     |
[INFO] [stderr]     = note: `#[warn(non_snake_case)]` on by default
[INFO] [stderr] 
[INFO] [stderr] warning: variable `Keyboard_input` should have a snake case name
[INFO] [stderr]    --> src/lib.rs:224:5
[INFO] [stderr]     |
[INFO] [stderr] 224 |     Keyboard_input: Res<Input<KeyCode>>,
[INFO] [stderr]     |     ^^^^^^^^^^^^^^ help: convert the identifier to snake case (notice the capitalization): `keyboard_input`
[INFO] [stderr] 
[INFO] [stderr] warning: `rust-pong` (lib) generated 3 warnings (run `cargo fix --lib -p rust-pong` to apply 1 suggestion)
[INFO] [stderr] warning: `rust-pong` (lib test) generated 3 warnings (3 duplicates)
[INFO] [stderr]     Finished test [unoptimized + debuginfo] target(s) in 0.17s
[INFO] [stderr]      Running unittests src/lib.rs (/opt/rustwide/target/debug/deps/rust_pong-02988a062d99d67c)
[INFO] [stdout] 
[INFO] [stdout] running 0 tests
[INFO] [stdout] 
[INFO] [stdout] test result: ok. 0 passed; 0 failed; 0 ignored; 0 measured; 0 filtered out; finished in 0.00s
[INFO] [stdout] 
[INFO] [stderr]      Running unittests src/main.rs (/opt/rustwide/target/debug/deps/rust_pong-1a2577f7972c179b)
[INFO] [stdout] 
[INFO] [stdout] running 0 tests
[INFO] [stdout] 
[INFO] [stdout] test result: ok. 0 passed; 0 failed; 0 ignored; 0 measured; 0 filtered out; finished in 0.00s
[INFO] [stdout] 
[INFO] [stderr]    Doc-tests rust-pong
[INFO] [stdout] 
[INFO] [stdout] running 0 tests
[INFO] [stdout] 
[INFO] [stdout] test result: ok. 0 passed; 0 failed; 0 ignored; 0 measured; 0 filtered out; finished in 0.00s
[INFO] [stdout] 
[INFO] running `Command { std: "docker" "inspect" "19dbf3ea516a1869a11ed00dd02dfe5991362b6a99efed8457dad0544cdc9e0e", kill_on_drop: false }`
[INFO] running `Command { std: "docker" "rm" "-f" "19dbf3ea516a1869a11ed00dd02dfe5991362b6a99efed8457dad0544cdc9e0e", kill_on_drop: false }`
[INFO] [stdout] 19dbf3ea516a1869a11ed00dd02dfe5991362b6a99efed8457dad0544cdc9e0e
