[INFO] cloning repository https://github.com/ricardopieper/som-rs
[INFO] running `Command { std: "git" "-c" "credential.helper=" "-c" "credential.helper=/workspace/cargo-home/bin/git-credential-null" "clone" "--bare" "https://github.com/ricardopieper/som-rs" "/workspace/cache/git-repos/https%3A%2F%2Fgithub.com%2Fricardopieper%2Fsom-rs", kill_on_drop: false }`
[INFO] [stderr] Cloning into bare repository '/workspace/cache/git-repos/https%3A%2F%2Fgithub.com%2Fricardopieper%2Fsom-rs'...
[INFO] running `Command { std: "git" "rev-parse" "HEAD", kill_on_drop: false }`
[INFO] [stdout] ba8843986935fdb273b04a990bd13dc7a5fe03b2
[INFO] testing ricardopieper/som-rs against 1.75.0 for beta-1.76-1
[INFO] running `Command { std: "git" "clone" "/workspace/cache/git-repos/https%3A%2F%2Fgithub.com%2Fricardopieper%2Fsom-rs" "/workspace/builds/worker-5-tc1/source", kill_on_drop: false }`
[INFO] [stderr] Cloning into '/workspace/builds/worker-5-tc1/source'...
[INFO] [stderr] done.
[INFO] validating manifest of git repo https://github.com/ricardopieper/som-rs on toolchain 1.75.0
[INFO] running `Command { std: CARGO_HOME="/workspace/cargo-home" RUSTUP_HOME="/workspace/rustup-home" "/workspace/cargo-home/bin/cargo" "+1.75.0" "metadata" "--manifest-path" "Cargo.toml" "--no-deps", kill_on_drop: false }`
[INFO] started tweaking git repo https://github.com/ricardopieper/som-rs
[INFO] finished tweaking git repo https://github.com/ricardopieper/som-rs
[INFO] tweaked toml for git repo https://github.com/ricardopieper/som-rs written to /workspace/builds/worker-5-tc1/source/Cargo.toml
[INFO] crate git repo https://github.com/ricardopieper/som-rs already has a lockfile, it will not be regenerated
[INFO] running `Command { std: CARGO_HOME="/workspace/cargo-home" RUSTUP_HOME="/workspace/rustup-home" "/workspace/cargo-home/bin/cargo" "+1.75.0" "fetch" "--manifest-path" "Cargo.toml", kill_on_drop: false }`
[INFO] [stderr]     Blocking waiting for file lock on package cache
[ERROR] error running command: no output for 300 seconds
[ERROR] this task or one of its parent failed!
[ERROR] no output for 300 seconds
[ERROR] note: run with `RUST_BACKTRACE=1` to display a backtrace.
[INFO] testing ricardopieper/som-rs against beta-2023-12-22 for beta-1.76-1
[INFO] running `Command { std: "git" "clone" "/workspace/cache/git-repos/https%3A%2F%2Fgithub.com%2Fricardopieper%2Fsom-rs" "/workspace/builds/worker-5-tc2/source", kill_on_drop: false }`
[INFO] [stderr] Cloning into '/workspace/builds/worker-5-tc2/source'...
[INFO] [stderr] done.
[INFO] validating manifest of git repo https://github.com/ricardopieper/som-rs on toolchain beta-2023-12-22
[INFO] running `Command { std: CARGO_HOME="/workspace/cargo-home" RUSTUP_HOME="/workspace/rustup-home" "/workspace/cargo-home/bin/cargo" "+beta-2023-12-22" "metadata" "--manifest-path" "Cargo.toml" "--no-deps", kill_on_drop: false }`
[INFO] started tweaking git repo https://github.com/ricardopieper/som-rs
[INFO] finished tweaking git repo https://github.com/ricardopieper/som-rs
[INFO] tweaked toml for git repo https://github.com/ricardopieper/som-rs written to /workspace/builds/worker-5-tc2/source/Cargo.toml
[INFO] crate git repo https://github.com/ricardopieper/som-rs already has a lockfile, it will not be regenerated
[INFO] running `Command { std: CARGO_HOME="/workspace/cargo-home" RUSTUP_HOME="/workspace/rustup-home" "/workspace/cargo-home/bin/cargo" "+beta-2023-12-22" "fetch" "--manifest-path" "Cargo.toml", kill_on_drop: false }`
[INFO] [stderr]     Blocking waiting for file lock on package cache
[INFO] [stderr]     Updating crates.io index
[INFO] [stderr]     Blocking waiting for file lock on package cache
[INFO] [stderr]  Downloading crates ...
[INFO] [stderr]   Downloaded glutin v0.21.0
[INFO] [stderr]   Downloaded glutin_emscripten_sys v0.1.0
[INFO] [stderr]   Downloaded piston-gfx_texture v0.36.0
[INFO] [stderr]   Downloaded pistoncore-event_loop v0.48.0
[INFO] [stderr]   Downloaded pistoncore-glutin_window v0.62.1
[INFO] [stderr]   Downloaded pistoncore-window v0.43.0
[INFO] [stderr]   Downloaded piston v0.48.0
[INFO] [stderr]   Downloaded piston2d-graphics v0.32.0
[INFO] [stderr]   Downloaded winit v0.19.1
[INFO] [stderr]   Downloaded piston2d-gfx_graphics v0.61.0
[INFO] [stderr]   Downloaded libloading v0.5.1
[INFO] [stderr]   Downloaded piston_window v0.99.0
[INFO] [stderr]   Downloaded pistoncore-sdl2_window v0.62.0
[INFO] [stderr]   Downloaded pistoncore-input v0.28.0
[INFO] running `Command { std: "docker" "create" "-v" "/var/lib/crater-agent-workspace/builds/worker-5-tc2/target:/opt/rustwide/target:rw,Z" "-v" "/var/lib/crater-agent-workspace/builds/worker-5-tc2/source:/opt/rustwide/workdir:ro,Z" "-v" "/var/lib/crater-agent-workspace/cargo-home:/opt/rustwide/cargo-home:ro,Z" "-v" "/var/lib/crater-agent-workspace/rustup-home:/opt/rustwide/rustup-home:ro,Z" "-e" "SOURCE_DIR=/opt/rustwide/workdir" "-e" "CARGO_TARGET_DIR=/opt/rustwide/target" "-e" "CARGO_HOME=/opt/rustwide/cargo-home" "-e" "RUSTUP_HOME=/opt/rustwide/rustup-home" "-w" "/opt/rustwide/workdir" "-m" "1610612736" "--user" "0:0" "--network" "none" "ghcr.io/rust-lang/crates-build-env/linux@sha256:2788e3201cd34a07e3172128adcd8b3090168a8e3bcc40d7c032b9dda1df7d1c" "/opt/rustwide/cargo-home/bin/cargo" "+beta-2023-12-22" "metadata" "--no-deps" "--format-version=1", kill_on_drop: false }`
[INFO] [stdout] 42118e8bcd01f2cbba181a5e9fab1e299a556ddd1f5a1b79416bee8af6181282
[INFO] running `Command { std: "docker" "start" "-a" "42118e8bcd01f2cbba181a5e9fab1e299a556ddd1f5a1b79416bee8af6181282", kill_on_drop: false }`
[INFO] running `Command { std: "docker" "inspect" "42118e8bcd01f2cbba181a5e9fab1e299a556ddd1f5a1b79416bee8af6181282", kill_on_drop: false }`
[INFO] running `Command { std: "docker" "rm" "-f" "42118e8bcd01f2cbba181a5e9fab1e299a556ddd1f5a1b79416bee8af6181282", kill_on_drop: false }`
[INFO] [stdout] 42118e8bcd01f2cbba181a5e9fab1e299a556ddd1f5a1b79416bee8af6181282
[INFO] running `Command { std: "docker" "create" "-v" "/var/lib/crater-agent-workspace/builds/worker-5-tc2/target:/opt/rustwide/target:rw,Z" "-v" "/var/lib/crater-agent-workspace/builds/worker-5-tc2/source:/opt/rustwide/workdir:ro,Z" "-v" "/var/lib/crater-agent-workspace/cargo-home:/opt/rustwide/cargo-home:ro,Z" "-v" "/var/lib/crater-agent-workspace/rustup-home:/opt/rustwide/rustup-home:ro,Z" "-e" "SOURCE_DIR=/opt/rustwide/workdir" "-e" "CARGO_TARGET_DIR=/opt/rustwide/target" "-e" "CARGO_INCREMENTAL=0" "-e" "RUST_BACKTRACE=full" "-e" "RUSTFLAGS=--cap-lints=warn" "-e" "RUSTDOCFLAGS=--cap-lints=warn" "-e" "CARGO_HOME=/opt/rustwide/cargo-home" "-e" "RUSTUP_HOME=/opt/rustwide/rustup-home" "-w" "/opt/rustwide/workdir" "-m" "1610612736" "--user" "0:0" "--network" "none" "ghcr.io/rust-lang/crates-build-env/linux@sha256:2788e3201cd34a07e3172128adcd8b3090168a8e3bcc40d7c032b9dda1df7d1c" "/opt/rustwide/cargo-home/bin/cargo" "+beta-2023-12-22" "build" "--frozen" "--message-format=json", kill_on_drop: false }`
[INFO] [stdout] 0f46d268296cc6338d6e47eda5290c036b2a8053c2fb99e2a8173c729a8b60dc
[INFO] running `Command { std: "docker" "start" "-a" "0f46d268296cc6338d6e47eda5290c036b2a8053c2fb99e2a8173c729a8b60dc", kill_on_drop: false }`
[INFO] [stderr]    Compiling autocfg v0.1.4
[INFO] [stderr]    Compiling cfg-if v0.1.9
[INFO] [stderr]    Compiling libc v0.2.58
[INFO] [stderr]    Compiling spin v0.5.0
[INFO] [stderr]    Compiling proc-macro2 v0.4.30
[INFO] [stderr]    Compiling bitflags v1.1.0
[INFO] [stderr]    Compiling unicode-xid v0.1.0
[INFO] [stderr]    Compiling xml-rs v0.8.0
[INFO] [stderr]    Compiling syn v0.15.39
[INFO] [stderr]    Compiling byteorder v1.3.2
[INFO] [stderr]    Compiling arrayvec v0.4.10
[INFO] [stderr]    Compiling rand_core v0.4.0
[INFO] [stderr]    Compiling nodrop v0.1.13
[INFO] [stderr]    Compiling khronos_api v3.1.0
[INFO] [stderr]    Compiling scopeguard v0.3.3
[INFO] [stderr]    Compiling cc v1.0.37
[INFO] [stderr]    Compiling log v0.4.6
[INFO] [stderr]    Compiling piston-float v1.0.0
[INFO] [stderr]    Compiling nix v0.14.1
[INFO] [stderr]    Compiling semver-parser v0.7.0
[INFO] [stderr]    Compiling lazy_static v1.3.0
[INFO] [stderr]    Compiling piston-viewport v1.0.0
[INFO] [stderr]    Compiling crossbeam-utils v0.6.5
[INFO] [stderr]    Compiling rand_core v0.3.1
[INFO] [stderr]    Compiling rand_hc v0.1.0
[INFO] [stderr]    Compiling semver v0.9.0
[INFO] [stderr]    Compiling num-traits v0.2.8
[INFO] [stderr]    Compiling num-integer v0.1.41
[INFO] [stderr]    Compiling rand_chacha v0.1.1
[INFO] [stderr]    Compiling rand_pcg v0.1.2
[INFO] [stderr]    Compiling num-iter v0.1.39
[INFO] [stderr]    Compiling rand v0.6.5
[INFO] [stderr]    Compiling gl_generator v0.11.0
[INFO] [stderr]    Compiling rand_isaac v0.1.1
[INFO] [stderr]    Compiling rand_xorshift v0.1.1
[INFO] [stderr]    Compiling stb_truetype v0.2.6
[INFO] [stderr]    Compiling rand_jitter v0.1.4
[INFO] [stderr]    Compiling memoffset v0.2.1
[INFO] [stderr]    Compiling void v1.0.2
[INFO] [stderr]    Compiling quote v0.6.12
[INFO] [stderr]    Compiling rand_os v0.1.3
[INFO] [stderr]    Compiling serde v1.0.94
[INFO] [stderr]    Compiling crossbeam-epoch v0.7.1
[INFO] [stderr]    Compiling rustc_version v0.2.3
[INFO] [stderr]    Compiling pkg-config v0.3.14
[INFO] [stderr]    Compiling piston-graphics_api_version v0.2.0
[INFO] [stderr]    Compiling rayon-core v1.5.0
[INFO] [stderr]    Compiling wayland-scanner v0.21.13
[INFO] [stderr]    Compiling khronos_api v2.2.0
[INFO] [stderr]    Compiling parking_lot_core v0.4.0
[INFO] [stderr]    Compiling num_cpus v1.10.1
[INFO] [stderr]    Compiling crossbeam-deque v0.6.3
[INFO] [stderr]    Compiling libloading v0.5.1
[INFO] [stderr]    Compiling crossbeam-queue v0.1.2
[INFO] [stderr]    Compiling stable_deref_trait v1.1.1
[INFO] [stderr]    Compiling downcast-rs v1.0.4
[INFO] [stderr]    Compiling num-derive v0.2.5
[INFO] [stderr]    Compiling adler32 v1.0.3
[INFO] [stderr]    Compiling approx v0.3.2
[INFO] [stderr]    Compiling ordered-float v1.0.2
[INFO] [stderr]    Compiling x11-dl v2.18.3
[INFO] [stderr]    Compiling same-file v1.0.4
[INFO] [stderr]    Compiling rusttype v0.7.7
[INFO] [stderr]    Compiling line_drawing v0.7.0
[INFO] [stderr]    Compiling walkdir v2.2.8
[INFO] [stderr]    Compiling owning_ref v0.4.0
[INFO] [stderr]    Compiling draw_state v0.8.0
[INFO] [stderr]    Compiling xml-rs v0.7.0
[INFO] [stderr]    Compiling gl_generator v0.10.0
[INFO] [stderr]    Compiling num-rational v0.2.2
[INFO] [stderr]    Compiling either v1.5.2
[INFO] [stderr]    Compiling xdg v2.2.0
[INFO] [stderr]    Compiling smallvec v0.6.10
[INFO] [stderr]    Compiling lzw v0.10.0
[INFO] [stderr]    Compiling dlib v0.4.1
[INFO] [stderr]    Compiling wayland-sys v0.21.13
[INFO] [stderr]    Compiling rayon v1.1.0
[INFO] [stderr]    Compiling andrew v0.2.1
[INFO] [stderr]    Compiling lock_api v0.1.5
[INFO] [stderr]    Compiling glutin_egl_sys v0.1.3
[INFO] [stderr]    Compiling glutin_glx_sys v0.1.5
[INFO] [stderr]    Compiling deflate v0.7.20
[INFO] [stderr]    Compiling inflate v0.4.5
[INFO] [stderr]    Compiling gl_generator v0.9.0
[INFO] [stderr]    Compiling gl v0.11.0
[INFO] [stderr]    Compiling memmap v0.7.0
[INFO] [stderr]    Compiling sdl2-sys v0.32.6
[INFO] [stderr]    Compiling color_quant v1.0.1
[INFO] [stderr]    Compiling png v0.14.1
[INFO] [stderr]    Compiling gif v0.10.2
[INFO] [stderr]    Compiling parking_lot v0.7.1
[INFO] [stderr]    Compiling shader_version v0.6.0
[INFO] [stderr]    Compiling gfx_gl v0.5.0
[INFO] [stderr]    Compiling shared_library v0.1.9
[INFO] [stderr]    Compiling wayland-client v0.21.13
[INFO] [stderr]    Compiling wayland-protocols v0.21.13
[INFO] [stderr]    Compiling scoped_threadpool v0.1.9
[INFO] [stderr]    Compiling percent-encoding v1.0.1
[INFO] [stderr]    Compiling piston-texture v0.6.0
[INFO] [stderr]    Compiling osmesa-sys v0.1.2
[INFO] [stderr]    Compiling getrandom v0.1.6
[INFO] [stderr]    Compiling rand_chacha v0.2.0
[INFO] [stderr]    Compiling jpeg-decoder v0.1.15
[INFO] [stderr]    Compiling vecmath v1.0.0
[INFO] [stderr]    Compiling sdl2 v0.32.2
[INFO] [stderr]    Compiling interpolation v0.2.0
[INFO] [stderr]    Compiling wayland-commons v0.21.13
[INFO] [stderr]    Compiling fnv v1.0.6
[INFO] [stderr]    Compiling read_color v1.0.0
[INFO] [stderr]    Compiling ppv-lite86 v0.2.5
[INFO] [stderr]    Compiling rand_core v0.5.0
[INFO] [stderr]    Compiling piston2d-graphics v0.32.0
[INFO] [stderr]    Compiling num v0.1.42
[INFO] [stderr]    Compiling piston-shaders_graphics2d v0.3.1
[INFO] [stderr]    Compiling c2-chacha v0.2.2
[INFO] [stderr]    Compiling rand v0.7.0
[INFO] [stderr]    Compiling derivative v1.0.2
[INFO] [stderr]    Compiling serde_derive v1.0.94
[INFO] [stderr]    Compiling tiff v0.2.2
[INFO] [stderr]    Compiling image v0.21.2
[INFO] [stderr]    Compiling gfx_core v0.8.3
[INFO] [stderr]    Compiling gfx v0.17.1
[INFO] [stderr]    Compiling gfx_device_gl v0.15.5
[INFO] [stderr]    Compiling pistoncore-input v0.28.0
[INFO] [stderr]    Compiling piston-gfx_texture v0.36.0
[INFO] [stderr]    Compiling piston2d-gfx_graphics v0.61.0
[INFO] [stderr]    Compiling pistoncore-window v0.43.0
[INFO] [stderr]    Compiling pistoncore-event_loop v0.48.0
[INFO] [stderr]    Compiling pistoncore-sdl2_window v0.62.0
[INFO] [stderr]    Compiling piston v0.48.0
[INFO] [stderr]    Compiling smithay-client-toolkit v0.4.6
[INFO] [stderr]    Compiling winit v0.19.1
[INFO] [stderr]    Compiling glutin v0.21.0
[INFO] [stderr]    Compiling pistoncore-glutin_window v0.62.1
[INFO] [stderr]    Compiling piston_window v0.99.0
[INFO] [stderr]    Compiling som-rs v0.1.0 (/opt/rustwide/workdir)
[INFO] [stdout] warning: unused import: `sdl2_window::Sdl2Window`
[INFO] [stdout]    --> src/main.rs:178:5
[INFO] [stdout]     |
[INFO] [stdout] 178 | use sdl2_window::Sdl2Window;
[INFO] [stdout]     |     ^^^^^^^^^^^^^^^^^^^^^^^
[INFO] [stdout]     |
[INFO] [stdout]     = note: `#[warn(unused_imports)]` on by default
[INFO] [stdout] 
[INFO] [stdout] 
[INFO] [stdout] warning: unused variable: `color`
[INFO] [stdout]    --> src/main.rs:148:14
[INFO] [stdout]     |
[INFO] [stdout] 148 | fn get_color(color: i32) -> Vec<f64> {
[INFO] [stdout]     |              ^^^^^ help: if this is intentional, prefix it with an underscore: `_color`
[INFO] [stdout]     |
[INFO] [stdout]     = note: `#[warn(unused_variables)]` on by default
[INFO] [stdout] 
[INFO] [stdout] 
[INFO] [stdout] warning: 2 warnings emitted
[INFO] [stdout] 
[INFO] [stdout] 
[INFO] [stderr]     Finished dev [unoptimized + debuginfo] target(s) in 1m 17s
[INFO] running `Command { std: "docker" "inspect" "0f46d268296cc6338d6e47eda5290c036b2a8053c2fb99e2a8173c729a8b60dc", kill_on_drop: false }`
[INFO] running `Command { std: "docker" "rm" "-f" "0f46d268296cc6338d6e47eda5290c036b2a8053c2fb99e2a8173c729a8b60dc", kill_on_drop: false }`
[INFO] [stdout] 0f46d268296cc6338d6e47eda5290c036b2a8053c2fb99e2a8173c729a8b60dc
[INFO] running `Command { std: "docker" "create" "-v" "/var/lib/crater-agent-workspace/builds/worker-5-tc2/target:/opt/rustwide/target:rw,Z" "-v" "/var/lib/crater-agent-workspace/builds/worker-5-tc2/source:/opt/rustwide/workdir:ro,Z" "-v" "/var/lib/crater-agent-workspace/cargo-home:/opt/rustwide/cargo-home:ro,Z" "-v" "/var/lib/crater-agent-workspace/rustup-home:/opt/rustwide/rustup-home:ro,Z" "-e" "SOURCE_DIR=/opt/rustwide/workdir" "-e" "CARGO_TARGET_DIR=/opt/rustwide/target" "-e" "CARGO_INCREMENTAL=0" "-e" "RUST_BACKTRACE=full" "-e" "RUSTFLAGS=--cap-lints=warn" "-e" "RUSTDOCFLAGS=--cap-lints=warn" "-e" "CARGO_HOME=/opt/rustwide/cargo-home" "-e" "RUSTUP_HOME=/opt/rustwide/rustup-home" "-w" "/opt/rustwide/workdir" "-m" "1610612736" "--user" "0:0" "--network" "none" "ghcr.io/rust-lang/crates-build-env/linux@sha256:2788e3201cd34a07e3172128adcd8b3090168a8e3bcc40d7c032b9dda1df7d1c" "/opt/rustwide/cargo-home/bin/cargo" "+beta-2023-12-22" "test" "--frozen" "--no-run" "--message-format=json", kill_on_drop: false }`
[INFO] [stdout] df05689160d7f745a1db1f5e4911c6e116528c511addac0d3699417d403734ca
[INFO] running `Command { std: "docker" "start" "-a" "df05689160d7f745a1db1f5e4911c6e116528c511addac0d3699417d403734ca", kill_on_drop: false }`
[INFO] [stderr]    Compiling som-rs v0.1.0 (/opt/rustwide/workdir)
[INFO] [stdout] warning: unused import: `sdl2_window::Sdl2Window`
[INFO] [stdout]    --> src/main.rs:178:5
[INFO] [stdout]     |
[INFO] [stdout] 178 | use sdl2_window::Sdl2Window;
[INFO] [stdout]     |     ^^^^^^^^^^^^^^^^^^^^^^^
[INFO] [stdout]     |
[INFO] [stdout]     = note: `#[warn(unused_imports)]` on by default
[INFO] [stdout] 
[INFO] [stdout] 
[INFO] [stdout] warning: unused variable: `color`
[INFO] [stdout]    --> src/main.rs:148:14
[INFO] [stdout]     |
[INFO] [stdout] 148 | fn get_color(color: i32) -> Vec<f64> {
[INFO] [stdout]     |              ^^^^^ help: if this is intentional, prefix it with an underscore: `_color`
[INFO] [stdout]     |
[INFO] [stdout]     = note: `#[warn(unused_variables)]` on by default
[INFO] [stdout] 
[INFO] [stdout] 
[INFO] [stdout] warning: 2 warnings emitted
[INFO] [stdout] 
[INFO] [stdout] 
[INFO] [stderr]     Finished test [unoptimized + debuginfo] target(s) in 0.36s
[INFO] running `Command { std: "docker" "inspect" "df05689160d7f745a1db1f5e4911c6e116528c511addac0d3699417d403734ca", kill_on_drop: false }`
[INFO] running `Command { std: "docker" "rm" "-f" "df05689160d7f745a1db1f5e4911c6e116528c511addac0d3699417d403734ca", kill_on_drop: false }`
[INFO] [stdout] df05689160d7f745a1db1f5e4911c6e116528c511addac0d3699417d403734ca
[INFO] running `Command { std: "docker" "create" "-v" "/var/lib/crater-agent-workspace/builds/worker-5-tc2/target:/opt/rustwide/target:rw,Z" "-v" "/var/lib/crater-agent-workspace/builds/worker-5-tc2/source:/opt/rustwide/workdir:ro,Z" "-v" "/var/lib/crater-agent-workspace/cargo-home:/opt/rustwide/cargo-home:ro,Z" "-v" "/var/lib/crater-agent-workspace/rustup-home:/opt/rustwide/rustup-home:ro,Z" "-e" "SOURCE_DIR=/opt/rustwide/workdir" "-e" "CARGO_TARGET_DIR=/opt/rustwide/target" "-e" "CARGO_INCREMENTAL=0" "-e" "RUST_BACKTRACE=full" "-e" "RUSTFLAGS=--cap-lints=warn" "-e" "RUSTDOCFLAGS=--cap-lints=warn" "-e" "CARGO_HOME=/opt/rustwide/cargo-home" "-e" "RUSTUP_HOME=/opt/rustwide/rustup-home" "-w" "/opt/rustwide/workdir" "-m" "1610612736" "--user" "0:0" "--network" "none" "ghcr.io/rust-lang/crates-build-env/linux@sha256:2788e3201cd34a07e3172128adcd8b3090168a8e3bcc40d7c032b9dda1df7d1c" "/opt/rustwide/cargo-home/bin/cargo" "+beta-2023-12-22" "test" "--frozen", kill_on_drop: false }`
[INFO] [stdout] 1a7ae3cf8f527066e7b4652074846912fc57133d3e8a0e0cebbb5606e27e3785
[INFO] running `Command { std: "docker" "start" "-a" "1a7ae3cf8f527066e7b4652074846912fc57133d3e8a0e0cebbb5606e27e3785", kill_on_drop: false }`
[INFO] [stderr] warning: unused import: `sdl2_window::Sdl2Window`
[INFO] [stderr]    --> src/main.rs:178:5
[INFO] [stderr]     |
[INFO] [stderr] 178 | use sdl2_window::Sdl2Window;
[INFO] [stderr]     |     ^^^^^^^^^^^^^^^^^^^^^^^
[INFO] [stderr]     |
[INFO] [stderr]     = note: `#[warn(unused_imports)]` on by default
[INFO] [stderr] 
[INFO] [stderr] warning: unused variable: `color`
[INFO] [stderr]    --> src/main.rs:148:14
[INFO] [stderr]     |
[INFO] [stderr] 148 | fn get_color(color: i32) -> Vec<f64> {
[INFO] [stderr]     |              ^^^^^ help: if this is intentional, prefix it with an underscore: `_color`
[INFO] [stderr]     |
[INFO] [stderr]     = note: `#[warn(unused_variables)]` on by default
[INFO] [stderr] 
[INFO] [stderr] warning: `som-rs` (bin "som-rs" test) generated 2 warnings (run `cargo fix --bin "som-rs" --tests` to apply 2 suggestions)
[INFO] [stderr]     Finished test [unoptimized + debuginfo] target(s) in 0.07s
[INFO] [stderr]      Running unittests src/main.rs (/opt/rustwide/target/debug/deps/som_rs-56d2a8475341b1ca)
[INFO] [stdout] 
[INFO] [stdout] running 0 tests
[INFO] [stdout] 
[INFO] [stdout] test result: ok. 0 passed; 0 failed; 0 ignored; 0 measured; 0 filtered out; finished in 0.00s
[INFO] [stdout] 
[INFO] running `Command { std: "docker" "inspect" "1a7ae3cf8f527066e7b4652074846912fc57133d3e8a0e0cebbb5606e27e3785", kill_on_drop: false }`
[INFO] running `Command { std: "docker" "rm" "-f" "1a7ae3cf8f527066e7b4652074846912fc57133d3e8a0e0cebbb5606e27e3785", kill_on_drop: false }`
[INFO] [stdout] 1a7ae3cf8f527066e7b4652074846912fc57133d3e8a0e0cebbb5606e27e3785
