[INFO] cloning repository https://github.com/rektdeckard/swn-tui
[INFO] running `Command { std: "git" "-c" "credential.helper=" "-c" "credential.helper=/workspace/cargo-home/bin/git-credential-null" "clone" "--bare" "https://github.com/rektdeckard/swn-tui" "/workspace/cache/git-repos/https%3A%2F%2Fgithub.com%2Frektdeckard%2Fswn-tui", kill_on_drop: false }`
[INFO] [stderr] Cloning into bare repository '/workspace/cache/git-repos/https%3A%2F%2Fgithub.com%2Frektdeckard%2Fswn-tui'...
[INFO] running `Command { std: "git" "rev-parse" "HEAD", kill_on_drop: false }`
[INFO] [stdout] 20085d20e8bb526b16d8d7bcae470bba194e348a
[INFO] testing rektdeckard/swn-tui against 1.75.0 for beta-1.76-1
[INFO] running `Command { std: "git" "clone" "/workspace/cache/git-repos/https%3A%2F%2Fgithub.com%2Frektdeckard%2Fswn-tui" "/workspace/builds/worker-4-tc1/source", kill_on_drop: false }`
[INFO] [stderr] Cloning into '/workspace/builds/worker-4-tc1/source'...
[INFO] [stderr] done.
[INFO] validating manifest of git repo https://github.com/rektdeckard/swn-tui on toolchain 1.75.0
[INFO] running `Command { std: CARGO_HOME="/workspace/cargo-home" RUSTUP_HOME="/workspace/rustup-home" "/workspace/cargo-home/bin/cargo" "+1.75.0" "metadata" "--manifest-path" "Cargo.toml" "--no-deps", kill_on_drop: false }`
[INFO] started tweaking git repo https://github.com/rektdeckard/swn-tui
[INFO] finished tweaking git repo https://github.com/rektdeckard/swn-tui
[INFO] tweaked toml for git repo https://github.com/rektdeckard/swn-tui written to /workspace/builds/worker-4-tc1/source/Cargo.toml
[INFO] crate git repo https://github.com/rektdeckard/swn-tui already has a lockfile, it will not be regenerated
[INFO] running `Command { std: CARGO_HOME="/workspace/cargo-home" RUSTUP_HOME="/workspace/rustup-home" "/workspace/cargo-home/bin/cargo" "+1.75.0" "fetch" "--manifest-path" "Cargo.toml", kill_on_drop: false }`
[INFO] [stderr]     Blocking waiting for file lock on package cache
[ERROR] error running command: no output for 300 seconds
[ERROR] this task or one of its parent failed!
[ERROR] no output for 300 seconds
[ERROR] note: run with `RUST_BACKTRACE=1` to display a backtrace.
[INFO] testing rektdeckard/swn-tui against beta-2023-12-22 for beta-1.76-1
[INFO] running `Command { std: "git" "clone" "/workspace/cache/git-repos/https%3A%2F%2Fgithub.com%2Frektdeckard%2Fswn-tui" "/workspace/builds/worker-4-tc2/source", kill_on_drop: false }`
[INFO] [stderr] Cloning into '/workspace/builds/worker-4-tc2/source'...
[INFO] [stderr] done.
[INFO] validating manifest of git repo https://github.com/rektdeckard/swn-tui on toolchain beta-2023-12-22
[INFO] running `Command { std: CARGO_HOME="/workspace/cargo-home" RUSTUP_HOME="/workspace/rustup-home" "/workspace/cargo-home/bin/cargo" "+beta-2023-12-22" "metadata" "--manifest-path" "Cargo.toml" "--no-deps", kill_on_drop: false }`
[INFO] started tweaking git repo https://github.com/rektdeckard/swn-tui
[INFO] finished tweaking git repo https://github.com/rektdeckard/swn-tui
[INFO] tweaked toml for git repo https://github.com/rektdeckard/swn-tui written to /workspace/builds/worker-4-tc2/source/Cargo.toml
[INFO] crate git repo https://github.com/rektdeckard/swn-tui already has a lockfile, it will not be regenerated
[INFO] running `Command { std: CARGO_HOME="/workspace/cargo-home" RUSTUP_HOME="/workspace/rustup-home" "/workspace/cargo-home/bin/cargo" "+beta-2023-12-22" "fetch" "--manifest-path" "Cargo.toml", kill_on_drop: false }`
[INFO] [stderr]     Blocking waiting for file lock on package cache
[INFO] [stderr]     Updating crates.io index
[INFO] [stderr]     Blocking waiting for file lock on package cache
[ERROR] error running command: no output for 300 seconds
[INFO] testing rektdeckard/swn-tui against beta-2023-12-22 for beta-1.76-1
[INFO] running `Command { std: "git" "clone" "/workspace/cache/git-repos/https%3A%2F%2Fgithub.com%2Frektdeckard%2Fswn-tui" "/workspace/builds/worker-4-tc2/source", kill_on_drop: false }`
[INFO] [stderr] Cloning into '/workspace/builds/worker-4-tc2/source'...
[INFO] [stderr] done.
[INFO] validating manifest of git repo https://github.com/rektdeckard/swn-tui on toolchain beta-2023-12-22
[INFO] running `Command { std: CARGO_HOME="/workspace/cargo-home" RUSTUP_HOME="/workspace/rustup-home" "/workspace/cargo-home/bin/cargo" "+beta-2023-12-22" "metadata" "--manifest-path" "Cargo.toml" "--no-deps", kill_on_drop: false }`
[INFO] started tweaking git repo https://github.com/rektdeckard/swn-tui
[INFO] finished tweaking git repo https://github.com/rektdeckard/swn-tui
[INFO] tweaked toml for git repo https://github.com/rektdeckard/swn-tui written to /workspace/builds/worker-4-tc2/source/Cargo.toml
[INFO] crate git repo https://github.com/rektdeckard/swn-tui already has a lockfile, it will not be regenerated
[INFO] running `Command { std: CARGO_HOME="/workspace/cargo-home" RUSTUP_HOME="/workspace/rustup-home" "/workspace/cargo-home/bin/cargo" "+beta-2023-12-22" "fetch" "--manifest-path" "Cargo.toml", kill_on_drop: false }`
[INFO] [stderr]     Blocking waiting for file lock on package cache
[INFO] [stderr]     Blocking waiting for file lock on package cache
[INFO] [stderr]  Downloading crates ...
[INFO] [stderr]   Downloaded rand_seeder v0.2.2
[INFO] [stderr]   Downloaded perlin_noise v1.0.1
[INFO] running `Command { std: "docker" "create" "-v" "/var/lib/crater-agent-workspace/builds/worker-4-tc2/target:/opt/rustwide/target:rw,Z" "-v" "/var/lib/crater-agent-workspace/builds/worker-4-tc2/source:/opt/rustwide/workdir:ro,Z" "-v" "/var/lib/crater-agent-workspace/cargo-home:/opt/rustwide/cargo-home:ro,Z" "-v" "/var/lib/crater-agent-workspace/rustup-home:/opt/rustwide/rustup-home:ro,Z" "-e" "SOURCE_DIR=/opt/rustwide/workdir" "-e" "CARGO_TARGET_DIR=/opt/rustwide/target" "-e" "CARGO_HOME=/opt/rustwide/cargo-home" "-e" "RUSTUP_HOME=/opt/rustwide/rustup-home" "-w" "/opt/rustwide/workdir" "-m" "1610612736" "--user" "0:0" "--network" "none" "ghcr.io/rust-lang/crates-build-env/linux@sha256:2788e3201cd34a07e3172128adcd8b3090168a8e3bcc40d7c032b9dda1df7d1c" "/opt/rustwide/cargo-home/bin/cargo" "+beta-2023-12-22" "metadata" "--no-deps" "--format-version=1", kill_on_drop: false }`
[INFO] [stdout] ce0d0f8681c9e074bcb0a50a13951b0466e5b6e994683738046d8f99be955b37
[INFO] running `Command { std: "docker" "start" "-a" "ce0d0f8681c9e074bcb0a50a13951b0466e5b6e994683738046d8f99be955b37", kill_on_drop: false }`
[INFO] running `Command { std: "docker" "inspect" "ce0d0f8681c9e074bcb0a50a13951b0466e5b6e994683738046d8f99be955b37", kill_on_drop: false }`
[INFO] running `Command { std: "docker" "rm" "-f" "ce0d0f8681c9e074bcb0a50a13951b0466e5b6e994683738046d8f99be955b37", kill_on_drop: false }`
[INFO] [stdout] ce0d0f8681c9e074bcb0a50a13951b0466e5b6e994683738046d8f99be955b37
[INFO] running `Command { std: "docker" "create" "-v" "/var/lib/crater-agent-workspace/builds/worker-4-tc2/target:/opt/rustwide/target:rw,Z" "-v" "/var/lib/crater-agent-workspace/builds/worker-4-tc2/source:/opt/rustwide/workdir:ro,Z" "-v" "/var/lib/crater-agent-workspace/cargo-home:/opt/rustwide/cargo-home:ro,Z" "-v" "/var/lib/crater-agent-workspace/rustup-home:/opt/rustwide/rustup-home:ro,Z" "-e" "SOURCE_DIR=/opt/rustwide/workdir" "-e" "CARGO_TARGET_DIR=/opt/rustwide/target" "-e" "CARGO_INCREMENTAL=0" "-e" "RUST_BACKTRACE=full" "-e" "RUSTFLAGS=--cap-lints=warn" "-e" "RUSTDOCFLAGS=--cap-lints=warn" "-e" "CARGO_HOME=/opt/rustwide/cargo-home" "-e" "RUSTUP_HOME=/opt/rustwide/rustup-home" "-w" "/opt/rustwide/workdir" "-m" "1610612736" "--user" "0:0" "--network" "none" "ghcr.io/rust-lang/crates-build-env/linux@sha256:2788e3201cd34a07e3172128adcd8b3090168a8e3bcc40d7c032b9dda1df7d1c" "/opt/rustwide/cargo-home/bin/cargo" "+beta-2023-12-22" "build" "--frozen" "--message-format=json", kill_on_drop: false }`
[INFO] [stdout] 0d436c2361cfed33dad027202905038aeb319f50c8fa7537a03777176df5beb4
[INFO] running `Command { std: "docker" "start" "-a" "0d436c2361cfed33dad027202905038aeb319f50c8fa7537a03777176df5beb4", kill_on_drop: false }`
[INFO] [stderr]    Compiling libc v0.2.101
[INFO] [stderr]    Compiling cfg-if v1.0.0
[INFO] [stderr]    Compiling autocfg v1.0.1
[INFO] [stderr]    Compiling proc-macro2 v1.0.29
[INFO] [stderr]    Compiling unicode-xid v0.2.2
[INFO] [stderr]    Compiling log v0.4.14
[INFO] [stderr]    Compiling syn v1.0.75
[INFO] [stderr]    Compiling smallvec v1.6.1
[INFO] [stderr]    Compiling scopeguard v1.1.0
[INFO] [stderr]    Compiling cfg-if v0.1.10
[INFO] [stderr]    Compiling serde_derive v1.0.130
[INFO] [stderr]    Compiling rand_core v0.4.2
[INFO] [stderr]    Compiling ryu v1.0.5
[INFO] [stderr]    Compiling bitflags v1.3.2
[INFO] [stderr]    Compiling unicode-width v0.1.8
[INFO] [stderr]    Compiling serde v1.0.130
[INFO] [stderr]    Compiling ppv-lite86 v0.2.10
[INFO] [stderr]    Compiling lock_api v0.3.4
[INFO] [stderr]    Compiling serde_json v1.0.67
[INFO] [stderr]    Compiling lazy_static v1.4.0
[INFO] [stderr]    Compiling textwrap v0.11.0
[INFO] [stderr]    Compiling itoa v0.4.8
[INFO] [stderr]    Compiling unicode-segmentation v1.8.0
[INFO] [stderr]    Compiling rand_core v0.3.1
[INFO] [stderr]    Compiling ansi_term v0.11.0
[INFO] [stderr]    Compiling vec_map v0.8.2
[INFO] [stderr]    Compiling cassowary v0.3.0
[INFO] [stderr]    Compiling strsim v0.8.0
[INFO] [stderr]    Compiling array2d v0.2.1
[INFO] [stderr]    Compiling num-traits v0.2.14
[INFO] [stderr]    Compiling num-integer v0.1.44
[INFO] [stderr]    Compiling quote v1.0.9
[INFO] [stderr]    Compiling getrandom v0.2.3
[INFO] [stderr]    Compiling parking_lot_core v0.7.2
[INFO] [stderr]    Compiling signal-hook-registry v1.4.0
[INFO] [stderr]    Compiling mio v0.7.13
[INFO] [stderr]    Compiling atty v0.2.14
[INFO] [stderr]    Compiling rand v0.5.6
[INFO] [stderr]    Compiling time v0.1.43
[INFO] [stderr]    Compiling clap v2.33.3
[INFO] [stderr]    Compiling rand_core v0.6.3
[INFO] [stderr]    Compiling parking_lot v0.10.2
[INFO] [stderr]    Compiling signal-hook v0.1.17
[INFO] [stderr]    Compiling rand_chacha v0.3.1
[INFO] [stderr]    Compiling rand_seeder v0.2.2
[INFO] [stderr]    Compiling rand_pcg v0.3.1
[INFO] [stderr]    Compiling crossterm v0.17.7
[INFO] [stderr]    Compiling rand v0.8.4
[INFO] [stderr]    Compiling chrono v0.4.19
[INFO] [stderr]    Compiling tui v0.12.0
[INFO] [stderr]    Compiling perlin_noise v1.0.1
[INFO] [stderr]    Compiling swn v0.1.0 (/opt/rustwide/workdir)
[INFO] [stdout] warning: unreachable statement
[INFO] [stdout]   --> src/main.rs:42:9
[INFO] [stdout]    |
[INFO] [stdout] 41 |         todo!();
[INFO] [stdout]    |         ------- any code following this expression is unreachable
[INFO] [stdout] 42 |         let _file = File::create(filename)?;
[INFO] [stdout]    |         ^^^^^^^^^^^^^^^^^^^^^^^^^^^^^^^^^^^^ unreachable statement
[INFO] [stdout]    |
[INFO] [stdout]    = note: `#[warn(unreachable_code)]` on by default
[INFO] [stdout] 
[INFO] [stdout] 
[INFO] [stdout] warning: unused variable: `filename`
[INFO] [stdout]   --> src/main.rs:40:24
[INFO] [stdout]    |
[INFO] [stdout] 40 |     } else if let Some(filename) = matches.value_of("new") {
[INFO] [stdout]    |                        ^^^^^^^^ help: if this is intentional, prefix it with an underscore: `_filename`
[INFO] [stdout]    |
[INFO] [stdout]    = note: `#[warn(unused_variables)]` on by default
[INFO] [stdout] 
[INFO] [stdout] 
[INFO] [stdout] warning: methods `coords_to_hex` and `map` are never used
[INFO] [stdout]   --> src/app/mod.rs:71:8
[INFO] [stdout]    |
[INFO] [stdout] 25 | impl App {
[INFO] [stdout]    | -------- methods in this implementation
[INFO] [stdout] ...
[INFO] [stdout] 71 |     fn coords_to_hex(&self, coords: (f64, f64)) -> (u8, u8) {
[INFO] [stdout]    |        ^^^^^^^^^^^^^
[INFO] [stdout] ...
[INFO] [stdout] 78 |     pub fn map(&self) -> &Map {
[INFO] [stdout]    |            ^^^
[INFO] [stdout]    |
[INFO] [stdout]    = note: `#[warn(dead_code)]` on by default
[INFO] [stdout] 
[INFO] [stdout] 
[INFO] [stdout] warning: methods `planets`, `parent_planet`, and `parent_system` are never used
[INFO] [stdout]   --> src/model/mod.rs:23:12
[INFO] [stdout]    |
[INFO] [stdout] 15 | impl World {
[INFO] [stdout]    | ---------- methods in this implementation
[INFO] [stdout] ...
[INFO] [stdout] 23 |     pub fn planets(&self) -> Vec<&Planet> {
[INFO] [stdout]    |            ^^^^^^^
[INFO] [stdout] ...
[INFO] [stdout] 35 |     pub fn parent_planet(&self, id: &str) -> Option<&Planet> {
[INFO] [stdout]    |            ^^^^^^^^^^^^^
[INFO] [stdout] ...
[INFO] [stdout] 57 |     pub fn parent_system(&self, id: &str) -> &System {
[INFO] [stdout]    |            ^^^^^^^^^^^^^
[INFO] [stdout] 
[INFO] [stdout] 
[INFO] [stdout] warning: 4 warnings emitted
[INFO] [stdout] 
[INFO] [stdout] 
[INFO] [stderr]     Finished dev [unoptimized + debuginfo] target(s) in 18.65s
[INFO] running `Command { std: "docker" "inspect" "0d436c2361cfed33dad027202905038aeb319f50c8fa7537a03777176df5beb4", kill_on_drop: false }`
[INFO] running `Command { std: "docker" "rm" "-f" "0d436c2361cfed33dad027202905038aeb319f50c8fa7537a03777176df5beb4", kill_on_drop: false }`
[INFO] [stdout] 0d436c2361cfed33dad027202905038aeb319f50c8fa7537a03777176df5beb4
[INFO] running `Command { std: "docker" "create" "-v" "/var/lib/crater-agent-workspace/builds/worker-4-tc2/target:/opt/rustwide/target:rw,Z" "-v" "/var/lib/crater-agent-workspace/builds/worker-4-tc2/source:/opt/rustwide/workdir:ro,Z" "-v" "/var/lib/crater-agent-workspace/cargo-home:/opt/rustwide/cargo-home:ro,Z" "-v" "/var/lib/crater-agent-workspace/rustup-home:/opt/rustwide/rustup-home:ro,Z" "-e" "SOURCE_DIR=/opt/rustwide/workdir" "-e" "CARGO_TARGET_DIR=/opt/rustwide/target" "-e" "CARGO_INCREMENTAL=0" "-e" "RUST_BACKTRACE=full" "-e" "RUSTFLAGS=--cap-lints=warn" "-e" "RUSTDOCFLAGS=--cap-lints=warn" "-e" "CARGO_HOME=/opt/rustwide/cargo-home" "-e" "RUSTUP_HOME=/opt/rustwide/rustup-home" "-w" "/opt/rustwide/workdir" "-m" "1610612736" "--user" "0:0" "--network" "none" "ghcr.io/rust-lang/crates-build-env/linux@sha256:2788e3201cd34a07e3172128adcd8b3090168a8e3bcc40d7c032b9dda1df7d1c" "/opt/rustwide/cargo-home/bin/cargo" "+beta-2023-12-22" "test" "--frozen" "--no-run" "--message-format=json", kill_on_drop: false }`
[INFO] [stdout] 0ccd471698caaca2e02d6a0f314eb1b774bdafd2dff42d3c235900cf862a5527
[INFO] running `Command { std: "docker" "start" "-a" "0ccd471698caaca2e02d6a0f314eb1b774bdafd2dff42d3c235900cf862a5527", kill_on_drop: false }`
[INFO] [stderr]    Compiling swn v0.1.0 (/opt/rustwide/workdir)
[INFO] [stdout] warning: unreachable statement
[INFO] [stdout]   --> src/main.rs:42:9
[INFO] [stdout]    |
[INFO] [stdout] 41 |         todo!();
[INFO] [stdout]    |         ------- any code following this expression is unreachable
[INFO] [stdout] 42 |         let _file = File::create(filename)?;
[INFO] [stdout]    |         ^^^^^^^^^^^^^^^^^^^^^^^^^^^^^^^^^^^^ unreachable statement
[INFO] [stdout]    |
[INFO] [stdout]    = note: `#[warn(unreachable_code)]` on by default
[INFO] [stdout] 
[INFO] [stdout] 
[INFO] [stdout] warning: unused variable: `filename`
[INFO] [stdout]   --> src/main.rs:40:24
[INFO] [stdout]    |
[INFO] [stdout] 40 |     } else if let Some(filename) = matches.value_of("new") {
[INFO] [stdout]    |                        ^^^^^^^^ help: if this is intentional, prefix it with an underscore: `_filename`
[INFO] [stdout]    |
[INFO] [stdout]    = note: `#[warn(unused_variables)]` on by default
[INFO] [stdout] 
[INFO] [stdout] 
[INFO] [stdout] warning: methods `coords_to_hex` and `map` are never used
[INFO] [stdout]   --> src/app/mod.rs:71:8
[INFO] [stdout]    |
[INFO] [stdout] 25 | impl App {
[INFO] [stdout]    | -------- methods in this implementation
[INFO] [stdout] ...
[INFO] [stdout] 71 |     fn coords_to_hex(&self, coords: (f64, f64)) -> (u8, u8) {
[INFO] [stdout]    |        ^^^^^^^^^^^^^
[INFO] [stdout] ...
[INFO] [stdout] 78 |     pub fn map(&self) -> &Map {
[INFO] [stdout]    |            ^^^
[INFO] [stdout]    |
[INFO] [stdout]    = note: `#[warn(dead_code)]` on by default
[INFO] [stdout] 
[INFO] [stdout] 
[INFO] [stdout] warning: methods `planets`, `parent_planet`, and `parent_system` are never used
[INFO] [stdout]   --> src/model/mod.rs:23:12
[INFO] [stdout]    |
[INFO] [stdout] 15 | impl World {
[INFO] [stdout]    | ---------- methods in this implementation
[INFO] [stdout] ...
[INFO] [stdout] 23 |     pub fn planets(&self) -> Vec<&Planet> {
[INFO] [stdout]    |            ^^^^^^^
[INFO] [stdout] ...
[INFO] [stdout] 35 |     pub fn parent_planet(&self, id: &str) -> Option<&Planet> {
[INFO] [stdout]    |            ^^^^^^^^^^^^^
[INFO] [stdout] ...
[INFO] [stdout] 57 |     pub fn parent_system(&self, id: &str) -> &System {
[INFO] [stdout]    |            ^^^^^^^^^^^^^
[INFO] [stdout] 
[INFO] [stdout] 
[INFO] [stdout] warning: 4 warnings emitted
[INFO] [stdout] 
[INFO] [stdout] 
[INFO] [stderr]     Finished test [unoptimized + debuginfo] target(s) in 0.60s
[INFO] running `Command { std: "docker" "inspect" "0ccd471698caaca2e02d6a0f314eb1b774bdafd2dff42d3c235900cf862a5527", kill_on_drop: false }`
[INFO] running `Command { std: "docker" "rm" "-f" "0ccd471698caaca2e02d6a0f314eb1b774bdafd2dff42d3c235900cf862a5527", kill_on_drop: false }`
[INFO] [stdout] 0ccd471698caaca2e02d6a0f314eb1b774bdafd2dff42d3c235900cf862a5527
[INFO] running `Command { std: "docker" "create" "-v" "/var/lib/crater-agent-workspace/builds/worker-4-tc2/target:/opt/rustwide/target:rw,Z" "-v" "/var/lib/crater-agent-workspace/builds/worker-4-tc2/source:/opt/rustwide/workdir:ro,Z" "-v" "/var/lib/crater-agent-workspace/cargo-home:/opt/rustwide/cargo-home:ro,Z" "-v" "/var/lib/crater-agent-workspace/rustup-home:/opt/rustwide/rustup-home:ro,Z" "-e" "SOURCE_DIR=/opt/rustwide/workdir" "-e" "CARGO_TARGET_DIR=/opt/rustwide/target" "-e" "CARGO_INCREMENTAL=0" "-e" "RUST_BACKTRACE=full" "-e" "RUSTFLAGS=--cap-lints=warn" "-e" "RUSTDOCFLAGS=--cap-lints=warn" "-e" "CARGO_HOME=/opt/rustwide/cargo-home" "-e" "RUSTUP_HOME=/opt/rustwide/rustup-home" "-w" "/opt/rustwide/workdir" "-m" "1610612736" "--user" "0:0" "--network" "none" "ghcr.io/rust-lang/crates-build-env/linux@sha256:2788e3201cd34a07e3172128adcd8b3090168a8e3bcc40d7c032b9dda1df7d1c" "/opt/rustwide/cargo-home/bin/cargo" "+beta-2023-12-22" "test" "--frozen", kill_on_drop: false }`
[INFO] [stdout] ff1c0aa80df2b470bdf0dbacefd2b2bc8ba17e780b32e1039859e43af9ff5405
[INFO] running `Command { std: "docker" "start" "-a" "ff1c0aa80df2b470bdf0dbacefd2b2bc8ba17e780b32e1039859e43af9ff5405", kill_on_drop: false }`
[INFO] [stderr] warning: unreachable statement
[INFO] [stderr]   --> src/main.rs:42:9
[INFO] [stderr]    |
[INFO] [stderr] 41 |         todo!();
[INFO] [stderr]    |         ------- any code following this expression is unreachable
[INFO] [stderr] 42 |         let _file = File::create(filename)?;
[INFO] [stderr]    |         ^^^^^^^^^^^^^^^^^^^^^^^^^^^^^^^^^^^^ unreachable statement
[INFO] [stderr]    |
[INFO] [stderr]    = note: `#[warn(unreachable_code)]` on by default
[INFO] [stderr] 
[INFO] [stderr] warning: unused variable: `filename`
[INFO] [stderr]   --> src/main.rs:40:24
[INFO] [stderr]    |
[INFO] [stderr] 40 |     } else if let Some(filename) = matches.value_of("new") {
[INFO] [stderr]    |                        ^^^^^^^^ help: if this is intentional, prefix it with an underscore: `_filename`
[INFO] [stderr]    |
[INFO] [stderr]    = note: `#[warn(unused_variables)]` on by default
[INFO] [stderr] 
[INFO] [stderr] warning: methods `coords_to_hex` and `map` are never used
[INFO] [stderr]   --> src/app/mod.rs:71:8
[INFO] [stderr]    |
[INFO] [stderr] 25 | impl App {
[INFO] [stderr]    | -------- methods in this implementation
[INFO] [stderr] ...
[INFO] [stderr] 71 |     fn coords_to_hex(&self, coords: (f64, f64)) -> (u8, u8) {
[INFO] [stderr]    |        ^^^^^^^^^^^^^
[INFO] [stderr] ...
[INFO] [stderr] 78 |     pub fn map(&self) -> &Map {
[INFO] [stderr]    |            ^^^
[INFO] [stderr]    |
[INFO] [stderr]    = note: `#[warn(dead_code)]` on by default
[INFO] [stderr] 
[INFO] [stderr] warning: methods `planets`, `parent_planet`, and `parent_system` are never used
[INFO] [stderr]   --> src/model/mod.rs:23:12
[INFO] [stderr]    |
[INFO] [stderr] 15 | impl World {
[INFO] [stderr]    | ---------- methods in this implementation
[INFO] [stderr] ...
[INFO] [stderr] 23 |     pub fn planets(&self) -> Vec<&Planet> {
[INFO] [stderr]    |            ^^^^^^^
[INFO] [stderr] ...
[INFO] [stderr] 35 |     pub fn parent_planet(&self, id: &str) -> Option<&Planet> {
[INFO] [stderr]    |            ^^^^^^^^^^^^^
[INFO] [stderr] ...
[INFO] [stderr] 57 |     pub fn parent_system(&self, id: &str) -> &System {
[INFO] [stderr]    |            ^^^^^^^^^^^^^
[INFO] [stderr] 
[INFO] [stderr] warning: `swn` (bin "swn" test) generated 4 warnings (run `cargo fix --bin "swn" --tests` to apply 1 suggestion)
[INFO] [stderr]     Finished test [unoptimized + debuginfo] target(s) in 0.05s
[INFO] [stderr]      Running unittests src/main.rs (/opt/rustwide/target/debug/deps/swn-b41fabd9a06e107c)
[INFO] [stdout] 
[INFO] [stdout] running 0 tests
[INFO] [stdout] 
[INFO] [stdout] test result: ok. 0 passed; 0 failed; 0 ignored; 0 measured; 0 filtered out; finished in 0.00s
[INFO] [stdout] 
[INFO] running `Command { std: "docker" "inspect" "ff1c0aa80df2b470bdf0dbacefd2b2bc8ba17e780b32e1039859e43af9ff5405", kill_on_drop: false }`
[INFO] running `Command { std: "docker" "rm" "-f" "ff1c0aa80df2b470bdf0dbacefd2b2bc8ba17e780b32e1039859e43af9ff5405", kill_on_drop: false }`
[INFO] [stdout] ff1c0aa80df2b470bdf0dbacefd2b2bc8ba17e780b32e1039859e43af9ff5405
