[INFO] cloning repository https://github.com/reidswan/giraffics
[INFO] running `Command { std: "git" "-c" "credential.helper=" "-c" "credential.helper=/workspace/cargo-home/bin/git-credential-null" "clone" "--bare" "https://github.com/reidswan/giraffics" "/workspace/cache/git-repos/https%3A%2F%2Fgithub.com%2Freidswan%2Fgiraffics", kill_on_drop: false }`
[INFO] [stderr] Cloning into bare repository '/workspace/cache/git-repos/https%3A%2F%2Fgithub.com%2Freidswan%2Fgiraffics'...
[INFO] running `Command { std: "git" "rev-parse" "HEAD", kill_on_drop: false }`
[INFO] [stdout] 684c62ff7878e39339fac132dc962ea87100c8bb
[INFO] testing reidswan/giraffics against 1.75.0 for beta-1.76-1
[INFO] running `Command { std: "git" "clone" "/workspace/cache/git-repos/https%3A%2F%2Fgithub.com%2Freidswan%2Fgiraffics" "/workspace/builds/worker-4-tc1/source", kill_on_drop: false }`
[INFO] [stderr] Cloning into '/workspace/builds/worker-4-tc1/source'...
[INFO] [stderr] done.
[INFO] validating manifest of git repo https://github.com/reidswan/giraffics on toolchain 1.75.0
[INFO] running `Command { std: CARGO_HOME="/workspace/cargo-home" RUSTUP_HOME="/workspace/rustup-home" "/workspace/cargo-home/bin/cargo" "+1.75.0" "metadata" "--manifest-path" "Cargo.toml" "--no-deps", kill_on_drop: false }`
[INFO] started tweaking git repo https://github.com/reidswan/giraffics
[INFO] finished tweaking git repo https://github.com/reidswan/giraffics
[INFO] tweaked toml for git repo https://github.com/reidswan/giraffics written to /workspace/builds/worker-4-tc1/source/Cargo.toml
[INFO] crate git repo https://github.com/reidswan/giraffics already has a lockfile, it will not be regenerated
[INFO] running `Command { std: CARGO_HOME="/workspace/cargo-home" RUSTUP_HOME="/workspace/rustup-home" "/workspace/cargo-home/bin/cargo" "+1.75.0" "fetch" "--manifest-path" "Cargo.toml", kill_on_drop: false }`
[INFO] [stderr]     Blocking waiting for file lock on package cache
[ERROR] error running command: no output for 300 seconds
[ERROR] this task or one of its parent failed!
[ERROR] no output for 300 seconds
[ERROR] note: run with `RUST_BACKTRACE=1` to display a backtrace.
[INFO] testing reidswan/giraffics against beta-2023-12-22 for beta-1.76-1
[INFO] running `Command { std: "git" "clone" "/workspace/cache/git-repos/https%3A%2F%2Fgithub.com%2Freidswan%2Fgiraffics" "/workspace/builds/worker-4-tc2/source", kill_on_drop: false }`
[INFO] [stderr] Cloning into '/workspace/builds/worker-4-tc2/source'...
[INFO] [stderr] done.
[INFO] validating manifest of git repo https://github.com/reidswan/giraffics on toolchain beta-2023-12-22
[INFO] running `Command { std: CARGO_HOME="/workspace/cargo-home" RUSTUP_HOME="/workspace/rustup-home" "/workspace/cargo-home/bin/cargo" "+beta-2023-12-22" "metadata" "--manifest-path" "Cargo.toml" "--no-deps", kill_on_drop: false }`
[INFO] started tweaking git repo https://github.com/reidswan/giraffics
[INFO] finished tweaking git repo https://github.com/reidswan/giraffics
[INFO] tweaked toml for git repo https://github.com/reidswan/giraffics written to /workspace/builds/worker-4-tc2/source/Cargo.toml
[INFO] crate git repo https://github.com/reidswan/giraffics already has a lockfile, it will not be regenerated
[INFO] running `Command { std: CARGO_HOME="/workspace/cargo-home" RUSTUP_HOME="/workspace/rustup-home" "/workspace/cargo-home/bin/cargo" "+beta-2023-12-22" "fetch" "--manifest-path" "Cargo.toml", kill_on_drop: false }`
[INFO] [stderr]     Blocking waiting for file lock on package cache
[INFO] [stderr]     Blocking waiting for file lock on package cache
[INFO] [stderr]  Downloading crates ...
[INFO] [stderr]   Downloaded winit_input_helper v0.9.0
[INFO] running `Command { std: "docker" "create" "-v" "/var/lib/crater-agent-workspace/builds/worker-4-tc2/target:/opt/rustwide/target:rw,Z" "-v" "/var/lib/crater-agent-workspace/builds/worker-4-tc2/source:/opt/rustwide/workdir:ro,Z" "-v" "/var/lib/crater-agent-workspace/cargo-home:/opt/rustwide/cargo-home:ro,Z" "-v" "/var/lib/crater-agent-workspace/rustup-home:/opt/rustwide/rustup-home:ro,Z" "-e" "SOURCE_DIR=/opt/rustwide/workdir" "-e" "CARGO_TARGET_DIR=/opt/rustwide/target" "-e" "CARGO_HOME=/opt/rustwide/cargo-home" "-e" "RUSTUP_HOME=/opt/rustwide/rustup-home" "-w" "/opt/rustwide/workdir" "-m" "1610612736" "--user" "0:0" "--network" "none" "ghcr.io/rust-lang/crates-build-env/linux@sha256:2788e3201cd34a07e3172128adcd8b3090168a8e3bcc40d7c032b9dda1df7d1c" "/opt/rustwide/cargo-home/bin/cargo" "+beta-2023-12-22" "metadata" "--no-deps" "--format-version=1", kill_on_drop: false }`
[INFO] [stdout] fe332869d716e80c6b14e4aba719429a407c1c04269804d777c1b4b120a822d8
[INFO] running `Command { std: "docker" "start" "-a" "fe332869d716e80c6b14e4aba719429a407c1c04269804d777c1b4b120a822d8", kill_on_drop: false }`
[INFO] running `Command { std: "docker" "inspect" "fe332869d716e80c6b14e4aba719429a407c1c04269804d777c1b4b120a822d8", kill_on_drop: false }`
[INFO] running `Command { std: "docker" "rm" "-f" "fe332869d716e80c6b14e4aba719429a407c1c04269804d777c1b4b120a822d8", kill_on_drop: false }`
[INFO] [stdout] fe332869d716e80c6b14e4aba719429a407c1c04269804d777c1b4b120a822d8
[INFO] running `Command { std: "docker" "create" "-v" "/var/lib/crater-agent-workspace/builds/worker-4-tc2/target:/opt/rustwide/target:rw,Z" "-v" "/var/lib/crater-agent-workspace/builds/worker-4-tc2/source:/opt/rustwide/workdir:ro,Z" "-v" "/var/lib/crater-agent-workspace/cargo-home:/opt/rustwide/cargo-home:ro,Z" "-v" "/var/lib/crater-agent-workspace/rustup-home:/opt/rustwide/rustup-home:ro,Z" "-e" "SOURCE_DIR=/opt/rustwide/workdir" "-e" "CARGO_TARGET_DIR=/opt/rustwide/target" "-e" "CARGO_INCREMENTAL=0" "-e" "RUST_BACKTRACE=full" "-e" "RUSTFLAGS=--cap-lints=warn" "-e" "RUSTDOCFLAGS=--cap-lints=warn" "-e" "CARGO_HOME=/opt/rustwide/cargo-home" "-e" "RUSTUP_HOME=/opt/rustwide/rustup-home" "-w" "/opt/rustwide/workdir" "-m" "1610612736" "--user" "0:0" "--network" "none" "ghcr.io/rust-lang/crates-build-env/linux@sha256:2788e3201cd34a07e3172128adcd8b3090168a8e3bcc40d7c032b9dda1df7d1c" "/opt/rustwide/cargo-home/bin/cargo" "+beta-2023-12-22" "build" "--frozen" "--message-format=json", kill_on_drop: false }`
[INFO] [stdout] a07804d8311b052fa13928316253923149a1628f2bb94093144682571021d352
[INFO] running `Command { std: "docker" "start" "-a" "a07804d8311b052fa13928316253923149a1628f2bb94093144682571021d352", kill_on_drop: false }`
[INFO] [stderr]    Compiling libc v0.2.85
[INFO] [stderr]    Compiling cfg-if v1.0.0
[INFO] [stderr]    Compiling proc-macro2 v1.0.24
[INFO] [stderr]    Compiling unicode-xid v0.2.1
[INFO] [stderr]    Compiling bitflags v1.2.1
[INFO] [stderr]    Compiling pkg-config v0.3.19
[INFO] [stderr]    Compiling log v0.4.14
[INFO] [stderr]    Compiling memchr v2.3.4
[INFO] [stderr]    Compiling once_cell v1.5.2
[INFO] [stderr]    Compiling lazy_static v1.4.0
[INFO] [stderr]    Compiling syn v1.0.60
[INFO] [stderr]    Compiling smallvec v1.6.1
[INFO] [stderr]    Compiling cfg-if v0.1.10
[INFO] [stderr]    Compiling xml-rs v0.8.3
[INFO] [stderr]    Compiling slab v0.4.2
[INFO] [stderr]    Compiling nix v0.18.0
[INFO] [stderr]    Compiling libloading v0.6.7
[INFO] [stderr]    Compiling proc-macro-hack v0.5.19
[INFO] [stderr]    Compiling byteorder v1.4.2
[INFO] [stderr]    Compiling autocfg v1.0.1
[INFO] [stderr]    Compiling version_check v0.9.2
[INFO] [stderr]    Compiling instant v0.1.9
[INFO] [stderr]    Compiling dlib v0.4.2
[INFO] [stderr]    Compiling proc-macro-nested v0.1.7
[INFO] [stderr]    Compiling scopeguard v1.1.0
[INFO] [stderr]    Compiling pin-project-lite v0.2.4
[INFO] [stderr]    Compiling fxhash v0.2.1
[INFO] [stderr]    Compiling scoped-tls v1.0.0
[INFO] [stderr]    Compiling lock_api v0.4.2
[INFO] [stderr]    Compiling futures-sink v0.3.12
[INFO] [stderr]    Compiling downcast-rs v1.2.0
[INFO] [stderr]    Compiling futures-core v0.3.12
[INFO] [stderr]    Compiling nom v6.1.0
[INFO] [stderr]    Compiling ttf-parser v0.6.2
[INFO] [stderr]    Compiling futures-task v0.3.12
[INFO] [stderr]    Compiling num-traits v0.2.14
[INFO] [stderr]    Compiling futures-channel v0.3.12
[INFO] [stderr]    Compiling futures-io v0.3.12
[INFO] [stderr]    Compiling pin-utils v0.1.0
[INFO] [stderr]    Compiling wayland-sys v0.28.3
[INFO] [stderr]    Compiling x11 v2.18.2
[INFO] [stderr]    Compiling arrayvec v0.5.2
[INFO] [stderr]    Compiling same-file v1.0.6
[INFO] [stderr]    Compiling maybe-uninit v2.0.0
[INFO] [stderr]    Compiling ab_glyph_rasterizer v0.1.4
[INFO] [stderr]    Compiling bit-vec v0.6.3
[INFO] [stderr]    Compiling walkdir v2.3.1
[INFO] [stderr]    Compiling x11-dl v2.18.5
[INFO] [stderr]    Compiling quote v1.0.8
[INFO] [stderr]    Compiling ash v0.31.0
[INFO] [stderr]    Compiling bit-set v0.5.2
[INFO] [stderr]    Compiling tracing-core v0.1.17
[INFO] [stderr]    Compiling inplace_it v0.3.3
[INFO] [stderr]    Compiling xdg v2.2.0
[INFO] [stderr]    Compiling wide v0.4.6
[INFO] [stderr]    Compiling regex-syntax v0.6.22
[INFO] [stderr]    Compiling wayland-scanner v0.28.3
[INFO] [stderr]    Compiling owned_ttf_parser v0.6.0
[INFO] [stderr]    Compiling rusttype v0.9.2
[INFO] [stderr]    Compiling tracing v0.1.23
[INFO] [stderr]    Compiling wgpu-types v0.6.1
[INFO] [stderr]    Compiling andrew v0.3.1
[INFO] [stderr]    Compiling lazycell v1.3.0
[INFO] [stderr]    Compiling raw-window-handle v0.3.3
[INFO] [stderr]    Compiling parking_lot_core v0.8.2
[INFO] [stderr]    Compiling gfx-hal v0.6.0
[INFO] [stderr]    Compiling spirv_headers v1.5.0
[INFO] [stderr]    Compiling net2 v0.2.37
[INFO] [stderr]    Compiling iovec v0.1.4
[INFO] [stderr]    Compiling parking_lot v0.11.1
[INFO] [stderr]    Compiling memmap2 v0.1.0
[INFO] [stderr]    Compiling mio v0.6.23
[INFO] [stderr]    Compiling bytemuck v1.5.0
[INFO] [stderr]    Compiling copyless v0.1.5
[INFO] [stderr]    Compiling aho-corasick v0.7.15
[INFO] [stderr]    Compiling thread_local v1.1.3
[INFO] [stderr]    Compiling fnv v1.0.7
[INFO] [stderr]    Compiling xcursor v0.3.3
[INFO] [stderr]    Compiling mio-extras v2.0.6
[INFO] [stderr]    Compiling percent-encoding v2.1.0
[INFO] [stderr]    Compiling typed-arena v2.0.1
[INFO] [stderr]    Compiling quick-error v1.2.3
[INFO] [stderr]    Compiling utf8-ranges v1.0.4
[INFO] [stderr]    Compiling beef v0.5.0
[INFO] [stderr]    Compiling humantime v1.3.0
[INFO] [stderr]    Compiling ultraviolet v0.4.6
[INFO] [stderr]    Compiling atty v0.2.14
[INFO] [stderr]    Compiling pollster v0.2.1
[INFO] [stderr]    Compiling termcolor v1.1.2
[INFO] [stderr]    Compiling wayland-client v0.28.3
[INFO] [stderr]    Compiling wayland-protocols v0.28.3
[INFO] [stderr]    Compiling regex v1.4.3
[INFO] [stderr]    Compiling env_logger v0.7.1
[INFO] [stderr]    Compiling gfx-memory v0.2.2
[INFO] [stderr]    Compiling gfx-backend-empty v0.6.0
[INFO] [stderr]    Compiling gfx-descriptor v0.2.0
[INFO] [stderr]    Compiling wayland-commons v0.28.3
[INFO] [stderr]    Compiling calloop v0.6.5
[INFO] [stderr]    Compiling thiserror-impl v1.0.23
[INFO] [stderr]    Compiling futures-macro v0.3.12
[INFO] [stderr]    Compiling logos-derive v0.12.0
[INFO] [stderr]    Compiling wayland-cursor v0.28.3
[INFO] [stderr]    Compiling futures-util v0.3.12
[INFO] [stderr]    Compiling thiserror v1.0.23
[INFO] [stderr]    Compiling naga v0.2.0
[INFO] [stderr]    Compiling gfx-backend-vulkan v0.6.5
[INFO] [stderr]    Compiling logos v0.12.0
[INFO] [stderr]    Compiling wgpu-core v0.6.5
[INFO] [stderr]    Compiling futures-executor v0.3.12
[INFO] [stderr]    Compiling futures v0.3.12
[INFO] [stderr]    Compiling wgpu v0.6.2
[INFO] [stderr]    Compiling pixels v0.2.0
[INFO] [stderr]    Compiling smithay-client-toolkit v0.12.2
[INFO] [stderr]    Compiling winit v0.24.0
[INFO] [stderr]    Compiling winit_input_helper v0.9.0
[INFO] [stderr]    Compiling giraffics v0.1.0 (/opt/rustwide/workdir)
[INFO] [stdout] warning: unused variable: `x`
[INFO] [stdout]    --> src/lang/parser.rs:272:24
[INFO] [stdout]     |
[INFO] [stdout] 272 |         while let Some(x) = self.peek() {
[INFO] [stdout]     |                        ^ help: if this is intentional, prefix it with an underscore: `_x`
[INFO] [stdout]     |
[INFO] [stdout]     = note: `#[warn(unused_variables)]` on by default
[INFO] [stdout] 
[INFO] [stdout] 
[INFO] [stdout] warning: constant `RED` is never used
[INFO] [stdout]  --> src/color.rs:3:18
[INFO] [stdout]   |
[INFO] [stdout] 3 | pub(crate) const RED: Color = Color::rgb(255, 0, 0);
[INFO] [stdout]   |                  ^^^
[INFO] [stdout]   |
[INFO] [stdout]   = note: `#[warn(dead_code)]` on by default
[INFO] [stdout] 
[INFO] [stdout] 
[INFO] [stdout] warning: constant `GREEN` is never used
[INFO] [stdout]  --> src/color.rs:4:18
[INFO] [stdout]   |
[INFO] [stdout] 4 | pub(crate) const GREEN: Color = Color::rgb(0, 255, 0);
[INFO] [stdout]   |                  ^^^^^
[INFO] [stdout] 
[INFO] [stdout] 
[INFO] [stdout] warning: constant `BLUE` is never used
[INFO] [stdout]  --> src/color.rs:5:18
[INFO] [stdout]   |
[INFO] [stdout] 5 | pub(crate) const BLUE: Color = Color::rgb(0, 0, 255);
[INFO] [stdout]   |                  ^^^^
[INFO] [stdout] 
[INFO] [stdout] 
[INFO] [stdout] warning: constant `WHITE` is never used
[INFO] [stdout]  --> src/color.rs:7:18
[INFO] [stdout]   |
[INFO] [stdout] 7 | pub(crate) const WHITE: Color = Color::rgb(255, 255, 255);
[INFO] [stdout]   |                  ^^^^^
[INFO] [stdout] 
[INFO] [stdout] 
[INFO] [stdout] warning: field `title` is never read
[INFO] [stdout]   --> src/scene.rs:34:5
[INFO] [stdout]    |
[INFO] [stdout] 27 | pub(crate) struct Scene {
[INFO] [stdout]    |                   ----- field in this struct
[INFO] [stdout] ...
[INFO] [stdout] 34 |     title: String,
[INFO] [stdout]    |     ^^^^^
[INFO] [stdout] 
[INFO] [stdout] 
[INFO] [stdout] warning: 6 warnings emitted
[INFO] [stdout] 
[INFO] [stdout] 
[INFO] [stderr]     Finished dev [unoptimized + debuginfo] target(s) in 46.78s
[INFO] [stderr] warning: the following packages contain code that will be rejected by a future version of Rust: nom v6.1.0
[INFO] [stderr] note: to see what the problems were, use the option `--future-incompat-report`, or run `cargo report future-incompatibilities --id 1`
[INFO] running `Command { std: "docker" "inspect" "a07804d8311b052fa13928316253923149a1628f2bb94093144682571021d352", kill_on_drop: false }`
[INFO] running `Command { std: "docker" "rm" "-f" "a07804d8311b052fa13928316253923149a1628f2bb94093144682571021d352", kill_on_drop: false }`
[INFO] [stdout] a07804d8311b052fa13928316253923149a1628f2bb94093144682571021d352
[INFO] running `Command { std: "docker" "create" "-v" "/var/lib/crater-agent-workspace/builds/worker-4-tc2/target:/opt/rustwide/target:rw,Z" "-v" "/var/lib/crater-agent-workspace/builds/worker-4-tc2/source:/opt/rustwide/workdir:ro,Z" "-v" "/var/lib/crater-agent-workspace/cargo-home:/opt/rustwide/cargo-home:ro,Z" "-v" "/var/lib/crater-agent-workspace/rustup-home:/opt/rustwide/rustup-home:ro,Z" "-e" "SOURCE_DIR=/opt/rustwide/workdir" "-e" "CARGO_TARGET_DIR=/opt/rustwide/target" "-e" "CARGO_INCREMENTAL=0" "-e" "RUST_BACKTRACE=full" "-e" "RUSTFLAGS=--cap-lints=warn" "-e" "RUSTDOCFLAGS=--cap-lints=warn" "-e" "CARGO_HOME=/opt/rustwide/cargo-home" "-e" "RUSTUP_HOME=/opt/rustwide/rustup-home" "-w" "/opt/rustwide/workdir" "-m" "1610612736" "--user" "0:0" "--network" "none" "ghcr.io/rust-lang/crates-build-env/linux@sha256:2788e3201cd34a07e3172128adcd8b3090168a8e3bcc40d7c032b9dda1df7d1c" "/opt/rustwide/cargo-home/bin/cargo" "+beta-2023-12-22" "test" "--frozen" "--no-run" "--message-format=json", kill_on_drop: false }`
[INFO] [stdout] eea354e7ab00598d63e9464fee73a4a5e536e4a14719e3c6e5af1b03c2fcffc9
[INFO] running `Command { std: "docker" "start" "-a" "eea354e7ab00598d63e9464fee73a4a5e536e4a14719e3c6e5af1b03c2fcffc9", kill_on_drop: false }`
[INFO] [stderr]    Compiling giraffics v0.1.0 (/opt/rustwide/workdir)
[INFO] [stdout] warning: unused variable: `x`
[INFO] [stdout]    --> src/lang/parser.rs:272:24
[INFO] [stdout]     |
[INFO] [stdout] 272 |         while let Some(x) = self.peek() {
[INFO] [stdout]     |                        ^ help: if this is intentional, prefix it with an underscore: `_x`
[INFO] [stdout]     |
[INFO] [stdout]     = note: `#[warn(unused_variables)]` on by default
[INFO] [stdout] 
[INFO] [stdout] 
[INFO] [stdout] warning: constant `RED` is never used
[INFO] [stdout]  --> src/color.rs:3:18
[INFO] [stdout]   |
[INFO] [stdout] 3 | pub(crate) const RED: Color = Color::rgb(255, 0, 0);
[INFO] [stdout]   |                  ^^^
[INFO] [stdout]   |
[INFO] [stdout]   = note: `#[warn(dead_code)]` on by default
[INFO] [stdout] 
[INFO] [stdout] 
[INFO] [stdout] warning: constant `GREEN` is never used
[INFO] [stdout]  --> src/color.rs:4:18
[INFO] [stdout]   |
[INFO] [stdout] 4 | pub(crate) const GREEN: Color = Color::rgb(0, 255, 0);
[INFO] [stdout]   |                  ^^^^^
[INFO] [stdout] 
[INFO] [stdout] 
[INFO] [stdout] warning: constant `BLUE` is never used
[INFO] [stdout]  --> src/color.rs:5:18
[INFO] [stdout]   |
[INFO] [stdout] 5 | pub(crate) const BLUE: Color = Color::rgb(0, 0, 255);
[INFO] [stdout]   |                  ^^^^
[INFO] [stdout] 
[INFO] [stdout] 
[INFO] [stdout] warning: constant `WHITE` is never used
[INFO] [stdout]  --> src/color.rs:7:18
[INFO] [stdout]   |
[INFO] [stdout] 7 | pub(crate) const WHITE: Color = Color::rgb(255, 255, 255);
[INFO] [stdout]   |                  ^^^^^
[INFO] [stdout] 
[INFO] [stdout] 
[INFO] [stdout] warning: field `title` is never read
[INFO] [stdout]   --> src/scene.rs:34:5
[INFO] [stdout]    |
[INFO] [stdout] 27 | pub(crate) struct Scene {
[INFO] [stdout]    |                   ----- field in this struct
[INFO] [stdout] ...
[INFO] [stdout] 34 |     title: String,
[INFO] [stdout]    |     ^^^^^
[INFO] [stdout] 
[INFO] [stdout] 
[INFO] [stdout] warning: 6 warnings emitted
[INFO] [stdout] 
[INFO] [stdout] 
[INFO] [stderr]     Finished test [unoptimized + debuginfo] target(s) in 0.78s
[INFO] [stderr] warning: the following packages contain code that will be rejected by a future version of Rust: nom v6.1.0
[INFO] [stderr] note: to see what the problems were, use the option `--future-incompat-report`, or run `cargo report future-incompatibilities --id 1`
[INFO] running `Command { std: "docker" "inspect" "eea354e7ab00598d63e9464fee73a4a5e536e4a14719e3c6e5af1b03c2fcffc9", kill_on_drop: false }`
[INFO] running `Command { std: "docker" "rm" "-f" "eea354e7ab00598d63e9464fee73a4a5e536e4a14719e3c6e5af1b03c2fcffc9", kill_on_drop: false }`
[INFO] [stdout] eea354e7ab00598d63e9464fee73a4a5e536e4a14719e3c6e5af1b03c2fcffc9
[INFO] running `Command { std: "docker" "create" "-v" "/var/lib/crater-agent-workspace/builds/worker-4-tc2/target:/opt/rustwide/target:rw,Z" "-v" "/var/lib/crater-agent-workspace/builds/worker-4-tc2/source:/opt/rustwide/workdir:ro,Z" "-v" "/var/lib/crater-agent-workspace/cargo-home:/opt/rustwide/cargo-home:ro,Z" "-v" "/var/lib/crater-agent-workspace/rustup-home:/opt/rustwide/rustup-home:ro,Z" "-e" "SOURCE_DIR=/opt/rustwide/workdir" "-e" "CARGO_TARGET_DIR=/opt/rustwide/target" "-e" "CARGO_INCREMENTAL=0" "-e" "RUST_BACKTRACE=full" "-e" "RUSTFLAGS=--cap-lints=warn" "-e" "RUSTDOCFLAGS=--cap-lints=warn" "-e" "CARGO_HOME=/opt/rustwide/cargo-home" "-e" "RUSTUP_HOME=/opt/rustwide/rustup-home" "-w" "/opt/rustwide/workdir" "-m" "1610612736" "--user" "0:0" "--network" "none" "ghcr.io/rust-lang/crates-build-env/linux@sha256:2788e3201cd34a07e3172128adcd8b3090168a8e3bcc40d7c032b9dda1df7d1c" "/opt/rustwide/cargo-home/bin/cargo" "+beta-2023-12-22" "test" "--frozen", kill_on_drop: false }`
[INFO] [stdout] a20737ad06f516bb97eb3f25d90d31931b2156fe74627f6c35ad19e465d9ed13
[INFO] running `Command { std: "docker" "start" "-a" "a20737ad06f516bb97eb3f25d90d31931b2156fe74627f6c35ad19e465d9ed13", kill_on_drop: false }`
[INFO] [stderr] warning: unused variable: `x`
[INFO] [stderr]    --> src/lang/parser.rs:272:24
[INFO] [stderr]     |
[INFO] [stderr] 272 |         while let Some(x) = self.peek() {
[INFO] [stderr]     |                        ^ help: if this is intentional, prefix it with an underscore: `_x`
[INFO] [stderr]     |
[INFO] [stderr]     = note: `#[warn(unused_variables)]` on by default
[INFO] [stderr] 
[INFO] [stderr] warning: constant `RED` is never used
[INFO] [stderr]  --> src/color.rs:3:18
[INFO] [stderr]   |
[INFO] [stderr] 3 | pub(crate) const RED: Color = Color::rgb(255, 0, 0);
[INFO] [stderr]   |                  ^^^
[INFO] [stderr]   |
[INFO] [stderr]   = note: `#[warn(dead_code)]` on by default
[INFO] [stderr] 
[INFO] [stderr] warning: constant `GREEN` is never used
[INFO] [stderr]  --> src/color.rs:4:18
[INFO] [stderr]   |
[INFO] [stderr] 4 | pub(crate) const GREEN: Color = Color::rgb(0, 255, 0);
[INFO] [stderr]   |                  ^^^^^
[INFO] [stderr] 
[INFO] [stderr] warning: constant `BLUE` is never used
[INFO] [stderr]  --> src/color.rs:5:18
[INFO] [stderr]   |
[INFO] [stderr] 5 | pub(crate) const BLUE: Color = Color::rgb(0, 0, 255);
[INFO] [stderr]   |                  ^^^^
[INFO] [stderr] 
[INFO] [stderr] warning: constant `WHITE` is never used
[INFO] [stderr]  --> src/color.rs:7:18
[INFO] [stderr]   |
[INFO] [stderr] 7 | pub(crate) const WHITE: Color = Color::rgb(255, 255, 255);
[INFO] [stderr]   |                  ^^^^^
[INFO] [stderr] 
[INFO] [stderr] warning: field `title` is never read
[INFO] [stderr]   --> src/scene.rs:34:5
[INFO] [stderr]    |
[INFO] [stderr] 27 | pub(crate) struct Scene {
[INFO] [stderr]    |                   ----- field in this struct
[INFO] [stderr] ...
[INFO] [stderr] 34 |     title: String,
[INFO] [stderr]    |     ^^^^^
[INFO] [stderr] 
[INFO] [stderr] warning: `giraffics` (bin "giraffics" test) generated 6 warnings (run `cargo fix --bin "giraffics" --tests` to apply 1 suggestion)
[INFO] [stderr]     Finished test [unoptimized + debuginfo] target(s) in 0.07s
[INFO] [stderr] warning: the following packages contain code that will be rejected by a future version of Rust: nom v6.1.0
[INFO] [stderr] note: to see what the problems were, use the option `--future-incompat-report`, or run `cargo report future-incompatibilities --id 1`
[INFO] [stderr]      Running unittests src/main.rs (/opt/rustwide/target/debug/deps/giraffics-833152db000154b5)
[INFO] [stdout] 
[INFO] [stdout] running 0 tests
[INFO] [stdout] 
[INFO] [stdout] test result: ok. 0 passed; 0 failed; 0 ignored; 0 measured; 0 filtered out; finished in 0.00s
[INFO] [stdout] 
[INFO] running `Command { std: "docker" "inspect" "a20737ad06f516bb97eb3f25d90d31931b2156fe74627f6c35ad19e465d9ed13", kill_on_drop: false }`
[INFO] running `Command { std: "docker" "rm" "-f" "a20737ad06f516bb97eb3f25d90d31931b2156fe74627f6c35ad19e465d9ed13", kill_on_drop: false }`
[INFO] [stdout] a20737ad06f516bb97eb3f25d90d31931b2156fe74627f6c35ad19e465d9ed13
