[INFO] cloning repository https://github.com/reed4u/snarkVM
[INFO] running `Command { std: "git" "-c" "credential.helper=" "-c" "credential.helper=/workspace/cargo-home/bin/git-credential-null" "clone" "--bare" "https://github.com/reed4u/snarkVM" "/workspace/cache/git-repos/https%3A%2F%2Fgithub.com%2Freed4u%2FsnarkVM", kill_on_drop: false }`
[INFO] [stderr] Cloning into bare repository '/workspace/cache/git-repos/https%3A%2F%2Fgithub.com%2Freed4u%2FsnarkVM'...
[INFO] running `Command { std: "git" "rev-parse" "HEAD", kill_on_drop: false }`
[INFO] [stdout] 5baf5c9a6c038774f5b41376516d3617a129ec38
[INFO] testing reed4u/snarkVM against 1.75.0 for beta-1.76-1
[INFO] running `Command { std: "git" "clone" "/workspace/cache/git-repos/https%3A%2F%2Fgithub.com%2Freed4u%2FsnarkVM" "/workspace/builds/worker-6-tc1/source", kill_on_drop: false }`
[INFO] [stderr] Cloning into '/workspace/builds/worker-6-tc1/source'...
[INFO] [stderr] done.
[INFO] validating manifest of git repo https://github.com/reed4u/snarkVM on toolchain 1.75.0
[INFO] running `Command { std: CARGO_HOME="/workspace/cargo-home" RUSTUP_HOME="/workspace/rustup-home" "/workspace/cargo-home/bin/cargo" "+1.75.0" "metadata" "--manifest-path" "Cargo.toml" "--no-deps", kill_on_drop: false }`
[INFO] removed /workspace/builds/worker-6-tc1/source/.cargo/config
[INFO] started tweaking git repo https://github.com/reed4u/snarkVM
[INFO] finished tweaking git repo https://github.com/reed4u/snarkVM
[INFO] tweaked toml for git repo https://github.com/reed4u/snarkVM written to /workspace/builds/worker-6-tc1/source/Cargo.toml
[INFO] crate git repo https://github.com/reed4u/snarkVM already has a lockfile, it will not be regenerated
[INFO] running `Command { std: CARGO_HOME="/workspace/cargo-home" RUSTUP_HOME="/workspace/rustup-home" "/workspace/cargo-home/bin/cargo" "+1.75.0" "fetch" "--manifest-path" "Cargo.toml", kill_on_drop: false }`
[INFO] [stderr]     Updating crates.io index
[INFO] [stderr]     Updating git repository `https://github.com/supranational/sppark`
[INFO] [stderr]  Downloading crates ...
[INFO] [stderr]   Downloaded rustacuda_derive v0.1.2
[INFO] [stderr]   Downloaded rustacuda_core v0.1.2
[INFO] [stderr]   Downloaded cuda-config v0.1.0
[INFO] [stderr]   Downloaded cl3 v0.6.5
[INFO] [stderr]   Downloaded temp-env v0.2.0
[INFO] [stderr]   Downloaded opencl3 v0.6.3
[INFO] [stderr]   Downloaded expect-test v1.4.0
[INFO] [stderr]   Downloaded cuda-driver-sys v0.3.0
[INFO] [stderr]   Downloaded fil-rustacuda v0.1.3
[INFO] [stderr]   Downloaded rust-gpu-tools v0.6.1
[INFO] running `Command { std: "docker" "create" "-v" "/var/lib/crater-agent-workspace/builds/worker-6-tc1/target:/opt/rustwide/target:rw,Z" "-v" "/var/lib/crater-agent-workspace/builds/worker-6-tc1/source:/opt/rustwide/workdir:ro,Z" "-v" "/var/lib/crater-agent-workspace/cargo-home:/opt/rustwide/cargo-home:ro,Z" "-v" "/var/lib/crater-agent-workspace/rustup-home:/opt/rustwide/rustup-home:ro,Z" "-e" "SOURCE_DIR=/opt/rustwide/workdir" "-e" "CARGO_TARGET_DIR=/opt/rustwide/target" "-e" "CARGO_HOME=/opt/rustwide/cargo-home" "-e" "RUSTUP_HOME=/opt/rustwide/rustup-home" "-w" "/opt/rustwide/workdir" "-m" "1610612736" "--user" "0:0" "--network" "none" "ghcr.io/rust-lang/crates-build-env/linux@sha256:2788e3201cd34a07e3172128adcd8b3090168a8e3bcc40d7c032b9dda1df7d1c" "/opt/rustwide/cargo-home/bin/cargo" "+1.75.0" "metadata" "--no-deps" "--format-version=1", kill_on_drop: false }`
[INFO] [stdout] 2cb0b490e6cc3738893a9c51d5e8e7e4d18e77dcddff020e65d7af60e5ddfa67
[INFO] running `Command { std: "docker" "start" "-a" "2cb0b490e6cc3738893a9c51d5e8e7e4d18e77dcddff020e65d7af60e5ddfa67", kill_on_drop: false }`
[INFO] running `Command { std: "docker" "inspect" "2cb0b490e6cc3738893a9c51d5e8e7e4d18e77dcddff020e65d7af60e5ddfa67", kill_on_drop: false }`
[INFO] running `Command { std: "docker" "rm" "-f" "2cb0b490e6cc3738893a9c51d5e8e7e4d18e77dcddff020e65d7af60e5ddfa67", kill_on_drop: false }`
[INFO] [stdout] 2cb0b490e6cc3738893a9c51d5e8e7e4d18e77dcddff020e65d7af60e5ddfa67
[INFO] running `Command { std: "docker" "create" "-v" "/var/lib/crater-agent-workspace/builds/worker-6-tc1/target:/opt/rustwide/target:rw,Z" "-v" "/var/lib/crater-agent-workspace/builds/worker-6-tc1/source:/opt/rustwide/workdir:ro,Z" "-v" "/var/lib/crater-agent-workspace/cargo-home:/opt/rustwide/cargo-home:ro,Z" "-v" "/var/lib/crater-agent-workspace/rustup-home:/opt/rustwide/rustup-home:ro,Z" "-e" "SOURCE_DIR=/opt/rustwide/workdir" "-e" "CARGO_TARGET_DIR=/opt/rustwide/target" "-e" "CARGO_INCREMENTAL=0" "-e" "RUST_BACKTRACE=full" "-e" "RUSTFLAGS=--cap-lints=warn" "-e" "RUSTDOCFLAGS=--cap-lints=warn" "-e" "CARGO_HOME=/opt/rustwide/cargo-home" "-e" "RUSTUP_HOME=/opt/rustwide/rustup-home" "-w" "/opt/rustwide/workdir" "-m" "1610612736" "--user" "0:0" "--network" "none" "ghcr.io/rust-lang/crates-build-env/linux@sha256:2788e3201cd34a07e3172128adcd8b3090168a8e3bcc40d7c032b9dda1df7d1c" "/opt/rustwide/cargo-home/bin/cargo" "+1.75.0" "build" "--frozen" "--message-format=json", kill_on_drop: false }`
[INFO] [stdout] 4794a69cf57691353bf800ac9400027d4cbaa910ae725796db90fa34b48a62c0
[INFO] running `Command { std: "docker" "start" "-a" "4794a69cf57691353bf800ac9400027d4cbaa910ae725796db90fa34b48a62c0", kill_on_drop: false }`
[INFO] [stderr]    Compiling autocfg v1.1.0
[INFO] [stderr]    Compiling libc v0.2.137
[INFO] [stderr]    Compiling cfg-if v1.0.0
[INFO] [stderr]    Compiling proc-macro2 v1.0.47
[INFO] [stderr]    Compiling quote v1.0.21
[INFO] [stderr]    Compiling unicode-ident v1.0.5
[INFO] [stderr]    Compiling syn v1.0.105
[INFO] [stderr]    Compiling crossbeam-utils v0.8.12
[INFO] [stderr]    Compiling serde_derive v1.0.149
[INFO] [stderr]    Compiling cc v1.0.74
[INFO] [stderr]    Compiling scopeguard v1.1.0
[INFO] [stderr]    Compiling serde v1.0.149
[INFO] [stderr]    Compiling rayon-core v1.10.1
[INFO] [stderr]    Compiling memchr v2.5.0
[INFO] [stderr]    Compiling either v1.8.0
[INFO] [stderr]    Compiling proc-macro2 v0.4.30
[INFO] [stderr]    Compiling semver v1.0.14
[INFO] [stderr]    Compiling version_check v0.9.4
[INFO] [stderr]    Compiling unicode-xid v0.1.0
[INFO] [stderr]    Compiling once_cell v1.16.0
[INFO] [stderr]    Compiling pkg-config v0.3.26
[INFO] [stderr]    Compiling syn v0.15.44
[INFO] [stderr]    Compiling anyhow v1.0.66
[INFO] [stderr]    Compiling thiserror v1.0.37
[INFO] [stderr]    Compiling memoffset v0.6.5
[INFO] [stderr]    Compiling crossbeam-epoch v0.9.11
[INFO] [stderr]    Compiling num-traits v0.2.15
[INFO] [stderr]    Compiling num-integer v0.1.45
[INFO] [stderr]    Compiling num-bigint v0.4.3
[INFO] [stderr]    Compiling ppv-lite86 v0.2.16
[INFO] [stderr]    Compiling aleo-std-timer v0.1.2
[INFO] [stderr]    Compiling aleo-std-cpu v0.1.3
[INFO] [stderr]    Compiling aleo-std-profiler v0.1.14
[INFO] [stderr]    Compiling crossbeam-channel v0.5.6
[INFO] [stderr]    Compiling quote v0.6.13
[INFO] [stderr]    Compiling itertools v0.10.5
[INFO] [stderr]    Compiling minimal-lexical v0.2.1
[INFO] [stderr]    Compiling num_cpus v1.14.0
[INFO] [stderr]    Compiling crossbeam-deque v0.8.2
[INFO] [stderr]    Compiling getrandom v0.2.8
[INFO] [stderr]    Compiling dirs-sys v0.3.7
[INFO] [stderr]    Compiling rustc_version v0.4.0
[INFO] [stderr]    Compiling openssl-sys v0.9.77
[INFO] [stderr]    Compiling itoa v1.0.4
[INFO] [stderr]    Compiling dirs v4.0.0
[INFO] [stderr]    Compiling rand_core v0.6.4
[INFO] [stderr]    Compiling aleo-std-storage v0.1.3
[INFO] [stderr]    Compiling socket2 v0.4.7
[INFO] [stderr]    Compiling nom v7.1.3
[INFO] [stderr]    Compiling indexmap v1.9.1
[INFO] [stderr]    Compiling bech32 v0.9.1
[INFO] [stderr]    Compiling snarkvm-curves v0.9.11 (/opt/rustwide/workdir/curves)
[INFO] [stderr]    Compiling typenum v1.15.0
[INFO] [stderr]    Compiling hashbrown v0.12.3
[INFO] [stderr]    Compiling rand_chacha v0.3.1
[INFO] [stderr]    Compiling rand_xorshift v0.3.0
[INFO] [stderr]    Compiling generic-array v0.14.6
[INFO] [stderr]    Compiling libz-sys v1.1.8
[INFO] [stderr]    Compiling rand v0.8.5
[INFO] [stderr]    Compiling openssl-probe v0.1.5
[INFO] [stderr]    Compiling serde_json v1.0.89
[INFO] [stderr]    Compiling ryu v1.0.11
[INFO] [stderr]    Compiling curl-sys v0.4.59+curl-7.86.0
[INFO] [stderr]    Compiling rayon v1.6.0
[INFO] [stderr]    Compiling smallvec v1.10.0
[INFO] [stderr]    Compiling lazy_static v1.4.0
[INFO] [stderr]    Compiling lock_api v0.4.9
[INFO] [stderr]    Compiling parking_lot_core v0.9.4
[INFO] [stderr]    Compiling subtle v2.4.1
[INFO] [stderr]    Compiling atty v0.2.14
[INFO] [stderr]    Compiling ahash v0.8.1
[INFO] [stderr]    Compiling curl v0.4.44
[INFO] [stderr]    Compiling cpufeatures v0.2.5
[INFO] [stderr]    Compiling byteorder v1.4.3
[INFO] [stderr]    Compiling arrayvec v0.7.2
[INFO] [stderr]    Compiling constant_time_eq v0.1.5
[INFO] [stderr]    Compiling arrayref v0.3.6
[INFO] [stderr]    Compiling colored v2.0.0
[INFO] [stderr]    Compiling blake2s_simd v1.0.0
[INFO] [stderr]    Compiling hex v0.4.3
[INFO] [stderr]    Compiling fxhash v0.2.1
[INFO] [stderr]    Compiling parking_lot v0.12.1
[INFO] [stderr]    Compiling paste v1.0.9
[INFO] [stderr]    Compiling hashbrown v0.13.1
[INFO] [stderr]    Compiling snarkvm-circuit-environment-witness v0.9.11 (/opt/rustwide/workdir/circuit/environment/witness)
[INFO] [stderr]    Compiling log v0.4.17
[INFO] [stderr]    Compiling snarkvm-circuit-types-boolean v0.9.11 (/opt/rustwide/workdir/circuit/types/boolean)
[INFO] [stderr]    Compiling snarkvm-circuit-types-field v0.9.11 (/opt/rustwide/workdir/circuit/types/field)
[INFO] [stderr]    Compiling snarkvm-circuit-types-scalar v0.9.11 (/opt/rustwide/workdir/circuit/types/scalar)
[INFO] [stderr]    Compiling pin-project-lite v0.2.9
[INFO] [stderr]    Compiling bytes v1.2.1
[INFO] [stderr]    Compiling snarkvm-circuit-types-integers v0.9.11 (/opt/rustwide/workdir/circuit/types/integers)
[INFO] [stderr]    Compiling snarkvm-circuit-types-group v0.9.11 (/opt/rustwide/workdir/circuit/types/group)
[INFO] [stderr]    Compiling futures-core v0.3.25
[INFO] [stderr]    Compiling tokio v1.21.2
[INFO] [stderr]    Compiling snarkvm-circuit-types-address v0.9.11 (/opt/rustwide/workdir/circuit/types/address)
[INFO] [stderr]    Compiling snarkvm-circuit-types-string v0.9.11 (/opt/rustwide/workdir/circuit/types/string)
[INFO] [stderr]    Compiling mio v0.8.5
[INFO] [stderr]    Compiling slab v0.4.7
[INFO] [stderr]    Compiling futures-task v0.3.25
[INFO] [stderr]    Compiling ring v0.16.20
[INFO] [stderr]    Compiling tracing-core v0.1.30
[INFO] [stderr]    Compiling unicode-xid v0.0.4
[INFO] [stderr]    Compiling futures-util v0.3.25
[INFO] [stderr]    Compiling block-buffer v0.10.3
[INFO] [stderr]    Compiling crypto-common v0.1.6
[INFO] [stderr]    Compiling digest v0.10.5
[INFO] [stderr]    Compiling tinyvec_macros v0.1.0
[INFO] [stderr]    Compiling foreign-types-shared v0.1.1
[INFO] [stderr]    Compiling openssl v0.10.42
[INFO] [stderr]    Compiling bitflags v1.3.2
[INFO] [stderr]    Compiling fnv v1.0.7
[INFO] [stderr]    Compiling sha2 v0.10.6
[INFO] [stderr]    Compiling snarkvm-circuit-algorithms v0.9.11 (/opt/rustwide/workdir/circuit/algorithms)
[INFO] [stderr]    Compiling http v0.2.8
[INFO] [stderr]    Compiling foreign-types v0.3.2
[INFO] [stderr]    Compiling tinyvec v1.6.0
[INFO] [stderr]    Compiling synom v0.11.3
[INFO] [stderr]    Compiling snarkvm-circuit-collections v0.9.11 (/opt/rustwide/workdir/circuit/collections)
[INFO] [stderr]    Compiling percent-encoding v2.2.0
[INFO] [stderr]    Compiling futures-io v0.3.25
[INFO] [stderr]    Compiling pin-utils v0.1.0
[INFO] [stderr]    Compiling futures-channel v0.3.25
[INFO] [stderr]    Compiling httparse v1.8.0
[INFO] [stderr]    Compiling native-tls v0.2.11
[INFO] [stderr]    Compiling futures-sink v0.3.25
[INFO] [stderr]    Compiling bs58 v0.4.0
[INFO] [stderr]    Compiling quote v0.3.15
[INFO] [stderr]    Compiling form_urlencoded v1.1.0
[INFO] [stderr]    Compiling snarkvm-circuit-network v0.9.11 (/opt/rustwide/workdir/circuit/network)
[INFO] [stderr]    Compiling syn v0.11.11
[INFO] [stderr]    Compiling try-lock v0.2.3
[INFO] [stderr]    Compiling unicode-bidi v0.3.8
[INFO] [stderr]    Compiling spin v0.5.2
[INFO] [stderr]    Compiling untrusted v0.7.1
[INFO] [stderr]    Compiling want v0.3.0
[INFO] [stderr]    Compiling proc-macro-error-attr v1.0.4
[INFO] [stderr]    Compiling snarkvm-circuit-account v0.9.11 (/opt/rustwide/workdir/circuit/account)
[INFO] [stderr]    Compiling tower-service v0.3.2
[INFO] [stderr]    Compiling unicode-normalization v0.1.22
[INFO] [stderr]    Compiling http-body v0.4.5
[INFO] [stderr]    Compiling enum_index v0.2.0
[INFO] [stderr]    Compiling encoding_rs v0.8.31
[INFO] [stderr]    Compiling httpdate v1.0.2
[INFO] [stderr]    Compiling proc-macro-error v1.0.4
[INFO] [stderr]    Compiling aleo-std-time v0.1.1
[INFO] [stderr]    Compiling crc32fast v1.3.2
[INFO] [stderr]    Compiling snarkvm-circuit-program v0.9.11 (/opt/rustwide/workdir/circuit/program)
[INFO] [stderr]    Compiling base64 v0.13.1
[INFO] [stderr]    Compiling terminal_size v0.1.17
[INFO] [stderr]    Compiling ipnet v2.5.0
[INFO] [stderr]    Compiling same-file v1.0.6
[INFO] [stderr]    Compiling unicode-width v0.1.10
[INFO] [stderr]    Compiling idna v0.3.0
[INFO] [stderr]    Compiling rustls v0.20.7
[INFO] [stderr]    Compiling adler v1.0.2
[INFO] [stderr]    Compiling mime v0.3.16
[INFO] [stderr]    Compiling miniz_oxide v0.5.4
[INFO] [stderr]    Compiling walkdir v2.3.2
[INFO] [stderr]    Compiling console v0.15.2
[INFO] [stderr]    Compiling aho-corasick v0.7.19
[INFO] [stderr]    Compiling self_update v0.32.0
[INFO] [stderr]    Compiling fastrand v1.8.0
[INFO] [stderr]    Compiling heck v0.4.0
[INFO] [stderr]    Compiling url v2.3.1
[INFO] [stderr]    Compiling remove_dir_all v0.5.3
[INFO] [stderr]    Compiling regex-syntax v0.6.27
[INFO] [stderr]    Compiling number_prefix v0.4.0
[INFO] [stderr]    Compiling os_str_bytes v6.3.1
[INFO] [stderr]    Compiling tempfile v3.3.0
[INFO] [stderr]    Compiling indicatif v0.17.1
[INFO] [stderr]    Compiling enum_index_derive v0.2.0
[INFO] [stderr]    Compiling clap_lex v0.2.4
[INFO] [stderr]    Compiling flate2 v1.0.24
[INFO] [stderr]    Compiling snarkvm v0.9.11 (/opt/rustwide/workdir)
[INFO] [stderr]    Compiling blake2 v0.10.5
[INFO] [stderr]    Compiling quick-xml v0.22.0
[INFO] [stderr]    Compiling textwrap v0.16.0
[INFO] [stderr]    Compiling strsim v0.10.0
[INFO] [stderr]    Compiling termcolor v1.1.3
[INFO] [stderr]    Compiling chunked_transfer v1.4.0
[INFO] [stderr]    Compiling aleo-std-timed v0.1.2
[INFO] [stderr]    Compiling thiserror-impl v1.0.37
[INFO] [stderr]    Compiling snarkvm-utilities-derives v0.9.11 (/opt/rustwide/workdir/utilities/derives)
[INFO] [stderr]    Compiling derivative v2.2.0
[INFO] [stderr]    Compiling tracing-attributes v0.1.23
[INFO] [stderr]    Compiling openssl-macros v0.1.0
[INFO] [stderr]    Compiling num-derive v0.3.3
[INFO] [stderr]    Compiling regex v1.6.0
[INFO] [stderr]    Compiling clap_derive v3.2.18
[INFO] [stderr]    Compiling aleo-std v0.1.15
[INFO] [stderr]    Compiling tracing v0.1.37
[INFO] [stderr]    Compiling webpki v0.22.0
[INFO] [stderr]    Compiling sct v0.7.0
[INFO] [stderr]    Compiling tokio-util v0.7.4
[INFO] [stderr]    Compiling webpki-roots v0.22.5
[INFO] [stderr]    Compiling tokio-native-tls v0.3.0
[INFO] [stdout] error: failed to write bytecode to /opt/rustwide/target/debug/deps/rustls-c5cc0ce3dca02023.rustls.3ef2315c92973b38-cgu.02.rcgu.bc: No space left on device (os error 28)
[INFO] [stdout] 
[INFO] [stdout] 
[INFO] [stdout] error: aborting due to previous error
[INFO] [stdout] 
[INFO] [stdout] 
[INFO] [stderr] error: could not compile `rustls` (lib) due to 2 previous errors
[INFO] [stderr] warning: build failed, waiting for other jobs to finish...
[INFO] [stdout] error: couldn't create a temp dir: No space left on device (os error 28) at path "/opt/rustwide/target/debug/deps/rmetaFmdGyt"
[INFO] [stdout] 
[INFO] [stdout] 
[INFO] [stderr] error: could not compile `serde` (lib) due to previous error
[INFO] running `Command { std: "docker" "inspect" "4794a69cf57691353bf800ac9400027d4cbaa910ae725796db90fa34b48a62c0", kill_on_drop: false }`
[INFO] running `Command { std: "docker" "rm" "-f" "4794a69cf57691353bf800ac9400027d4cbaa910ae725796db90fa34b48a62c0", kill_on_drop: false }`
[INFO] [stdout] 4794a69cf57691353bf800ac9400027d4cbaa910ae725796db90fa34b48a62c0
[INFO] testing reed4u/snarkVM against beta-2023-12-22 for beta-1.76-1
[INFO] running `Command { std: "git" "clone" "/workspace/cache/git-repos/https%3A%2F%2Fgithub.com%2Freed4u%2FsnarkVM" "/workspace/builds/worker-6-tc2/source", kill_on_drop: false }`
[INFO] [stderr] Cloning into '/workspace/builds/worker-6-tc2/source'...
[INFO] [stderr] done.
[INFO] [stderr] error: unable to write file parameters/src/testnet3/resources/shifted-powers-of-beta-15.usrs
[INFO] [stderr] error: unable to write file parameters/src/testnet3/resources/shifted-powers-of-beta-16.metadata
[INFO] [stderr] error: unable to write file parameters/src/testnet3/resources/shifted-powers-of-beta-17.metadata
[INFO] [stderr] error: unable to write file parameters/src/testnet3/resources/shifted-powers-of-beta-18.metadata
[INFO] [stderr] error: unable to write file parameters/src/testnet3/resources/shifted-powers-of-beta-19.metadata
[INFO] [stderr] error: unable to write file parameters/src/testnet3/resources/shifted-powers-of-beta-20.metadata
[INFO] [stderr] error: unable to write file parameters/src/testnet3/resources/shifted-powers-of-beta-21.metadata
[INFO] [stderr] error: unable to write file synthesizer/src/block/transition/string.rs
[INFO] [stderr] fatal: cannot create directory at 'synthesizer/src/coinbase_puzzle': No space left on device
[INFO] [stderr] warning: Clone succeeded, but checkout failed.
[INFO] [stderr] You can inspect what was checked out with 'git status'
[INFO] [stderr] and retry with 'git restore --source=HEAD :/'
[INFO] [stderr] 
[INFO] testing reed4u/snarkVM against beta-2023-12-22 for beta-1.76-1
[INFO] running `Command { std: "git" "clone" "/workspace/cache/git-repos/https%3A%2F%2Fgithub.com%2Freed4u%2FsnarkVM" "/workspace/builds/worker-6-tc2/source", kill_on_drop: false }`
[INFO] [stderr] Cloning into '/workspace/builds/worker-6-tc2/source'...
[INFO] [stderr] done.
[INFO] [stderr] error: unable to write file parameters/src/testnet3/resources/shifted-powers-of-beta-15.usrs
[INFO] [stderr] error: unable to write file parameters/src/testnet3/resources/shifted-powers-of-beta-16.metadata
[INFO] [stderr] error: unable to write file parameters/src/testnet3/resources/shifted-powers-of-beta-17.metadata
[INFO] [stderr] error: unable to write file parameters/src/testnet3/resources/shifted-powers-of-beta-18.metadata
[INFO] [stderr] error: unable to write file parameters/src/testnet3/resources/shifted-powers-of-beta-19.metadata
[INFO] [stderr] error: unable to write file parameters/src/testnet3/resources/shifted-powers-of-beta-20.metadata
[INFO] [stderr] error: unable to write file parameters/src/testnet3/resources/shifted-powers-of-beta-21.metadata
[INFO] [stderr] error: unable to write file parameters/src/testnet3/resources/shifted-powers-of-beta-22.metadata
[INFO] [stderr] error: unable to write file parameters/src/testnet3/resources/shifted-powers-of-beta-23.metadata
[INFO] [stderr] error: unable to write file parameters/src/testnet3/resources/shifted-powers-of-beta-24.metadata
[INFO] [stderr] error: unable to write file parameters/src/testnet3/resources/shifted-powers-of-beta-25.metadata
[INFO] [stderr] error: unable to write file parameters/src/testnet3/resources/shifted-powers-of-beta-26.metadata
[INFO] [stderr] error: unable to write file parameters/src/testnet3/resources/shifted-powers-of-beta-27.metadata
[INFO] [stderr] error: unable to write file parameters/src/testnet3/resources/shifted-powers-of-beta-28.metadata
[INFO] [stderr] error: unable to write file parameters/src/testnet3/resources/split.metadata
[INFO] [stderr] error: unable to write file parameters/src/testnet3/resources/transfer.metadata
[INFO] [stderr] fatal: cannot create directory at 'r1cs': No space left on device
[INFO] [stderr] warning: Clone succeeded, but checkout failed.
[INFO] [stderr] You can inspect what was checked out with 'git status'
[INFO] [stderr] and retry with 'git restore --source=HEAD :/'
[INFO] [stderr] 
[INFO] testing reed4u/snarkVM against beta-2023-12-22 for beta-1.76-1
[INFO] running `Command { std: "git" "clone" "/workspace/cache/git-repos/https%3A%2F%2Fgithub.com%2Freed4u%2FsnarkVM" "/workspace/builds/worker-6-tc2/source", kill_on_drop: false }`
[INFO] [stderr] Cloning into '/workspace/builds/worker-6-tc2/source'...
[INFO] [stderr] done.
[INFO] [stderr] error: unable to write file console/types/group/src/to_bits.rs
[INFO] [stderr] error: unable to write file console/types/group/src/to_field.rs
[INFO] [stderr] error: unable to write file console/types/group/src/to_fields.rs
[INFO] [stderr] error: unable to write file console/types/group/src/to_x_coordinate.rs
[INFO] [stderr] error: unable to write file console/types/group/src/to_xy_coordinates.rs
[INFO] [stderr] error: unable to write file console/types/group/src/to_y_coordinate.rs
[INFO] [stderr] error: unable to write file console/types/group/src/zero.rs
[INFO] [stderr] fatal: cannot create directory at 'console/types/integers': No space left on device
[INFO] [stderr] warning: Clone succeeded, but checkout failed.
[INFO] [stderr] You can inspect what was checked out with 'git status'
[INFO] [stderr] and retry with 'git restore --source=HEAD :/'
[INFO] [stderr] 
[INFO] testing reed4u/snarkVM against beta-2023-12-22 for beta-1.76-1
[INFO] running `Command { std: "git" "clone" "/workspace/cache/git-repos/https%3A%2F%2Fgithub.com%2Freed4u%2FsnarkVM" "/workspace/builds/worker-6-tc2/source", kill_on_drop: false }`
[INFO] [stderr] Cloning into '/workspace/builds/worker-6-tc2/source'...
[INFO] [stderr] done.
[INFO] [stderr] fatal: cannot create directory at 'console/program/src/state_path': No space left on device
[INFO] [stderr] warning: Clone succeeded, but checkout failed.
[INFO] [stderr] You can inspect what was checked out with 'git status'
[INFO] [stderr] and retry with 'git restore --source=HEAD :/'
[INFO] [stderr] 
[INFO] testing reed4u/snarkVM against beta-2023-12-22 for beta-1.76-1
[INFO] running `Command { std: "git" "clone" "/workspace/cache/git-repos/https%3A%2F%2Fgithub.com%2Freed4u%2FsnarkVM" "/workspace/builds/worker-6-tc2/source", kill_on_drop: false }`
[INFO] [stderr] Cloning into '/workspace/builds/worker-6-tc2/source'...
[INFO] [stderr] done.
[INFO] [stderr] error: unable to write file circuit/types/scalar/src/ternary.rs
[INFO] [stderr] fatal: cannot create directory at 'circuit/types/src': No space left on device
[INFO] [stderr] warning: Clone succeeded, but checkout failed.
[INFO] [stderr] You can inspect what was checked out with 'git status'
[INFO] [stderr] and retry with 'git restore --source=HEAD :/'
[INFO] [stderr] 
[ERROR] this task or one of its parent failed!
[ERROR] failed to checkout https://github.com/reed4u/snarkVM
[ERROR] caused by: command failed: exit status: 128
[ERROR] note: run with `RUST_BACKTRACE=1` to display a backtrace.
