[INFO] cloning repository https://github.com/ramones156/rlox
[INFO] running `Command { std: "git" "-c" "credential.helper=" "-c" "credential.helper=/workspace/cargo-home/bin/git-credential-null" "clone" "--bare" "https://github.com/ramones156/rlox" "/workspace/cache/git-repos/https%3A%2F%2Fgithub.com%2Framones156%2Frlox", kill_on_drop: false }`
[INFO] [stderr] Cloning into bare repository '/workspace/cache/git-repos/https%3A%2F%2Fgithub.com%2Framones156%2Frlox'...
[INFO] running `Command { std: "git" "rev-parse" "HEAD", kill_on_drop: false }`
[INFO] [stdout] 22e26dbe0d577b521639d555c1b93e0a6cb6d62b
[INFO] testing ramones156/rlox against 1.75.0 for beta-1.76-1
[INFO] running `Command { std: "git" "clone" "/workspace/cache/git-repos/https%3A%2F%2Fgithub.com%2Framones156%2Frlox" "/workspace/builds/worker-4-tc1/source", kill_on_drop: false }`
[INFO] [stderr] Cloning into '/workspace/builds/worker-4-tc1/source'...
[INFO] [stderr] done.
[INFO] validating manifest of git repo https://github.com/ramones156/rlox on toolchain 1.75.0
[INFO] running `Command { std: CARGO_HOME="/workspace/cargo-home" RUSTUP_HOME="/workspace/rustup-home" "/workspace/cargo-home/bin/cargo" "+1.75.0" "metadata" "--manifest-path" "Cargo.toml" "--no-deps", kill_on_drop: false }`
[INFO] removed /workspace/builds/worker-4-tc1/source/rust-toolchain.toml
[INFO] started tweaking git repo https://github.com/ramones156/rlox
[INFO] finished tweaking git repo https://github.com/ramones156/rlox
[INFO] tweaked toml for git repo https://github.com/ramones156/rlox written to /workspace/builds/worker-4-tc1/source/Cargo.toml
[INFO] crate git repo https://github.com/ramones156/rlox already has a lockfile, it will not be regenerated
[INFO] running `Command { std: CARGO_HOME="/workspace/cargo-home" RUSTUP_HOME="/workspace/rustup-home" "/workspace/cargo-home/bin/cargo" "+1.75.0" "fetch" "--manifest-path" "Cargo.toml", kill_on_drop: false }`
[INFO] [stderr]     Blocking waiting for file lock on package cache
[ERROR] error running command: no output for 300 seconds
[ERROR] this task or one of its parent failed!
[ERROR] no output for 300 seconds
[ERROR] note: run with `RUST_BACKTRACE=1` to display a backtrace.
[INFO] testing ramones156/rlox against beta-2023-12-22 for beta-1.76-1
[INFO] running `Command { std: "git" "clone" "/workspace/cache/git-repos/https%3A%2F%2Fgithub.com%2Framones156%2Frlox" "/workspace/builds/worker-4-tc2/source", kill_on_drop: false }`
[INFO] [stderr] Cloning into '/workspace/builds/worker-4-tc2/source'...
[INFO] [stderr] done.
[INFO] validating manifest of git repo https://github.com/ramones156/rlox on toolchain beta-2023-12-22
[INFO] running `Command { std: CARGO_HOME="/workspace/cargo-home" RUSTUP_HOME="/workspace/rustup-home" "/workspace/cargo-home/bin/cargo" "+beta-2023-12-22" "metadata" "--manifest-path" "Cargo.toml" "--no-deps", kill_on_drop: false }`
[INFO] removed /workspace/builds/worker-4-tc2/source/rust-toolchain.toml
[INFO] started tweaking git repo https://github.com/ramones156/rlox
[INFO] finished tweaking git repo https://github.com/ramones156/rlox
[INFO] tweaked toml for git repo https://github.com/ramones156/rlox written to /workspace/builds/worker-4-tc2/source/Cargo.toml
[INFO] crate git repo https://github.com/ramones156/rlox already has a lockfile, it will not be regenerated
[INFO] running `Command { std: CARGO_HOME="/workspace/cargo-home" RUSTUP_HOME="/workspace/rustup-home" "/workspace/cargo-home/bin/cargo" "+beta-2023-12-22" "fetch" "--manifest-path" "Cargo.toml", kill_on_drop: false }`
[INFO] [stderr]     Blocking waiting for file lock on package cache
[INFO] [stderr]     Blocking waiting for file lock on package cache
[INFO] [stderr]  Downloading crates ...
[INFO] [stderr]   Downloaded num_enum_derive v0.6.0
[INFO] [stderr]   Downloaded num_enum v0.6.0
[INFO] running `Command { std: "docker" "create" "-v" "/var/lib/crater-agent-workspace/builds/worker-4-tc2/target:/opt/rustwide/target:rw,Z" "-v" "/var/lib/crater-agent-workspace/builds/worker-4-tc2/source:/opt/rustwide/workdir:ro,Z" "-v" "/var/lib/crater-agent-workspace/cargo-home:/opt/rustwide/cargo-home:ro,Z" "-v" "/var/lib/crater-agent-workspace/rustup-home:/opt/rustwide/rustup-home:ro,Z" "-e" "SOURCE_DIR=/opt/rustwide/workdir" "-e" "CARGO_TARGET_DIR=/opt/rustwide/target" "-e" "CARGO_HOME=/opt/rustwide/cargo-home" "-e" "RUSTUP_HOME=/opt/rustwide/rustup-home" "-w" "/opt/rustwide/workdir" "-m" "1610612736" "--user" "0:0" "--network" "none" "ghcr.io/rust-lang/crates-build-env/linux@sha256:2788e3201cd34a07e3172128adcd8b3090168a8e3bcc40d7c032b9dda1df7d1c" "/opt/rustwide/cargo-home/bin/cargo" "+beta-2023-12-22" "metadata" "--no-deps" "--format-version=1", kill_on_drop: false }`
[INFO] [stdout] 224125219bf6fa0341937b723a410b7f577b7eda7bea6d4b4838fce16a4afe66
[INFO] running `Command { std: "docker" "start" "-a" "224125219bf6fa0341937b723a410b7f577b7eda7bea6d4b4838fce16a4afe66", kill_on_drop: false }`
[INFO] running `Command { std: "docker" "inspect" "224125219bf6fa0341937b723a410b7f577b7eda7bea6d4b4838fce16a4afe66", kill_on_drop: false }`
[INFO] running `Command { std: "docker" "rm" "-f" "224125219bf6fa0341937b723a410b7f577b7eda7bea6d4b4838fce16a4afe66", kill_on_drop: false }`
[INFO] [stdout] 224125219bf6fa0341937b723a410b7f577b7eda7bea6d4b4838fce16a4afe66
[INFO] running `Command { std: "docker" "create" "-v" "/var/lib/crater-agent-workspace/builds/worker-4-tc2/target:/opt/rustwide/target:rw,Z" "-v" "/var/lib/crater-agent-workspace/builds/worker-4-tc2/source:/opt/rustwide/workdir:ro,Z" "-v" "/var/lib/crater-agent-workspace/cargo-home:/opt/rustwide/cargo-home:ro,Z" "-v" "/var/lib/crater-agent-workspace/rustup-home:/opt/rustwide/rustup-home:ro,Z" "-e" "SOURCE_DIR=/opt/rustwide/workdir" "-e" "CARGO_TARGET_DIR=/opt/rustwide/target" "-e" "CARGO_INCREMENTAL=0" "-e" "RUST_BACKTRACE=full" "-e" "RUSTFLAGS=--cap-lints=warn" "-e" "RUSTDOCFLAGS=--cap-lints=warn" "-e" "CARGO_HOME=/opt/rustwide/cargo-home" "-e" "RUSTUP_HOME=/opt/rustwide/rustup-home" "-w" "/opt/rustwide/workdir" "-m" "1610612736" "--user" "0:0" "--network" "none" "ghcr.io/rust-lang/crates-build-env/linux@sha256:2788e3201cd34a07e3172128adcd8b3090168a8e3bcc40d7c032b9dda1df7d1c" "/opt/rustwide/cargo-home/bin/cargo" "+beta-2023-12-22" "build" "--frozen" "--message-format=json", kill_on_drop: false }`
[INFO] [stdout] 8a8092dc8f7d8fac51f2d102b49414d9bc5b5da0fd98a3160ae333bd376cf3f0
[INFO] running `Command { std: "docker" "start" "-a" "8a8092dc8f7d8fac51f2d102b49414d9bc5b5da0fd98a3160ae333bd376cf3f0", kill_on_drop: false }`
[INFO] [stderr]    Compiling proc-macro2 v1.0.56
[INFO] [stderr]    Compiling autocfg v1.1.0
[INFO] [stderr]    Compiling quote v1.0.26
[INFO] [stderr]    Compiling unicode-ident v1.0.8
[INFO] [stderr]    Compiling hashbrown v0.12.3
[INFO] [stderr]    Compiling toml_datetime v0.6.1
[INFO] [stderr]    Compiling winnow v0.4.1
[INFO] [stderr]    Compiling once_cell v1.17.1
[INFO] [stderr]    Compiling thiserror v1.0.40
[INFO] [stderr]    Compiling anyhow v1.0.70
[INFO] [stderr]    Compiling indexmap v1.9.3
[INFO] [stderr]    Compiling syn v2.0.15
[INFO] [stderr]    Compiling toml_edit v0.19.8
[INFO] [stderr]    Compiling thiserror-impl v1.0.40
[INFO] [stderr]    Compiling proc-macro-crate v1.3.1
[INFO] [stderr]    Compiling num_enum_derive v0.6.0
[INFO] [stderr]    Compiling num_enum v0.6.0
[INFO] [stderr]    Compiling rlox v0.1.0 (/opt/rustwide/workdir)
[INFO] [stderr]     Finished dev [unoptimized + debuginfo] target(s) in 6.10s
[INFO] running `Command { std: "docker" "inspect" "8a8092dc8f7d8fac51f2d102b49414d9bc5b5da0fd98a3160ae333bd376cf3f0", kill_on_drop: false }`
[INFO] running `Command { std: "docker" "rm" "-f" "8a8092dc8f7d8fac51f2d102b49414d9bc5b5da0fd98a3160ae333bd376cf3f0", kill_on_drop: false }`
[INFO] [stdout] 8a8092dc8f7d8fac51f2d102b49414d9bc5b5da0fd98a3160ae333bd376cf3f0
[INFO] running `Command { std: "docker" "create" "-v" "/var/lib/crater-agent-workspace/builds/worker-4-tc2/target:/opt/rustwide/target:rw,Z" "-v" "/var/lib/crater-agent-workspace/builds/worker-4-tc2/source:/opt/rustwide/workdir:ro,Z" "-v" "/var/lib/crater-agent-workspace/cargo-home:/opt/rustwide/cargo-home:ro,Z" "-v" "/var/lib/crater-agent-workspace/rustup-home:/opt/rustwide/rustup-home:ro,Z" "-e" "SOURCE_DIR=/opt/rustwide/workdir" "-e" "CARGO_TARGET_DIR=/opt/rustwide/target" "-e" "CARGO_INCREMENTAL=0" "-e" "RUST_BACKTRACE=full" "-e" "RUSTFLAGS=--cap-lints=warn" "-e" "RUSTDOCFLAGS=--cap-lints=warn" "-e" "CARGO_HOME=/opt/rustwide/cargo-home" "-e" "RUSTUP_HOME=/opt/rustwide/rustup-home" "-w" "/opt/rustwide/workdir" "-m" "1610612736" "--user" "0:0" "--network" "none" "ghcr.io/rust-lang/crates-build-env/linux@sha256:2788e3201cd34a07e3172128adcd8b3090168a8e3bcc40d7c032b9dda1df7d1c" "/opt/rustwide/cargo-home/bin/cargo" "+beta-2023-12-22" "test" "--frozen" "--no-run" "--message-format=json", kill_on_drop: false }`
[INFO] [stdout] bd08231e3b936ea0c76b43934278fba7805b532d63d5fd1629407f3f599a93b7
[INFO] running `Command { std: "docker" "start" "-a" "bd08231e3b936ea0c76b43934278fba7805b532d63d5fd1629407f3f599a93b7", kill_on_drop: false }`
[INFO] [stderr]    Compiling rlox v0.1.0 (/opt/rustwide/workdir)
[INFO] [stderr]     Finished test [unoptimized + debuginfo] target(s) in 0.58s
[INFO] running `Command { std: "docker" "inspect" "bd08231e3b936ea0c76b43934278fba7805b532d63d5fd1629407f3f599a93b7", kill_on_drop: false }`
[INFO] running `Command { std: "docker" "rm" "-f" "bd08231e3b936ea0c76b43934278fba7805b532d63d5fd1629407f3f599a93b7", kill_on_drop: false }`
[INFO] [stdout] bd08231e3b936ea0c76b43934278fba7805b532d63d5fd1629407f3f599a93b7
[INFO] running `Command { std: "docker" "create" "-v" "/var/lib/crater-agent-workspace/builds/worker-4-tc2/target:/opt/rustwide/target:rw,Z" "-v" "/var/lib/crater-agent-workspace/builds/worker-4-tc2/source:/opt/rustwide/workdir:ro,Z" "-v" "/var/lib/crater-agent-workspace/cargo-home:/opt/rustwide/cargo-home:ro,Z" "-v" "/var/lib/crater-agent-workspace/rustup-home:/opt/rustwide/rustup-home:ro,Z" "-e" "SOURCE_DIR=/opt/rustwide/workdir" "-e" "CARGO_TARGET_DIR=/opt/rustwide/target" "-e" "CARGO_INCREMENTAL=0" "-e" "RUST_BACKTRACE=full" "-e" "RUSTFLAGS=--cap-lints=warn" "-e" "RUSTDOCFLAGS=--cap-lints=warn" "-e" "CARGO_HOME=/opt/rustwide/cargo-home" "-e" "RUSTUP_HOME=/opt/rustwide/rustup-home" "-w" "/opt/rustwide/workdir" "-m" "1610612736" "--user" "0:0" "--network" "none" "ghcr.io/rust-lang/crates-build-env/linux@sha256:2788e3201cd34a07e3172128adcd8b3090168a8e3bcc40d7c032b9dda1df7d1c" "/opt/rustwide/cargo-home/bin/cargo" "+beta-2023-12-22" "test" "--frozen", kill_on_drop: false }`
[INFO] [stdout] 2a92c959e551e466a9178621d939dda0c3f96f96a596c4d8247a60e8045f6c78
[INFO] running `Command { std: "docker" "start" "-a" "2a92c959e551e466a9178621d939dda0c3f96f96a596c4d8247a60e8045f6c78", kill_on_drop: false }`
[INFO] [stderr]     Finished test [unoptimized + debuginfo] target(s) in 0.03s
[INFO] [stderr]      Running unittests src/lib.rs (/opt/rustwide/target/debug/deps/rlox-3840bbd850e5db4b)
[INFO] [stdout] 
[INFO] [stdout] running 10 tests
[INFO] [stdout] test compiler::scanner::tests::assign_should_succeed ... ok
[INFO] [stdout] test compiler::scanner::tests::boolean_should_succeed ... ok
[INFO] [stdout] test compiler::tests::parse_precedence_number_order_should_succeed ... ok
[INFO] [stdout] test compiler::tests::parse_precedence_boolean_should_succeed ... ok
[INFO] [stdout] test compiler::scanner::tests::newline_should_succeed ... ok
[INFO] [stdout] test compiler::tests::parse_precedence_string_assert_should_succeed ... ok
[INFO] [stdout] test compiler::tests::parse_precedence_string_concatenation_should_succeed ... ok
[INFO] [stdout] test compiler::scanner::tests::string_should_succeed ... ok
[INFO] [stdout] test compiler::scanner::tests::print_should_succeed ... ok
[INFO] [stdout] test vm::tests::binary_operands_should_succeed ... ok
[INFO] [stdout] 
[INFO] [stdout] test result: ok. 10 passed; 0 failed; 0 ignored; 0 measured; 0 filtered out; finished in 0.01s
[INFO] [stdout] 
[INFO] [stderr]      Running unittests src/main.rs (/opt/rustwide/target/debug/deps/rlox-2bdc855732fd57d7)
[INFO] [stdout] 
[INFO] [stdout] running 0 tests
[INFO] [stdout] 
[INFO] [stdout] test result: ok. 0 passed; 0 failed; 0 ignored; 0 measured; 0 filtered out; finished in 0.00s
[INFO] [stdout] 
[INFO] [stderr]    Doc-tests rlox
[INFO] [stdout] 
[INFO] [stdout] running 0 tests
[INFO] [stdout] 
[INFO] [stdout] test result: ok. 0 passed; 0 failed; 0 ignored; 0 measured; 0 filtered out; finished in 0.00s
[INFO] [stdout] 
[INFO] running `Command { std: "docker" "inspect" "2a92c959e551e466a9178621d939dda0c3f96f96a596c4d8247a60e8045f6c78", kill_on_drop: false }`
[INFO] running `Command { std: "docker" "rm" "-f" "2a92c959e551e466a9178621d939dda0c3f96f96a596c4d8247a60e8045f6c78", kill_on_drop: false }`
[INFO] [stdout] 2a92c959e551e466a9178621d939dda0c3f96f96a596c4d8247a60e8045f6c78
