[INFO] cloning repository https://github.com/ramn/allehanda-rs
[INFO] running `Command { std: "git" "-c" "credential.helper=" "-c" "credential.helper=/workspace/cargo-home/bin/git-credential-null" "clone" "--bare" "https://github.com/ramn/allehanda-rs" "/workspace/cache/git-repos/https%3A%2F%2Fgithub.com%2Framn%2Fallehanda-rs", kill_on_drop: false }`
[INFO] [stderr] Cloning into bare repository '/workspace/cache/git-repos/https%3A%2F%2Fgithub.com%2Framn%2Fallehanda-rs'...
[INFO] running `Command { std: "git" "rev-parse" "HEAD", kill_on_drop: false }`
[INFO] [stdout] 2fcdf830c4a7970f47f7c3b3e32a1dd859e03d69
[INFO] testing ramn/allehanda-rs against 1.75.0 for beta-1.76-1
[INFO] running `Command { std: "git" "clone" "/workspace/cache/git-repos/https%3A%2F%2Fgithub.com%2Framn%2Fallehanda-rs" "/workspace/builds/worker-0-tc1/source", kill_on_drop: false }`
[INFO] [stderr] Cloning into '/workspace/builds/worker-0-tc1/source'...
[INFO] [stderr] done.
[INFO] validating manifest of git repo https://github.com/ramn/allehanda-rs on toolchain 1.75.0
[INFO] running `Command { std: CARGO_HOME="/workspace/cargo-home" RUSTUP_HOME="/workspace/rustup-home" "/workspace/cargo-home/bin/cargo" "+1.75.0" "metadata" "--manifest-path" "Cargo.toml" "--no-deps", kill_on_drop: false }`
[INFO] started tweaking git repo https://github.com/ramn/allehanda-rs
[INFO] finished tweaking git repo https://github.com/ramn/allehanda-rs
[INFO] tweaked toml for git repo https://github.com/ramn/allehanda-rs written to /workspace/builds/worker-0-tc1/source/Cargo.toml
[INFO] crate git repo https://github.com/ramn/allehanda-rs already has a lockfile, it will not be regenerated
[INFO] running `Command { std: CARGO_HOME="/workspace/cargo-home" RUSTUP_HOME="/workspace/rustup-home" "/workspace/cargo-home/bin/cargo" "+1.75.0" "fetch" "--manifest-path" "Cargo.toml", kill_on_drop: false }`
[INFO] [stderr]     Blocking waiting for file lock on package cache
[ERROR] error running command: no output for 300 seconds
[ERROR] this task or one of its parent failed!
[ERROR] no output for 300 seconds
[ERROR] note: run with `RUST_BACKTRACE=1` to display a backtrace.
[INFO] testing ramn/allehanda-rs against beta-2023-12-22 for beta-1.76-1
[INFO] running `Command { std: "git" "clone" "/workspace/cache/git-repos/https%3A%2F%2Fgithub.com%2Framn%2Fallehanda-rs" "/workspace/builds/worker-0-tc2/source", kill_on_drop: false }`
[INFO] [stderr] Cloning into '/workspace/builds/worker-0-tc2/source'...
[INFO] [stderr] done.
[INFO] validating manifest of git repo https://github.com/ramn/allehanda-rs on toolchain beta-2023-12-22
[INFO] running `Command { std: CARGO_HOME="/workspace/cargo-home" RUSTUP_HOME="/workspace/rustup-home" "/workspace/cargo-home/bin/cargo" "+beta-2023-12-22" "metadata" "--manifest-path" "Cargo.toml" "--no-deps", kill_on_drop: false }`
[INFO] started tweaking git repo https://github.com/ramn/allehanda-rs
[INFO] finished tweaking git repo https://github.com/ramn/allehanda-rs
[INFO] tweaked toml for git repo https://github.com/ramn/allehanda-rs written to /workspace/builds/worker-0-tc2/source/Cargo.toml
[INFO] crate git repo https://github.com/ramn/allehanda-rs already has a lockfile, it will not be regenerated
[INFO] running `Command { std: CARGO_HOME="/workspace/cargo-home" RUSTUP_HOME="/workspace/rustup-home" "/workspace/cargo-home/bin/cargo" "+beta-2023-12-22" "fetch" "--manifest-path" "Cargo.toml", kill_on_drop: false }`
[INFO] [stderr]     Blocking waiting for file lock on package cache
[INFO] [stderr]     Blocking waiting for file lock on package cache
[INFO] running `Command { std: "docker" "create" "-v" "/var/lib/crater-agent-workspace/builds/worker-0-tc2/target:/opt/rustwide/target:rw,Z" "-v" "/var/lib/crater-agent-workspace/builds/worker-0-tc2/source:/opt/rustwide/workdir:ro,Z" "-v" "/var/lib/crater-agent-workspace/cargo-home:/opt/rustwide/cargo-home:ro,Z" "-v" "/var/lib/crater-agent-workspace/rustup-home:/opt/rustwide/rustup-home:ro,Z" "-e" "SOURCE_DIR=/opt/rustwide/workdir" "-e" "CARGO_TARGET_DIR=/opt/rustwide/target" "-e" "CARGO_HOME=/opt/rustwide/cargo-home" "-e" "RUSTUP_HOME=/opt/rustwide/rustup-home" "-w" "/opt/rustwide/workdir" "-m" "1610612736" "--user" "0:0" "--network" "none" "ghcr.io/rust-lang/crates-build-env/linux@sha256:2788e3201cd34a07e3172128adcd8b3090168a8e3bcc40d7c032b9dda1df7d1c" "/opt/rustwide/cargo-home/bin/cargo" "+beta-2023-12-22" "metadata" "--no-deps" "--format-version=1", kill_on_drop: false }`
[INFO] [stdout] 69ec31e56acb7e52a183332735dbc25b6cd9215ad2afcad2189cf7cc1943a76b
[INFO] running `Command { std: "docker" "start" "-a" "69ec31e56acb7e52a183332735dbc25b6cd9215ad2afcad2189cf7cc1943a76b", kill_on_drop: false }`
[INFO] running `Command { std: "docker" "inspect" "69ec31e56acb7e52a183332735dbc25b6cd9215ad2afcad2189cf7cc1943a76b", kill_on_drop: false }`
[INFO] running `Command { std: "docker" "rm" "-f" "69ec31e56acb7e52a183332735dbc25b6cd9215ad2afcad2189cf7cc1943a76b", kill_on_drop: false }`
[INFO] [stdout] 69ec31e56acb7e52a183332735dbc25b6cd9215ad2afcad2189cf7cc1943a76b
[INFO] running `Command { std: "docker" "create" "-v" "/var/lib/crater-agent-workspace/builds/worker-0-tc2/target:/opt/rustwide/target:rw,Z" "-v" "/var/lib/crater-agent-workspace/builds/worker-0-tc2/source:/opt/rustwide/workdir:ro,Z" "-v" "/var/lib/crater-agent-workspace/cargo-home:/opt/rustwide/cargo-home:ro,Z" "-v" "/var/lib/crater-agent-workspace/rustup-home:/opt/rustwide/rustup-home:ro,Z" "-e" "SOURCE_DIR=/opt/rustwide/workdir" "-e" "CARGO_TARGET_DIR=/opt/rustwide/target" "-e" "CARGO_INCREMENTAL=0" "-e" "RUST_BACKTRACE=full" "-e" "RUSTFLAGS=--cap-lints=warn" "-e" "RUSTDOCFLAGS=--cap-lints=warn" "-e" "CARGO_HOME=/opt/rustwide/cargo-home" "-e" "RUSTUP_HOME=/opt/rustwide/rustup-home" "-w" "/opt/rustwide/workdir" "-m" "1610612736" "--user" "0:0" "--network" "none" "ghcr.io/rust-lang/crates-build-env/linux@sha256:2788e3201cd34a07e3172128adcd8b3090168a8e3bcc40d7c032b9dda1df7d1c" "/opt/rustwide/cargo-home/bin/cargo" "+beta-2023-12-22" "build" "--frozen" "--message-format=json", kill_on_drop: false }`
[INFO] [stdout] 4f116522884c93d75a15e9947955cd5976503a697da6c355ec6b128364190a4c
[INFO] running `Command { std: "docker" "start" "-a" "4f116522884c93d75a15e9947955cd5976503a697da6c355ec6b128364190a4c", kill_on_drop: false }`
[INFO] [stderr]    Compiling allehanda v0.1.4 (/opt/rustwide/workdir)
[INFO] [stdout] warning: trait objects without an explicit `dyn` are deprecated
[INFO] [stdout]  --> src/recurse.rs:3:12
[INFO] [stdout]   |
[INFO] [stdout] 3 |     Go(Box<Fn() -> Rec<T>>)
[INFO] [stdout]   |            ^^^^^^^^^^^^^^
[INFO] [stdout]   |
[INFO] [stdout]   = warning: this is accepted in the current edition (Rust 2015) but is a hard error in Rust 2021!
[INFO] [stdout]   = note: for more information, see <https://doc.rust-lang.org/nightly/edition-guide/rust-2021/warnings-promoted-to-error.html>
[INFO] [stdout]   = note: `#[warn(bare_trait_objects)]` on by default
[INFO] [stdout] help: use `dyn`
[INFO] [stdout]   |
[INFO] [stdout] 3 |     Go(Box<dyn Fn() -> Rec<T>>)
[INFO] [stdout]   |            +++
[INFO] [stdout] 
[INFO] [stdout] 
[INFO] [stdout] warning: 1 warning emitted
[INFO] [stdout] 
[INFO] [stdout] 
[INFO] [stderr]     Finished dev [unoptimized + debuginfo] target(s) in 0.21s
[INFO] running `Command { std: "docker" "inspect" "4f116522884c93d75a15e9947955cd5976503a697da6c355ec6b128364190a4c", kill_on_drop: false }`
[INFO] running `Command { std: "docker" "rm" "-f" "4f116522884c93d75a15e9947955cd5976503a697da6c355ec6b128364190a4c", kill_on_drop: false }`
[INFO] [stdout] 4f116522884c93d75a15e9947955cd5976503a697da6c355ec6b128364190a4c
[INFO] running `Command { std: "docker" "create" "-v" "/var/lib/crater-agent-workspace/builds/worker-0-tc2/target:/opt/rustwide/target:rw,Z" "-v" "/var/lib/crater-agent-workspace/builds/worker-0-tc2/source:/opt/rustwide/workdir:ro,Z" "-v" "/var/lib/crater-agent-workspace/cargo-home:/opt/rustwide/cargo-home:ro,Z" "-v" "/var/lib/crater-agent-workspace/rustup-home:/opt/rustwide/rustup-home:ro,Z" "-e" "SOURCE_DIR=/opt/rustwide/workdir" "-e" "CARGO_TARGET_DIR=/opt/rustwide/target" "-e" "CARGO_INCREMENTAL=0" "-e" "RUST_BACKTRACE=full" "-e" "RUSTFLAGS=--cap-lints=warn" "-e" "RUSTDOCFLAGS=--cap-lints=warn" "-e" "CARGO_HOME=/opt/rustwide/cargo-home" "-e" "RUSTUP_HOME=/opt/rustwide/rustup-home" "-w" "/opt/rustwide/workdir" "-m" "1610612736" "--user" "0:0" "--network" "none" "ghcr.io/rust-lang/crates-build-env/linux@sha256:2788e3201cd34a07e3172128adcd8b3090168a8e3bcc40d7c032b9dda1df7d1c" "/opt/rustwide/cargo-home/bin/cargo" "+beta-2023-12-22" "test" "--frozen" "--no-run" "--message-format=json", kill_on_drop: false }`
[INFO] [stdout] 0abec7cfeb4594ec8080456e73088b34740edb56b63c54536109329e7afaa6af
[INFO] running `Command { std: "docker" "start" "-a" "0abec7cfeb4594ec8080456e73088b34740edb56b63c54536109329e7afaa6af", kill_on_drop: false }`
[INFO] [stderr]    Compiling allehanda v0.1.4 (/opt/rustwide/workdir)
[INFO] [stdout] warning: trait objects without an explicit `dyn` are deprecated
[INFO] [stdout]  --> src/recurse.rs:3:12
[INFO] [stdout]   |
[INFO] [stdout] 3 |     Go(Box<Fn() -> Rec<T>>)
[INFO] [stdout]   |            ^^^^^^^^^^^^^^
[INFO] [stdout]   |
[INFO] [stdout]   = warning: this is accepted in the current edition (Rust 2015) but is a hard error in Rust 2021!
[INFO] [stdout]   = note: for more information, see <https://doc.rust-lang.org/nightly/edition-guide/rust-2021/warnings-promoted-to-error.html>
[INFO] [stdout]   = note: `#[warn(bare_trait_objects)]` on by default
[INFO] [stdout] help: use `dyn`
[INFO] [stdout]   |
[INFO] [stdout] 3 |     Go(Box<dyn Fn() -> Rec<T>>)
[INFO] [stdout]   |            +++
[INFO] [stdout] 
[INFO] [stdout] 
[INFO] [stdout] warning: 1 warning emitted
[INFO] [stdout] 
[INFO] [stdout] 
[INFO] [stdout] warning: unnecessary trailing semicolon
[INFO] [stdout]   --> src/graph.rs:87:10
[INFO] [stdout]    |
[INFO] [stdout] 87 |         };
[INFO] [stdout]    |          ^ help: remove this semicolon
[INFO] [stdout]    |
[INFO] [stdout]    = note: `#[warn(redundant_semicolons)]` on by default
[INFO] [stdout] 
[INFO] [stdout] 
[INFO] [stdout] warning: trait objects without an explicit `dyn` are deprecated
[INFO] [stdout]  --> src/recurse.rs:3:12
[INFO] [stdout]   |
[INFO] [stdout] 3 |     Go(Box<Fn() -> Rec<T>>)
[INFO] [stdout]   |            ^^^^^^^^^^^^^^
[INFO] [stdout]   |
[INFO] [stdout]   = warning: this is accepted in the current edition (Rust 2015) but is a hard error in Rust 2021!
[INFO] [stdout]   = note: for more information, see <https://doc.rust-lang.org/nightly/edition-guide/rust-2021/warnings-promoted-to-error.html>
[INFO] [stdout]   = note: `#[warn(bare_trait_objects)]` on by default
[INFO] [stdout] help: use `dyn`
[INFO] [stdout]   |
[INFO] [stdout] 3 |     Go(Box<dyn Fn() -> Rec<T>>)
[INFO] [stdout]   |            +++
[INFO] [stdout] 
[INFO] [stdout] 
[INFO] [stdout] warning: 2 warnings emitted
[INFO] [stdout] 
[INFO] [stdout] 
[INFO] [stderr]     Finished test [unoptimized + debuginfo] target(s) in 0.61s
[INFO] running `Command { std: "docker" "inspect" "0abec7cfeb4594ec8080456e73088b34740edb56b63c54536109329e7afaa6af", kill_on_drop: false }`
[INFO] running `Command { std: "docker" "rm" "-f" "0abec7cfeb4594ec8080456e73088b34740edb56b63c54536109329e7afaa6af", kill_on_drop: false }`
[INFO] [stdout] 0abec7cfeb4594ec8080456e73088b34740edb56b63c54536109329e7afaa6af
[INFO] running `Command { std: "docker" "create" "-v" "/var/lib/crater-agent-workspace/builds/worker-0-tc2/target:/opt/rustwide/target:rw,Z" "-v" "/var/lib/crater-agent-workspace/builds/worker-0-tc2/source:/opt/rustwide/workdir:ro,Z" "-v" "/var/lib/crater-agent-workspace/cargo-home:/opt/rustwide/cargo-home:ro,Z" "-v" "/var/lib/crater-agent-workspace/rustup-home:/opt/rustwide/rustup-home:ro,Z" "-e" "SOURCE_DIR=/opt/rustwide/workdir" "-e" "CARGO_TARGET_DIR=/opt/rustwide/target" "-e" "CARGO_INCREMENTAL=0" "-e" "RUST_BACKTRACE=full" "-e" "RUSTFLAGS=--cap-lints=warn" "-e" "RUSTDOCFLAGS=--cap-lints=warn" "-e" "CARGO_HOME=/opt/rustwide/cargo-home" "-e" "RUSTUP_HOME=/opt/rustwide/rustup-home" "-w" "/opt/rustwide/workdir" "-m" "1610612736" "--user" "0:0" "--network" "none" "ghcr.io/rust-lang/crates-build-env/linux@sha256:2788e3201cd34a07e3172128adcd8b3090168a8e3bcc40d7c032b9dda1df7d1c" "/opt/rustwide/cargo-home/bin/cargo" "+beta-2023-12-22" "test" "--frozen", kill_on_drop: false }`
[INFO] [stdout] c26efa613c339b2c6437c7c9e9d07f98465d5cd236ef498c124300167b70c390
[INFO] running `Command { std: "docker" "start" "-a" "c26efa613c339b2c6437c7c9e9d07f98465d5cd236ef498c124300167b70c390", kill_on_drop: false }`
[INFO] [stderr] warning: trait objects without an explicit `dyn` are deprecated
[INFO] [stderr]  --> src/recurse.rs:3:12
[INFO] [stderr]   |
[INFO] [stderr] 3 |     Go(Box<Fn() -> Rec<T>>)
[INFO] [stderr]   |            ^^^^^^^^^^^^^^
[INFO] [stderr]   |
[INFO] [stderr]   = warning: this is accepted in the current edition (Rust 2015) but is a hard error in Rust 2021!
[INFO] [stderr]   = note: for more information, see <https://doc.rust-lang.org/nightly/edition-guide/rust-2021/warnings-promoted-to-error.html>
[INFO] [stderr]   = note: `#[warn(bare_trait_objects)]` on by default
[INFO] [stderr] help: use `dyn`
[INFO] [stderr]   |
[INFO] [stderr] 3 |     Go(Box<dyn Fn() -> Rec<T>>)
[INFO] [stderr]   |            +++
[INFO] [stderr] 
[INFO] [stderr] warning: `allehanda` (lib) generated 1 warning (run `cargo fix --lib -p allehanda` to apply 1 suggestion)
[INFO] [stderr] warning: unnecessary trailing semicolon
[INFO] [stderr]   --> src/graph.rs:87:10
[INFO] [stderr]    |
[INFO] [stderr] 87 |         };
[INFO] [stderr]    |          ^ help: remove this semicolon
[INFO] [stderr]    |
[INFO] [stderr]    = note: `#[warn(redundant_semicolons)]` on by default
[INFO] [stderr] 
[INFO] [stderr] warning: `allehanda` (lib test) generated 2 warnings (1 duplicate)
[INFO] [stderr]     Finished test [unoptimized + debuginfo] target(s) in 0.01s
[INFO] [stderr]      Running unittests src/lib.rs (/opt/rustwide/target/debug/deps/allehanda-b4624ea902051dc7)
[INFO] [stdout] 
[INFO] [stdout] running 24 tests
[INFO] [stdout] test graph::tests::test_edge_count ... ok
[INFO] [stdout] test list::tests::test_collect ... ok
[INFO] [stdout] test list::tests::test_cons ... ok
[INFO] [stdout] test collection::test ... ok
[INFO] [stdout] test matrix::tests::test_into_iterator ... ok
[INFO] [stdout] test matrix::tests::test_matrix_reverse_rows ... ok
[INFO] [stdout] test matrix::tests::test_creating_matrix ... ok
[INFO] [stdout] test graph::tests::test_adjacent ... ok
[INFO] [stdout] test graph::tests::test_vertex_count ... ok
[INFO] [stdout] test knapsack::tests::test_knapsack ... ok
[INFO] [stdout] test graph::tests::test_degree ... ok
[INFO] [stdout] test matrix::tests::test_get_row ... ok
[INFO] [stdout] test matrix::tests::test_rotate_ccw ... ok
[INFO] [stdout] test matrix::tests::test_with_data_works_when_input_vec_len_matches_dimensions ... ok
[INFO] [stdout] test matrix::tests::test_transpose ... ok
[INFO] [stdout] test matrix::tests::test_set_row ... ok
[INFO] [stdout] test matrix::tests::test_rotate_cw ... ok
[INFO] [stdout] test recurse::tests::test_fib_with_rec ... ok
[INFO] [stdout] test permutation::tests::test_last_permutation ... ok
[INFO] [stdout] test permutation::tests::test_permute ... ok
[INFO] [stdout] test permutation::tests::test_next_permutation ... ok
[INFO] [stdout] test recurse::tests::test_factorial_with_rec ... ok
[INFO] [stdout] test matrix::tests::test_with_data_panics_on_length_mismatch_in_input_vec - should panic ... ok
[INFO] [stdout] test recurse::tests::test_rec_stack ... ok
[INFO] [stdout] 
[INFO] [stdout] test result: ok. 24 passed; 0 failed; 0 ignored; 0 measured; 0 filtered out; finished in 0.10s
[INFO] [stdout] 
[INFO] [stderr]    Doc-tests allehanda
[INFO] [stdout] 
[INFO] [stdout] running 0 tests
[INFO] [stdout] 
[INFO] [stdout] test result: ok. 0 passed; 0 failed; 0 ignored; 0 measured; 0 filtered out; finished in 0.00s
[INFO] [stdout] 
[INFO] running `Command { std: "docker" "inspect" "c26efa613c339b2c6437c7c9e9d07f98465d5cd236ef498c124300167b70c390", kill_on_drop: false }`
[INFO] running `Command { std: "docker" "rm" "-f" "c26efa613c339b2c6437c7c9e9d07f98465d5cd236ef498c124300167b70c390", kill_on_drop: false }`
[INFO] [stdout] c26efa613c339b2c6437c7c9e9d07f98465d5cd236ef498c124300167b70c390
