[INFO] cloning repository https://github.com/putintin420/arb_data
[INFO] running `Command { std: "git" "-c" "credential.helper=" "-c" "credential.helper=/workspace/cargo-home/bin/git-credential-null" "clone" "--bare" "https://github.com/putintin420/arb_data" "/workspace/cache/git-repos/https%3A%2F%2Fgithub.com%2Fputintin420%2Farb_data", kill_on_drop: false }`
[INFO] [stderr] Cloning into bare repository '/workspace/cache/git-repos/https%3A%2F%2Fgithub.com%2Fputintin420%2Farb_data'...
[INFO] running `Command { std: "git" "rev-parse" "HEAD", kill_on_drop: false }`
[INFO] [stdout] e42907c10179cc8742965cdc1cc53960f34e6edf
[INFO] testing putintin420/arb_data against 1.75.0 for beta-1.76-1
[INFO] running `Command { std: "git" "clone" "/workspace/cache/git-repos/https%3A%2F%2Fgithub.com%2Fputintin420%2Farb_data" "/workspace/builds/worker-0-tc1/source", kill_on_drop: false }`
[INFO] [stderr] Cloning into '/workspace/builds/worker-0-tc1/source'...
[INFO] [stderr] done.
[INFO] validating manifest of git repo https://github.com/putintin420/arb_data on toolchain 1.75.0
[INFO] running `Command { std: CARGO_HOME="/workspace/cargo-home" RUSTUP_HOME="/workspace/rustup-home" "/workspace/cargo-home/bin/cargo" "+1.75.0" "metadata" "--manifest-path" "Cargo.toml" "--no-deps", kill_on_drop: false }`
[INFO] started tweaking git repo https://github.com/putintin420/arb_data
[INFO] finished tweaking git repo https://github.com/putintin420/arb_data
[INFO] tweaked toml for git repo https://github.com/putintin420/arb_data written to /workspace/builds/worker-0-tc1/source/Cargo.toml
[INFO] crate git repo https://github.com/putintin420/arb_data already has a lockfile, it will not be regenerated
[INFO] running `Command { std: CARGO_HOME="/workspace/cargo-home" RUSTUP_HOME="/workspace/rustup-home" "/workspace/cargo-home/bin/cargo" "+1.75.0" "fetch" "--manifest-path" "Cargo.toml", kill_on_drop: false }`
[INFO] [stderr]     Blocking waiting for file lock on package cache
[ERROR] error running command: no output for 300 seconds
[ERROR] this task or one of its parent failed!
[ERROR] no output for 300 seconds
[ERROR] note: run with `RUST_BACKTRACE=1` to display a backtrace.
[INFO] testing putintin420/arb_data against beta-2023-12-22 for beta-1.76-1
[INFO] running `Command { std: "git" "clone" "/workspace/cache/git-repos/https%3A%2F%2Fgithub.com%2Fputintin420%2Farb_data" "/workspace/builds/worker-0-tc2/source", kill_on_drop: false }`
[INFO] [stderr] Cloning into '/workspace/builds/worker-0-tc2/source'...
[INFO] [stderr] done.
[INFO] validating manifest of git repo https://github.com/putintin420/arb_data on toolchain beta-2023-12-22
[INFO] running `Command { std: CARGO_HOME="/workspace/cargo-home" RUSTUP_HOME="/workspace/rustup-home" "/workspace/cargo-home/bin/cargo" "+beta-2023-12-22" "metadata" "--manifest-path" "Cargo.toml" "--no-deps", kill_on_drop: false }`
[INFO] started tweaking git repo https://github.com/putintin420/arb_data
[INFO] finished tweaking git repo https://github.com/putintin420/arb_data
[INFO] tweaked toml for git repo https://github.com/putintin420/arb_data written to /workspace/builds/worker-0-tc2/source/Cargo.toml
[INFO] crate git repo https://github.com/putintin420/arb_data already has a lockfile, it will not be regenerated
[INFO] running `Command { std: CARGO_HOME="/workspace/cargo-home" RUSTUP_HOME="/workspace/rustup-home" "/workspace/cargo-home/bin/cargo" "+beta-2023-12-22" "fetch" "--manifest-path" "Cargo.toml", kill_on_drop: false }`
[INFO] [stderr]     Blocking waiting for file lock on package cache
[INFO] [stderr]     Blocking waiting for file lock on package cache
[INFO] running `Command { std: "docker" "create" "-v" "/var/lib/crater-agent-workspace/builds/worker-0-tc2/target:/opt/rustwide/target:rw,Z" "-v" "/var/lib/crater-agent-workspace/builds/worker-0-tc2/source:/opt/rustwide/workdir:ro,Z" "-v" "/var/lib/crater-agent-workspace/cargo-home:/opt/rustwide/cargo-home:ro,Z" "-v" "/var/lib/crater-agent-workspace/rustup-home:/opt/rustwide/rustup-home:ro,Z" "-e" "SOURCE_DIR=/opt/rustwide/workdir" "-e" "CARGO_TARGET_DIR=/opt/rustwide/target" "-e" "CARGO_HOME=/opt/rustwide/cargo-home" "-e" "RUSTUP_HOME=/opt/rustwide/rustup-home" "-w" "/opt/rustwide/workdir" "-m" "1610612736" "--user" "0:0" "--network" "none" "ghcr.io/rust-lang/crates-build-env/linux@sha256:2788e3201cd34a07e3172128adcd8b3090168a8e3bcc40d7c032b9dda1df7d1c" "/opt/rustwide/cargo-home/bin/cargo" "+beta-2023-12-22" "metadata" "--no-deps" "--format-version=1", kill_on_drop: false }`
[INFO] [stdout] 17d642a84abadfb742a7f65102f3b87d60cbd1b09fe8e0aad809c828ee230607
[INFO] running `Command { std: "docker" "start" "-a" "17d642a84abadfb742a7f65102f3b87d60cbd1b09fe8e0aad809c828ee230607", kill_on_drop: false }`
[INFO] running `Command { std: "docker" "inspect" "17d642a84abadfb742a7f65102f3b87d60cbd1b09fe8e0aad809c828ee230607", kill_on_drop: false }`
[INFO] running `Command { std: "docker" "rm" "-f" "17d642a84abadfb742a7f65102f3b87d60cbd1b09fe8e0aad809c828ee230607", kill_on_drop: false }`
[INFO] [stdout] 17d642a84abadfb742a7f65102f3b87d60cbd1b09fe8e0aad809c828ee230607
[INFO] running `Command { std: "docker" "create" "-v" "/var/lib/crater-agent-workspace/builds/worker-0-tc2/target:/opt/rustwide/target:rw,Z" "-v" "/var/lib/crater-agent-workspace/builds/worker-0-tc2/source:/opt/rustwide/workdir:ro,Z" "-v" "/var/lib/crater-agent-workspace/cargo-home:/opt/rustwide/cargo-home:ro,Z" "-v" "/var/lib/crater-agent-workspace/rustup-home:/opt/rustwide/rustup-home:ro,Z" "-e" "SOURCE_DIR=/opt/rustwide/workdir" "-e" "CARGO_TARGET_DIR=/opt/rustwide/target" "-e" "CARGO_INCREMENTAL=0" "-e" "RUST_BACKTRACE=full" "-e" "RUSTFLAGS=--cap-lints=warn" "-e" "RUSTDOCFLAGS=--cap-lints=warn" "-e" "CARGO_HOME=/opt/rustwide/cargo-home" "-e" "RUSTUP_HOME=/opt/rustwide/rustup-home" "-w" "/opt/rustwide/workdir" "-m" "1610612736" "--user" "0:0" "--network" "none" "ghcr.io/rust-lang/crates-build-env/linux@sha256:2788e3201cd34a07e3172128adcd8b3090168a8e3bcc40d7c032b9dda1df7d1c" "/opt/rustwide/cargo-home/bin/cargo" "+beta-2023-12-22" "build" "--frozen" "--message-format=json", kill_on_drop: false }`
[INFO] [stdout] be91dc35a2fe7aebbd392a22c2ecc2b8ce75a3fd2ec3a5016e76be2db1a0de6c
[INFO] running `Command { std: "docker" "start" "-a" "be91dc35a2fe7aebbd392a22c2ecc2b8ce75a3fd2ec3a5016e76be2db1a0de6c", kill_on_drop: false }`
[INFO] [stderr]    Compiling version_check v0.9.4
[INFO] [stderr]    Compiling proc-macro2 v1.0.40
[INFO] [stderr]    Compiling quote v1.0.20
[INFO] [stderr]    Compiling unicode-ident v1.0.1
[INFO] [stderr]    Compiling syn v1.0.98
[INFO] [stderr]    Compiling libc v0.2.126
[INFO] [stderr]    Compiling autocfg v1.1.0
[INFO] [stderr]    Compiling pin-project-lite v0.2.9
[INFO] [stderr]    Compiling typenum v1.15.0
[INFO] [stderr]    Compiling once_cell v1.12.0
[INFO] [stderr]    Compiling memchr v2.5.0
[INFO] [stderr]    Compiling log v0.4.17
[INFO] [stderr]    Compiling serde_derive v1.0.137
[INFO] [stderr]    Compiling generic-array v0.14.5
[INFO] [stderr]    Compiling futures-core v0.3.21
[INFO] [stderr]    Compiling futures-channel v0.3.21
[INFO] [stderr]    Compiling smallvec v1.8.1
[INFO] [stderr]    Compiling itoa v1.0.2
[INFO] [stderr]    Compiling lock_api v0.4.7
[INFO] [stderr]    Compiling parking_lot_core v0.9.3
[INFO] [stderr]    Compiling serde v1.0.137
[INFO] [stderr]    Compiling socket2 v0.4.4
[INFO] [stderr]    Compiling subtle v2.4.1
[INFO] [stderr]    Compiling signal-hook-registry v1.4.0
[INFO] [stderr]    Compiling mio v0.8.4
[INFO] [stderr]    Compiling num_cpus v1.13.1
[INFO] [stderr]    Compiling parking_lot v0.12.1
[INFO] [stderr]    Compiling proc-macro2-diagnostics v0.9.1
[INFO] [stderr]    Compiling futures-sink v0.3.21
[INFO] [stderr]    Compiling http v0.2.8
[INFO] [stderr]    Compiling tracing-core v0.1.28
[INFO] [stderr]    Compiling yansi v0.5.1
[INFO] [stderr]    Compiling httparse v1.7.1
[INFO] [stderr]    Compiling futures-task v0.3.21
[INFO] [stderr]    Compiling hashbrown v0.12.1
[INFO] [stderr]    Compiling pkg-config v0.3.25
[INFO] [stderr]    Compiling cpufeatures v0.2.2
[INFO] [stderr]    Compiling tracing v0.1.35
[INFO] [stderr]    Compiling cc v1.0.73
[INFO] [stderr]    Compiling futures-util v0.3.21
[INFO] [stderr]    Compiling block-buffer v0.10.2
[INFO] [stderr]    Compiling crypto-common v0.1.3
[INFO] [stderr]    Compiling slab v0.4.6
[INFO] [stderr]    Compiling futures-io v0.3.21
[INFO] [stderr]    Compiling digest v0.10.3
[INFO] [stderr]    Compiling http-body v0.4.5
[INFO] [stderr]    Compiling cipher v0.3.0
[INFO] [stderr]    Compiling universal-hash v0.4.1
[INFO] [stderr]    Compiling getrandom v0.2.7
[INFO] [stderr]    Compiling indexmap v1.9.1
[INFO] [stderr]    Compiling httpdate v1.0.2
[INFO] [stderr]    Compiling tower-service v0.3.2
[INFO] [stderr]    Compiling rand_core v0.6.3
[INFO] [stderr]    Compiling polyval v0.5.3
[INFO] [stderr]    Compiling rand_chacha v0.3.1
[INFO] [stderr]    Compiling ghash v0.4.4
[INFO] [stderr]    Compiling ctr v0.8.0
[INFO] [stderr]    Compiling aes v0.7.5
[INFO] [stderr]    Compiling hmac v0.12.1
[INFO] [stderr]    Compiling aead v0.4.3
[INFO] [stderr]    Compiling openssl-sys v0.9.74
[INFO] [stderr]    Compiling cookie v0.16.0
[INFO] [stderr]    Compiling ref-cast v1.0.7
[INFO] [stderr]    Compiling num_threads v0.1.6
[INFO] [stderr]    Compiling time-macros v0.2.4
[INFO] [stderr]    Compiling openssl v0.10.40
[INFO] [stderr]    Compiling inlinable_string v0.1.15
[INFO] [stderr]    Compiling aes-gcm v0.9.4
[INFO] [stderr]    Compiling hkdf v0.12.3
[INFO] [stderr]    Compiling rand v0.8.5
[INFO] [stderr]    Compiling sha2 v0.10.2
[INFO] [stderr]    Compiling want v0.3.0
[INFO] [stderr]    Compiling uncased v0.9.7
[INFO] [stderr]    Compiling native-tls v0.2.10
[INFO] [stderr]    Compiling encoding_rs v0.8.31
[INFO] [stderr]    Compiling devise_core v0.3.1
[INFO] [stderr]    Compiling tinyvec v1.6.0
[INFO] [stderr]    Compiling tokio v1.19.2
[INFO] [stderr]    Compiling time v0.3.11
[INFO] [stderr]    Compiling stable-pattern v0.1.0
[INFO] [stderr]    Compiling ryu v1.0.10
[INFO] [stderr]    Compiling openssl-probe v0.1.5
[INFO] [stderr]    Compiling state v0.5.3
[INFO] [stderr]    Compiling serde_json v1.0.81
[INFO] [stderr]    Compiling either v1.6.1
[INFO] [stderr]    Compiling futures v0.3.21
[INFO] [stderr]    Compiling unicode-normalization v0.1.20
[INFO] [stderr]    Compiling figment v0.10.6
[INFO] [stderr]    Compiling multer v2.0.2
[INFO] [stderr]    Compiling atomic v0.5.1
[INFO] [stderr]    Compiling unicode-bidi v0.3.8
[INFO] [stderr]    Compiling async-trait v0.1.56
[INFO] [stderr]    Compiling mime v0.3.16
[INFO] [stderr]    Compiling idna v0.2.3
[INFO] [stderr]    Compiling rocket v0.5.0-rc.2
[INFO] [stderr]    Compiling unicode-xid v0.2.3
[INFO] [stderr]    Compiling remove_dir_all v0.5.3
[INFO] [stderr]    Compiling hyper v0.14.19
[INFO] [stderr]    Compiling glob v0.3.0
[INFO] [stderr]    Compiling fastrand v1.7.0
[INFO] [stderr]    Compiling tokio-macros v1.8.0
[INFO] [stderr]    Compiling pear_codegen v0.2.3
[INFO] [stderr]    Compiling openssl-macros v0.1.0
[INFO] [stderr]    Compiling ref-cast-impl v1.0.7
[INFO] [stderr]    Compiling devise_codegen v0.3.1
[INFO] [stderr]    Compiling async-stream-impl v0.3.3
[INFO] [stderr]    Compiling spin v0.9.3
[INFO] [stderr]    Compiling thiserror-impl v1.0.31
[INFO] [stderr]    Compiling pear v0.2.3
[INFO] [stderr]    Compiling async-stream v0.3.3
[INFO] [stderr]    Compiling devise v0.3.1
[INFO] [stderr]    Compiling tempfile v3.3.0
[INFO] [stderr]    Compiling url v2.2.2
[INFO] [stderr]    Compiling rocket_http v0.5.0-rc.2
[INFO] [stderr]    Compiling atty v0.2.14
[INFO] [stderr]    Compiling ipnet v2.5.0
[INFO] [stderr]    Compiling binascii v0.1.4
[INFO] [stderr]    Compiling thiserror v1.0.31
[INFO] [stderr]    Compiling dotenv v0.15.0
[INFO] [stderr]    Compiling rocket_codegen v0.5.0-rc.2
[INFO] [stderr]    Compiling tokio-util v0.7.3
[INFO] [stderr]    Compiling tokio-native-tls v0.3.0
[INFO] [stderr]    Compiling tokio-util v0.6.10
[INFO] [stderr]    Compiling tokio-stream v0.1.9
[INFO] [stderr]    Compiling toml v0.5.9
[INFO] [stderr]    Compiling serde_urlencoded v0.7.1
[INFO] [stderr]    Compiling ubyte v0.10.2
[INFO] [stderr]    Compiling h2 v0.3.13
[INFO] [stderr]    Compiling hyper-tls v0.5.0
[INFO] [stderr]    Compiling reqwest v0.11.11
[INFO] [stderr]    Compiling arb_data v0.1.0 (/opt/rustwide/workdir)
[INFO] [stdout] warning: unused imports: `Error`, `Value`, `json`
[INFO] [stdout]  --> src/main.rs:3:18
[INFO] [stdout]   |
[INFO] [stdout] 3 | use serde_json::{json, Error, Value};
[INFO] [stdout]   |                  ^^^^  ^^^^^  ^^^^^
[INFO] [stdout]   |
[INFO] [stdout]   = note: `#[warn(unused_imports)]` on by default
[INFO] [stdout] 
[INFO] [stdout] 
[INFO] [stdout] warning: 1 warning emitted
[INFO] [stdout] 
[INFO] [stdout] 
[INFO] [stderr]     Finished dev [unoptimized + debuginfo] target(s) in 35.40s
[INFO] running `Command { std: "docker" "inspect" "be91dc35a2fe7aebbd392a22c2ecc2b8ce75a3fd2ec3a5016e76be2db1a0de6c", kill_on_drop: false }`
[INFO] running `Command { std: "docker" "rm" "-f" "be91dc35a2fe7aebbd392a22c2ecc2b8ce75a3fd2ec3a5016e76be2db1a0de6c", kill_on_drop: false }`
[INFO] [stdout] be91dc35a2fe7aebbd392a22c2ecc2b8ce75a3fd2ec3a5016e76be2db1a0de6c
[INFO] running `Command { std: "docker" "create" "-v" "/var/lib/crater-agent-workspace/builds/worker-0-tc2/target:/opt/rustwide/target:rw,Z" "-v" "/var/lib/crater-agent-workspace/builds/worker-0-tc2/source:/opt/rustwide/workdir:ro,Z" "-v" "/var/lib/crater-agent-workspace/cargo-home:/opt/rustwide/cargo-home:ro,Z" "-v" "/var/lib/crater-agent-workspace/rustup-home:/opt/rustwide/rustup-home:ro,Z" "-e" "SOURCE_DIR=/opt/rustwide/workdir" "-e" "CARGO_TARGET_DIR=/opt/rustwide/target" "-e" "CARGO_INCREMENTAL=0" "-e" "RUST_BACKTRACE=full" "-e" "RUSTFLAGS=--cap-lints=warn" "-e" "RUSTDOCFLAGS=--cap-lints=warn" "-e" "CARGO_HOME=/opt/rustwide/cargo-home" "-e" "RUSTUP_HOME=/opt/rustwide/rustup-home" "-w" "/opt/rustwide/workdir" "-m" "1610612736" "--user" "0:0" "--network" "none" "ghcr.io/rust-lang/crates-build-env/linux@sha256:2788e3201cd34a07e3172128adcd8b3090168a8e3bcc40d7c032b9dda1df7d1c" "/opt/rustwide/cargo-home/bin/cargo" "+beta-2023-12-22" "test" "--frozen" "--no-run" "--message-format=json", kill_on_drop: false }`
[INFO] [stdout] 23bb0fefc8ff68246404019131df9ea4a2e26e36b00b986eb63ceb0ad010f9a3
[INFO] running `Command { std: "docker" "start" "-a" "23bb0fefc8ff68246404019131df9ea4a2e26e36b00b986eb63ceb0ad010f9a3", kill_on_drop: false }`
[INFO] [stderr]    Compiling arb_data v0.1.0 (/opt/rustwide/workdir)
[INFO] [stdout] warning: unused imports: `Error`, `Value`, `json`
[INFO] [stdout]  --> src/main.rs:3:18
[INFO] [stdout]   |
[INFO] [stdout] 3 | use serde_json::{json, Error, Value};
[INFO] [stdout]   |                  ^^^^  ^^^^^  ^^^^^
[INFO] [stdout]   |
[INFO] [stdout]   = note: `#[warn(unused_imports)]` on by default
[INFO] [stdout] 
[INFO] [stdout] 
[INFO] [stdout] warning: 1 warning emitted
[INFO] [stdout] 
[INFO] [stdout] 
[INFO] [stderr]     Finished test [unoptimized + debuginfo] target(s) in 0.50s
[INFO] running `Command { std: "docker" "inspect" "23bb0fefc8ff68246404019131df9ea4a2e26e36b00b986eb63ceb0ad010f9a3", kill_on_drop: false }`
[INFO] running `Command { std: "docker" "rm" "-f" "23bb0fefc8ff68246404019131df9ea4a2e26e36b00b986eb63ceb0ad010f9a3", kill_on_drop: false }`
[INFO] [stdout] 23bb0fefc8ff68246404019131df9ea4a2e26e36b00b986eb63ceb0ad010f9a3
[INFO] running `Command { std: "docker" "create" "-v" "/var/lib/crater-agent-workspace/builds/worker-0-tc2/target:/opt/rustwide/target:rw,Z" "-v" "/var/lib/crater-agent-workspace/builds/worker-0-tc2/source:/opt/rustwide/workdir:ro,Z" "-v" "/var/lib/crater-agent-workspace/cargo-home:/opt/rustwide/cargo-home:ro,Z" "-v" "/var/lib/crater-agent-workspace/rustup-home:/opt/rustwide/rustup-home:ro,Z" "-e" "SOURCE_DIR=/opt/rustwide/workdir" "-e" "CARGO_TARGET_DIR=/opt/rustwide/target" "-e" "CARGO_INCREMENTAL=0" "-e" "RUST_BACKTRACE=full" "-e" "RUSTFLAGS=--cap-lints=warn" "-e" "RUSTDOCFLAGS=--cap-lints=warn" "-e" "CARGO_HOME=/opt/rustwide/cargo-home" "-e" "RUSTUP_HOME=/opt/rustwide/rustup-home" "-w" "/opt/rustwide/workdir" "-m" "1610612736" "--user" "0:0" "--network" "none" "ghcr.io/rust-lang/crates-build-env/linux@sha256:2788e3201cd34a07e3172128adcd8b3090168a8e3bcc40d7c032b9dda1df7d1c" "/opt/rustwide/cargo-home/bin/cargo" "+beta-2023-12-22" "test" "--frozen", kill_on_drop: false }`
[INFO] [stdout] 3ccd544fd6aeb704097304cf42a7fed3987030c07ca41a65c5ecc716bc735e60
[INFO] running `Command { std: "docker" "start" "-a" "3ccd544fd6aeb704097304cf42a7fed3987030c07ca41a65c5ecc716bc735e60", kill_on_drop: false }`
[INFO] [stderr] warning: unused imports: `Error`, `Value`, `json`
[INFO] [stderr]  --> src/main.rs:3:18
[INFO] [stderr]   |
[INFO] [stderr] 3 | use serde_json::{json, Error, Value};
[INFO] [stderr]   |                  ^^^^  ^^^^^  ^^^^^
[INFO] [stderr]   |
[INFO] [stderr]   = note: `#[warn(unused_imports)]` on by default
[INFO] [stderr] 
[INFO] [stderr] warning: `arb_data` (bin "arb_data" test) generated 1 warning (run `cargo fix --bin "arb_data" --tests` to apply 1 suggestion)
[INFO] [stderr]     Finished test [unoptimized + debuginfo] target(s) in 0.09s
[INFO] [stderr]      Running unittests src/main.rs (/opt/rustwide/target/debug/deps/arb_data-937846c2e9a613ae)
[INFO] [stdout] 
[INFO] [stdout] running 0 tests
[INFO] [stdout] 
[INFO] [stdout] test result: ok. 0 passed; 0 failed; 0 ignored; 0 measured; 0 filtered out; finished in 0.00s
[INFO] [stdout] 
[INFO] running `Command { std: "docker" "inspect" "3ccd544fd6aeb704097304cf42a7fed3987030c07ca41a65c5ecc716bc735e60", kill_on_drop: false }`
[INFO] running `Command { std: "docker" "rm" "-f" "3ccd544fd6aeb704097304cf42a7fed3987030c07ca41a65c5ecc716bc735e60", kill_on_drop: false }`
[INFO] [stdout] 3ccd544fd6aeb704097304cf42a7fed3987030c07ca41a65c5ecc716bc735e60
