[INFO] cloning repository https://github.com/psp316r/Embedded-Rust-based-Led-Blink-on-NUCLEOF446RE
[INFO] running `Command { std: "git" "-c" "credential.helper=" "-c" "credential.helper=/workspace/cargo-home/bin/git-credential-null" "clone" "--bare" "https://github.com/psp316r/Embedded-Rust-based-Led-Blink-on-NUCLEOF446RE" "/workspace/cache/git-repos/https%3A%2F%2Fgithub.com%2Fpsp316r%2FEmbedded-Rust-based-Led-Blink-on-NUCLEOF446RE", kill_on_drop: false }`
[INFO] [stderr] Cloning into bare repository '/workspace/cache/git-repos/https%3A%2F%2Fgithub.com%2Fpsp316r%2FEmbedded-Rust-based-Led-Blink-on-NUCLEOF446RE'...
[INFO] running `Command { std: "git" "rev-parse" "HEAD", kill_on_drop: false }`
[INFO] [stdout] 22083cd11b34f4c29819ff252d98375ad7ab9bd8
[INFO] testing psp316r/Embedded-Rust-based-Led-Blink-on-NUCLEOF446RE against 1.75.0 for beta-1.76-1
[INFO] running `Command { std: "git" "clone" "/workspace/cache/git-repos/https%3A%2F%2Fgithub.com%2Fpsp316r%2FEmbedded-Rust-based-Led-Blink-on-NUCLEOF446RE" "/workspace/builds/worker-3-tc1/source", kill_on_drop: false }`
[INFO] [stderr] Cloning into '/workspace/builds/worker-3-tc1/source'...
[INFO] [stderr] done.
[INFO] validating manifest of git repo https://github.com/psp316r/Embedded-Rust-based-Led-Blink-on-NUCLEOF446RE on toolchain 1.75.0
[INFO] running `Command { std: CARGO_HOME="/workspace/cargo-home" RUSTUP_HOME="/workspace/rustup-home" "/workspace/cargo-home/bin/cargo" "+1.75.0" "metadata" "--manifest-path" "Cargo.toml" "--no-deps", kill_on_drop: false }`
[INFO] started tweaking git repo https://github.com/psp316r/Embedded-Rust-based-Led-Blink-on-NUCLEOF446RE
[INFO] finished tweaking git repo https://github.com/psp316r/Embedded-Rust-based-Led-Blink-on-NUCLEOF446RE
[INFO] tweaked toml for git repo https://github.com/psp316r/Embedded-Rust-based-Led-Blink-on-NUCLEOF446RE written to /workspace/builds/worker-3-tc1/source/Cargo.toml
[INFO] running `Command { std: CARGO_HOME="/workspace/cargo-home" RUSTUP_HOME="/workspace/rustup-home" "/workspace/cargo-home/bin/cargo" "+1.75.0" "generate-lockfile" "--manifest-path" "Cargo.toml", kill_on_drop: false }`
[INFO] [stderr]     Updating crates.io index
[INFO] running `Command { std: CARGO_HOME="/workspace/cargo-home" RUSTUP_HOME="/workspace/rustup-home" "/workspace/cargo-home/bin/cargo" "+1.75.0" "fetch" "--manifest-path" "Cargo.toml", kill_on_drop: false }`
[INFO] [stderr]  Downloading crates ...
[INFO] [stderr]   Downloaded stm32f4 v0.8.0
[INFO] [stderr]   Downloaded stm32f4xx-hal v0.6.0
[INFO] running `Command { std: "docker" "create" "-v" "/var/lib/crater-agent-workspace/builds/worker-3-tc1/target:/opt/rustwide/target:rw,Z" "-v" "/var/lib/crater-agent-workspace/builds/worker-3-tc1/source:/opt/rustwide/workdir:ro,Z" "-v" "/var/lib/crater-agent-workspace/cargo-home:/opt/rustwide/cargo-home:ro,Z" "-v" "/var/lib/crater-agent-workspace/rustup-home:/opt/rustwide/rustup-home:ro,Z" "-e" "SOURCE_DIR=/opt/rustwide/workdir" "-e" "CARGO_TARGET_DIR=/opt/rustwide/target" "-e" "CARGO_HOME=/opt/rustwide/cargo-home" "-e" "RUSTUP_HOME=/opt/rustwide/rustup-home" "-w" "/opt/rustwide/workdir" "-m" "1610612736" "--user" "0:0" "--network" "none" "ghcr.io/rust-lang/crates-build-env/linux@sha256:2788e3201cd34a07e3172128adcd8b3090168a8e3bcc40d7c032b9dda1df7d1c" "/opt/rustwide/cargo-home/bin/cargo" "+1.75.0" "metadata" "--no-deps" "--format-version=1", kill_on_drop: false }`
[INFO] [stdout] ba61d4bae5c7023f315b4947e525cdaaf1d8bfa1e2f31d9bbabf042ef139b8d2
[INFO] running `Command { std: "docker" "start" "-a" "ba61d4bae5c7023f315b4947e525cdaaf1d8bfa1e2f31d9bbabf042ef139b8d2", kill_on_drop: false }`
[INFO] running `Command { std: "docker" "inspect" "ba61d4bae5c7023f315b4947e525cdaaf1d8bfa1e2f31d9bbabf042ef139b8d2", kill_on_drop: false }`
[INFO] running `Command { std: "docker" "rm" "-f" "ba61d4bae5c7023f315b4947e525cdaaf1d8bfa1e2f31d9bbabf042ef139b8d2", kill_on_drop: false }`
[INFO] [stdout] ba61d4bae5c7023f315b4947e525cdaaf1d8bfa1e2f31d9bbabf042ef139b8d2
[INFO] running `Command { std: "docker" "create" "-v" "/var/lib/crater-agent-workspace/builds/worker-3-tc1/target:/opt/rustwide/target:rw,Z" "-v" "/var/lib/crater-agent-workspace/builds/worker-3-tc1/source:/opt/rustwide/workdir:ro,Z" "-v" "/var/lib/crater-agent-workspace/cargo-home:/opt/rustwide/cargo-home:ro,Z" "-v" "/var/lib/crater-agent-workspace/rustup-home:/opt/rustwide/rustup-home:ro,Z" "-e" "SOURCE_DIR=/opt/rustwide/workdir" "-e" "CARGO_TARGET_DIR=/opt/rustwide/target" "-e" "CARGO_INCREMENTAL=0" "-e" "RUST_BACKTRACE=full" "-e" "RUSTFLAGS=--cap-lints=warn" "-e" "RUSTDOCFLAGS=--cap-lints=warn" "-e" "CARGO_HOME=/opt/rustwide/cargo-home" "-e" "RUSTUP_HOME=/opt/rustwide/rustup-home" "-w" "/opt/rustwide/workdir" "-m" "1610612736" "--user" "0:0" "--network" "none" "ghcr.io/rust-lang/crates-build-env/linux@sha256:2788e3201cd34a07e3172128adcd8b3090168a8e3bcc40d7c032b9dda1df7d1c" "/opt/rustwide/cargo-home/bin/cargo" "+1.75.0" "build" "--frozen" "--message-format=json", kill_on_drop: false }`
[INFO] [stdout] e8c4c32550d66f5ab6aa7d8008a43eae881e8654b024effa8473432b8c3e12c4
[INFO] running `Command { std: "docker" "start" "-a" "e8c4c32550d66f5ab6aa7d8008a43eae881e8654b024effa8473432b8c3e12c4", kill_on_drop: false }`
[INFO] [stderr]    Compiling typenum v1.17.0
[INFO] [stderr]    Compiling semver-parser v0.7.0
[INFO] [stderr]    Compiling version_check v0.9.4
[INFO] [stderr]    Compiling semver v1.0.21
[INFO] [stderr]    Compiling proc-macro2 v1.0.76
[INFO] [stderr]    Compiling unicode-ident v1.0.12
[INFO] [stderr]    Compiling cortex-m v0.7.7
[INFO] [stderr]    Compiling nb v1.1.0
[INFO] [stderr]    Compiling syn v1.0.109
[INFO] [stderr]    Compiling stable_deref_trait v1.2.0
[INFO] [stderr]    Compiling vcell v0.1.3
[INFO] [stderr]    Compiling void v1.0.2
[INFO] [stderr]    Compiling cortex-m v0.6.7
[INFO] [stderr]    Compiling bitfield v0.13.2
[INFO] [stderr]    Compiling stm32f4 v0.8.0
[INFO] [stderr]    Compiling cortex-m-rt v0.6.15
[INFO] [stderr]    Compiling nb v0.1.3
[INFO] [stderr]    Compiling volatile-register v0.2.2
[INFO] [stderr]    Compiling r0 v0.2.2
[INFO] [stderr]    Compiling panic-halt v0.2.0
[INFO] [stderr]    Compiling embedded-hal v0.2.7
[INFO] [stderr]    Compiling semver v0.9.0
[INFO] [stderr]    Compiling generic-array v0.14.7
[INFO] [stderr]    Compiling rustc_version v0.2.3
[INFO] [stderr]    Compiling bare-metal v0.2.5
[INFO] [stderr]    Compiling rustc_version v0.4.0
[INFO] [stderr]    Compiling cast v0.2.7
[INFO] [stderr]    Compiling quote v1.0.35
[INFO] [stderr]    Compiling generic-array v0.12.4
[INFO] [stderr]    Compiling generic-array v0.13.3
[INFO] [stderr]    Compiling as-slice v0.1.5
[INFO] [stderr]    Compiling aligned v0.3.5
[INFO] [stderr]    Compiling cortex-m-rt-macros v0.6.15
[INFO] [stderr]    Compiling stm32f4xx-hal v0.6.0
[INFO] [stderr]    Compiling rust-stm32f466-blinky v0.1.1 (/opt/rustwide/workdir)
[INFO] [stdout] error: language item required, but not found: `eh_personality`
[INFO] [stdout]   |
[INFO] [stdout]   = note: this can occur when a binary crate with `#![no_std]` is compiled for a target where `eh_personality` is defined in the standard library
[INFO] [stdout]   = help: you may be able to compile for a target that doesn't need `eh_personality`, specify a target with `--target` or in `.cargo/config`
[INFO] [stdout] 
[INFO] [stdout] 
[INFO] [stdout] error: aborting due to previous error
[INFO] [stdout] 
[INFO] [stdout] 
[INFO] [stderr] error: could not compile `rust-stm32f466-blinky` (bin "blinky") due to 2 previous errors
[INFO] running `Command { std: "docker" "inspect" "e8c4c32550d66f5ab6aa7d8008a43eae881e8654b024effa8473432b8c3e12c4", kill_on_drop: false }`
[INFO] running `Command { std: "docker" "rm" "-f" "e8c4c32550d66f5ab6aa7d8008a43eae881e8654b024effa8473432b8c3e12c4", kill_on_drop: false }`
[INFO] [stdout] e8c4c32550d66f5ab6aa7d8008a43eae881e8654b024effa8473432b8c3e12c4
[INFO] testing psp316r/Embedded-Rust-based-Led-Blink-on-NUCLEOF446RE against beta-2023-12-22 for beta-1.76-1
[INFO] running `Command { std: "git" "clone" "/workspace/cache/git-repos/https%3A%2F%2Fgithub.com%2Fpsp316r%2FEmbedded-Rust-based-Led-Blink-on-NUCLEOF446RE" "/workspace/builds/worker-3-tc2/source", kill_on_drop: false }`
[INFO] [stderr] Cloning into '/workspace/builds/worker-3-tc2/source'...
[INFO] [stderr] done.
[INFO] validating manifest of git repo https://github.com/psp316r/Embedded-Rust-based-Led-Blink-on-NUCLEOF446RE on toolchain beta-2023-12-22
[INFO] running `Command { std: CARGO_HOME="/workspace/cargo-home" RUSTUP_HOME="/workspace/rustup-home" "/workspace/cargo-home/bin/cargo" "+beta-2023-12-22" "metadata" "--manifest-path" "Cargo.toml" "--no-deps", kill_on_drop: false }`
[INFO] started tweaking git repo https://github.com/psp316r/Embedded-Rust-based-Led-Blink-on-NUCLEOF446RE
[INFO] finished tweaking git repo https://github.com/psp316r/Embedded-Rust-based-Led-Blink-on-NUCLEOF446RE
[INFO] tweaked toml for git repo https://github.com/psp316r/Embedded-Rust-based-Led-Blink-on-NUCLEOF446RE written to /workspace/builds/worker-3-tc2/source/Cargo.toml
[INFO] running `Command { std: CARGO_HOME="/workspace/cargo-home" RUSTUP_HOME="/workspace/rustup-home" "/workspace/cargo-home/bin/cargo" "+beta-2023-12-22" "generate-lockfile" "--manifest-path" "Cargo.toml", kill_on_drop: false }`
[INFO] [stderr]     Blocking waiting for file lock on package cache
[ERROR] error running command: no output for 300 seconds
[INFO] testing psp316r/Embedded-Rust-based-Led-Blink-on-NUCLEOF446RE against beta-2023-12-22 for beta-1.76-1
[INFO] running `Command { std: "git" "clone" "/workspace/cache/git-repos/https%3A%2F%2Fgithub.com%2Fpsp316r%2FEmbedded-Rust-based-Led-Blink-on-NUCLEOF446RE" "/workspace/builds/worker-3-tc2/source", kill_on_drop: false }`
[INFO] [stderr] Cloning into '/workspace/builds/worker-3-tc2/source'...
[INFO] [stderr] done.
[INFO] validating manifest of git repo https://github.com/psp316r/Embedded-Rust-based-Led-Blink-on-NUCLEOF446RE on toolchain beta-2023-12-22
[INFO] running `Command { std: CARGO_HOME="/workspace/cargo-home" RUSTUP_HOME="/workspace/rustup-home" "/workspace/cargo-home/bin/cargo" "+beta-2023-12-22" "metadata" "--manifest-path" "Cargo.toml" "--no-deps", kill_on_drop: false }`
[INFO] started tweaking git repo https://github.com/psp316r/Embedded-Rust-based-Led-Blink-on-NUCLEOF446RE
[INFO] finished tweaking git repo https://github.com/psp316r/Embedded-Rust-based-Led-Blink-on-NUCLEOF446RE
[INFO] tweaked toml for git repo https://github.com/psp316r/Embedded-Rust-based-Led-Blink-on-NUCLEOF446RE written to /workspace/builds/worker-3-tc2/source/Cargo.toml
[INFO] running `Command { std: CARGO_HOME="/workspace/cargo-home" RUSTUP_HOME="/workspace/rustup-home" "/workspace/cargo-home/bin/cargo" "+beta-2023-12-22" "generate-lockfile" "--manifest-path" "Cargo.toml", kill_on_drop: false }`
[INFO] [stderr]     Blocking waiting for file lock on package cache
[INFO] [stderr]     Updating crates.io index
[INFO] running `Command { std: CARGO_HOME="/workspace/cargo-home" RUSTUP_HOME="/workspace/rustup-home" "/workspace/cargo-home/bin/cargo" "+beta-2023-12-22" "fetch" "--manifest-path" "Cargo.toml", kill_on_drop: false }`
[INFO] [stderr]     Blocking waiting for file lock on package cache
[ERROR] error running command: no output for 300 seconds
[INFO] testing psp316r/Embedded-Rust-based-Led-Blink-on-NUCLEOF446RE against beta-2023-12-22 for beta-1.76-1
[INFO] running `Command { std: "git" "clone" "/workspace/cache/git-repos/https%3A%2F%2Fgithub.com%2Fpsp316r%2FEmbedded-Rust-based-Led-Blink-on-NUCLEOF446RE" "/workspace/builds/worker-3-tc2/source", kill_on_drop: false }`
[INFO] [stderr] Cloning into '/workspace/builds/worker-3-tc2/source'...
[INFO] [stderr] done.
[INFO] validating manifest of git repo https://github.com/psp316r/Embedded-Rust-based-Led-Blink-on-NUCLEOF446RE on toolchain beta-2023-12-22
[INFO] running `Command { std: CARGO_HOME="/workspace/cargo-home" RUSTUP_HOME="/workspace/rustup-home" "/workspace/cargo-home/bin/cargo" "+beta-2023-12-22" "metadata" "--manifest-path" "Cargo.toml" "--no-deps", kill_on_drop: false }`
[INFO] started tweaking git repo https://github.com/psp316r/Embedded-Rust-based-Led-Blink-on-NUCLEOF446RE
[INFO] finished tweaking git repo https://github.com/psp316r/Embedded-Rust-based-Led-Blink-on-NUCLEOF446RE
[INFO] tweaked toml for git repo https://github.com/psp316r/Embedded-Rust-based-Led-Blink-on-NUCLEOF446RE written to /workspace/builds/worker-3-tc2/source/Cargo.toml
[INFO] running `Command { std: CARGO_HOME="/workspace/cargo-home" RUSTUP_HOME="/workspace/rustup-home" "/workspace/cargo-home/bin/cargo" "+beta-2023-12-22" "generate-lockfile" "--manifest-path" "Cargo.toml", kill_on_drop: false }`
[INFO] [stderr]     Blocking waiting for file lock on package cache
[INFO] [stderr]     Updating crates.io index
[INFO] running `Command { std: CARGO_HOME="/workspace/cargo-home" RUSTUP_HOME="/workspace/rustup-home" "/workspace/cargo-home/bin/cargo" "+beta-2023-12-22" "fetch" "--manifest-path" "Cargo.toml", kill_on_drop: false }`
[INFO] [stderr]     Blocking waiting for file lock on package cache
[ERROR] error running command: no output for 300 seconds
[INFO] testing psp316r/Embedded-Rust-based-Led-Blink-on-NUCLEOF446RE against beta-2023-12-22 for beta-1.76-1
[INFO] running `Command { std: "git" "clone" "/workspace/cache/git-repos/https%3A%2F%2Fgithub.com%2Fpsp316r%2FEmbedded-Rust-based-Led-Blink-on-NUCLEOF446RE" "/workspace/builds/worker-3-tc2/source", kill_on_drop: false }`
[INFO] [stderr] Cloning into '/workspace/builds/worker-3-tc2/source'...
[INFO] [stderr] done.
[INFO] validating manifest of git repo https://github.com/psp316r/Embedded-Rust-based-Led-Blink-on-NUCLEOF446RE on toolchain beta-2023-12-22
[INFO] running `Command { std: CARGO_HOME="/workspace/cargo-home" RUSTUP_HOME="/workspace/rustup-home" "/workspace/cargo-home/bin/cargo" "+beta-2023-12-22" "metadata" "--manifest-path" "Cargo.toml" "--no-deps", kill_on_drop: false }`
[INFO] started tweaking git repo https://github.com/psp316r/Embedded-Rust-based-Led-Blink-on-NUCLEOF446RE
[INFO] finished tweaking git repo https://github.com/psp316r/Embedded-Rust-based-Led-Blink-on-NUCLEOF446RE
[INFO] tweaked toml for git repo https://github.com/psp316r/Embedded-Rust-based-Led-Blink-on-NUCLEOF446RE written to /workspace/builds/worker-3-tc2/source/Cargo.toml
[INFO] running `Command { std: CARGO_HOME="/workspace/cargo-home" RUSTUP_HOME="/workspace/rustup-home" "/workspace/cargo-home/bin/cargo" "+beta-2023-12-22" "generate-lockfile" "--manifest-path" "Cargo.toml", kill_on_drop: false }`
[INFO] [stderr]     Blocking waiting for file lock on package cache
[INFO] [stderr]     Updating crates.io index
[INFO] running `Command { std: CARGO_HOME="/workspace/cargo-home" RUSTUP_HOME="/workspace/rustup-home" "/workspace/cargo-home/bin/cargo" "+beta-2023-12-22" "fetch" "--manifest-path" "Cargo.toml", kill_on_drop: false }`
[INFO] [stderr]     Blocking waiting for file lock on package cache
[ERROR] error running command: no output for 300 seconds
[INFO] testing psp316r/Embedded-Rust-based-Led-Blink-on-NUCLEOF446RE against beta-2023-12-22 for beta-1.76-1
[INFO] running `Command { std: "git" "clone" "/workspace/cache/git-repos/https%3A%2F%2Fgithub.com%2Fpsp316r%2FEmbedded-Rust-based-Led-Blink-on-NUCLEOF446RE" "/workspace/builds/worker-3-tc2/source", kill_on_drop: false }`
[INFO] [stderr] Cloning into '/workspace/builds/worker-3-tc2/source'...
[INFO] [stderr] done.
[INFO] validating manifest of git repo https://github.com/psp316r/Embedded-Rust-based-Led-Blink-on-NUCLEOF446RE on toolchain beta-2023-12-22
[INFO] running `Command { std: CARGO_HOME="/workspace/cargo-home" RUSTUP_HOME="/workspace/rustup-home" "/workspace/cargo-home/bin/cargo" "+beta-2023-12-22" "metadata" "--manifest-path" "Cargo.toml" "--no-deps", kill_on_drop: false }`
[INFO] started tweaking git repo https://github.com/psp316r/Embedded-Rust-based-Led-Blink-on-NUCLEOF446RE
[INFO] finished tweaking git repo https://github.com/psp316r/Embedded-Rust-based-Led-Blink-on-NUCLEOF446RE
[INFO] tweaked toml for git repo https://github.com/psp316r/Embedded-Rust-based-Led-Blink-on-NUCLEOF446RE written to /workspace/builds/worker-3-tc2/source/Cargo.toml
[INFO] running `Command { std: CARGO_HOME="/workspace/cargo-home" RUSTUP_HOME="/workspace/rustup-home" "/workspace/cargo-home/bin/cargo" "+beta-2023-12-22" "generate-lockfile" "--manifest-path" "Cargo.toml", kill_on_drop: false }`
[INFO] [stderr]     Blocking waiting for file lock on package cache
[INFO] [stderr]     Updating crates.io index
[INFO] running `Command { std: CARGO_HOME="/workspace/cargo-home" RUSTUP_HOME="/workspace/rustup-home" "/workspace/cargo-home/bin/cargo" "+beta-2023-12-22" "fetch" "--manifest-path" "Cargo.toml", kill_on_drop: false }`
[INFO] [stderr]     Blocking waiting for file lock on package cache
[ERROR] error running command: no output for 300 seconds
[ERROR] this task or one of its parent failed!
[ERROR] no output for 300 seconds
[ERROR] note: run with `RUST_BACKTRACE=1` to display a backtrace.
