[INFO] cloning repository https://github.com/psibi/clicky
[INFO] running `Command { std: "git" "-c" "credential.helper=" "-c" "credential.helper=/workspace/cargo-home/bin/git-credential-null" "clone" "--bare" "https://github.com/psibi/clicky" "/workspace/cache/git-repos/https%3A%2F%2Fgithub.com%2Fpsibi%2Fclicky", kill_on_drop: false }`
[INFO] [stderr] Cloning into bare repository '/workspace/cache/git-repos/https%3A%2F%2Fgithub.com%2Fpsibi%2Fclicky'...
[INFO] running `Command { std: "git" "rev-parse" "HEAD", kill_on_drop: false }`
[INFO] [stdout] a217108162299a23b3e188a7a3fa76894d124eee
[INFO] testing psibi/clicky against 1.75.0 for beta-1.76-1
[INFO] running `Command { std: "git" "clone" "/workspace/cache/git-repos/https%3A%2F%2Fgithub.com%2Fpsibi%2Fclicky" "/workspace/builds/worker-4-tc1/source", kill_on_drop: false }`
[INFO] [stderr] Cloning into '/workspace/builds/worker-4-tc1/source'...
[INFO] [stderr] done.
[INFO] validating manifest of git repo https://github.com/psibi/clicky on toolchain 1.75.0
[INFO] running `Command { std: CARGO_HOME="/workspace/cargo-home" RUSTUP_HOME="/workspace/rustup-home" "/workspace/cargo-home/bin/cargo" "+1.75.0" "metadata" "--manifest-path" "Cargo.toml" "--no-deps", kill_on_drop: false }`
[INFO] started tweaking git repo https://github.com/psibi/clicky
[INFO] finished tweaking git repo https://github.com/psibi/clicky
[INFO] tweaked toml for git repo https://github.com/psibi/clicky written to /workspace/builds/worker-4-tc1/source/Cargo.toml
[INFO] crate git repo https://github.com/psibi/clicky already has a lockfile, it will not be regenerated
[INFO] running `Command { std: CARGO_HOME="/workspace/cargo-home" RUSTUP_HOME="/workspace/rustup-home" "/workspace/cargo-home/bin/cargo" "+1.75.0" "fetch" "--manifest-path" "Cargo.toml", kill_on_drop: false }`
[INFO] [stderr]     Blocking waiting for file lock on package cache
[ERROR] error running command: no output for 300 seconds
[ERROR] this task or one of its parent failed!
[ERROR] no output for 300 seconds
[ERROR] note: run with `RUST_BACKTRACE=1` to display a backtrace.
[INFO] testing psibi/clicky against beta-2023-12-22 for beta-1.76-1
[INFO] running `Command { std: "git" "clone" "/workspace/cache/git-repos/https%3A%2F%2Fgithub.com%2Fpsibi%2Fclicky" "/workspace/builds/worker-4-tc2/source", kill_on_drop: false }`
[INFO] [stderr] Cloning into '/workspace/builds/worker-4-tc2/source'...
[INFO] [stderr] done.
[INFO] validating manifest of git repo https://github.com/psibi/clicky on toolchain beta-2023-12-22
[INFO] running `Command { std: CARGO_HOME="/workspace/cargo-home" RUSTUP_HOME="/workspace/rustup-home" "/workspace/cargo-home/bin/cargo" "+beta-2023-12-22" "metadata" "--manifest-path" "Cargo.toml" "--no-deps", kill_on_drop: false }`
[INFO] started tweaking git repo https://github.com/psibi/clicky
[INFO] finished tweaking git repo https://github.com/psibi/clicky
[INFO] tweaked toml for git repo https://github.com/psibi/clicky written to /workspace/builds/worker-4-tc2/source/Cargo.toml
[INFO] crate git repo https://github.com/psibi/clicky already has a lockfile, it will not be regenerated
[INFO] running `Command { std: CARGO_HOME="/workspace/cargo-home" RUSTUP_HOME="/workspace/rustup-home" "/workspace/cargo-home/bin/cargo" "+beta-2023-12-22" "fetch" "--manifest-path" "Cargo.toml", kill_on_drop: false }`
[INFO] [stderr]     Blocking waiting for file lock on package cache
[INFO] [stderr]     Blocking waiting for file lock on package cache
[INFO] [stderr]  Downloading crates ...
[INFO] [stderr]   Downloaded futures-task v0.3.2
[INFO] [stderr]   Downloaded futures-io v0.3.2
[INFO] [stderr]   Downloaded futures-channel v0.3.2
[INFO] [stderr]   Downloaded futures-executor v0.3.2
[INFO] [stderr]   Downloaded futures-core v0.3.2
[INFO] [stderr]   Downloaded futures-macro v0.3.2
[INFO] [stderr]   Downloaded futures-util v0.3.2
[INFO] running `Command { std: "docker" "create" "-v" "/var/lib/crater-agent-workspace/builds/worker-4-tc2/target:/opt/rustwide/target:rw,Z" "-v" "/var/lib/crater-agent-workspace/builds/worker-4-tc2/source:/opt/rustwide/workdir:ro,Z" "-v" "/var/lib/crater-agent-workspace/cargo-home:/opt/rustwide/cargo-home:ro,Z" "-v" "/var/lib/crater-agent-workspace/rustup-home:/opt/rustwide/rustup-home:ro,Z" "-e" "SOURCE_DIR=/opt/rustwide/workdir" "-e" "CARGO_TARGET_DIR=/opt/rustwide/target" "-e" "CARGO_HOME=/opt/rustwide/cargo-home" "-e" "RUSTUP_HOME=/opt/rustwide/rustup-home" "-w" "/opt/rustwide/workdir" "-m" "1610612736" "--user" "0:0" "--network" "none" "ghcr.io/rust-lang/crates-build-env/linux@sha256:2788e3201cd34a07e3172128adcd8b3090168a8e3bcc40d7c032b9dda1df7d1c" "/opt/rustwide/cargo-home/bin/cargo" "+beta-2023-12-22" "metadata" "--no-deps" "--format-version=1", kill_on_drop: false }`
[INFO] [stdout] 73883eff83f69e83d8915450ba1f6ccb3ba7405004e77d5db6eadc5811c93f74
[INFO] running `Command { std: "docker" "start" "-a" "73883eff83f69e83d8915450ba1f6ccb3ba7405004e77d5db6eadc5811c93f74", kill_on_drop: false }`
[INFO] running `Command { std: "docker" "inspect" "73883eff83f69e83d8915450ba1f6ccb3ba7405004e77d5db6eadc5811c93f74", kill_on_drop: false }`
[INFO] running `Command { std: "docker" "rm" "-f" "73883eff83f69e83d8915450ba1f6ccb3ba7405004e77d5db6eadc5811c93f74", kill_on_drop: false }`
[INFO] [stdout] 73883eff83f69e83d8915450ba1f6ccb3ba7405004e77d5db6eadc5811c93f74
[INFO] running `Command { std: "docker" "create" "-v" "/var/lib/crater-agent-workspace/builds/worker-4-tc2/target:/opt/rustwide/target:rw,Z" "-v" "/var/lib/crater-agent-workspace/builds/worker-4-tc2/source:/opt/rustwide/workdir:ro,Z" "-v" "/var/lib/crater-agent-workspace/cargo-home:/opt/rustwide/cargo-home:ro,Z" "-v" "/var/lib/crater-agent-workspace/rustup-home:/opt/rustwide/rustup-home:ro,Z" "-e" "SOURCE_DIR=/opt/rustwide/workdir" "-e" "CARGO_TARGET_DIR=/opt/rustwide/target" "-e" "CARGO_INCREMENTAL=0" "-e" "RUST_BACKTRACE=full" "-e" "RUSTFLAGS=--cap-lints=warn" "-e" "RUSTDOCFLAGS=--cap-lints=warn" "-e" "CARGO_HOME=/opt/rustwide/cargo-home" "-e" "RUSTUP_HOME=/opt/rustwide/rustup-home" "-w" "/opt/rustwide/workdir" "-m" "1610612736" "--user" "0:0" "--network" "none" "ghcr.io/rust-lang/crates-build-env/linux@sha256:2788e3201cd34a07e3172128adcd8b3090168a8e3bcc40d7c032b9dda1df7d1c" "/opt/rustwide/cargo-home/bin/cargo" "+beta-2023-12-22" "build" "--frozen" "--message-format=json", kill_on_drop: false }`
[INFO] [stdout] a73de52016ff7b62f2f48fa0f55a63eda0fe1fa7574c5e213d2307d2198a4436
[INFO] running `Command { std: "docker" "start" "-a" "a73de52016ff7b62f2f48fa0f55a63eda0fe1fa7574c5e213d2307d2198a4436", kill_on_drop: false }`
[INFO] [stderr]    Compiling pkg-config v0.3.17
[INFO] [stderr]    Compiling libc v0.2.66
[INFO] [stderr]    Compiling proc-macro2 v1.0.8
[INFO] [stderr]    Compiling unicode-xid v0.2.0
[INFO] [stderr]    Compiling syn v1.0.14
[INFO] [stderr]    Compiling proc-macro-nested v0.1.3
[INFO] [stderr]    Compiling futures-core v0.3.2
[INFO] [stderr]    Compiling slab v0.4.2
[INFO] [stderr]    Compiling futures-task v0.3.2
[INFO] [stderr]    Compiling pin-utils v0.1.0-alpha.4
[INFO] [stderr]    Compiling bitflags v1.2.1
[INFO] [stderr]    Compiling futures-channel v0.3.2
[INFO] [stderr]    Compiling lazy_static v1.4.0
[INFO] [stderr]    Compiling gio v0.8.0
[INFO] [stderr]    Compiling futures-io v0.3.2
[INFO] [stderr]    Compiling pango v0.8.0
[INFO] [stderr]    Compiling gdk-pixbuf v0.8.0
[INFO] [stderr]    Compiling cairo-rs v0.8.0
[INFO] [stderr]    Compiling gdk v0.12.0
[INFO] [stderr]    Compiling atk v0.8.0
[INFO] [stderr]    Compiling glib-sys v0.9.1
[INFO] [stderr]    Compiling gobject-sys v0.9.1
[INFO] [stderr]    Compiling gio-sys v0.9.1
[INFO] [stderr]    Compiling pango-sys v0.9.1
[INFO] [stderr]    Compiling cairo-sys-rs v0.9.2
[INFO] [stderr]    Compiling gdk-pixbuf-sys v0.9.1
[INFO] [stderr]    Compiling quote v1.0.2
[INFO] [stderr]    Compiling atk-sys v0.9.1
[INFO] [stderr]    Compiling gdk-sys v0.9.1
[INFO] [stderr]    Compiling gtk-sys v0.9.2
[INFO] [stderr]    Compiling gtk v0.8.0
[INFO] [stderr]    Compiling proc-macro-hack v0.5.11
[INFO] [stderr]    Compiling futures-macro v0.3.2
[INFO] [stderr]    Compiling futures-util v0.3.2
[INFO] [stderr]    Compiling futures-executor v0.3.2
[INFO] [stderr]    Compiling glib v0.9.1
[INFO] [stderr] error: could not compile `gtk` (lib)
[INFO] [stderr] 
[INFO] [stderr] Caused by:
[INFO] [stderr]   process didn't exit successfully: `/opt/rustwide/rustup-home/toolchains/beta-2023-12-22-x86_64-unknown-linux-gnu/bin/rustc --crate-name gtk /opt/rustwide/cargo-home/registry/src/index.crates.io-6f17d22bba15001f/gtk-0.8.0/src/lib.rs --error-format=json --json=diagnostic-rendered-ansi,artifacts,future-incompat --crate-type lib --emit=dep-info,metadata,link -C embed-bitcode=no -C debuginfo=2 -C metadata=1ddc48a0ce882328 -C extra-filename=-1ddc48a0ce882328 --out-dir /opt/rustwide/target/debug/deps -L dependency=/opt/rustwide/target/debug/deps --extern atk=/opt/rustwide/target/debug/deps/libatk-82bcefbe3db9a581.rmeta --extern bitflags=/opt/rustwide/target/debug/deps/libbitflags-53f2c2e16beb276c.rmeta --extern cairo=/opt/rustwide/target/debug/deps/libcairo-5bc73cbe1fe76e26.rmeta --extern cairo_sys=/opt/rustwide/target/debug/deps/libcairo_sys-3cebfbec99b7d112.rmeta --extern gdk=/opt/rustwide/target/debug/deps/libgdk-cf164e849e5dd75f.rmeta --extern gdk_pixbuf=/opt/rustwide/target/debug/deps/libgdk_pixbuf-3972b77adf6844b0.rmeta --extern gdk_pixbuf_sys=/opt/rustwide/target/debug/deps/libgdk_pixbuf_sys-dd123458981ff3c7.rmeta --extern gdk_sys=/opt/rustwide/target/debug/deps/libgdk_sys-35524324297c509f.rmeta --extern gio=/opt/rustwide/target/debug/deps/libgio-2af35e5dfb880533.rmeta --extern gio_sys=/opt/rustwide/target/debug/deps/libgio_sys-50dbc923ef624056.rmeta --extern glib=/opt/rustwide/target/debug/deps/libglib-9b652934d355e130.rmeta --extern glib_sys=/opt/rustwide/target/debug/deps/libglib_sys-c66ee74251adaf2a.rmeta --extern gobject_sys=/opt/rustwide/target/debug/deps/libgobject_sys-6dafdf16ebd1ea73.rmeta --extern gtk_sys=/opt/rustwide/target/debug/deps/libgtk_sys-ac3bd936be1e337c.rmeta --extern lazy_static=/opt/rustwide/target/debug/deps/liblazy_static-efa3519517df6cf0.rmeta --extern libc=/opt/rustwide/target/debug/deps/liblibc-64747d45fea3a4b0.rmeta --extern pango=/opt/rustwide/target/debug/deps/libpango-44e9cf37a178f279.rmeta --extern pango_sys=/opt/rustwide/target/debug/deps/libpango_sys-9a58e8ff38db750e.rmeta --cap-lints allow --cap-lints=warn` (signal: 9, SIGKILL: kill)
[INFO] running `Command { std: "docker" "inspect" "a73de52016ff7b62f2f48fa0f55a63eda0fe1fa7574c5e213d2307d2198a4436", kill_on_drop: false }`
[INFO] running `Command { std: "docker" "rm" "-f" "a73de52016ff7b62f2f48fa0f55a63eda0fe1fa7574c5e213d2307d2198a4436", kill_on_drop: false }`
[INFO] [stdout] a73de52016ff7b62f2f48fa0f55a63eda0fe1fa7574c5e213d2307d2198a4436
