[INFO] cloning repository https://github.com/prokie/python-svdata
[INFO] running `Command { std: "git" "-c" "credential.helper=" "-c" "credential.helper=/workspace/cargo-home/bin/git-credential-null" "clone" "--bare" "https://github.com/prokie/python-svdata" "/workspace/cache/git-repos/https%3A%2F%2Fgithub.com%2Fprokie%2Fpython-svdata", kill_on_drop: false }`
[INFO] [stderr] Cloning into bare repository '/workspace/cache/git-repos/https%3A%2F%2Fgithub.com%2Fprokie%2Fpython-svdata'...
[INFO] running `Command { std: "git" "rev-parse" "HEAD", kill_on_drop: false }`
[INFO] [stdout] de90cd9f66d4a11c593409a7995a052f8dfef570
[INFO] testing prokie/python-svdata against 1.75.0 for beta-1.76-1
[INFO] running `Command { std: "git" "clone" "/workspace/cache/git-repos/https%3A%2F%2Fgithub.com%2Fprokie%2Fpython-svdata" "/workspace/builds/worker-1-tc1/source", kill_on_drop: false }`
[INFO] [stderr] Cloning into '/workspace/builds/worker-1-tc1/source'...
[INFO] [stderr] done.
[INFO] validating manifest of git repo https://github.com/prokie/python-svdata on toolchain 1.75.0
[INFO] running `Command { std: CARGO_HOME="/workspace/cargo-home" RUSTUP_HOME="/workspace/rustup-home" "/workspace/cargo-home/bin/cargo" "+1.75.0" "metadata" "--manifest-path" "Cargo.toml" "--no-deps", kill_on_drop: false }`
[INFO] started tweaking git repo https://github.com/prokie/python-svdata
[INFO] finished tweaking git repo https://github.com/prokie/python-svdata
[INFO] tweaked toml for git repo https://github.com/prokie/python-svdata written to /workspace/builds/worker-1-tc1/source/Cargo.toml
[INFO] crate git repo https://github.com/prokie/python-svdata already has a lockfile, it will not be regenerated
[INFO] running `Command { std: CARGO_HOME="/workspace/cargo-home" RUSTUP_HOME="/workspace/rustup-home" "/workspace/cargo-home/bin/cargo" "+1.75.0" "fetch" "--manifest-path" "Cargo.toml", kill_on_drop: false }`
[INFO] [stderr]     Blocking waiting for file lock on package cache
[ERROR] error running command: no output for 300 seconds
[ERROR] this task or one of its parent failed!
[ERROR] no output for 300 seconds
[ERROR] note: run with `RUST_BACKTRACE=1` to display a backtrace.
[INFO] testing prokie/python-svdata against beta-2023-12-22 for beta-1.76-1
[INFO] running `Command { std: "git" "clone" "/workspace/cache/git-repos/https%3A%2F%2Fgithub.com%2Fprokie%2Fpython-svdata" "/workspace/builds/worker-1-tc2/source", kill_on_drop: false }`
[INFO] [stderr] Cloning into '/workspace/builds/worker-1-tc2/source'...
[INFO] [stderr] done.
[INFO] validating manifest of git repo https://github.com/prokie/python-svdata on toolchain beta-2023-12-22
[INFO] running `Command { std: CARGO_HOME="/workspace/cargo-home" RUSTUP_HOME="/workspace/rustup-home" "/workspace/cargo-home/bin/cargo" "+beta-2023-12-22" "metadata" "--manifest-path" "Cargo.toml" "--no-deps", kill_on_drop: false }`
[INFO] started tweaking git repo https://github.com/prokie/python-svdata
[INFO] finished tweaking git repo https://github.com/prokie/python-svdata
[INFO] tweaked toml for git repo https://github.com/prokie/python-svdata written to /workspace/builds/worker-1-tc2/source/Cargo.toml
[INFO] crate git repo https://github.com/prokie/python-svdata already has a lockfile, it will not be regenerated
[INFO] running `Command { std: CARGO_HOME="/workspace/cargo-home" RUSTUP_HOME="/workspace/rustup-home" "/workspace/cargo-home/bin/cargo" "+beta-2023-12-22" "fetch" "--manifest-path" "Cargo.toml", kill_on_drop: false }`
[INFO] [stderr]     Blocking waiting for file lock on package cache
[INFO] [stderr]     Blocking waiting for file lock on package cache
[ERROR] error running command: no output for 300 seconds
[INFO] testing prokie/python-svdata against beta-2023-12-22 for beta-1.76-1
[INFO] running `Command { std: "git" "clone" "/workspace/cache/git-repos/https%3A%2F%2Fgithub.com%2Fprokie%2Fpython-svdata" "/workspace/builds/worker-1-tc2/source", kill_on_drop: false }`
[INFO] [stderr] Cloning into '/workspace/builds/worker-1-tc2/source'...
[INFO] [stderr] done.
[INFO] validating manifest of git repo https://github.com/prokie/python-svdata on toolchain beta-2023-12-22
[INFO] running `Command { std: CARGO_HOME="/workspace/cargo-home" RUSTUP_HOME="/workspace/rustup-home" "/workspace/cargo-home/bin/cargo" "+beta-2023-12-22" "metadata" "--manifest-path" "Cargo.toml" "--no-deps", kill_on_drop: false }`
[INFO] started tweaking git repo https://github.com/prokie/python-svdata
[INFO] finished tweaking git repo https://github.com/prokie/python-svdata
[INFO] tweaked toml for git repo https://github.com/prokie/python-svdata written to /workspace/builds/worker-1-tc2/source/Cargo.toml
[INFO] crate git repo https://github.com/prokie/python-svdata already has a lockfile, it will not be regenerated
[INFO] running `Command { std: CARGO_HOME="/workspace/cargo-home" RUSTUP_HOME="/workspace/rustup-home" "/workspace/cargo-home/bin/cargo" "+beta-2023-12-22" "fetch" "--manifest-path" "Cargo.toml", kill_on_drop: false }`
[INFO] [stderr]     Blocking waiting for file lock on package cache
[INFO] [stderr]     Blocking waiting for file lock on package cache
[INFO] [stderr]  Downloading crates ...
[INFO] [stderr]   Downloaded nom-recursive v0.3.0
[INFO] [stderr]   Downloaded sv-parser-macros v0.13.0
[INFO] [stderr]   Downloaded nom-recursive-macros v0.3.0
[INFO] [stderr]   Downloaded nom-tracable-macros v0.7.0
[INFO] [stderr]   Downloaded nom_locate v2.1.0
[INFO] [stderr]   Downloaded nom-tracable v0.7.0
[INFO] [stderr]   Downloaded nom-packrat-macros v0.5.0
[INFO] [stderr]   Downloaded nom-packrat v0.5.0
[INFO] [stderr]   Downloaded nom_locate v1.0.0
[INFO] [stderr]   Downloaded nom_locate v3.0.2
[INFO] [stderr]   Downloaded sv-parser-error v0.13.0
[INFO] [stderr]   Downloaded sv-parser v0.13.0
[INFO] [stderr]   Downloaded nom-greedyerror v0.3.1
[INFO] [stderr]   Downloaded sv-parser-syntaxtree v0.13.0
[INFO] [stderr]   Downloaded sv-parser-pp v0.13.0
[INFO] [stderr]   Downloaded sv-parser-parser v0.13.0
[INFO] running `Command { std: "docker" "create" "-v" "/var/lib/crater-agent-workspace/builds/worker-1-tc2/target:/opt/rustwide/target:rw,Z" "-v" "/var/lib/crater-agent-workspace/builds/worker-1-tc2/source:/opt/rustwide/workdir:ro,Z" "-v" "/var/lib/crater-agent-workspace/cargo-home:/opt/rustwide/cargo-home:ro,Z" "-v" "/var/lib/crater-agent-workspace/rustup-home:/opt/rustwide/rustup-home:ro,Z" "-e" "SOURCE_DIR=/opt/rustwide/workdir" "-e" "CARGO_TARGET_DIR=/opt/rustwide/target" "-e" "CARGO_HOME=/opt/rustwide/cargo-home" "-e" "RUSTUP_HOME=/opt/rustwide/rustup-home" "-w" "/opt/rustwide/workdir" "-m" "1610612736" "--user" "0:0" "--network" "none" "ghcr.io/rust-lang/crates-build-env/linux@sha256:2788e3201cd34a07e3172128adcd8b3090168a8e3bcc40d7c032b9dda1df7d1c" "/opt/rustwide/cargo-home/bin/cargo" "+beta-2023-12-22" "metadata" "--no-deps" "--format-version=1", kill_on_drop: false }`
[INFO] [stdout] 3acc101d619b20156e121e91e2335c2c57ced72227d49dfa1c9255051da64475
[INFO] running `Command { std: "docker" "start" "-a" "3acc101d619b20156e121e91e2335c2c57ced72227d49dfa1c9255051da64475", kill_on_drop: false }`
[INFO] running `Command { std: "docker" "inspect" "3acc101d619b20156e121e91e2335c2c57ced72227d49dfa1c9255051da64475", kill_on_drop: false }`
[INFO] running `Command { std: "docker" "rm" "-f" "3acc101d619b20156e121e91e2335c2c57ced72227d49dfa1c9255051da64475", kill_on_drop: false }`
[INFO] [stdout] 3acc101d619b20156e121e91e2335c2c57ced72227d49dfa1c9255051da64475
[INFO] running `Command { std: "docker" "create" "-v" "/var/lib/crater-agent-workspace/builds/worker-1-tc2/target:/opt/rustwide/target:rw,Z" "-v" "/var/lib/crater-agent-workspace/builds/worker-1-tc2/source:/opt/rustwide/workdir:ro,Z" "-v" "/var/lib/crater-agent-workspace/cargo-home:/opt/rustwide/cargo-home:ro,Z" "-v" "/var/lib/crater-agent-workspace/rustup-home:/opt/rustwide/rustup-home:ro,Z" "-e" "SOURCE_DIR=/opt/rustwide/workdir" "-e" "CARGO_TARGET_DIR=/opt/rustwide/target" "-e" "CARGO_INCREMENTAL=0" "-e" "RUST_BACKTRACE=full" "-e" "RUSTFLAGS=--cap-lints=warn" "-e" "RUSTDOCFLAGS=--cap-lints=warn" "-e" "CARGO_HOME=/opt/rustwide/cargo-home" "-e" "RUSTUP_HOME=/opt/rustwide/rustup-home" "-w" "/opt/rustwide/workdir" "-m" "1610612736" "--user" "0:0" "--network" "none" "ghcr.io/rust-lang/crates-build-env/linux@sha256:2788e3201cd34a07e3172128adcd8b3090168a8e3bcc40d7c032b9dda1df7d1c" "/opt/rustwide/cargo-home/bin/cargo" "+beta-2023-12-22" "build" "--frozen" "--message-format=json", kill_on_drop: false }`
[INFO] [stdout] 9d66f37124d93fedf8ae20910f6f06651d83f070ed432605802467cc56037f71
[INFO] running `Command { std: "docker" "start" "-a" "9d66f37124d93fedf8ae20910f6f06651d83f070ed432605802467cc56037f71", kill_on_drop: false }`
[INFO] [stderr]    Compiling proc-macro2 v1.0.51
[INFO] [stderr]    Compiling quote v1.0.23
[INFO] [stderr]    Compiling unicode-ident v1.0.8
[INFO] [stderr]    Compiling memchr v2.3.4
[INFO] [stderr]    Compiling syn v1.0.109
[INFO] [stderr]    Compiling version_check v0.9.4
[INFO] [stderr]    Compiling cfg-if v1.0.0
[INFO] [stderr]    Compiling lexical-core v0.7.6
[INFO] [stderr]    Compiling static_assertions v1.1.0
[INFO] [stderr]    Compiling arrayvec v0.5.2
[INFO] [stderr]    Compiling ryu v1.0.13
[INFO] [stderr]    Compiling bitflags v1.3.2
[INFO] [stderr]    Compiling radium v0.5.3
[INFO] [stderr]    Compiling target-lexicon v0.12.6
[INFO] [stderr]    Compiling tap v1.0.1
[INFO] [stderr]    Compiling wyz v0.2.0
[INFO] [stderr]    Compiling nom v5.1.2
[INFO] [stderr]    Compiling nom v6.2.1
[INFO] [stderr]    Compiling funty v1.1.0
[INFO] [stderr]    Compiling bytecount v0.6.3
[INFO] [stderr]    Compiling bytecount v0.3.2
[INFO] [stderr]    Compiling autocfg v1.1.0
[INFO] [stderr]    Compiling aho-corasick v0.7.15
[INFO] [stderr]    Compiling once_cell v1.17.1
[INFO] [stderr]    Compiling bitvec v0.19.6
[INFO] [stderr]    Compiling same-file v1.0.6
[INFO] [stderr]    Compiling regex-syntax v0.6.28
[INFO] [stderr]    Compiling walkdir v2.3.2
[INFO] [stderr]    Compiling pyo3-build-config v0.18.1
[INFO] [stderr]    Compiling libc v0.2.140
[INFO] [stderr]    Compiling thiserror v1.0.39
[INFO] [stderr]    Compiling lock_api v0.4.9
[INFO] [stderr]    Compiling parking_lot_core v0.9.7
[INFO] [stderr]    Compiling memoffset v0.8.0
[INFO] [stderr]    Compiling str-concat v0.2.0
[INFO] [stderr]    Compiling smallvec v1.10.0
[INFO] [stderr]    Compiling scopeguard v1.1.0
[INFO] [stderr]    Compiling unindent v0.1.11
[INFO] [stderr]    Compiling indoc v1.0.9
[INFO] [stderr]    Compiling parking_lot v0.12.1
[INFO] [stderr]    Compiling regex v1.4.6
[INFO] [stderr]    Compiling pyo3-ffi v0.18.1
[INFO] [stderr]    Compiling pyo3 v0.18.1
[INFO] [stderr]    Compiling nom_locate v1.0.0
[INFO] [stderr]    Compiling nom_locate v2.1.0
[INFO] [stderr]    Compiling pyo3-macros-backend v0.18.1
[INFO] [stderr]    Compiling sv-parser-syntaxtree v0.13.0
[INFO] [stderr]    Compiling nom_locate v3.0.2
[INFO] [stderr]    Compiling nom-greedyerror v0.3.1
[INFO] [stderr]    Compiling thiserror-impl v1.0.39
[INFO] [stderr]    Compiling nom-tracable-macros v0.7.0
[INFO] [stderr]    Compiling sv-parser-macros v0.13.0
[INFO] [stderr]    Compiling nom-packrat-macros v0.5.0
[INFO] [stderr]    Compiling nom-recursive-macros v0.3.0
[INFO] [stderr]    Compiling nom-tracable v0.7.0
[INFO] [stderr]    Compiling nom-recursive v0.3.0
[INFO] [stderr]    Compiling nom-packrat v0.5.0
[INFO] [stderr]    Compiling sv-parser-error v0.13.0
[INFO] [stderr]    Compiling pyo3-macros v0.18.1
[INFO] [stderr]    Compiling sv-parser-parser v0.13.0
[INFO] [stderr]    Compiling sv-parser-pp v0.13.0
[INFO] [stderr]    Compiling sv-parser v0.13.0
[INFO] [stderr] error: could not compile `sv-parser-parser` (lib)
[INFO] [stderr] 
[INFO] [stderr] Caused by:
[INFO] [stderr]   process didn't exit successfully: `/opt/rustwide/rustup-home/toolchains/beta-2023-12-22-x86_64-unknown-linux-gnu/bin/rustc --crate-name sv_parser_parser --edition=2018 /opt/rustwide/cargo-home/registry/src/index.crates.io-6f17d22bba15001f/sv-parser-parser-0.13.0/src/lib.rs --error-format=json --json=diagnostic-rendered-ansi,artifacts,future-incompat --crate-type lib --emit=dep-info,metadata,link -C embed-bitcode=no -C debuginfo=2 --cfg 'feature="default"' -C metadata=b12103d2719caa6a -C extra-filename=-b12103d2719caa6a --out-dir /opt/rustwide/target/debug/deps -L dependency=/opt/rustwide/target/debug/deps --extern nom=/opt/rustwide/target/debug/deps/libnom-4bbe42a079c24a2e.rmeta --extern nom_greedyerror=/opt/rustwide/target/debug/deps/libnom_greedyerror-e25e5e2186827a64.rmeta --extern nom_packrat=/opt/rustwide/target/debug/deps/libnom_packrat-76a9c7e6e119894a.rmeta --extern nom_recursive=/opt/rustwide/target/debug/deps/libnom_recursive-be2b93426a8dbe39.rmeta --extern nom_tracable=/opt/rustwide/target/debug/deps/libnom_tracable-7de4be8c553e6f7d.rmeta --extern nom_locate=/opt/rustwide/target/debug/deps/libnom_locate-8190a2e5d4c96b14.rmeta --extern str_concat=/opt/rustwide/target/debug/deps/libstr_concat-a41399ad4389443c.rmeta --extern sv_parser_macros=/opt/rustwide/target/debug/deps/libsv_parser_macros-770a9769b1a9d6fc.so --extern sv_parser_syntaxtree=/opt/rustwide/target/debug/deps/libsv_parser_syntaxtree-e91a9e6566aa01ee.rmeta --cap-lints allow --cap-lints=warn` (signal: 9, SIGKILL: kill)
[INFO] running `Command { std: "docker" "inspect" "9d66f37124d93fedf8ae20910f6f06651d83f070ed432605802467cc56037f71", kill_on_drop: false }`
[INFO] running `Command { std: "docker" "rm" "-f" "9d66f37124d93fedf8ae20910f6f06651d83f070ed432605802467cc56037f71", kill_on_drop: false }`
[INFO] [stdout] 9d66f37124d93fedf8ae20910f6f06651d83f070ed432605802467cc56037f71
