[INFO] cloning repository https://github.com/postech-dao/zkp-poc
[INFO] running `Command { std: "git" "-c" "credential.helper=" "-c" "credential.helper=/workspace/cargo-home/bin/git-credential-null" "clone" "--bare" "https://github.com/postech-dao/zkp-poc" "/workspace/cache/git-repos/https%3A%2F%2Fgithub.com%2Fpostech-dao%2Fzkp-poc", kill_on_drop: false }`
[INFO] [stderr] Cloning into bare repository '/workspace/cache/git-repos/https%3A%2F%2Fgithub.com%2Fpostech-dao%2Fzkp-poc'...
[INFO] running `Command { std: "git" "rev-parse" "HEAD", kill_on_drop: false }`
[INFO] [stdout] 5ebc1b9a600983fd1ab24f14a98adcb320e758f6
[INFO] testing postech-dao/zkp-poc against 1.75.0 for beta-1.76-1
[INFO] running `Command { std: "git" "clone" "/workspace/cache/git-repos/https%3A%2F%2Fgithub.com%2Fpostech-dao%2Fzkp-poc" "/workspace/builds/worker-0-tc1/source", kill_on_drop: false }`
[INFO] [stderr] Cloning into '/workspace/builds/worker-0-tc1/source'...
[INFO] [stderr] done.
[INFO] validating manifest of git repo https://github.com/postech-dao/zkp-poc on toolchain 1.75.0
[INFO] running `Command { std: CARGO_HOME="/workspace/cargo-home" RUSTUP_HOME="/workspace/rustup-home" "/workspace/cargo-home/bin/cargo" "+1.75.0" "metadata" "--manifest-path" "Cargo.toml" "--no-deps", kill_on_drop: false }`
[INFO] started tweaking git repo https://github.com/postech-dao/zkp-poc
[INFO] finished tweaking git repo https://github.com/postech-dao/zkp-poc
[INFO] tweaked toml for git repo https://github.com/postech-dao/zkp-poc written to /workspace/builds/worker-0-tc1/source/Cargo.toml
[INFO] crate git repo https://github.com/postech-dao/zkp-poc already has a lockfile, it will not be regenerated
[INFO] running `Command { std: CARGO_HOME="/workspace/cargo-home" RUSTUP_HOME="/workspace/rustup-home" "/workspace/cargo-home/bin/cargo" "+1.75.0" "fetch" "--manifest-path" "Cargo.toml", kill_on_drop: false }`
[INFO] [stderr]     Blocking waiting for file lock on package cache
[ERROR] error running command: no output for 300 seconds
[ERROR] this task or one of its parent failed!
[ERROR] no output for 300 seconds
[ERROR] note: run with `RUST_BACKTRACE=1` to display a backtrace.
[INFO] testing postech-dao/zkp-poc against beta-2023-12-22 for beta-1.76-1
[INFO] running `Command { std: "git" "clone" "/workspace/cache/git-repos/https%3A%2F%2Fgithub.com%2Fpostech-dao%2Fzkp-poc" "/workspace/builds/worker-0-tc2/source", kill_on_drop: false }`
[INFO] [stderr] Cloning into '/workspace/builds/worker-0-tc2/source'...
[INFO] [stderr] done.
[INFO] validating manifest of git repo https://github.com/postech-dao/zkp-poc on toolchain beta-2023-12-22
[INFO] running `Command { std: CARGO_HOME="/workspace/cargo-home" RUSTUP_HOME="/workspace/rustup-home" "/workspace/cargo-home/bin/cargo" "+beta-2023-12-22" "metadata" "--manifest-path" "Cargo.toml" "--no-deps", kill_on_drop: false }`
[INFO] started tweaking git repo https://github.com/postech-dao/zkp-poc
[INFO] finished tweaking git repo https://github.com/postech-dao/zkp-poc
[INFO] tweaked toml for git repo https://github.com/postech-dao/zkp-poc written to /workspace/builds/worker-0-tc2/source/Cargo.toml
[INFO] crate git repo https://github.com/postech-dao/zkp-poc already has a lockfile, it will not be regenerated
[INFO] running `Command { std: CARGO_HOME="/workspace/cargo-home" RUSTUP_HOME="/workspace/rustup-home" "/workspace/cargo-home/bin/cargo" "+beta-2023-12-22" "fetch" "--manifest-path" "Cargo.toml", kill_on_drop: false }`
[INFO] [stderr]     Blocking waiting for file lock on package cache
[INFO] [stderr]     Updating crates.io index
[INFO] [stderr]     Blocking waiting for file lock on package cache
[ERROR] error running command: no output for 300 seconds
[INFO] testing postech-dao/zkp-poc against beta-2023-12-22 for beta-1.76-1
[INFO] running `Command { std: "git" "clone" "/workspace/cache/git-repos/https%3A%2F%2Fgithub.com%2Fpostech-dao%2Fzkp-poc" "/workspace/builds/worker-0-tc2/source", kill_on_drop: false }`
[INFO] [stderr] Cloning into '/workspace/builds/worker-0-tc2/source'...
[INFO] [stderr] done.
[INFO] validating manifest of git repo https://github.com/postech-dao/zkp-poc on toolchain beta-2023-12-22
[INFO] running `Command { std: CARGO_HOME="/workspace/cargo-home" RUSTUP_HOME="/workspace/rustup-home" "/workspace/cargo-home/bin/cargo" "+beta-2023-12-22" "metadata" "--manifest-path" "Cargo.toml" "--no-deps", kill_on_drop: false }`
[INFO] started tweaking git repo https://github.com/postech-dao/zkp-poc
[INFO] finished tweaking git repo https://github.com/postech-dao/zkp-poc
[INFO] tweaked toml for git repo https://github.com/postech-dao/zkp-poc written to /workspace/builds/worker-0-tc2/source/Cargo.toml
[INFO] crate git repo https://github.com/postech-dao/zkp-poc already has a lockfile, it will not be regenerated
[INFO] running `Command { std: CARGO_HOME="/workspace/cargo-home" RUSTUP_HOME="/workspace/rustup-home" "/workspace/cargo-home/bin/cargo" "+beta-2023-12-22" "fetch" "--manifest-path" "Cargo.toml", kill_on_drop: false }`
[INFO] [stderr]     Blocking waiting for file lock on package cache
[INFO] [stderr]     Blocking waiting for file lock on package cache
[INFO] [stderr]  Downloading crates ...
[INFO] [stderr]   Downloaded ff v0.9.0
[INFO] [stderr]   Downloaded group v0.9.0
[INFO] [stderr]   Downloaded pairing v0.19.0
[INFO] [stderr]   Downloaded bellman v0.9.0
[INFO] [stderr]   Downloaded secp256k1-zkp v0.7.0
[INFO] [stderr]   Downloaded secp256k1-zkp-sys v0.7.0
[INFO] [stderr]   Downloaded secp256k1-sys v0.8.0
[INFO] running `Command { std: "docker" "create" "-v" "/var/lib/crater-agent-workspace/builds/worker-0-tc2/target:/opt/rustwide/target:rw,Z" "-v" "/var/lib/crater-agent-workspace/builds/worker-0-tc2/source:/opt/rustwide/workdir:ro,Z" "-v" "/var/lib/crater-agent-workspace/cargo-home:/opt/rustwide/cargo-home:ro,Z" "-v" "/var/lib/crater-agent-workspace/rustup-home:/opt/rustwide/rustup-home:ro,Z" "-e" "SOURCE_DIR=/opt/rustwide/workdir" "-e" "CARGO_TARGET_DIR=/opt/rustwide/target" "-e" "CARGO_HOME=/opt/rustwide/cargo-home" "-e" "RUSTUP_HOME=/opt/rustwide/rustup-home" "-w" "/opt/rustwide/workdir" "-m" "1610612736" "--user" "0:0" "--network" "none" "ghcr.io/rust-lang/crates-build-env/linux@sha256:2788e3201cd34a07e3172128adcd8b3090168a8e3bcc40d7c032b9dda1df7d1c" "/opt/rustwide/cargo-home/bin/cargo" "+beta-2023-12-22" "metadata" "--no-deps" "--format-version=1", kill_on_drop: false }`
[INFO] [stdout] d39a3961461e4ac53ba1ae9eac6afebeddb534909724755cfce0b78a871a53c4
[INFO] running `Command { std: "docker" "start" "-a" "d39a3961461e4ac53ba1ae9eac6afebeddb534909724755cfce0b78a871a53c4", kill_on_drop: false }`
[INFO] running `Command { std: "docker" "inspect" "d39a3961461e4ac53ba1ae9eac6afebeddb534909724755cfce0b78a871a53c4", kill_on_drop: false }`
[INFO] running `Command { std: "docker" "rm" "-f" "d39a3961461e4ac53ba1ae9eac6afebeddb534909724755cfce0b78a871a53c4", kill_on_drop: false }`
[INFO] [stdout] d39a3961461e4ac53ba1ae9eac6afebeddb534909724755cfce0b78a871a53c4
[INFO] running `Command { std: "docker" "create" "-v" "/var/lib/crater-agent-workspace/builds/worker-0-tc2/target:/opt/rustwide/target:rw,Z" "-v" "/var/lib/crater-agent-workspace/builds/worker-0-tc2/source:/opt/rustwide/workdir:ro,Z" "-v" "/var/lib/crater-agent-workspace/cargo-home:/opt/rustwide/cargo-home:ro,Z" "-v" "/var/lib/crater-agent-workspace/rustup-home:/opt/rustwide/rustup-home:ro,Z" "-e" "SOURCE_DIR=/opt/rustwide/workdir" "-e" "CARGO_TARGET_DIR=/opt/rustwide/target" "-e" "CARGO_INCREMENTAL=0" "-e" "RUST_BACKTRACE=full" "-e" "RUSTFLAGS=--cap-lints=warn" "-e" "RUSTDOCFLAGS=--cap-lints=warn" "-e" "CARGO_HOME=/opt/rustwide/cargo-home" "-e" "RUSTUP_HOME=/opt/rustwide/rustup-home" "-w" "/opt/rustwide/workdir" "-m" "1610612736" "--user" "0:0" "--network" "none" "ghcr.io/rust-lang/crates-build-env/linux@sha256:2788e3201cd34a07e3172128adcd8b3090168a8e3bcc40d7c032b9dda1df7d1c" "/opt/rustwide/cargo-home/bin/cargo" "+beta-2023-12-22" "build" "--frozen" "--message-format=json", kill_on_drop: false }`
[INFO] [stdout] 0f5ef00433579a61dc252b635feba97c96c301bb9ce08f74a967fb6b6e63d2c5
[INFO] running `Command { std: "docker" "start" "-a" "0f5ef00433579a61dc252b635feba97c96c301bb9ce08f74a967fb6b6e63d2c5", kill_on_drop: false }`
[INFO] [stderr]    Compiling libc v0.2.139
[INFO] [stderr]    Compiling cc v1.0.79
[INFO] [stderr]    Compiling crossbeam-utils v0.7.2
[INFO] [stderr]    Compiling maybe-uninit v2.0.0
[INFO] [stderr]    Compiling tap v1.0.1
[INFO] [stderr]    Compiling cfg-if v0.1.10
[INFO] [stderr]    Compiling radium v0.6.2
[INFO] [stderr]    Compiling memoffset v0.5.6
[INFO] [stderr]    Compiling crossbeam-epoch v0.8.2
[INFO] [stderr]    Compiling funty v1.1.0
[INFO] [stderr]    Compiling wyz v0.2.0
[INFO] [stderr]    Compiling subtle v2.5.0
[INFO] [stderr]    Compiling radium v0.7.0
[INFO] [stderr]    Compiling wyz v0.5.1
[INFO] [stderr]    Compiling constant_time_eq v0.1.5
[INFO] [stderr]    Compiling funty v2.0.0
[INFO] [stderr]    Compiling arrayref v0.3.6
[INFO] [stderr]    Compiling bitvec v0.20.4
[INFO] [stderr]    Compiling getrandom v0.2.8
[INFO] [stderr]    Compiling rand_core v0.6.4
[INFO] [stderr]    Compiling crossbeam-deque v0.7.4
[INFO] [stderr]    Compiling num_cpus v1.15.0
[INFO] [stderr]    Compiling crossbeam-queue v0.2.3
[INFO] [stderr]    Compiling crossbeam-channel v0.4.4
[INFO] [stderr]    Compiling futures v0.1.31
[INFO] [stderr]    Compiling ppv-lite86 v0.2.17
[INFO] [stderr]    Compiling secp256k1-sys v0.6.1
[INFO] [stderr]    Compiling secp256k1-zkp-sys v0.7.0
[INFO] [stderr]    Compiling secp256k1-sys v0.8.0
[INFO] [stderr]    Compiling arrayvec v0.5.2
[INFO] [stderr]    Compiling crossbeam v0.7.3
[INFO] [stderr]    Compiling rand_chacha v0.3.1
[INFO] [stderr]    Compiling bitvec v1.0.1
[INFO] [stderr]    Compiling blake2s_simd v0.5.11
[INFO] [stderr]    Compiling rand v0.8.5
[INFO] [stderr]    Compiling futures-cpupool v0.1.8
[INFO] [stderr]    Compiling ff v0.9.0
[INFO] [stderr]    Compiling group v0.9.0
[INFO] [stderr]    Compiling pairing v0.19.0
[INFO] [stderr]    Compiling bellman v0.9.0
[INFO] [stderr]    Compiling ff v0.13.0
[INFO] [stderr]    Compiling secp256k1 v0.26.0
[INFO] [stderr]    Compiling secp256k1 v0.24.3
[INFO] [stderr]    Compiling secp256k1-zkp v0.7.0
[INFO] [stderr]    Compiling t2 v0.1.0 (/opt/rustwide/workdir)
[INFO] [stdout] error[E0405]: cannot find trait `Example` in this scope
[INFO] [stdout]   --> src/main.rs:26:63
[INFO] [stdout]    |
[INFO] [stdout] 26 |         let pedersen_params = <secp256k1_zkp::Secp256k1<_> as Example>::pedersen::PedersenHash::new(cs.backend().public_params());
[INFO] [stdout]    |                                                               ^^^^^^^ not found in this scope
[INFO] [stdout] 
[INFO] [stdout] 
[INFO] [stdout] warning: unused import: `RngCore`
[INFO] [stdout]  --> src/main.rs:4:12
[INFO] [stdout]   |
[INFO] [stdout] 4 | use rand::{RngCore, SeedableRng};
[INFO] [stdout]   |            ^^^^^^^
[INFO] [stdout]   |
[INFO] [stdout]   = note: `#[warn(unused_imports)]` on by default
[INFO] [stdout] 
[INFO] [stdout] 
[INFO] [stdout] warning: unused import: `ff::PrimeField`
[INFO] [stdout]  --> src/main.rs:6:5
[INFO] [stdout]   |
[INFO] [stdout] 6 | use ff::PrimeField;
[INFO] [stdout]   |     ^^^^^^^^^^^^^^
[INFO] [stdout] 
[INFO] [stdout] 
[INFO] [stdout] error[E0277]: the trait bound `secp256k1::Secp256k1<C>: ff::PrimeField` is not satisfied
[INFO] [stdout]    --> src/main.rs:20:29
[INFO] [stdout]     |
[INFO] [stdout] 20  | impl<C: secp256k1::Context> Circuit<secp256k1::Secp256k1<C>> for Secp256k1Circuit {
[INFO] [stdout]     |                             ^^^^^^^^^^^^^^^^^^^^^^^^^^^^^^^^ the trait `ff::PrimeField` is not implemented for `secp256k1::Secp256k1<C>`
[INFO] [stdout]     |
[INFO] [stdout] note: required by a bound in `Circuit`
[INFO] [stdout]    --> /opt/rustwide/cargo-home/registry/src/index.crates.io-6f17d22bba15001f/bellman-0.9.0/src/lib.rs:159:27
[INFO] [stdout]     |
[INFO] [stdout] 159 | pub trait Circuit<Scalar: PrimeField> {
[INFO] [stdout]     |                           ^^^^^^^^^^ required by this bound in `Circuit`
[INFO] [stdout]     = note: `Circuit` is a "sealed trait", because to implement it you also need to implement `ff::PrimeField`, which is not accessible; this is usually done to force you to use one of the provided types that already implement it
[INFO] [stdout] 
[INFO] [stdout] 
[INFO] [stdout] error[E0277]: the trait bound `secp256k1::Secp256k1<CS>: ff::PrimeField` is not satisfied
[INFO] [stdout]    --> src/main.rs:21:23
[INFO] [stdout]     |
[INFO] [stdout] 21  |     fn synthesize<CS: ConstraintSystem<secp256k1::Secp256k1<CS>> + secp256k1::Context>(
[INFO] [stdout]     |                       ^^^^^^^^^^^^^^^^^^^^^^^^^^^^^^^^^^^^^^^^^^ the trait `ff::PrimeField` is not implemented for `secp256k1::Secp256k1<CS>`
[INFO] [stdout]     |
[INFO] [stdout] note: required by a bound in `ConstraintSystem`
[INFO] [stdout]    --> /opt/rustwide/cargo-home/registry/src/index.crates.io-6f17d22bba15001f/bellman-0.9.0/src/lib.rs:383:36
[INFO] [stdout]     |
[INFO] [stdout] 383 | pub trait ConstraintSystem<Scalar: PrimeField>: Sized {
[INFO] [stdout]     |                                    ^^^^^^^^^^ required by this bound in `ConstraintSystem`
[INFO] [stdout]     = note: `ConstraintSystem` is a "sealed trait", because to implement it you also need to implement `ff::PrimeField`, which is not accessible; this is usually done to force you to use one of the provided types that already implement it
[INFO] [stdout] 
[INFO] [stdout] 
[INFO] [stdout] error[E0276]: impl has stricter requirements than trait
[INFO] [stdout]   --> src/main.rs:21:23
[INFO] [stdout]    |
[INFO] [stdout] 21 |     fn synthesize<CS: ConstraintSystem<secp256k1::Secp256k1<CS>> + secp256k1::Context>(
[INFO] [stdout]    |                       ^^^^^^^^^^^^^^^^^^^^^^^^^^^^^^^^^^^^^^^^^^ impl has extra requirement `CS: ConstraintSystem<secp256k1::Secp256k1<CS>>`
[INFO] [stdout] 
[INFO] [stdout] 
[INFO] [stdout] error[E0276]: impl has stricter requirements than trait
[INFO] [stdout]   --> src/main.rs:21:68
[INFO] [stdout]    |
[INFO] [stdout] 21 |     fn synthesize<CS: ConstraintSystem<secp256k1::Secp256k1<CS>> + secp256k1::Context>(
[INFO] [stdout]    |                                                                    ^^^^^^^^^^^^^^^^^^ impl has extra requirement `CS: secp256k1::Context`
[INFO] [stdout] 
[INFO] [stdout] 
[INFO] [stdout] error: aborting due to 5 previous errors; 2 warnings emitted
[INFO] [stdout] 
[INFO] [stdout] 
[INFO] [stdout] Some errors have detailed explanations: E0276, E0277, E0405.
[INFO] [stdout] 
[INFO] [stdout] For more information about an error, try `rustc --explain E0276`.
[INFO] [stdout] 
[INFO] [stderr] error: could not compile `t2` (bin "t2") due to 6 previous errors; 2 warnings emitted
[INFO] running `Command { std: "docker" "inspect" "0f5ef00433579a61dc252b635feba97c96c301bb9ce08f74a967fb6b6e63d2c5", kill_on_drop: false }`
[INFO] running `Command { std: "docker" "rm" "-f" "0f5ef00433579a61dc252b635feba97c96c301bb9ce08f74a967fb6b6e63d2c5", kill_on_drop: false }`
[INFO] [stdout] 0f5ef00433579a61dc252b635feba97c96c301bb9ce08f74a967fb6b6e63d2c5
