[INFO] cloning repository https://github.com/playXE/assembler
[INFO] running `Command { std: "git" "-c" "credential.helper=" "-c" "credential.helper=/workspace/cargo-home/bin/git-credential-null" "clone" "--bare" "https://github.com/playXE/assembler" "/workspace/cache/git-repos/https%3A%2F%2Fgithub.com%2FplayXE%2Fassembler", kill_on_drop: false }`
[INFO] [stderr] Cloning into bare repository '/workspace/cache/git-repos/https%3A%2F%2Fgithub.com%2FplayXE%2Fassembler'...
[INFO] running `Command { std: "git" "rev-parse" "HEAD", kill_on_drop: false }`
[INFO] [stdout] afd904d6f01a72e5f532f5aa8a07a68e2d10acf9
[INFO] testing playXE/assembler/afd904d6f01a72e5f532f5aa8a07a68e2d10acf9 against 1.75.0 for beta-1.76-1
[INFO] running `Command { std: "git" "clone" "/workspace/cache/git-repos/https%3A%2F%2Fgithub.com%2FplayXE%2Fassembler" "/workspace/builds/worker-4-tc1/source", kill_on_drop: false }`
[INFO] [stderr] Cloning into '/workspace/builds/worker-4-tc1/source'...
[INFO] [stderr] done.
[INFO] validating manifest of git repo https://github.com/playXE/assembler on toolchain 1.75.0
[INFO] running `Command { std: CARGO_HOME="/workspace/cargo-home" RUSTUP_HOME="/workspace/rustup-home" "/workspace/cargo-home/bin/cargo" "+1.75.0" "metadata" "--manifest-path" "Cargo.toml" "--no-deps", kill_on_drop: false }`
[INFO] started tweaking git repo https://github.com/playXE/assembler
[INFO] finished tweaking git repo https://github.com/playXE/assembler
[INFO] tweaked toml for git repo https://github.com/playXE/assembler written to /workspace/builds/worker-4-tc1/source/Cargo.toml
[INFO] crate git repo https://github.com/playXE/assembler already has a lockfile, it will not be regenerated
[INFO] running `Command { std: CARGO_HOME="/workspace/cargo-home" RUSTUP_HOME="/workspace/rustup-home" "/workspace/cargo-home/bin/cargo" "+1.75.0" "fetch" "--manifest-path" "Cargo.toml", kill_on_drop: false }`
[INFO] running `Command { std: "docker" "create" "-v" "/var/lib/crater-agent-workspace/builds/worker-4-tc1/target:/opt/rustwide/target:rw,Z" "-v" "/var/lib/crater-agent-workspace/builds/worker-4-tc1/source:/opt/rustwide/workdir:ro,Z" "-v" "/var/lib/crater-agent-workspace/cargo-home:/opt/rustwide/cargo-home:ro,Z" "-v" "/var/lib/crater-agent-workspace/rustup-home:/opt/rustwide/rustup-home:ro,Z" "-e" "SOURCE_DIR=/opt/rustwide/workdir" "-e" "CARGO_TARGET_DIR=/opt/rustwide/target" "-e" "CARGO_HOME=/opt/rustwide/cargo-home" "-e" "RUSTUP_HOME=/opt/rustwide/rustup-home" "-w" "/opt/rustwide/workdir" "-m" "1610612736" "--user" "0:0" "--network" "none" "ghcr.io/rust-lang/crates-build-env/linux@sha256:2788e3201cd34a07e3172128adcd8b3090168a8e3bcc40d7c032b9dda1df7d1c" "/opt/rustwide/cargo-home/bin/cargo" "+1.75.0" "metadata" "--no-deps" "--format-version=1", kill_on_drop: false }`
[INFO] [stdout] 2f3c2e12900c55db26cf08ab174c952c5882083e0c33ae9642afd8ee66b66e2a
[INFO] running `Command { std: "docker" "start" "-a" "2f3c2e12900c55db26cf08ab174c952c5882083e0c33ae9642afd8ee66b66e2a", kill_on_drop: false }`
[INFO] running `Command { std: "docker" "inspect" "2f3c2e12900c55db26cf08ab174c952c5882083e0c33ae9642afd8ee66b66e2a", kill_on_drop: false }`
[INFO] running `Command { std: "docker" "rm" "-f" "2f3c2e12900c55db26cf08ab174c952c5882083e0c33ae9642afd8ee66b66e2a", kill_on_drop: false }`
[INFO] [stdout] 2f3c2e12900c55db26cf08ab174c952c5882083e0c33ae9642afd8ee66b66e2a
[INFO] running `Command { std: "docker" "create" "-v" "/var/lib/crater-agent-workspace/builds/worker-4-tc1/target:/opt/rustwide/target:rw,Z" "-v" "/var/lib/crater-agent-workspace/builds/worker-4-tc1/source:/opt/rustwide/workdir:ro,Z" "-v" "/var/lib/crater-agent-workspace/cargo-home:/opt/rustwide/cargo-home:ro,Z" "-v" "/var/lib/crater-agent-workspace/rustup-home:/opt/rustwide/rustup-home:ro,Z" "-e" "SOURCE_DIR=/opt/rustwide/workdir" "-e" "CARGO_TARGET_DIR=/opt/rustwide/target" "-e" "CARGO_INCREMENTAL=0" "-e" "RUST_BACKTRACE=full" "-e" "RUSTFLAGS=--cap-lints=warn" "-e" "RUSTDOCFLAGS=--cap-lints=warn" "-e" "CARGO_HOME=/opt/rustwide/cargo-home" "-e" "RUSTUP_HOME=/opt/rustwide/rustup-home" "-w" "/opt/rustwide/workdir" "-m" "1610612736" "--user" "0:0" "--network" "none" "ghcr.io/rust-lang/crates-build-env/linux@sha256:2788e3201cd34a07e3172128adcd8b3090168a8e3bcc40d7c032b9dda1df7d1c" "/opt/rustwide/cargo-home/bin/cargo" "+1.75.0" "build" "--frozen" "--message-format=json", kill_on_drop: false }`
[INFO] [stdout] 14a8167065f945e61ab6f3d6f271fd747ae7d19deb5fcef2291a0d6e861615f0
[INFO] running `Command { std: "docker" "start" "-a" "14a8167065f945e61ab6f3d6f271fd747ae7d19deb5fcef2291a0d6e861615f0", kill_on_drop: false }`
[INFO] [stderr]    Compiling libc v0.2.126
[INFO] [stderr]    Compiling autocfg v1.1.0
[INFO] [stderr]    Compiling cc v1.0.73
[INFO] [stderr]    Compiling parking_lot_core v0.9.3
[INFO] [stderr]    Compiling cfg-if v1.0.0
[INFO] [stderr]    Compiling smallvec v1.8.1
[INFO] [stderr]    Compiling scopeguard v1.1.0
[INFO] [stderr]    Compiling paste v1.0.7
[INFO] [stderr]    Compiling lock_api v0.4.7
[INFO] [stderr]    Compiling capstone-sys v0.15.0
[INFO] [stderr]    Compiling parking_lot v0.12.1
[INFO] [stderr]    Compiling capstone v0.11.0
[INFO] [stderr]    Compiling masm v0.1.0 (/opt/rustwide/workdir)
[INFO] [stdout] error[E0412]: cannot find type `RegisterId` in this scope
[INFO] [stdout]   --> src/macro_assembler.rs:42:15
[INFO] [stdout]    |
[INFO] [stdout] 42 |     pub base: RegisterId,
[INFO] [stdout]    |               ^^^^^^^^^^ not found in this scope
[INFO] [stdout] 
[INFO] [stdout] 
[INFO] [stdout] error[E0412]: cannot find type `RegisterId` in this scope
[INFO] [stdout]   --> src/macro_assembler.rs:42:15
[INFO] [stdout]    |
[INFO] [stdout] 42 |     pub base: RegisterId,
[INFO] [stdout]    |               ^^^^^^^^^^ not found in this scope
[INFO] [stdout]    |
[INFO] [stdout] help: you might be missing a type parameter
[INFO] [stdout]    |
[INFO] [stdout] 41 | pub struct Address<RegisterId> {
[INFO] [stdout]    |                   ++++++++++++
[INFO] [stdout] 
[INFO] [stdout] 
[INFO] [stdout] error[E0412]: cannot find type `RegisterId` in this scope
[INFO] [stdout]   --> src/macro_assembler.rs:42:15
[INFO] [stdout]    |
[INFO] [stdout] 42 |     pub base: RegisterId,
[INFO] [stdout]    |               ^^^^^^^^^^ not found in this scope
[INFO] [stdout]    |
[INFO] [stdout] help: you might be missing a type parameter
[INFO] [stdout]    |
[INFO] [stdout] 41 | pub struct Address<RegisterId> {
[INFO] [stdout]    |                   ++++++++++++
[INFO] [stdout] 
[INFO] [stdout] 
[INFO] [stdout] error[E0412]: cannot find type `RegisterId` in this scope
[INFO] [stdout]   --> src/macro_assembler.rs:47:28
[INFO] [stdout]    |
[INFO] [stdout] 47 |     pub const fn new(base: RegisterId, offset: i32) -> Self {
[INFO] [stdout]    |                            ^^^^^^^^^^ not found in this scope
[INFO] [stdout] 
[INFO] [stdout] 
[INFO] [stdout] error[E0412]: cannot find type `RegisterId` in this scope
[INFO] [stdout]   --> src/macro_assembler.rs:58:46
[INFO] [stdout]    |
[INFO] [stdout] 58 |     pub fn with_swapped_register(self, left: RegisterId, right: RegisterId) -> Self {
[INFO] [stdout]    |                                              ^^^^^^^^^^ not found in this scope
[INFO] [stdout] 
[INFO] [stdout] 
[INFO] [stdout] error[E0412]: cannot find type `RegisterId` in this scope
[INFO] [stdout]   --> src/macro_assembler.rs:58:65
[INFO] [stdout]    |
[INFO] [stdout] 58 |     pub fn with_swapped_register(self, left: RegisterId, right: RegisterId) -> Self {
[INFO] [stdout]    |                                                                 ^^^^^^^^^^ not found in this scope
[INFO] [stdout] 
[INFO] [stdout] 
[INFO] [stdout] error[E0412]: cannot find type `RegisterId` in this scope
[INFO] [stdout]   --> src/macro_assembler.rs:67:15
[INFO] [stdout]    |
[INFO] [stdout] 67 |     pub base: RegisterId,
[INFO] [stdout]    |               ^^^^^^^^^^ not found in this scope
[INFO] [stdout] 
[INFO] [stdout] 
[INFO] [stdout] error[E0412]: cannot find type `RegisterId` in this scope
[INFO] [stdout]   --> src/macro_assembler.rs:67:15
[INFO] [stdout]    |
[INFO] [stdout] 67 |     pub base: RegisterId,
[INFO] [stdout]    |               ^^^^^^^^^^ not found in this scope
[INFO] [stdout]    |
[INFO] [stdout] help: you might be missing a type parameter
[INFO] [stdout]    |
[INFO] [stdout] 66 | pub struct ExtededAddress<RegisterId> {
[INFO] [stdout]    |                          ++++++++++++
[INFO] [stdout] 
[INFO] [stdout] 
[INFO] [stdout] error[E0412]: cannot find type `RegisterId` in this scope
[INFO] [stdout]   --> src/macro_assembler.rs:67:15
[INFO] [stdout]    |
[INFO] [stdout] 67 |     pub base: RegisterId,
[INFO] [stdout]    |               ^^^^^^^^^^ not found in this scope
[INFO] [stdout]    |
[INFO] [stdout] help: you might be missing a type parameter
[INFO] [stdout]    |
[INFO] [stdout] 66 | pub struct ExtededAddress<RegisterId> {
[INFO] [stdout]    |                          ++++++++++++
[INFO] [stdout] 
[INFO] [stdout] 
[INFO] [stdout] error[E0412]: cannot find type `RegisterId` in this scope
[INFO] [stdout]   --> src/macro_assembler.rs:72:28
[INFO] [stdout]    |
[INFO] [stdout] 72 |     pub const fn new(base: RegisterId, offset: isize) -> Self {
[INFO] [stdout]    |                            ^^^^^^^^^^ not found in this scope
[INFO] [stdout] 
[INFO] [stdout] 
[INFO] [stdout] error[E0412]: cannot find type `RegisterId` in this scope
[INFO] [stdout]   --> src/macro_assembler.rs:83:46
[INFO] [stdout]    |
[INFO] [stdout] 83 |     pub fn with_swapped_register(self, left: RegisterId, right: RegisterId) -> Self {
[INFO] [stdout]    |                                              ^^^^^^^^^^ not found in this scope
[INFO] [stdout] 
[INFO] [stdout] 
[INFO] [stdout] error[E0412]: cannot find type `RegisterId` in this scope
[INFO] [stdout]   --> src/macro_assembler.rs:83:65
[INFO] [stdout]    |
[INFO] [stdout] 83 |     pub fn with_swapped_register(self, left: RegisterId, right: RegisterId) -> Self {
[INFO] [stdout]    |                                                                 ^^^^^^^^^^ not found in this scope
[INFO] [stdout] 
[INFO] [stdout] 
[INFO] [stdout] error[E0412]: cannot find type `RegisterId` in this scope
[INFO] [stdout]   --> src/macro_assembler.rs:92:15
[INFO] [stdout]    |
[INFO] [stdout] 92 |     pub base: RegisterId,
[INFO] [stdout]    |               ^^^^^^^^^^ not found in this scope
[INFO] [stdout] 
[INFO] [stdout] 
[INFO] [stdout] error[E0412]: cannot find type `RegisterId` in this scope
[INFO] [stdout]   --> src/macro_assembler.rs:93:16
[INFO] [stdout]    |
[INFO] [stdout] 93 |     pub index: RegisterId,
[INFO] [stdout]    |                ^^^^^^^^^^ not found in this scope
[INFO] [stdout] 
[INFO] [stdout] 
[INFO] [stdout] error[E0412]: cannot find type `RegisterId` in this scope
[INFO] [stdout]   --> src/macro_assembler.rs:92:15
[INFO] [stdout]    |
[INFO] [stdout] 92 |     pub base: RegisterId,
[INFO] [stdout]    |               ^^^^^^^^^^ not found in this scope
[INFO] [stdout]    |
[INFO] [stdout] help: you might be missing a type parameter
[INFO] [stdout]    |
[INFO] [stdout] 91 | pub struct BaseIndex<RegisterId> {
[INFO] [stdout]    |                     ++++++++++++
[INFO] [stdout] 
[INFO] [stdout] 
[INFO] [stdout] error[E0412]: cannot find type `RegisterId` in this scope
[INFO] [stdout]   --> src/macro_assembler.rs:92:15
[INFO] [stdout]    |
[INFO] [stdout] 92 |     pub base: RegisterId,
[INFO] [stdout]    |               ^^^^^^^^^^ not found in this scope
[INFO] [stdout]    |
[INFO] [stdout] help: you might be missing a type parameter
[INFO] [stdout]    |
[INFO] [stdout] 91 | pub struct BaseIndex<RegisterId> {
[INFO] [stdout]    |                     ++++++++++++
[INFO] [stdout] 
[INFO] [stdout] 
[INFO] [stdout] error[E0412]: cannot find type `RegisterId` in this scope
[INFO] [stdout]    --> src/macro_assembler.rs:100:28
[INFO] [stdout]     |
[INFO] [stdout] 100 |     pub const fn new(base: RegisterId, index: RegisterId, scale: Scale, offset: i32) -> Self {
[INFO] [stdout]     |                            ^^^^^^^^^^ not found in this scope
[INFO] [stdout] 
[INFO] [stdout] 
[INFO] [stdout] error[E0412]: cannot find type `RegisterId` in this scope
[INFO] [stdout]    --> src/macro_assembler.rs:100:47
[INFO] [stdout]     |
[INFO] [stdout] 100 |     pub const fn new(base: RegisterId, index: RegisterId, scale: Scale, offset: i32) -> Self {
[INFO] [stdout]     |                                               ^^^^^^^^^^ not found in this scope
[INFO] [stdout] 
[INFO] [stdout] 
[INFO] [stdout] error[E0412]: cannot find type `RegisterId` in this scope
[INFO] [stdout]    --> src/macro_assembler.rs:117:46
[INFO] [stdout]     |
[INFO] [stdout] 117 |     pub fn with_swapped_register(self, left: RegisterId, right: RegisterId) -> Self {
[INFO] [stdout]     |                                              ^^^^^^^^^^ not found in this scope
[INFO] [stdout] 
[INFO] [stdout] 
[INFO] [stdout] error[E0412]: cannot find type `RegisterId` in this scope
[INFO] [stdout]    --> src/macro_assembler.rs:117:65
[INFO] [stdout]     |
[INFO] [stdout] 117 |     pub fn with_swapped_register(self, left: RegisterId, right: RegisterId) -> Self {
[INFO] [stdout]     |                                                                 ^^^^^^^^^^ not found in this scope
[INFO] [stdout] 
[INFO] [stdout] 
[INFO] [stdout] error[E0412]: cannot find type `RegisterId` in this scope
[INFO] [stdout]    --> src/macro_assembler.rs:127:15
[INFO] [stdout]     |
[INFO] [stdout] 127 |     pub base: RegisterId,
[INFO] [stdout]     |               ^^^^^^^^^^ not found in this scope
[INFO] [stdout] 
[INFO] [stdout] 
[INFO] [stdout] error[E0412]: cannot find type `RegisterId` in this scope
[INFO] [stdout]    --> src/macro_assembler.rs:127:15
[INFO] [stdout]     |
[INFO] [stdout] 127 |     pub base: RegisterId,
[INFO] [stdout]     |               ^^^^^^^^^^ not found in this scope
[INFO] [stdout]     |
[INFO] [stdout] help: you might be missing a type parameter
[INFO] [stdout]     |
[INFO] [stdout] 126 | pub struct PreIndexAddress<RegisterId> {
[INFO] [stdout]     |                           ++++++++++++
[INFO] [stdout] 
[INFO] [stdout] 
[INFO] [stdout] error[E0412]: cannot find type `RegisterId` in this scope
[INFO] [stdout]    --> src/macro_assembler.rs:127:15
[INFO] [stdout]     |
[INFO] [stdout] 127 |     pub base: RegisterId,
[INFO] [stdout]     |               ^^^^^^^^^^ not found in this scope
[INFO] [stdout]     |
[INFO] [stdout] help: you might be missing a type parameter
[INFO] [stdout]     |
[INFO] [stdout] 126 | pub struct PreIndexAddress<RegisterId> {
[INFO] [stdout]     |                           ++++++++++++
[INFO] [stdout] 
[INFO] [stdout] 
[INFO] [stdout] error[E0412]: cannot find type `RegisterId` in this scope
[INFO] [stdout]    --> src/macro_assembler.rs:132:28
[INFO] [stdout]     |
[INFO] [stdout] 132 |     pub const fn new(base: RegisterId, index: i32) -> Self {
[INFO] [stdout]     |                            ^^^^^^^^^^ not found in this scope
[INFO] [stdout] 
[INFO] [stdout] 
[INFO] [stdout] error[E0412]: cannot find type `RegisterId` in this scope
[INFO] [stdout]    --> src/macro_assembler.rs:143:46
[INFO] [stdout]     |
[INFO] [stdout] 143 |     pub fn with_swapped_register(self, left: RegisterId, right: RegisterId) -> Self {
[INFO] [stdout]     |                                              ^^^^^^^^^^ not found in this scope
[INFO] [stdout] 
[INFO] [stdout] 
[INFO] [stdout] error[E0412]: cannot find type `RegisterId` in this scope
[INFO] [stdout]    --> src/macro_assembler.rs:143:65
[INFO] [stdout]     |
[INFO] [stdout] 143 |     pub fn with_swapped_register(self, left: RegisterId, right: RegisterId) -> Self {
[INFO] [stdout]     |                                                                 ^^^^^^^^^^ not found in this scope
[INFO] [stdout] 
[INFO] [stdout] 
[INFO] [stdout] error[E0412]: cannot find type `RegisterId` in this scope
[INFO] [stdout]    --> src/macro_assembler.rs:152:15
[INFO] [stdout]     |
[INFO] [stdout] 152 |     pub base: RegisterId,
[INFO] [stdout]     |               ^^^^^^^^^^ not found in this scope
[INFO] [stdout] 
[INFO] [stdout] 
[INFO] [stdout] error[E0412]: cannot find type `RegisterId` in this scope
[INFO] [stdout]    --> src/macro_assembler.rs:157:28
[INFO] [stdout]     |
[INFO] [stdout] 157 |     pub const fn new(base: RegisterId, index: i32) -> Self {
[INFO] [stdout]     |                            ^^^^^^^^^^ not found in this scope
[INFO] [stdout] 
[INFO] [stdout] 
[INFO] [stdout] error[E0412]: cannot find type `RegisterId` in this scope
[INFO] [stdout]    --> src/macro_assembler.rs:168:46
[INFO] [stdout]     |
[INFO] [stdout] 168 |     pub fn with_swapped_register(self, left: RegisterId, right: RegisterId) -> Self {
[INFO] [stdout]     |                                              ^^^^^^^^^^ not found in this scope
[INFO] [stdout] 
[INFO] [stdout] 
[INFO] [stdout] error[E0412]: cannot find type `RegisterId` in this scope
[INFO] [stdout]    --> src/macro_assembler.rs:168:65
[INFO] [stdout]     |
[INFO] [stdout] 168 |     pub fn with_swapped_register(self, left: RegisterId, right: RegisterId) -> Self {
[INFO] [stdout]     |                                                                 ^^^^^^^^^^ not found in this scope
[INFO] [stdout] 
[INFO] [stdout] 
[INFO] [stdout] error[E0412]: cannot find type `RegisterId` in this scope
[INFO] [stdout]    --> src/macro_assembler.rs:187:15
[INFO] [stdout]     |
[INFO] [stdout] 187 |     pub base: RegisterId,
[INFO] [stdout]     |               ^^^^^^^^^^ not found in this scope
[INFO] [stdout] 
[INFO] [stdout] 
[INFO] [stdout] error[E0412]: cannot find type `RegisterId` in this scope
[INFO] [stdout]    --> src/macro_assembler.rs:192:28
[INFO] [stdout]     |
[INFO] [stdout] 192 |     pub const fn new(base: RegisterId, offset: isize) -> Self {
[INFO] [stdout]     |                            ^^^^^^^^^^ not found in this scope
[INFO] [stdout] 
[INFO] [stdout] 
[INFO] [stdout] error[E0412]: cannot find type `RegisterId` in this scope
[INFO] [stdout]    --> src/macro_assembler.rs:226:15
[INFO] [stdout]     |
[INFO] [stdout] 226 |     original: RegisterId,
[INFO] [stdout]     |               ^^^^^^^^^^ not found in this scope
[INFO] [stdout] 
[INFO] [stdout] 
[INFO] [stdout] error[E0412]: cannot find type `RegisterId` in this scope
[INFO] [stdout]    --> src/macro_assembler.rs:227:11
[INFO] [stdout]     |
[INFO] [stdout] 227 |     left: RegisterId,
[INFO] [stdout]     |           ^^^^^^^^^^ not found in this scope
[INFO] [stdout] 
[INFO] [stdout] 
[INFO] [stdout] error[E0412]: cannot find type `RegisterId` in this scope
[INFO] [stdout]    --> src/macro_assembler.rs:228:12
[INFO] [stdout]     |
[INFO] [stdout] 228 |     right: RegisterId,
[INFO] [stdout]     |            ^^^^^^^^^^ not found in this scope
[INFO] [stdout] 
[INFO] [stdout] 
[INFO] [stdout] error[E0412]: cannot find type `RegisterId` in this scope
[INFO] [stdout]    --> src/macro_assembler.rs:229:6
[INFO] [stdout]     |
[INFO] [stdout] 229 | ) -> RegisterId {
[INFO] [stdout]     |      ^^^^^^^^^^ not found in this scope
[INFO] [stdout] 
[INFO] [stdout] 
[INFO] [stdout] error[E0412]: cannot find type `RegisterId` in this scope
[INFO] [stdout]    --> src/macro_assembler.rs:490:28
[INFO] [stdout]     |
[INFO] [stdout] 490 |     fn first_register() -> RegisterId;
[INFO] [stdout]     |                            ^^^^^^^^^^ not found in this scope
[INFO] [stdout] 
[INFO] [stdout] 
[INFO] [stdout] error[E0412]: cannot find type `RegisterId` in this scope
[INFO] [stdout]    --> src/macro_assembler.rs:491:27
[INFO] [stdout]     |
[INFO] [stdout] 491 |     fn last_register() -> RegisterId;
[INFO] [stdout]     |                           ^^^^^^^^^^ not found in this scope
[INFO] [stdout] 
[INFO] [stdout] 
[INFO] [stdout] error[E0412]: cannot find type `RegisterId` in this scope
[INFO] [stdout]    --> src/macro_assembler.rs:494:31
[INFO] [stdout]     |
[INFO] [stdout] 494 |     fn first_sp_register() -> RegisterId;
[INFO] [stdout]     |                               ^^^^^^^^^^ not found in this scope
[INFO] [stdout] 
[INFO] [stdout] 
[INFO] [stdout] error[E0412]: cannot find type `RegisterId` in this scope
[INFO] [stdout]    --> src/macro_assembler.rs:495:30
[INFO] [stdout]     |
[INFO] [stdout] 495 |     fn last_sp_register() -> RegisterId;
[INFO] [stdout]     |                              ^^^^^^^^^^ not found in this scope
[INFO] [stdout] 
[INFO] [stdout] 
[INFO] [stdout] error[E0412]: cannot find type `RegisterId` in this scope
[INFO] [stdout]    --> src/macro_assembler.rs:498:31
[INFO] [stdout]     |
[INFO] [stdout] 498 |     fn first_fp_register() -> RegisterId;
[INFO] [stdout]     |                               ^^^^^^^^^^ not found in this scope
[INFO] [stdout] 
[INFO] [stdout] 
[INFO] [stdout] error[E0412]: cannot find type `RegisterId` in this scope
[INFO] [stdout]    --> src/macro_assembler.rs:499:30
[INFO] [stdout]     |
[INFO] [stdout] 499 |     fn last_fp_register() -> RegisterId;
[INFO] [stdout]     |                              ^^^^^^^^^^ not found in this scope
[INFO] [stdout] 
[INFO] [stdout] 
[INFO] [stdout] error[E0412]: cannot find type `JumpType` in this scope
[INFO] [stdout]    --> src/macro_assembler.rs:505:31
[INFO] [stdout]     |
[INFO] [stdout] 505 |     fn compute_jump_type(typ: JumpType, from: *const u8, to: *const u8) -> JumpLinkType;
[INFO] [stdout]     |                               ^^^^^^^^ not found in this scope
[INFO] [stdout] 
[INFO] [stdout] 
[INFO] [stdout] error[E0412]: cannot find type `JumpLinkType` in this scope
[INFO] [stdout]    --> src/macro_assembler.rs:505:76
[INFO] [stdout]     |
[INFO] [stdout] 505 |     fn compute_jump_type(typ: JumpType, from: *const u8, to: *const u8) -> JumpLinkType;
[INFO] [stdout]     |                                                                            ^^^^^^^^^^^^ not found in this scope
[INFO] [stdout] 
[INFO] [stdout] 
[INFO] [stdout] error[E0412]: cannot find type `JumpType` in this scope
[INFO] [stdout]    --> src/macro_assembler.rs:506:29
[INFO] [stdout]     |
[INFO] [stdout] 506 |     fn jump_size_delta(typ: JumpType, link: JumpLinkType) -> i32;
[INFO] [stdout]     |                             ^^^^^^^^ not found in this scope
[INFO] [stdout] 
[INFO] [stdout] 
[INFO] [stdout] error[E0412]: cannot find type `JumpLinkType` in this scope
[INFO] [stdout]    --> src/macro_assembler.rs:506:45
[INFO] [stdout]     |
[INFO] [stdout] 506 |     fn jump_size_delta(typ: JumpType, link: JumpLinkType) -> i32;
[INFO] [stdout]     |                                             ^^^^^^^^^^^^ not found in this scope
[INFO] [stdout] 
[INFO] [stdout] 
[INFO] [stdout] error[E0412]: cannot find type `JumpType` in this scope
[INFO] [stdout]    --> src/macro_assembler.rs:507:25
[INFO] [stdout]     |
[INFO] [stdout] 507 |     fn can_compact(typ: JumpType) -> bool;
[INFO] [stdout]     |                         ^^^^^^^^ not found in this scope
[INFO] [stdout] 
[INFO] [stdout] 
[INFO] [stdout] error[E0412]: cannot find type `RegisterId` in this scope
[INFO] [stdout]    --> src/macro_assembler.rs:554:10
[INFO] [stdout]     |
[INFO] [stdout] 554 |     reg: RegisterId,
[INFO] [stdout]     |          ^^^^^^^^^^ not found in this scope
[INFO] [stdout] 
[INFO] [stdout] 
[INFO] [stdout] error[E0412]: cannot find type `RegisterId` in this scope
[INFO] [stdout]    --> src/macro_assembler.rs:554:10
[INFO] [stdout]     |
[INFO] [stdout] 554 |     reg: RegisterId,
[INFO] [stdout]     |          ^^^^^^^^^^ not found in this scope
[INFO] [stdout]     |
[INFO] [stdout] help: you might be missing a type parameter
[INFO] [stdout]     |
[INFO] [stdout] 553 | pub struct CachedTempRegister<RegisterId> {
[INFO] [stdout]     |                              ++++++++++++
[INFO] [stdout] 
[INFO] [stdout] 
[INFO] [stdout] error[E0412]: cannot find type `RegisterId` in this scope
[INFO] [stdout]    --> src/macro_assembler.rs:560:21
[INFO] [stdout]     |
[INFO] [stdout] 560 |     pub fn new(reg: RegisterId) -> Self {
[INFO] [stdout]     |                     ^^^^^^^^^^ not found in this scope
[INFO] [stdout] 
[INFO] [stdout] 
[INFO] [stdout] error[E0412]: cannot find type `RegisterId` in this scope
[INFO] [stdout]    --> src/macro_assembler.rs:567:81
[INFO] [stdout]     |
[INFO] [stdout] 567 |     pub fn register_id_invalidate(&mut self, masm: &mut impl MacroAssembler) -> RegisterId {
[INFO] [stdout]     |                                                                                 ^^^^^^^^^^ not found in this scope
[INFO] [stdout] 
[INFO] [stdout] 
[INFO] [stdout] error[E0412]: cannot find type `RegisterId` in this scope
[INFO] [stdout]    --> src/macro_assembler.rs:572:52
[INFO] [stdout]     |
[INFO] [stdout] 572 |     pub fn register_id_no_invalidate(&mut self) -> RegisterId {
[INFO] [stdout]     |                                                    ^^^^^^^^^^ not found in this scope
[INFO] [stdout] 
[INFO] [stdout] 
[INFO] [stdout] error[E0554]: `#![feature]` may not be used on the stable release channel
[INFO] [stdout]  --> src/lib.rs:1:1
[INFO] [stdout]   |
[INFO] [stdout] 1 | #![feature(associated_type_defaults, linked_list_cursors)]
[INFO] [stdout]   | ^^^^^^^^^^^^^^^^^^^^^^^^^^^^^^^^^^^^^^^^^^^^^^^^^^^^^^^^^^
[INFO] [stdout] 
[INFO] [stdout] 
[INFO] [stdout] warning: unused import: `super::*`
[INFO] [stdout]  --> src/macro_assembler.rs:1:5
[INFO] [stdout]   |
[INFO] [stdout] 1 | use super::*;
[INFO] [stdout]   |     ^^^^^^^^
[INFO] [stdout]   |
[INFO] [stdout]   = note: `#[warn(unused_imports)]` on by default
[INFO] [stdout] 
[INFO] [stdout] 
[INFO] [stdout] warning: unused import: `link_buffer::LinkBuffer`
[INFO] [stdout]  --> src/macro_assembler.rs:2:47
[INFO] [stdout]   |
[INFO] [stdout] 2 | use crate::{assembler_buffer::AssemblerLabel, link_buffer::LinkBuffer};
[INFO] [stdout]   |                                               ^^^^^^^^^^^^^^^^^^^^^^^
[INFO] [stdout] 
[INFO] [stdout] 
[INFO] [stdout] error[E0554]: `#![feature]` may not be used on the stable release channel
[INFO] [stdout]  --> src/lib.rs:1:38
[INFO] [stdout]   |
[INFO] [stdout] 1 | #![feature(associated_type_defaults, linked_list_cursors)]
[INFO] [stdout]   |                                      ^^^^^^^^^^^^^^^^^^^
[INFO] [stdout] 
[INFO] [stdout] 
[INFO] [stdout] error: aborting due to 54 previous errors; 2 warnings emitted
[INFO] [stdout] 
[INFO] [stdout] 
[INFO] [stdout] Some errors have detailed explanations: E0412, E0554.
[INFO] [stdout] 
[INFO] [stdout] For more information about an error, try `rustc --explain E0412`.
[INFO] [stdout] 
[INFO] [stderr] error: could not compile `masm` (lib) due to 55 previous errors; 2 warnings emitted
[INFO] running `Command { std: "docker" "inspect" "14a8167065f945e61ab6f3d6f271fd747ae7d19deb5fcef2291a0d6e861615f0", kill_on_drop: false }`
[INFO] running `Command { std: "docker" "rm" "-f" "14a8167065f945e61ab6f3d6f271fd747ae7d19deb5fcef2291a0d6e861615f0", kill_on_drop: false }`
[INFO] [stdout] 14a8167065f945e61ab6f3d6f271fd747ae7d19deb5fcef2291a0d6e861615f0
