[INFO] cloning repository https://github.com/pjohansson/grafen
[INFO] running `Command { std: "git" "-c" "credential.helper=" "-c" "credential.helper=/workspace/cargo-home/bin/git-credential-null" "clone" "--bare" "https://github.com/pjohansson/grafen" "/workspace/cache/git-repos/https%3A%2F%2Fgithub.com%2Fpjohansson%2Fgrafen", kill_on_drop: false }`
[INFO] [stderr] Cloning into bare repository '/workspace/cache/git-repos/https%3A%2F%2Fgithub.com%2Fpjohansson%2Fgrafen'...
[INFO] running `Command { std: "git" "rev-parse" "HEAD", kill_on_drop: false }`
[INFO] [stdout] 3c69cd4853f0ee838b6d6c21c7935654b90da7a5
[INFO] testing pjohansson/grafen against 1.75.0 for beta-1.76-1
[INFO] running `Command { std: "git" "clone" "/workspace/cache/git-repos/https%3A%2F%2Fgithub.com%2Fpjohansson%2Fgrafen" "/workspace/builds/worker-5-tc1/source", kill_on_drop: false }`
[INFO] [stderr] Cloning into '/workspace/builds/worker-5-tc1/source'...
[INFO] [stderr] done.
[INFO] validating manifest of git repo https://github.com/pjohansson/grafen on toolchain 1.75.0
[INFO] running `Command { std: CARGO_HOME="/workspace/cargo-home" RUSTUP_HOME="/workspace/rustup-home" "/workspace/cargo-home/bin/cargo" "+1.75.0" "metadata" "--manifest-path" "Cargo.toml" "--no-deps", kill_on_drop: false }`
[INFO] started tweaking git repo https://github.com/pjohansson/grafen
[INFO] finished tweaking git repo https://github.com/pjohansson/grafen
[INFO] tweaked toml for git repo https://github.com/pjohansson/grafen written to /workspace/builds/worker-5-tc1/source/Cargo.toml
[INFO] crate git repo https://github.com/pjohansson/grafen already has a lockfile, it will not be regenerated
[INFO] running `Command { std: CARGO_HOME="/workspace/cargo-home" RUSTUP_HOME="/workspace/rustup-home" "/workspace/cargo-home/bin/cargo" "+1.75.0" "fetch" "--manifest-path" "Cargo.toml", kill_on_drop: false }`
[INFO] [stderr]     Blocking waiting for file lock on package cache
[ERROR] error running command: no output for 300 seconds
[ERROR] this task or one of its parent failed!
[ERROR] no output for 300 seconds
[ERROR] note: run with `RUST_BACKTRACE=1` to display a backtrace.
[INFO] testing pjohansson/grafen against beta-2023-12-22 for beta-1.76-1
[INFO] running `Command { std: "git" "clone" "/workspace/cache/git-repos/https%3A%2F%2Fgithub.com%2Fpjohansson%2Fgrafen" "/workspace/builds/worker-5-tc2/source", kill_on_drop: false }`
[INFO] [stderr] Cloning into '/workspace/builds/worker-5-tc2/source'...
[INFO] [stderr] done.
[INFO] validating manifest of git repo https://github.com/pjohansson/grafen on toolchain beta-2023-12-22
[INFO] running `Command { std: CARGO_HOME="/workspace/cargo-home" RUSTUP_HOME="/workspace/rustup-home" "/workspace/cargo-home/bin/cargo" "+beta-2023-12-22" "metadata" "--manifest-path" "Cargo.toml" "--no-deps", kill_on_drop: false }`
[INFO] started tweaking git repo https://github.com/pjohansson/grafen
[INFO] finished tweaking git repo https://github.com/pjohansson/grafen
[INFO] tweaked toml for git repo https://github.com/pjohansson/grafen written to /workspace/builds/worker-5-tc2/source/Cargo.toml
[INFO] crate git repo https://github.com/pjohansson/grafen already has a lockfile, it will not be regenerated
[INFO] running `Command { std: CARGO_HOME="/workspace/cargo-home" RUSTUP_HOME="/workspace/rustup-home" "/workspace/cargo-home/bin/cargo" "+beta-2023-12-22" "fetch" "--manifest-path" "Cargo.toml", kill_on_drop: false }`
[INFO] [stderr]     Blocking waiting for file lock on package cache
[INFO] [stderr]     Updating git repository `https://github.com/pjohansson/mdio`
[INFO] [stderr]     Blocking waiting for file lock on package cache
[ERROR] error running command: no output for 300 seconds
[INFO] testing pjohansson/grafen against beta-2023-12-22 for beta-1.76-1
[INFO] running `Command { std: "git" "clone" "/workspace/cache/git-repos/https%3A%2F%2Fgithub.com%2Fpjohansson%2Fgrafen" "/workspace/builds/worker-5-tc2/source", kill_on_drop: false }`
[INFO] [stderr] Cloning into '/workspace/builds/worker-5-tc2/source'...
[INFO] [stderr] done.
[INFO] validating manifest of git repo https://github.com/pjohansson/grafen on toolchain beta-2023-12-22
[INFO] running `Command { std: CARGO_HOME="/workspace/cargo-home" RUSTUP_HOME="/workspace/rustup-home" "/workspace/cargo-home/bin/cargo" "+beta-2023-12-22" "metadata" "--manifest-path" "Cargo.toml" "--no-deps", kill_on_drop: false }`
[INFO] started tweaking git repo https://github.com/pjohansson/grafen
[INFO] finished tweaking git repo https://github.com/pjohansson/grafen
[INFO] tweaked toml for git repo https://github.com/pjohansson/grafen written to /workspace/builds/worker-5-tc2/source/Cargo.toml
[INFO] crate git repo https://github.com/pjohansson/grafen already has a lockfile, it will not be regenerated
[INFO] running `Command { std: CARGO_HOME="/workspace/cargo-home" RUSTUP_HOME="/workspace/rustup-home" "/workspace/cargo-home/bin/cargo" "+beta-2023-12-22" "fetch" "--manifest-path" "Cargo.toml", kill_on_drop: false }`
[INFO] [stderr]     Blocking waiting for file lock on package cache
[INFO] [stderr]     Blocking waiting for file lock on package cache
[INFO] [stderr]  Downloading crates ...
[INFO] [stderr]   Downloaded tempfile v2.2.0
[INFO] [stderr]   Downloaded termios v0.3.2
[INFO] [stderr]   Downloaded console v0.12.0
[INFO] [stderr]   Downloaded terminal_size v0.1.13
[INFO] [stderr]   Downloaded dialoguer v0.1.0
[INFO] running `Command { std: "docker" "create" "-v" "/var/lib/crater-agent-workspace/builds/worker-5-tc2/target:/opt/rustwide/target:rw,Z" "-v" "/var/lib/crater-agent-workspace/builds/worker-5-tc2/source:/opt/rustwide/workdir:ro,Z" "-v" "/var/lib/crater-agent-workspace/cargo-home:/opt/rustwide/cargo-home:ro,Z" "-v" "/var/lib/crater-agent-workspace/rustup-home:/opt/rustwide/rustup-home:ro,Z" "-e" "SOURCE_DIR=/opt/rustwide/workdir" "-e" "CARGO_TARGET_DIR=/opt/rustwide/target" "-e" "CARGO_HOME=/opt/rustwide/cargo-home" "-e" "RUSTUP_HOME=/opt/rustwide/rustup-home" "-w" "/opt/rustwide/workdir" "-m" "1610612736" "--user" "0:0" "--network" "none" "ghcr.io/rust-lang/crates-build-env/linux@sha256:2788e3201cd34a07e3172128adcd8b3090168a8e3bcc40d7c032b9dda1df7d1c" "/opt/rustwide/cargo-home/bin/cargo" "+beta-2023-12-22" "metadata" "--no-deps" "--format-version=1", kill_on_drop: false }`
[INFO] [stdout] 029a73d526fc0a55868a429e30474a06e2171f438eec4b74ef136cbb6c00ba74
[INFO] running `Command { std: "docker" "start" "-a" "029a73d526fc0a55868a429e30474a06e2171f438eec4b74ef136cbb6c00ba74", kill_on_drop: false }`
[INFO] running `Command { std: "docker" "inspect" "029a73d526fc0a55868a429e30474a06e2171f438eec4b74ef136cbb6c00ba74", kill_on_drop: false }`
[INFO] running `Command { std: "docker" "rm" "-f" "029a73d526fc0a55868a429e30474a06e2171f438eec4b74ef136cbb6c00ba74", kill_on_drop: false }`
[INFO] [stdout] 029a73d526fc0a55868a429e30474a06e2171f438eec4b74ef136cbb6c00ba74
[INFO] running `Command { std: "docker" "create" "-v" "/var/lib/crater-agent-workspace/builds/worker-5-tc2/target:/opt/rustwide/target:rw,Z" "-v" "/var/lib/crater-agent-workspace/builds/worker-5-tc2/source:/opt/rustwide/workdir:ro,Z" "-v" "/var/lib/crater-agent-workspace/cargo-home:/opt/rustwide/cargo-home:ro,Z" "-v" "/var/lib/crater-agent-workspace/rustup-home:/opt/rustwide/rustup-home:ro,Z" "-e" "SOURCE_DIR=/opt/rustwide/workdir" "-e" "CARGO_TARGET_DIR=/opt/rustwide/target" "-e" "CARGO_INCREMENTAL=0" "-e" "RUST_BACKTRACE=full" "-e" "RUSTFLAGS=--cap-lints=warn" "-e" "RUSTDOCFLAGS=--cap-lints=warn" "-e" "CARGO_HOME=/opt/rustwide/cargo-home" "-e" "RUSTUP_HOME=/opt/rustwide/rustup-home" "-w" "/opt/rustwide/workdir" "-m" "1610612736" "--user" "0:0" "--network" "none" "ghcr.io/rust-lang/crates-build-env/linux@sha256:2788e3201cd34a07e3172128adcd8b3090168a8e3bcc40d7c032b9dda1df7d1c" "/opt/rustwide/cargo-home/bin/cargo" "+beta-2023-12-22" "build" "--frozen" "--message-format=json", kill_on_drop: false }`
[INFO] [stdout] c901e0b2d92a1eac6142ced8f2ef5163f6402ab9006ff68a7c2b85d1ff6acab5
[INFO] running `Command { std: "docker" "start" "-a" "c901e0b2d92a1eac6142ced8f2ef5163f6402ab9006ff68a7c2b85d1ff6acab5", kill_on_drop: false }`
[INFO] [stderr]    Compiling libc v0.2.77
[INFO] [stderr]    Compiling proc-macro2 v1.0.23
[INFO] [stderr]    Compiling rand_core v0.4.2
[INFO] [stderr]    Compiling autocfg v0.1.7
[INFO] [stderr]    Compiling syn v1.0.42
[INFO] [stderr]    Compiling unicode-width v0.1.8
[INFO] [stderr]    Compiling gimli v0.22.0
[INFO] [stderr]    Compiling adler v0.2.3
[INFO] [stderr]    Compiling failure_derive v0.1.8
[INFO] [stderr]    Compiling miniz_oxide v0.4.2
[INFO] [stderr]    Compiling serde v1.0.116
[INFO] [stderr]    Compiling ryu v1.0.5
[INFO] [stderr]    Compiling unicode-segmentation v1.6.0
[INFO] [stderr]    Compiling object v0.20.0
[INFO] [stderr]    Compiling regex-syntax v0.6.18
[INFO] [stderr]    Compiling rustc-demangle v0.1.16
[INFO] [stderr]    Compiling textwrap v0.11.0
[INFO] [stderr]    Compiling rand_core v0.3.1
[INFO] [stderr]    Compiling serde_derive v1.0.116
[INFO] [stderr]    Compiling strsim v0.8.0
[INFO] [stderr]    Compiling rand_pcg v0.1.2
[INFO] [stderr]    Compiling rand_chacha v0.1.1
[INFO] [stderr]    Compiling heck v0.3.1
[INFO] [stderr]    Compiling rand v0.6.5
[INFO] [stderr]    Compiling ansi_term v0.11.0
[INFO] [stderr]    Compiling vec_map v0.8.2
[INFO] [stderr]    Compiling serde_json v1.0.57
[INFO] [stderr]    Compiling structopt-derive v0.2.18
[INFO] [stderr]    Compiling rand_isaac v0.1.1
[INFO] [stderr]    Compiling rand_xorshift v0.1.1
[INFO] [stderr]    Compiling rand_hc v0.1.0
[INFO] [stderr]    Compiling rand_jitter v0.1.4
[INFO] [stderr]    Compiling itoa v0.4.6
[INFO] [stderr]    Compiling quote v1.0.7
[INFO] [stderr]    Compiling atty v0.2.14
[INFO] [stderr]    Compiling rand v0.4.6
[INFO] [stderr]    Compiling terminal_size v0.1.13
[INFO] [stderr]    Compiling termios v0.3.2
[INFO] [stderr]    Compiling rand_os v0.1.3
[INFO] [stderr]    Compiling clap v2.33.3
[INFO] [stderr]    Compiling colored v1.9.3
[INFO] [stderr]    Compiling dirs v1.0.5
[INFO] [stderr]    Compiling regex v1.3.9
[INFO] [stderr]    Compiling rand v0.3.23
[INFO] [stderr]    Compiling tempfile v2.2.0
[INFO] [stderr]    Compiling addr2line v0.13.0
[INFO] [stderr]    Compiling console v0.12.0
[INFO] [stderr]    Compiling backtrace v0.3.50
[INFO] [stderr]    Compiling dialoguer v0.1.0
[INFO] [stderr]    Compiling synstructure v0.12.4
[INFO] [stderr]    Compiling structopt v0.2.18
[INFO] [stderr]    Compiling failure v0.1.8
[INFO] [stderr]    Compiling mdio v0.2.0 (https://github.com/pjohansson/mdio#0f959fbc)
[INFO] [stdout] error[E0554]: `#![feature]` may not be used on the beta release channel
[INFO] [stdout]  --> /opt/rustwide/cargo-home/git/checkouts/mdio-8004d07fbf3ad66d/0f959fb/src/lib.rs:1:1
[INFO] [stdout]   |
[INFO] [stdout] 1 | #![feature(nll)]
[INFO] [stdout]   | ^^^^^^^^^^^^^^^^ help: remove the attribute
[INFO] [stdout]   |
[INFO] [stdout]   = help: the feature `nll` has been stable since `1.63.0` and no longer requires an attribute to enable
[INFO] [stdout] 
[INFO] [stdout] 
[INFO] [stdout] error: aborting due to 1 previous error
[INFO] [stdout] 
[INFO] [stdout] 
[INFO] [stdout] For more information about this error, try `rustc --explain E0554`.
[INFO] [stdout] 
[INFO] [stderr] error: could not compile `mdio` (lib) due to 2 previous errors
[INFO] [stderr] warning: build failed, waiting for other jobs to finish...
[INFO] running `Command { std: "docker" "inspect" "c901e0b2d92a1eac6142ced8f2ef5163f6402ab9006ff68a7c2b85d1ff6acab5", kill_on_drop: false }`
[INFO] running `Command { std: "docker" "rm" "-f" "c901e0b2d92a1eac6142ced8f2ef5163f6402ab9006ff68a7c2b85d1ff6acab5", kill_on_drop: false }`
[INFO] [stdout] c901e0b2d92a1eac6142ced8f2ef5163f6402ab9006ff68a7c2b85d1ff6acab5
