[INFO] cloning repository https://github.com/orDnans/rust-server
[INFO] running `Command { std: "git" "-c" "credential.helper=" "-c" "credential.helper=/workspace/cargo-home/bin/git-credential-null" "clone" "--bare" "https://github.com/orDnans/rust-server" "/workspace/cache/git-repos/https%3A%2F%2Fgithub.com%2ForDnans%2Frust-server", kill_on_drop: false }`
[INFO] [stderr] Cloning into bare repository '/workspace/cache/git-repos/https%3A%2F%2Fgithub.com%2ForDnans%2Frust-server'...
[INFO] running `Command { std: "git" "rev-parse" "HEAD", kill_on_drop: false }`
[INFO] [stdout] 2209d0dcf5dc197de510ce5784f2539a4ebb47cd
[INFO] testing orDnans/rust-server against 1.75.0 for beta-1.76-1
[INFO] running `Command { std: "git" "clone" "/workspace/cache/git-repos/https%3A%2F%2Fgithub.com%2ForDnans%2Frust-server" "/workspace/builds/worker-4-tc1/source", kill_on_drop: false }`
[INFO] [stderr] Cloning into '/workspace/builds/worker-4-tc1/source'...
[INFO] [stderr] done.
[INFO] validating manifest of git repo https://github.com/orDnans/rust-server on toolchain 1.75.0
[INFO] running `Command { std: CARGO_HOME="/workspace/cargo-home" RUSTUP_HOME="/workspace/rustup-home" "/workspace/cargo-home/bin/cargo" "+1.75.0" "metadata" "--manifest-path" "Cargo.toml" "--no-deps", kill_on_drop: false }`
[INFO] started tweaking git repo https://github.com/orDnans/rust-server
[INFO] finished tweaking git repo https://github.com/orDnans/rust-server
[INFO] tweaked toml for git repo https://github.com/orDnans/rust-server written to /workspace/builds/worker-4-tc1/source/Cargo.toml
[INFO] crate git repo https://github.com/orDnans/rust-server already has a lockfile, it will not be regenerated
[INFO] running `Command { std: CARGO_HOME="/workspace/cargo-home" RUSTUP_HOME="/workspace/rustup-home" "/workspace/cargo-home/bin/cargo" "+1.75.0" "fetch" "--manifest-path" "Cargo.toml", kill_on_drop: false }`
[INFO] [stderr]     Blocking waiting for file lock on package cache
[ERROR] error running command: no output for 300 seconds
[ERROR] this task or one of its parent failed!
[ERROR] no output for 300 seconds
[ERROR] note: run with `RUST_BACKTRACE=1` to display a backtrace.
[INFO] testing orDnans/rust-server against beta-2023-12-22 for beta-1.76-1
[INFO] running `Command { std: "git" "clone" "/workspace/cache/git-repos/https%3A%2F%2Fgithub.com%2ForDnans%2Frust-server" "/workspace/builds/worker-4-tc2/source", kill_on_drop: false }`
[INFO] [stderr] Cloning into '/workspace/builds/worker-4-tc2/source'...
[INFO] [stderr] done.
[INFO] validating manifest of git repo https://github.com/orDnans/rust-server on toolchain beta-2023-12-22
[INFO] running `Command { std: CARGO_HOME="/workspace/cargo-home" RUSTUP_HOME="/workspace/rustup-home" "/workspace/cargo-home/bin/cargo" "+beta-2023-12-22" "metadata" "--manifest-path" "Cargo.toml" "--no-deps", kill_on_drop: false }`
[INFO] started tweaking git repo https://github.com/orDnans/rust-server
[INFO] finished tweaking git repo https://github.com/orDnans/rust-server
[INFO] tweaked toml for git repo https://github.com/orDnans/rust-server written to /workspace/builds/worker-4-tc2/source/Cargo.toml
[INFO] crate git repo https://github.com/orDnans/rust-server already has a lockfile, it will not be regenerated
[INFO] running `Command { std: CARGO_HOME="/workspace/cargo-home" RUSTUP_HOME="/workspace/rustup-home" "/workspace/cargo-home/bin/cargo" "+beta-2023-12-22" "fetch" "--manifest-path" "Cargo.toml", kill_on_drop: false }`
[INFO] [stderr]     Blocking waiting for file lock on package cache
[INFO] [stderr]     Blocking waiting for file lock on package cache
[INFO] [stderr]  Downloading crates ...
[INFO] [stderr]   Downloaded syn v1.0.34
[INFO] running `Command { std: "docker" "create" "-v" "/var/lib/crater-agent-workspace/builds/worker-4-tc2/target:/opt/rustwide/target:rw,Z" "-v" "/var/lib/crater-agent-workspace/builds/worker-4-tc2/source:/opt/rustwide/workdir:ro,Z" "-v" "/var/lib/crater-agent-workspace/cargo-home:/opt/rustwide/cargo-home:ro,Z" "-v" "/var/lib/crater-agent-workspace/rustup-home:/opt/rustwide/rustup-home:ro,Z" "-e" "SOURCE_DIR=/opt/rustwide/workdir" "-e" "CARGO_TARGET_DIR=/opt/rustwide/target" "-e" "CARGO_HOME=/opt/rustwide/cargo-home" "-e" "RUSTUP_HOME=/opt/rustwide/rustup-home" "-w" "/opt/rustwide/workdir" "-m" "1610612736" "--user" "0:0" "--network" "none" "ghcr.io/rust-lang/crates-build-env/linux@sha256:2788e3201cd34a07e3172128adcd8b3090168a8e3bcc40d7c032b9dda1df7d1c" "/opt/rustwide/cargo-home/bin/cargo" "+beta-2023-12-22" "metadata" "--no-deps" "--format-version=1", kill_on_drop: false }`
[INFO] [stdout] c8884104d35703cf63fe4efb88693d322700472ab4d47be42c980fa664540fd9
[INFO] running `Command { std: "docker" "start" "-a" "c8884104d35703cf63fe4efb88693d322700472ab4d47be42c980fa664540fd9", kill_on_drop: false }`
[INFO] running `Command { std: "docker" "inspect" "c8884104d35703cf63fe4efb88693d322700472ab4d47be42c980fa664540fd9", kill_on_drop: false }`
[INFO] running `Command { std: "docker" "rm" "-f" "c8884104d35703cf63fe4efb88693d322700472ab4d47be42c980fa664540fd9", kill_on_drop: false }`
[INFO] [stdout] c8884104d35703cf63fe4efb88693d322700472ab4d47be42c980fa664540fd9
[INFO] running `Command { std: "docker" "create" "-v" "/var/lib/crater-agent-workspace/builds/worker-4-tc2/target:/opt/rustwide/target:rw,Z" "-v" "/var/lib/crater-agent-workspace/builds/worker-4-tc2/source:/opt/rustwide/workdir:ro,Z" "-v" "/var/lib/crater-agent-workspace/cargo-home:/opt/rustwide/cargo-home:ro,Z" "-v" "/var/lib/crater-agent-workspace/rustup-home:/opt/rustwide/rustup-home:ro,Z" "-e" "SOURCE_DIR=/opt/rustwide/workdir" "-e" "CARGO_TARGET_DIR=/opt/rustwide/target" "-e" "CARGO_INCREMENTAL=0" "-e" "RUST_BACKTRACE=full" "-e" "RUSTFLAGS=--cap-lints=warn" "-e" "RUSTDOCFLAGS=--cap-lints=warn" "-e" "CARGO_HOME=/opt/rustwide/cargo-home" "-e" "RUSTUP_HOME=/opt/rustwide/rustup-home" "-w" "/opt/rustwide/workdir" "-m" "1610612736" "--user" "0:0" "--network" "none" "ghcr.io/rust-lang/crates-build-env/linux@sha256:2788e3201cd34a07e3172128adcd8b3090168a8e3bcc40d7c032b9dda1df7d1c" "/opt/rustwide/cargo-home/bin/cargo" "+beta-2023-12-22" "build" "--frozen" "--message-format=json", kill_on_drop: false }`
[INFO] [stdout] 0caf1b87bd4cbaf55b19b6684c74afebbd40e5cca45996934e09a7f4d29812a6
[INFO] running `Command { std: "docker" "start" "-a" "0caf1b87bd4cbaf55b19b6684c74afebbd40e5cca45996934e09a7f4d29812a6", kill_on_drop: false }`
[INFO] [stderr]    Compiling proc-macro2 v1.0.19
[INFO] [stderr]    Compiling syn v1.0.34
[INFO] [stderr]    Compiling serde_derive v1.0.114
[INFO] [stderr]    Compiling serde v1.0.114
[INFO] [stderr]    Compiling serde_json v1.0.56
[INFO] [stderr]    Compiling quote v1.0.7
[INFO] [stderr]    Compiling rust-server v0.1.0 (/opt/rustwide/workdir)
[INFO] [stdout] warning: associated functions `new` and `default` are never used
[INFO] [stdout]   --> src/main.rs:18:8
[INFO] [stdout]    |
[INFO] [stdout] 16 | impl Config {
[INFO] [stdout]    | ----------- associated functions in this implementation
[INFO] [stdout] 17 |     //constructor if needed
[INFO] [stdout] 18 |     fn new(address: String, port: String) -> Config {
[INFO] [stdout]    |        ^^^
[INFO] [stdout] ...
[INFO] [stdout] 27 |     fn default() -> Config {
[INFO] [stdout]    |        ^^^^^^^
[INFO] [stdout]    |
[INFO] [stdout]    = note: `#[warn(dead_code)]` on by default
[INFO] [stdout] 
[INFO] [stdout] 
[INFO] [stdout] warning: method `post` is never used
[INFO] [stdout]    --> src/main.rs:120:8
[INFO] [stdout]     |
[INFO] [stdout] 56  | impl TreeNode {
[INFO] [stdout]     | ------------- method in this implementation
[INFO] [stdout] ...
[INFO] [stdout] 120 |     fn post(&mut self, post_path:&str, post_handler:fn(TcpStream)) {
[INFO] [stdout]     |        ^^^^
[INFO] [stdout] 
[INFO] [stdout] 
[INFO] [stdout] warning: 2 warnings emitted
[INFO] [stdout] 
[INFO] [stdout] 
[INFO] [stderr]     Finished dev [unoptimized + debuginfo] target(s) in 11.75s
[INFO] running `Command { std: "docker" "inspect" "0caf1b87bd4cbaf55b19b6684c74afebbd40e5cca45996934e09a7f4d29812a6", kill_on_drop: false }`
[INFO] running `Command { std: "docker" "rm" "-f" "0caf1b87bd4cbaf55b19b6684c74afebbd40e5cca45996934e09a7f4d29812a6", kill_on_drop: false }`
[INFO] [stdout] 0caf1b87bd4cbaf55b19b6684c74afebbd40e5cca45996934e09a7f4d29812a6
[INFO] running `Command { std: "docker" "create" "-v" "/var/lib/crater-agent-workspace/builds/worker-4-tc2/target:/opt/rustwide/target:rw,Z" "-v" "/var/lib/crater-agent-workspace/builds/worker-4-tc2/source:/opt/rustwide/workdir:ro,Z" "-v" "/var/lib/crater-agent-workspace/cargo-home:/opt/rustwide/cargo-home:ro,Z" "-v" "/var/lib/crater-agent-workspace/rustup-home:/opt/rustwide/rustup-home:ro,Z" "-e" "SOURCE_DIR=/opt/rustwide/workdir" "-e" "CARGO_TARGET_DIR=/opt/rustwide/target" "-e" "CARGO_INCREMENTAL=0" "-e" "RUST_BACKTRACE=full" "-e" "RUSTFLAGS=--cap-lints=warn" "-e" "RUSTDOCFLAGS=--cap-lints=warn" "-e" "CARGO_HOME=/opt/rustwide/cargo-home" "-e" "RUSTUP_HOME=/opt/rustwide/rustup-home" "-w" "/opt/rustwide/workdir" "-m" "1610612736" "--user" "0:0" "--network" "none" "ghcr.io/rust-lang/crates-build-env/linux@sha256:2788e3201cd34a07e3172128adcd8b3090168a8e3bcc40d7c032b9dda1df7d1c" "/opt/rustwide/cargo-home/bin/cargo" "+beta-2023-12-22" "test" "--frozen" "--no-run" "--message-format=json", kill_on_drop: false }`
[INFO] [stdout] 98e103512676283102dce7d6d33261680d1b0a0cff4827f0b074913e9c1d6d55
[INFO] running `Command { std: "docker" "start" "-a" "98e103512676283102dce7d6d33261680d1b0a0cff4827f0b074913e9c1d6d55", kill_on_drop: false }`
[INFO] [stderr]    Compiling rust-server v0.1.0 (/opt/rustwide/workdir)
[INFO] [stdout] warning: associated functions `new` and `default` are never used
[INFO] [stdout]   --> src/main.rs:18:8
[INFO] [stdout]    |
[INFO] [stdout] 16 | impl Config {
[INFO] [stdout]    | ----------- associated functions in this implementation
[INFO] [stdout] 17 |     //constructor if needed
[INFO] [stdout] 18 |     fn new(address: String, port: String) -> Config {
[INFO] [stdout]    |        ^^^
[INFO] [stdout] ...
[INFO] [stdout] 27 |     fn default() -> Config {
[INFO] [stdout]    |        ^^^^^^^
[INFO] [stdout]    |
[INFO] [stdout]    = note: `#[warn(dead_code)]` on by default
[INFO] [stdout] 
[INFO] [stdout] 
[INFO] [stdout] warning: method `post` is never used
[INFO] [stdout]    --> src/main.rs:120:8
[INFO] [stdout]     |
[INFO] [stdout] 56  | impl TreeNode {
[INFO] [stdout]     | ------------- method in this implementation
[INFO] [stdout] ...
[INFO] [stdout] 120 |     fn post(&mut self, post_path:&str, post_handler:fn(TcpStream)) {
[INFO] [stdout]     |        ^^^^
[INFO] [stdout] 
[INFO] [stdout] 
[INFO] [stdout] warning: 2 warnings emitted
[INFO] [stdout] 
[INFO] [stdout] 
[INFO] [stderr]     Finished test [unoptimized + debuginfo] target(s) in 0.25s
[INFO] running `Command { std: "docker" "inspect" "98e103512676283102dce7d6d33261680d1b0a0cff4827f0b074913e9c1d6d55", kill_on_drop: false }`
[INFO] running `Command { std: "docker" "rm" "-f" "98e103512676283102dce7d6d33261680d1b0a0cff4827f0b074913e9c1d6d55", kill_on_drop: false }`
[INFO] [stdout] 98e103512676283102dce7d6d33261680d1b0a0cff4827f0b074913e9c1d6d55
[INFO] running `Command { std: "docker" "create" "-v" "/var/lib/crater-agent-workspace/builds/worker-4-tc2/target:/opt/rustwide/target:rw,Z" "-v" "/var/lib/crater-agent-workspace/builds/worker-4-tc2/source:/opt/rustwide/workdir:ro,Z" "-v" "/var/lib/crater-agent-workspace/cargo-home:/opt/rustwide/cargo-home:ro,Z" "-v" "/var/lib/crater-agent-workspace/rustup-home:/opt/rustwide/rustup-home:ro,Z" "-e" "SOURCE_DIR=/opt/rustwide/workdir" "-e" "CARGO_TARGET_DIR=/opt/rustwide/target" "-e" "CARGO_INCREMENTAL=0" "-e" "RUST_BACKTRACE=full" "-e" "RUSTFLAGS=--cap-lints=warn" "-e" "RUSTDOCFLAGS=--cap-lints=warn" "-e" "CARGO_HOME=/opt/rustwide/cargo-home" "-e" "RUSTUP_HOME=/opt/rustwide/rustup-home" "-w" "/opt/rustwide/workdir" "-m" "1610612736" "--user" "0:0" "--network" "none" "ghcr.io/rust-lang/crates-build-env/linux@sha256:2788e3201cd34a07e3172128adcd8b3090168a8e3bcc40d7c032b9dda1df7d1c" "/opt/rustwide/cargo-home/bin/cargo" "+beta-2023-12-22" "test" "--frozen", kill_on_drop: false }`
[INFO] [stdout] 1d9dccf2cb9e6ff05f101a7719155039f07273a2c35f7b0833be582407b36277
[INFO] running `Command { std: "docker" "start" "-a" "1d9dccf2cb9e6ff05f101a7719155039f07273a2c35f7b0833be582407b36277", kill_on_drop: false }`
[INFO] [stderr] warning: associated functions `new` and `default` are never used
[INFO] [stderr]   --> src/main.rs:18:8
[INFO] [stderr]    |
[INFO] [stderr] 16 | impl Config {
[INFO] [stderr]    | ----------- associated functions in this implementation
[INFO] [stderr] 17 |     //constructor if needed
[INFO] [stderr] 18 |     fn new(address: String, port: String) -> Config {
[INFO] [stderr]    |        ^^^
[INFO] [stderr] ...
[INFO] [stderr] 27 |     fn default() -> Config {
[INFO] [stderr]    |        ^^^^^^^
[INFO] [stderr]    |
[INFO] [stderr]    = note: `#[warn(dead_code)]` on by default
[INFO] [stderr] 
[INFO] [stderr] warning: method `post` is never used
[INFO] [stderr]    --> src/main.rs:120:8
[INFO] [stderr]     |
[INFO] [stderr] 56  | impl TreeNode {
[INFO] [stderr]     | ------------- method in this implementation
[INFO] [stderr] ...
[INFO] [stderr] 120 |     fn post(&mut self, post_path:&str, post_handler:fn(TcpStream)) {
[INFO] [stderr]     |        ^^^^
[INFO] [stderr] 
[INFO] [stderr] warning: `rust-server` (bin "rust-server" test) generated 2 warnings
[INFO] [stderr]     Finished test [unoptimized + debuginfo] target(s) in 0.02s
[INFO] [stderr]      Running unittests src/main.rs (/opt/rustwide/target/debug/deps/rust_server-d5003fd7043764ef)
[INFO] [stdout] 
[INFO] [stdout] running 0 tests
[INFO] [stdout] 
[INFO] [stdout] test result: ok. 0 passed; 0 failed; 0 ignored; 0 measured; 0 filtered out; finished in 0.00s
[INFO] [stdout] 
[INFO] running `Command { std: "docker" "inspect" "1d9dccf2cb9e6ff05f101a7719155039f07273a2c35f7b0833be582407b36277", kill_on_drop: false }`
[INFO] running `Command { std: "docker" "rm" "-f" "1d9dccf2cb9e6ff05f101a7719155039f07273a2c35f7b0833be582407b36277", kill_on_drop: false }`
[INFO] [stdout] 1d9dccf2cb9e6ff05f101a7719155039f07273a2c35f7b0833be582407b36277
