[INFO] cloning repository https://github.com/mikedotexe/cw-boolean-contract-caller
[INFO] running `Command { std: "git" "-c" "credential.helper=" "-c" "credential.helper=/workspace/cargo-home/bin/git-credential-null" "clone" "--bare" "https://github.com/mikedotexe/cw-boolean-contract-caller" "/workspace/cache/git-repos/https%3A%2F%2Fgithub.com%2Fmikedotexe%2Fcw-boolean-contract-caller", kill_on_drop: false }`
[INFO] [stderr] Cloning into bare repository '/workspace/cache/git-repos/https%3A%2F%2Fgithub.com%2Fmikedotexe%2Fcw-boolean-contract-caller'...
[INFO] running `Command { std: "git" "rev-parse" "HEAD", kill_on_drop: false }`
[INFO] [stdout] 6e52d211607bf08d657b0284842b96abe639decf
[INFO] testing mikedotexe/cw-boolean-contract-caller against 1.75.0 for beta-1.76-1
[INFO] running `Command { std: "git" "clone" "/workspace/cache/git-repos/https%3A%2F%2Fgithub.com%2Fmikedotexe%2Fcw-boolean-contract-caller" "/workspace/builds/worker-1-tc1/source", kill_on_drop: false }`
[INFO] [stderr] Cloning into '/workspace/builds/worker-1-tc1/source'...
[INFO] [stderr] done.
[INFO] validating manifest of git repo https://github.com/mikedotexe/cw-boolean-contract-caller on toolchain 1.75.0
[INFO] running `Command { std: CARGO_HOME="/workspace/cargo-home" RUSTUP_HOME="/workspace/rustup-home" "/workspace/cargo-home/bin/cargo" "+1.75.0" "metadata" "--manifest-path" "Cargo.toml" "--no-deps", kill_on_drop: false }`
[INFO] removed /workspace/builds/worker-1-tc1/source/.cargo/config
[INFO] started tweaking git repo https://github.com/mikedotexe/cw-boolean-contract-caller
[INFO] finished tweaking git repo https://github.com/mikedotexe/cw-boolean-contract-caller
[INFO] tweaked toml for git repo https://github.com/mikedotexe/cw-boolean-contract-caller written to /workspace/builds/worker-1-tc1/source/Cargo.toml
[INFO] crate git repo https://github.com/mikedotexe/cw-boolean-contract-caller already has a lockfile, it will not be regenerated
[INFO] running `Command { std: CARGO_HOME="/workspace/cargo-home" RUSTUP_HOME="/workspace/rustup-home" "/workspace/cargo-home/bin/cargo" "+1.75.0" "fetch" "--manifest-path" "Cargo.toml", kill_on_drop: false }`
[INFO] [stderr] warning: unused manifest key: package.maintenance
[INFO] [stderr]     Blocking waiting for file lock on package cache
[INFO] [stderr]     Updating crates.io index
[INFO] [stderr]     Blocking waiting for file lock on package cache
[ERROR] error running command: no output for 300 seconds
[ERROR] this task or one of its parent failed!
[ERROR] no output for 300 seconds
[ERROR] note: run with `RUST_BACKTRACE=1` to display a backtrace.
[INFO] testing mikedotexe/cw-boolean-contract-caller against beta-2023-12-22 for beta-1.76-1
[INFO] running `Command { std: "git" "clone" "/workspace/cache/git-repos/https%3A%2F%2Fgithub.com%2Fmikedotexe%2Fcw-boolean-contract-caller" "/workspace/builds/worker-1-tc2/source", kill_on_drop: false }`
[INFO] [stderr] Cloning into '/workspace/builds/worker-1-tc2/source'...
[INFO] [stderr] done.
[INFO] validating manifest of git repo https://github.com/mikedotexe/cw-boolean-contract-caller on toolchain beta-2023-12-22
[INFO] running `Command { std: CARGO_HOME="/workspace/cargo-home" RUSTUP_HOME="/workspace/rustup-home" "/workspace/cargo-home/bin/cargo" "+beta-2023-12-22" "metadata" "--manifest-path" "Cargo.toml" "--no-deps", kill_on_drop: false }`
[INFO] removed /workspace/builds/worker-1-tc2/source/.cargo/config
[INFO] started tweaking git repo https://github.com/mikedotexe/cw-boolean-contract-caller
[INFO] finished tweaking git repo https://github.com/mikedotexe/cw-boolean-contract-caller
[INFO] tweaked toml for git repo https://github.com/mikedotexe/cw-boolean-contract-caller written to /workspace/builds/worker-1-tc2/source/Cargo.toml
[INFO] crate git repo https://github.com/mikedotexe/cw-boolean-contract-caller already has a lockfile, it will not be regenerated
[INFO] running `Command { std: CARGO_HOME="/workspace/cargo-home" RUSTUP_HOME="/workspace/rustup-home" "/workspace/cargo-home/bin/cargo" "+beta-2023-12-22" "fetch" "--manifest-path" "Cargo.toml", kill_on_drop: false }`
[INFO] [stderr] warning: unused manifest key: package.maintenance
[INFO] [stderr]     Blocking waiting for file lock on package cache
[INFO] [stderr]     Blocking waiting for file lock on package cache
[INFO] [stderr]  Downloading crates ...
[INFO] [stderr]   Downloaded cosmwasm-schema v1.1.9
[INFO] [stderr]   Downloaded cosmwasm-crypto v1.2.1
[INFO] [stderr]   Downloaded cw20 v0.16.0
[INFO] [stderr]   Downloaded cron_schedule v0.2.3
[INFO] [stderr]   Downloaded croncat-mod-generic v0.1.0
[INFO] [stderr]   Downloaded cosmwasm-std v1.2.1
[INFO] [stderr]   Downloaded cosmwasm-schema-derive v1.1.9
[INFO] [stderr]   Downloaded croncat-sdk-core v0.1.0
[INFO] [stderr]   Downloaded croncat-sdk-factory v0.1.0
[INFO] [stderr]   Downloaded cosmwasm-derive v1.2.1
[INFO] [stderr]   Downloaded mod-sdk v0.1.0
[INFO] [stderr]   Downloaded croncat-sdk-tasks v0.1.0
[INFO] running `Command { std: "docker" "create" "-v" "/var/lib/crater-agent-workspace/builds/worker-1-tc2/target:/opt/rustwide/target:rw,Z" "-v" "/var/lib/crater-agent-workspace/builds/worker-1-tc2/source:/opt/rustwide/workdir:ro,Z" "-v" "/var/lib/crater-agent-workspace/cargo-home:/opt/rustwide/cargo-home:ro,Z" "-v" "/var/lib/crater-agent-workspace/rustup-home:/opt/rustwide/rustup-home:ro,Z" "-e" "SOURCE_DIR=/opt/rustwide/workdir" "-e" "CARGO_TARGET_DIR=/opt/rustwide/target" "-e" "CARGO_HOME=/opt/rustwide/cargo-home" "-e" "RUSTUP_HOME=/opt/rustwide/rustup-home" "-w" "/opt/rustwide/workdir" "-m" "1610612736" "--user" "0:0" "--network" "none" "ghcr.io/rust-lang/crates-build-env/linux@sha256:2788e3201cd34a07e3172128adcd8b3090168a8e3bcc40d7c032b9dda1df7d1c" "/opt/rustwide/cargo-home/bin/cargo" "+beta-2023-12-22" "metadata" "--no-deps" "--format-version=1", kill_on_drop: false }`
[INFO] [stdout] f1170cb267e5fc7e0ee83a15a226606756433021870f9425c84b33e0b1e33d45
[INFO] running `Command { std: "docker" "start" "-a" "f1170cb267e5fc7e0ee83a15a226606756433021870f9425c84b33e0b1e33d45", kill_on_drop: false }`
[INFO] running `Command { std: "docker" "inspect" "f1170cb267e5fc7e0ee83a15a226606756433021870f9425c84b33e0b1e33d45", kill_on_drop: false }`
[INFO] running `Command { std: "docker" "rm" "-f" "f1170cb267e5fc7e0ee83a15a226606756433021870f9425c84b33e0b1e33d45", kill_on_drop: false }`
[INFO] [stdout] f1170cb267e5fc7e0ee83a15a226606756433021870f9425c84b33e0b1e33d45
[INFO] running `Command { std: "docker" "create" "-v" "/var/lib/crater-agent-workspace/builds/worker-1-tc2/target:/opt/rustwide/target:rw,Z" "-v" "/var/lib/crater-agent-workspace/builds/worker-1-tc2/source:/opt/rustwide/workdir:ro,Z" "-v" "/var/lib/crater-agent-workspace/cargo-home:/opt/rustwide/cargo-home:ro,Z" "-v" "/var/lib/crater-agent-workspace/rustup-home:/opt/rustwide/rustup-home:ro,Z" "-e" "SOURCE_DIR=/opt/rustwide/workdir" "-e" "CARGO_TARGET_DIR=/opt/rustwide/target" "-e" "CARGO_INCREMENTAL=0" "-e" "RUST_BACKTRACE=full" "-e" "RUSTFLAGS=--cap-lints=warn" "-e" "RUSTDOCFLAGS=--cap-lints=warn" "-e" "CARGO_HOME=/opt/rustwide/cargo-home" "-e" "RUSTUP_HOME=/opt/rustwide/rustup-home" "-w" "/opt/rustwide/workdir" "-m" "1610612736" "--user" "0:0" "--network" "none" "ghcr.io/rust-lang/crates-build-env/linux@sha256:2788e3201cd34a07e3172128adcd8b3090168a8e3bcc40d7c032b9dda1df7d1c" "/opt/rustwide/cargo-home/bin/cargo" "+beta-2023-12-22" "build" "--frozen" "--message-format=json", kill_on_drop: false }`
[INFO] [stdout] dbebaad86f5795a1cd483b20ecbbef72b02a02f95074e502b6b828df8d10cebb
[INFO] running `Command { std: "docker" "start" "-a" "dbebaad86f5795a1cd483b20ecbbef72b02a02f95074e502b6b828df8d10cebb", kill_on_drop: false }`
[INFO] [stderr] warning: unused manifest key: package.maintenance
[INFO] [stderr]    Compiling version_check v0.9.4
[INFO] [stderr]    Compiling typenum v1.15.0
[INFO] [stderr]    Compiling proc-macro2 v1.0.47
[INFO] [stderr]    Compiling unicode-ident v1.0.5
[INFO] [stderr]    Compiling quote v1.0.21
[INFO] [stderr]    Compiling syn v1.0.103
[INFO] [stderr]    Compiling libc v0.2.137
[INFO] [stderr]    Compiling cfg-if v1.0.0
[INFO] [stderr]    Compiling subtle v2.4.1
[INFO] [stderr]    Compiling zeroize v1.5.7
[INFO] [stderr]    Compiling serde_derive v1.0.147
[INFO] [stderr]    Compiling serde v1.0.147
[INFO] [stderr]    Compiling generic-array v0.14.6
[INFO] [stderr]    Compiling const-oid v0.9.0
[INFO] [stderr]    Compiling base64ct v1.5.3
[INFO] [stderr]    Compiling der v0.6.0
[INFO] [stderr]    Compiling ahash v0.7.6
[INFO] [stderr]    Compiling once_cell v1.15.0
[INFO] [stderr]    Compiling base16ct v0.1.1
[INFO] [stderr]    Compiling cpufeatures v0.2.5
[INFO] [stderr]    Compiling byteorder v1.4.3
[INFO] [stderr]    Compiling thiserror v1.0.37
[INFO] [stderr]    Compiling serde_json v1.0.87
[INFO] [stderr]    Compiling getrandom v0.2.8
[INFO] [stderr]    Compiling itoa v1.0.4
[INFO] [stderr]    Compiling rand_core v0.5.1
[INFO] [stderr]    Compiling rand_core v0.6.4
[INFO] [stderr]    Compiling ryu v1.0.11
[INFO] [stderr]    Compiling schemars v0.8.11
[INFO] [stderr]    Compiling spki v0.6.0
[INFO] [stderr]    Compiling pkcs8 v0.9.0
[INFO] [stderr]    Compiling ff v0.12.0
[INFO] [stderr]    Compiling crunchy v0.2.2
[INFO] [stderr]    Compiling group v0.12.1
[INFO] [stderr]    Compiling hex v0.4.3
[INFO] [stderr]    Compiling opaque-debug v0.3.0
[INFO] [stderr]    Compiling hashbrown v0.12.3
[INFO] [stderr]    Compiling dyn-clone v1.0.9
[INFO] [stderr]    Compiling static_assertions v1.1.0
[INFO] [stderr]    Compiling forward_ref v1.0.0
[INFO] [stderr]    Compiling base64 v0.13.1
[INFO] [stderr]    Compiling autocfg v1.1.0
[INFO] [stderr]    Compiling semver v1.0.16
[INFO] [stderr]    Compiling memchr v2.5.0
[INFO] [stderr]    Compiling uint v0.9.4
[INFO] [stderr]    Compiling iana-time-zone v0.1.53
[INFO] [stderr]    Compiling crypto-common v0.1.6
[INFO] [stderr]    Compiling block-buffer v0.10.3
[INFO] [stderr]    Compiling crypto-bigint v0.4.9
[INFO] [stderr]    Compiling sec1 v0.3.0
[INFO] [stderr]    Compiling digest v0.9.0
[INFO] [stderr]    Compiling block-buffer v0.9.0
[INFO] [stderr]    Compiling digest v0.10.5
[INFO] [stderr]    Compiling sha2 v0.9.9
[INFO] [stderr]    Compiling curve25519-dalek v3.2.0
[INFO] [stderr]    Compiling num-traits v0.2.15
[INFO] [stderr]    Compiling num-integer v0.1.45
[INFO] [stderr]    Compiling hmac v0.12.1
[INFO] [stderr]    Compiling signature v1.6.4
[INFO] [stderr]    Compiling sha2 v0.10.6
[INFO] [stderr]    Compiling rfc6979 v0.3.0
[INFO] [stderr]    Compiling elliptic-curve v0.12.3
[INFO] [stderr]    Compiling nom v4.1.1
[INFO] [stderr]    Compiling ecdsa v0.14.8
[INFO] [stderr]    Compiling k256 v0.11.6
[INFO] [stderr]    Compiling chrono v0.4.23
[INFO] [stderr]    Compiling serde_derive_internals v0.26.0
[INFO] [stderr]    Compiling thiserror-impl v1.0.37
[INFO] [stderr]    Compiling derivative v2.2.0
[INFO] [stderr]    Compiling cosmwasm-derive v1.2.1
[INFO] [stderr]    Compiling cosmwasm-schema-derive v1.1.9
[INFO] [stderr]    Compiling schemars_derive v0.8.11
[INFO] [stderr]    Compiling cron_schedule v0.2.3
[INFO] [stderr]    Compiling ed25519-zebra v3.1.0
[INFO] [stderr]    Compiling serde-json-wasm v0.5.0
[INFO] [stderr]    Compiling serde-cw-value v0.7.0
[INFO] [stderr]    Compiling cosmwasm-crypto v1.2.1
[INFO] [stderr]    Compiling cosmwasm-std v1.2.1
[INFO] [stderr]    Compiling cosmwasm-schema v1.1.9
[INFO] [stderr]    Compiling cw-storage-plus v0.16.0
[INFO] [stderr]    Compiling cw-storage-plus v1.0.1
[INFO] [stderr]    Compiling mod-sdk v0.1.0
[INFO] [stderr]    Compiling cw2 v0.16.0
[INFO] [stderr]    Compiling cw2 v1.0.1
[INFO] [stderr]    Compiling croncat-sdk-factory v0.1.0
[INFO] [stderr]    Compiling cw-utils v0.16.0
[INFO] [stderr]    Compiling cw20 v0.16.0
[INFO] [stderr]    Compiling croncat-mod-generic v0.1.0
[INFO] [stderr]    Compiling croncat-sdk-core v0.1.0
[INFO] [stderr]    Compiling croncat-sdk-tasks v0.1.0
[INFO] [stderr]    Compiling boolean-contract-caller v0.1.0 (/opt/rustwide/workdir)
[INFO] [stdout] error[E0433]: failed to resolve: use of undeclared crate or module `boolean_contract`
[INFO] [stdout]  --> schema-maker/schema.rs:3:5
[INFO] [stdout]   |
[INFO] [stdout] 3 | use boolean_contract::msgs::execute_msg::ExecuteMsg;
[INFO] [stdout]   |     ^^^^^^^^^^^^^^^^ use of undeclared crate or module `boolean_contract`
[INFO] [stdout] 
[INFO] [stdout] 
[INFO] [stdout] error[E0433]: failed to resolve: use of undeclared crate or module `boolean_contract`
[INFO] [stdout]  --> schema-maker/schema.rs:4:5
[INFO] [stdout]   |
[INFO] [stdout] 4 | use boolean_contract::msgs::instantiate_msg::InstantiateMsg;
[INFO] [stdout]   |     ^^^^^^^^^^^^^^^^ use of undeclared crate or module `boolean_contract`
[INFO] [stdout] 
[INFO] [stdout] 
[INFO] [stdout] error[E0433]: failed to resolve: use of undeclared crate or module `boolean_contract`
[INFO] [stdout]  --> schema-maker/schema.rs:5:5
[INFO] [stdout]   |
[INFO] [stdout] 5 | use boolean_contract::msgs::query_msg::QueryMsg;
[INFO] [stdout]   |     ^^^^^^^^^^^^^^^^ use of undeclared crate or module `boolean_contract`
[INFO] [stdout] 
[INFO] [stdout] 
[INFO] [stdout] error: aborting due to 3 previous errors
[INFO] [stdout] 
[INFO] [stdout] 
[INFO] [stdout] For more information about this error, try `rustc --explain E0433`.
[INFO] [stdout] 
[INFO] [stderr] error: could not compile `boolean-contract-caller` (bin "make-schema") due to 4 previous errors
[INFO] running `Command { std: "docker" "inspect" "dbebaad86f5795a1cd483b20ecbbef72b02a02f95074e502b6b828df8d10cebb", kill_on_drop: false }`
[INFO] running `Command { std: "docker" "rm" "-f" "dbebaad86f5795a1cd483b20ecbbef72b02a02f95074e502b6b828df8d10cebb", kill_on_drop: false }`
[INFO] [stdout] dbebaad86f5795a1cd483b20ecbbef72b02a02f95074e502b6b828df8d10cebb
