[INFO] cloning repository https://github.com/mfirry/rwa_calc
[INFO] running `Command { std: "git" "-c" "credential.helper=" "-c" "credential.helper=/workspace/cargo-home/bin/git-credential-null" "clone" "--bare" "https://github.com/mfirry/rwa_calc" "/workspace/cache/git-repos/https%3A%2F%2Fgithub.com%2Fmfirry%2Frwa_calc", kill_on_drop: false }`
[INFO] [stderr] Cloning into bare repository '/workspace/cache/git-repos/https%3A%2F%2Fgithub.com%2Fmfirry%2Frwa_calc'...
[INFO] running `Command { std: "git" "rev-parse" "HEAD", kill_on_drop: false }`
[INFO] [stdout] 9ad5136e41d1e58ae665cd2a2f6756fba03dfbe4
[INFO] testing mfirry/rwa_calc against 1.75.0 for beta-1.76-1
[INFO] running `Command { std: "git" "clone" "/workspace/cache/git-repos/https%3A%2F%2Fgithub.com%2Fmfirry%2Frwa_calc" "/workspace/builds/worker-4-tc1/source", kill_on_drop: false }`
[INFO] [stderr] Cloning into '/workspace/builds/worker-4-tc1/source'...
[INFO] [stderr] done.
[INFO] validating manifest of git repo https://github.com/mfirry/rwa_calc on toolchain 1.75.0
[INFO] running `Command { std: CARGO_HOME="/workspace/cargo-home" RUSTUP_HOME="/workspace/rustup-home" "/workspace/cargo-home/bin/cargo" "+1.75.0" "metadata" "--manifest-path" "Cargo.toml" "--no-deps", kill_on_drop: false }`
[INFO] started tweaking git repo https://github.com/mfirry/rwa_calc
[INFO] finished tweaking git repo https://github.com/mfirry/rwa_calc
[INFO] tweaked toml for git repo https://github.com/mfirry/rwa_calc written to /workspace/builds/worker-4-tc1/source/Cargo.toml
[INFO] crate git repo https://github.com/mfirry/rwa_calc already has a lockfile, it will not be regenerated
[INFO] running `Command { std: CARGO_HOME="/workspace/cargo-home" RUSTUP_HOME="/workspace/rustup-home" "/workspace/cargo-home/bin/cargo" "+1.75.0" "fetch" "--manifest-path" "Cargo.toml", kill_on_drop: false }`
[INFO] [stderr]     Blocking waiting for file lock on package cache
[ERROR] error running command: no output for 300 seconds
[ERROR] this task or one of its parent failed!
[ERROR] no output for 300 seconds
[ERROR] note: run with `RUST_BACKTRACE=1` to display a backtrace.
[INFO] testing mfirry/rwa_calc against beta-2023-12-22 for beta-1.76-1
[INFO] running `Command { std: "git" "clone" "/workspace/cache/git-repos/https%3A%2F%2Fgithub.com%2Fmfirry%2Frwa_calc" "/workspace/builds/worker-4-tc2/source", kill_on_drop: false }`
[INFO] [stderr] Cloning into '/workspace/builds/worker-4-tc2/source'...
[INFO] [stderr] done.
[INFO] validating manifest of git repo https://github.com/mfirry/rwa_calc on toolchain beta-2023-12-22
[INFO] running `Command { std: CARGO_HOME="/workspace/cargo-home" RUSTUP_HOME="/workspace/rustup-home" "/workspace/cargo-home/bin/cargo" "+beta-2023-12-22" "metadata" "--manifest-path" "Cargo.toml" "--no-deps", kill_on_drop: false }`
[INFO] started tweaking git repo https://github.com/mfirry/rwa_calc
[INFO] finished tweaking git repo https://github.com/mfirry/rwa_calc
[INFO] tweaked toml for git repo https://github.com/mfirry/rwa_calc written to /workspace/builds/worker-4-tc2/source/Cargo.toml
[INFO] crate git repo https://github.com/mfirry/rwa_calc already has a lockfile, it will not be regenerated
[INFO] running `Command { std: CARGO_HOME="/workspace/cargo-home" RUSTUP_HOME="/workspace/rustup-home" "/workspace/cargo-home/bin/cargo" "+beta-2023-12-22" "fetch" "--manifest-path" "Cargo.toml", kill_on_drop: false }`
[INFO] [stderr]     Blocking waiting for file lock on package cache
[INFO] [stderr]     Blocking waiting for file lock on package cache
[INFO] running `Command { std: "docker" "create" "-v" "/var/lib/crater-agent-workspace/builds/worker-4-tc2/target:/opt/rustwide/target:rw,Z" "-v" "/var/lib/crater-agent-workspace/builds/worker-4-tc2/source:/opt/rustwide/workdir:ro,Z" "-v" "/var/lib/crater-agent-workspace/cargo-home:/opt/rustwide/cargo-home:ro,Z" "-v" "/var/lib/crater-agent-workspace/rustup-home:/opt/rustwide/rustup-home:ro,Z" "-e" "SOURCE_DIR=/opt/rustwide/workdir" "-e" "CARGO_TARGET_DIR=/opt/rustwide/target" "-e" "CARGO_HOME=/opt/rustwide/cargo-home" "-e" "RUSTUP_HOME=/opt/rustwide/rustup-home" "-w" "/opt/rustwide/workdir" "-m" "1610612736" "--user" "0:0" "--network" "none" "ghcr.io/rust-lang/crates-build-env/linux@sha256:2788e3201cd34a07e3172128adcd8b3090168a8e3bcc40d7c032b9dda1df7d1c" "/opt/rustwide/cargo-home/bin/cargo" "+beta-2023-12-22" "metadata" "--no-deps" "--format-version=1", kill_on_drop: false }`
[INFO] [stdout] 67109691b521c23713bff320ee61be94c82b568c3a22f732d412f327362e8ac2
[INFO] running `Command { std: "docker" "start" "-a" "67109691b521c23713bff320ee61be94c82b568c3a22f732d412f327362e8ac2", kill_on_drop: false }`
[INFO] running `Command { std: "docker" "inspect" "67109691b521c23713bff320ee61be94c82b568c3a22f732d412f327362e8ac2", kill_on_drop: false }`
[INFO] running `Command { std: "docker" "rm" "-f" "67109691b521c23713bff320ee61be94c82b568c3a22f732d412f327362e8ac2", kill_on_drop: false }`
[INFO] [stdout] 67109691b521c23713bff320ee61be94c82b568c3a22f732d412f327362e8ac2
[INFO] running `Command { std: "docker" "create" "-v" "/var/lib/crater-agent-workspace/builds/worker-4-tc2/target:/opt/rustwide/target:rw,Z" "-v" "/var/lib/crater-agent-workspace/builds/worker-4-tc2/source:/opt/rustwide/workdir:ro,Z" "-v" "/var/lib/crater-agent-workspace/cargo-home:/opt/rustwide/cargo-home:ro,Z" "-v" "/var/lib/crater-agent-workspace/rustup-home:/opt/rustwide/rustup-home:ro,Z" "-e" "SOURCE_DIR=/opt/rustwide/workdir" "-e" "CARGO_TARGET_DIR=/opt/rustwide/target" "-e" "CARGO_INCREMENTAL=0" "-e" "RUST_BACKTRACE=full" "-e" "RUSTFLAGS=--cap-lints=warn" "-e" "RUSTDOCFLAGS=--cap-lints=warn" "-e" "CARGO_HOME=/opt/rustwide/cargo-home" "-e" "RUSTUP_HOME=/opt/rustwide/rustup-home" "-w" "/opt/rustwide/workdir" "-m" "1610612736" "--user" "0:0" "--network" "none" "ghcr.io/rust-lang/crates-build-env/linux@sha256:2788e3201cd34a07e3172128adcd8b3090168a8e3bcc40d7c032b9dda1df7d1c" "/opt/rustwide/cargo-home/bin/cargo" "+beta-2023-12-22" "build" "--frozen" "--message-format=json", kill_on_drop: false }`
[INFO] [stdout] aff8663bfd805b25068754a83abf123c2576610e2490e8c2708384f2a096d4f7
[INFO] running `Command { std: "docker" "start" "-a" "aff8663bfd805b25068754a83abf123c2576610e2490e8c2708384f2a096d4f7", kill_on_drop: false }`
[INFO] [stderr]    Compiling autocfg v1.1.0
[INFO] [stderr]    Compiling libm v0.2.2
[INFO] [stderr]    Compiling libc v0.2.117
[INFO] [stderr]    Compiling cfg-if v1.0.0
[INFO] [stderr]    Compiling proc-macro2 v1.0.36
[INFO] [stderr]    Compiling unicode-xid v0.2.2
[INFO] [stderr]    Compiling syn v1.0.86
[INFO] [stderr]    Compiling ppv-lite86 v0.2.16
[INFO] [stderr]    Compiling typenum v1.15.0
[INFO] [stderr]    Compiling rawpointer v0.2.1
[INFO] [stderr]    Compiling paste v1.0.6
[INFO] [stderr]    Compiling lazy_static v1.4.0
[INFO] [stderr]    Compiling matrixmultiply v0.3.2
[INFO] [stderr]    Compiling num-traits v0.2.14
[INFO] [stderr]    Compiling num-integer v0.1.44
[INFO] [stderr]    Compiling num-rational v0.4.0
[INFO] [stderr]    Compiling quote v1.0.15
[INFO] [stderr]    Compiling getrandom v0.2.4
[INFO] [stderr]    Compiling rand_core v0.6.3
[INFO] [stderr]    Compiling rand_chacha v0.3.1
[INFO] [stderr]    Compiling rand v0.8.4
[INFO] [stderr]    Compiling num-complex v0.4.0
[INFO] [stderr]    Compiling approx v0.5.1
[INFO] [stderr]    Compiling simba v0.5.1
[INFO] [stderr]    Compiling rand_distr v0.4.3
[INFO] [stderr]    Compiling nalgebra-macros v0.1.0
[INFO] [stderr]    Compiling nalgebra v0.27.1
[INFO] [stderr]    Compiling statrs v0.15.0
[INFO] [stderr]    Compiling rwa_calc v0.0.1 (/opt/rustwide/workdir)
[INFO] [stdout] warning: unnecessary parentheses around assigned value
[INFO] [stdout]   --> src/lib.rs:31:22
[INFO] [stdout]    |
[INFO] [stdout] 31 |     let corr_cl_cs = (0.12 * (1.0 - E.powf(pd * -50.0)) / (1.0 - E.powf(-50.0))
[INFO] [stdout]    |                      ^
[INFO] [stdout] 32 |         + 0.24 * (1.0 - (1.0 - E.powf(-50.0 * pd)) / (1.0 - E.powf(-50.0))));
[INFO] [stdout]    |                                                                            ^
[INFO] [stdout]    |
[INFO] [stdout]    = note: `#[warn(unused_parens)]` on by default
[INFO] [stdout] help: remove these parentheses
[INFO] [stdout]    |
[INFO] [stdout] 31 ~     let corr_cl_cs = 0.12 * (1.0 - E.powf(pd * -50.0)) / (1.0 - E.powf(-50.0))
[INFO] [stdout] 32 ~         + 0.24 * (1.0 - (1.0 - E.powf(-50.0 * pd)) / (1.0 - E.powf(-50.0)));
[INFO] [stdout]    |
[INFO] [stdout] 
[INFO] [stdout] 
[INFO] [stdout] warning: 1 warning emitted
[INFO] [stdout] 
[INFO] [stdout] 
[INFO] [stderr]     Finished dev [unoptimized + debuginfo] target(s) in 27.39s
[INFO] [stderr] warning: the following packages contain code that will be rejected by a future version of Rust: nalgebra v0.27.1
[INFO] [stderr] note: to see what the problems were, use the option `--future-incompat-report`, or run `cargo report future-incompatibilities --id 1`
[INFO] running `Command { std: "docker" "inspect" "aff8663bfd805b25068754a83abf123c2576610e2490e8c2708384f2a096d4f7", kill_on_drop: false }`
[INFO] running `Command { std: "docker" "rm" "-f" "aff8663bfd805b25068754a83abf123c2576610e2490e8c2708384f2a096d4f7", kill_on_drop: false }`
[INFO] [stdout] aff8663bfd805b25068754a83abf123c2576610e2490e8c2708384f2a096d4f7
[INFO] running `Command { std: "docker" "create" "-v" "/var/lib/crater-agent-workspace/builds/worker-4-tc2/target:/opt/rustwide/target:rw,Z" "-v" "/var/lib/crater-agent-workspace/builds/worker-4-tc2/source:/opt/rustwide/workdir:ro,Z" "-v" "/var/lib/crater-agent-workspace/cargo-home:/opt/rustwide/cargo-home:ro,Z" "-v" "/var/lib/crater-agent-workspace/rustup-home:/opt/rustwide/rustup-home:ro,Z" "-e" "SOURCE_DIR=/opt/rustwide/workdir" "-e" "CARGO_TARGET_DIR=/opt/rustwide/target" "-e" "CARGO_INCREMENTAL=0" "-e" "RUST_BACKTRACE=full" "-e" "RUSTFLAGS=--cap-lints=warn" "-e" "RUSTDOCFLAGS=--cap-lints=warn" "-e" "CARGO_HOME=/opt/rustwide/cargo-home" "-e" "RUSTUP_HOME=/opt/rustwide/rustup-home" "-w" "/opt/rustwide/workdir" "-m" "1610612736" "--user" "0:0" "--network" "none" "ghcr.io/rust-lang/crates-build-env/linux@sha256:2788e3201cd34a07e3172128adcd8b3090168a8e3bcc40d7c032b9dda1df7d1c" "/opt/rustwide/cargo-home/bin/cargo" "+beta-2023-12-22" "test" "--frozen" "--no-run" "--message-format=json", kill_on_drop: false }`
[INFO] [stdout] 1e1fb8d79cd27eb99c21a31baec72fde58c7dd559ff958b765f2a57fd38e7856
[INFO] running `Command { std: "docker" "start" "-a" "1e1fb8d79cd27eb99c21a31baec72fde58c7dd559ff958b765f2a57fd38e7856", kill_on_drop: false }`
[INFO] [stdout] warning: unnecessary parentheses around assigned value
[INFO] [stdout]   --> src/lib.rs:31:22
[INFO] [stdout]    |
[INFO] [stdout] 31 |     let corr_cl_cs = (0.12 * (1.0 - E.powf(pd * -50.0)) / (1.0 - E.powf(-50.0))
[INFO] [stdout]    |                      ^
[INFO] [stdout] 32 |         + 0.24 * (1.0 - (1.0 - E.powf(-50.0 * pd)) / (1.0 - E.powf(-50.0))));
[INFO] [stdout]    |                                                                            ^
[INFO] [stdout]    |
[INFO] [stdout]    = note: `#[warn(unused_parens)]` on by default
[INFO] [stdout] help: remove these parentheses
[INFO] [stdout]    |
[INFO] [stdout] 31 ~     let corr_cl_cs = 0.12 * (1.0 - E.powf(pd * -50.0)) / (1.0 - E.powf(-50.0))
[INFO] [stdout] 32 ~         + 0.24 * (1.0 - (1.0 - E.powf(-50.0 * pd)) / (1.0 - E.powf(-50.0)));
[INFO] [stdout]    |
[INFO] [stdout] 
[INFO] [stdout] 
[INFO] [stdout] warning: 1 warning emitted
[INFO] [stdout] 
[INFO] [stdout] 
[INFO] [stderr]    Compiling rwa_calc v0.0.1 (/opt/rustwide/workdir)
[INFO] [stdout] warning: unnecessary parentheses around assigned value
[INFO] [stdout]   --> src/lib.rs:31:22
[INFO] [stdout]    |
[INFO] [stdout] 31 |     let corr_cl_cs = (0.12 * (1.0 - E.powf(pd * -50.0)) / (1.0 - E.powf(-50.0))
[INFO] [stdout]    |                      ^
[INFO] [stdout] 32 |         + 0.24 * (1.0 - (1.0 - E.powf(-50.0 * pd)) / (1.0 - E.powf(-50.0))));
[INFO] [stdout]    |                                                                            ^
[INFO] [stdout]    |
[INFO] [stdout]    = note: `#[warn(unused_parens)]` on by default
[INFO] [stdout] help: remove these parentheses
[INFO] [stdout]    |
[INFO] [stdout] 31 ~     let corr_cl_cs = 0.12 * (1.0 - E.powf(pd * -50.0)) / (1.0 - E.powf(-50.0))
[INFO] [stdout] 32 ~         + 0.24 * (1.0 - (1.0 - E.powf(-50.0 * pd)) / (1.0 - E.powf(-50.0)));
[INFO] [stdout]    |
[INFO] [stdout] 
[INFO] [stdout] 
[INFO] [stdout] warning: 1 warning emitted
[INFO] [stdout] 
[INFO] [stdout] 
[INFO] [stderr]     Finished test [unoptimized + debuginfo] target(s) in 0.50s
[INFO] [stderr] warning: the following packages contain code that will be rejected by a future version of Rust: nalgebra v0.27.1
[INFO] [stderr] note: to see what the problems were, use the option `--future-incompat-report`, or run `cargo report future-incompatibilities --id 1`
[INFO] running `Command { std: "docker" "inspect" "1e1fb8d79cd27eb99c21a31baec72fde58c7dd559ff958b765f2a57fd38e7856", kill_on_drop: false }`
[INFO] running `Command { std: "docker" "rm" "-f" "1e1fb8d79cd27eb99c21a31baec72fde58c7dd559ff958b765f2a57fd38e7856", kill_on_drop: false }`
[INFO] [stdout] 1e1fb8d79cd27eb99c21a31baec72fde58c7dd559ff958b765f2a57fd38e7856
[INFO] running `Command { std: "docker" "create" "-v" "/var/lib/crater-agent-workspace/builds/worker-4-tc2/target:/opt/rustwide/target:rw,Z" "-v" "/var/lib/crater-agent-workspace/builds/worker-4-tc2/source:/opt/rustwide/workdir:ro,Z" "-v" "/var/lib/crater-agent-workspace/cargo-home:/opt/rustwide/cargo-home:ro,Z" "-v" "/var/lib/crater-agent-workspace/rustup-home:/opt/rustwide/rustup-home:ro,Z" "-e" "SOURCE_DIR=/opt/rustwide/workdir" "-e" "CARGO_TARGET_DIR=/opt/rustwide/target" "-e" "CARGO_INCREMENTAL=0" "-e" "RUST_BACKTRACE=full" "-e" "RUSTFLAGS=--cap-lints=warn" "-e" "RUSTDOCFLAGS=--cap-lints=warn" "-e" "CARGO_HOME=/opt/rustwide/cargo-home" "-e" "RUSTUP_HOME=/opt/rustwide/rustup-home" "-w" "/opt/rustwide/workdir" "-m" "1610612736" "--user" "0:0" "--network" "none" "ghcr.io/rust-lang/crates-build-env/linux@sha256:2788e3201cd34a07e3172128adcd8b3090168a8e3bcc40d7c032b9dda1df7d1c" "/opt/rustwide/cargo-home/bin/cargo" "+beta-2023-12-22" "test" "--frozen", kill_on_drop: false }`
[INFO] [stdout] 966e63afb97878cf9fb60e9fceec2ec3e9da6fec4f5a409f18d958920fa4e934
[INFO] running `Command { std: "docker" "start" "-a" "966e63afb97878cf9fb60e9fceec2ec3e9da6fec4f5a409f18d958920fa4e934", kill_on_drop: false }`
[INFO] [stderr] warning: unnecessary parentheses around assigned value
[INFO] [stderr]   --> src/lib.rs:31:22
[INFO] [stderr]    |
[INFO] [stderr] 31 |     let corr_cl_cs = (0.12 * (1.0 - E.powf(pd * -50.0)) / (1.0 - E.powf(-50.0))
[INFO] [stderr]    |                      ^
[INFO] [stderr] 32 |         + 0.24 * (1.0 - (1.0 - E.powf(-50.0 * pd)) / (1.0 - E.powf(-50.0))));
[INFO] [stderr]    |                                                                            ^
[INFO] [stderr]    |
[INFO] [stderr]    = note: `#[warn(unused_parens)]` on by default
[INFO] [stderr] help: remove these parentheses
[INFO] [stderr]    |
[INFO] [stderr] 31 ~     let corr_cl_cs = 0.12 * (1.0 - E.powf(pd * -50.0)) / (1.0 - E.powf(-50.0))
[INFO] [stderr] 32 ~         + 0.24 * (1.0 - (1.0 - E.powf(-50.0 * pd)) / (1.0 - E.powf(-50.0)));
[INFO] [stderr]    |
[INFO] [stderr] 
[INFO] [stderr] warning: `rwa_calc` (lib) generated 1 warning (run `cargo fix --lib -p rwa_calc` to apply 1 suggestion)
[INFO] [stderr] warning: `rwa_calc` (lib test) generated 1 warning (1 duplicate)
[INFO] [stderr]     Finished test [unoptimized + debuginfo] target(s) in 0.04s
[INFO] [stderr] warning: the following packages contain code that will be rejected by a future version of Rust: nalgebra v0.27.1
[INFO] [stderr] note: to see what the problems were, use the option `--future-incompat-report`, or run `cargo report future-incompatibilities --id 1`
[INFO] [stderr]      Running unittests src/lib.rs (/opt/rustwide/target/debug/deps/rwa_calc-3ccbbde5509734bd)
[INFO] [stdout] 
[INFO] [stdout] running 0 tests
[INFO] [stdout] 
[INFO] [stdout] test result: ok. 0 passed; 0 failed; 0 ignored; 0 measured; 0 filtered out; finished in 0.00s
[INFO] [stdout] 
[INFO] [stderr]      Running unittests src/main.rs (/opt/rustwide/target/debug/deps/rwa_calc-84030bda596bc51e)
[INFO] [stdout] 
[INFO] [stdout] running 0 tests
[INFO] [stdout] 
[INFO] [stdout] test result: ok. 0 passed; 0 failed; 0 ignored; 0 measured; 0 filtered out; finished in 0.00s
[INFO] [stdout] 
[INFO] [stderr]    Doc-tests rwa_calc
[INFO] [stderr] warning: unnecessary parentheses around assigned value
[INFO] [stderr]   --> src/lib.rs:31:22
[INFO] [stderr]    |
[INFO] [stderr] 31 |     let corr_cl_cs = (0.12 * (1.0 - E.powf(pd * -50.0)) / (1.0 - E.powf(-50.0))
[INFO] [stderr]    |                      ^
[INFO] [stderr] 32 |         + 0.24 * (1.0 - (1.0 - E.powf(-50.0 * pd)) / (1.0 - E.powf(-50.0))));
[INFO] [stderr]    |                                                                            ^
[INFO] [stderr]    |
[INFO] [stderr]    = note: `#[warn(unused_parens)]` on by default
[INFO] [stderr] help: remove these parentheses
[INFO] [stderr]    |
[INFO] [stderr] 31 ~     let corr_cl_cs = 0.12 * (1.0 - E.powf(pd * -50.0)) / (1.0 - E.powf(-50.0))
[INFO] [stderr] 32 ~         + 0.24 * (1.0 - (1.0 - E.powf(-50.0 * pd)) / (1.0 - E.powf(-50.0)));
[INFO] [stderr]    |
[INFO] [stderr] 
[INFO] [stderr] warning: 1 warning emitted
[INFO] [stderr] 
[INFO] [stdout] 
[INFO] [stdout] running 0 tests
[INFO] [stdout] 
[INFO] [stdout] test result: ok. 0 passed; 0 failed; 0 ignored; 0 measured; 0 filtered out; finished in 0.00s
[INFO] [stdout] 
[INFO] running `Command { std: "docker" "inspect" "966e63afb97878cf9fb60e9fceec2ec3e9da6fec4f5a409f18d958920fa4e934", kill_on_drop: false }`
[INFO] running `Command { std: "docker" "rm" "-f" "966e63afb97878cf9fb60e9fceec2ec3e9da6fec4f5a409f18d958920fa4e934", kill_on_drop: false }`
[INFO] [stdout] 966e63afb97878cf9fb60e9fceec2ec3e9da6fec4f5a409f18d958920fa4e934
