[INFO] cloning repository https://github.com/meetup/mailbox
[INFO] running `Command { std: "git" "-c" "credential.helper=" "-c" "credential.helper=/workspace/cargo-home/bin/git-credential-null" "clone" "--bare" "https://github.com/meetup/mailbox" "/workspace/cache/git-repos/https%3A%2F%2Fgithub.com%2Fmeetup%2Fmailbox", kill_on_drop: false }`
[INFO] [stderr] Cloning into bare repository '/workspace/cache/git-repos/https%3A%2F%2Fgithub.com%2Fmeetup%2Fmailbox'...
[INFO] running `Command { std: "git" "rev-parse" "HEAD", kill_on_drop: false }`
[INFO] [stdout] 7bbb17d696c47f0d20d368364f5a621e902a9044
[INFO] testing meetup/mailbox against 1.75.0 for beta-1.76-1
[INFO] running `Command { std: "git" "clone" "/workspace/cache/git-repos/https%3A%2F%2Fgithub.com%2Fmeetup%2Fmailbox" "/workspace/builds/worker-0-tc1/source", kill_on_drop: false }`
[INFO] [stderr] Cloning into '/workspace/builds/worker-0-tc1/source'...
[INFO] [stderr] done.
[INFO] validating manifest of git repo https://github.com/meetup/mailbox on toolchain 1.75.0
[INFO] running `Command { std: CARGO_HOME="/workspace/cargo-home" RUSTUP_HOME="/workspace/rustup-home" "/workspace/cargo-home/bin/cargo" "+1.75.0" "metadata" "--manifest-path" "Cargo.toml" "--no-deps", kill_on_drop: false }`
[INFO] started tweaking git repo https://github.com/meetup/mailbox
[INFO] finished tweaking git repo https://github.com/meetup/mailbox
[INFO] tweaked toml for git repo https://github.com/meetup/mailbox written to /workspace/builds/worker-0-tc1/source/Cargo.toml
[INFO] crate git repo https://github.com/meetup/mailbox already has a lockfile, it will not be regenerated
[INFO] running `Command { std: CARGO_HOME="/workspace/cargo-home" RUSTUP_HOME="/workspace/rustup-home" "/workspace/cargo-home/bin/cargo" "+1.75.0" "fetch" "--manifest-path" "Cargo.toml", kill_on_drop: false }`
[INFO] [stderr]     Blocking waiting for file lock on package cache
[ERROR] error running command: no output for 300 seconds
[ERROR] this task or one of its parent failed!
[ERROR] no output for 300 seconds
[ERROR] note: run with `RUST_BACKTRACE=1` to display a backtrace.
[INFO] testing meetup/mailbox against beta-2023-12-22 for beta-1.76-1
[INFO] running `Command { std: "git" "clone" "/workspace/cache/git-repos/https%3A%2F%2Fgithub.com%2Fmeetup%2Fmailbox" "/workspace/builds/worker-0-tc2/source", kill_on_drop: false }`
[INFO] [stderr] Cloning into '/workspace/builds/worker-0-tc2/source'...
[INFO] [stderr] done.
[INFO] validating manifest of git repo https://github.com/meetup/mailbox on toolchain beta-2023-12-22
[INFO] running `Command { std: CARGO_HOME="/workspace/cargo-home" RUSTUP_HOME="/workspace/rustup-home" "/workspace/cargo-home/bin/cargo" "+beta-2023-12-22" "metadata" "--manifest-path" "Cargo.toml" "--no-deps", kill_on_drop: false }`
[INFO] started tweaking git repo https://github.com/meetup/mailbox
[INFO] finished tweaking git repo https://github.com/meetup/mailbox
[INFO] tweaked toml for git repo https://github.com/meetup/mailbox written to /workspace/builds/worker-0-tc2/source/Cargo.toml
[INFO] crate git repo https://github.com/meetup/mailbox already has a lockfile, it will not be regenerated
[INFO] running `Command { std: CARGO_HOME="/workspace/cargo-home" RUSTUP_HOME="/workspace/rustup-home" "/workspace/cargo-home/bin/cargo" "+beta-2023-12-22" "fetch" "--manifest-path" "Cargo.toml", kill_on_drop: false }`
[INFO] [stderr]     Blocking waiting for file lock on package cache
[INFO] [stderr]     Blocking waiting for file lock on package cache
[INFO] [stderr]  Downloading crates ...
[INFO] [stderr]   Downloaded mailparse v0.6.4
[INFO] [stderr]   Downloaded plist v0.3.0
[INFO] [stderr]   Downloaded imap v0.10.0
[INFO] [stderr]   Downloaded syntect v3.0.2
[INFO] running `Command { std: "docker" "create" "-v" "/var/lib/crater-agent-workspace/builds/worker-0-tc2/target:/opt/rustwide/target:rw,Z" "-v" "/var/lib/crater-agent-workspace/builds/worker-0-tc2/source:/opt/rustwide/workdir:ro,Z" "-v" "/var/lib/crater-agent-workspace/cargo-home:/opt/rustwide/cargo-home:ro,Z" "-v" "/var/lib/crater-agent-workspace/rustup-home:/opt/rustwide/rustup-home:ro,Z" "-e" "SOURCE_DIR=/opt/rustwide/workdir" "-e" "CARGO_TARGET_DIR=/opt/rustwide/target" "-e" "CARGO_HOME=/opt/rustwide/cargo-home" "-e" "RUSTUP_HOME=/opt/rustwide/rustup-home" "-w" "/opt/rustwide/workdir" "-m" "1610612736" "--user" "0:0" "--network" "none" "ghcr.io/rust-lang/crates-build-env/linux@sha256:2788e3201cd34a07e3172128adcd8b3090168a8e3bcc40d7c032b9dda1df7d1c" "/opt/rustwide/cargo-home/bin/cargo" "+beta-2023-12-22" "metadata" "--no-deps" "--format-version=1", kill_on_drop: false }`
[INFO] [stdout] 79cd7ef35ea9f3a56a0354211cdf5b5c2bcbb764a2255752df43016d77265404
[INFO] running `Command { std: "docker" "start" "-a" "79cd7ef35ea9f3a56a0354211cdf5b5c2bcbb764a2255752df43016d77265404", kill_on_drop: false }`
[INFO] running `Command { std: "docker" "inspect" "79cd7ef35ea9f3a56a0354211cdf5b5c2bcbb764a2255752df43016d77265404", kill_on_drop: false }`
[INFO] running `Command { std: "docker" "rm" "-f" "79cd7ef35ea9f3a56a0354211cdf5b5c2bcbb764a2255752df43016d77265404", kill_on_drop: false }`
[INFO] [stdout] 79cd7ef35ea9f3a56a0354211cdf5b5c2bcbb764a2255752df43016d77265404
[INFO] running `Command { std: "docker" "create" "-v" "/var/lib/crater-agent-workspace/builds/worker-0-tc2/target:/opt/rustwide/target:rw,Z" "-v" "/var/lib/crater-agent-workspace/builds/worker-0-tc2/source:/opt/rustwide/workdir:ro,Z" "-v" "/var/lib/crater-agent-workspace/cargo-home:/opt/rustwide/cargo-home:ro,Z" "-v" "/var/lib/crater-agent-workspace/rustup-home:/opt/rustwide/rustup-home:ro,Z" "-e" "SOURCE_DIR=/opt/rustwide/workdir" "-e" "CARGO_TARGET_DIR=/opt/rustwide/target" "-e" "CARGO_INCREMENTAL=0" "-e" "RUST_BACKTRACE=full" "-e" "RUSTFLAGS=--cap-lints=warn" "-e" "RUSTDOCFLAGS=--cap-lints=warn" "-e" "CARGO_HOME=/opt/rustwide/cargo-home" "-e" "RUSTUP_HOME=/opt/rustwide/rustup-home" "-w" "/opt/rustwide/workdir" "-m" "1610612736" "--user" "0:0" "--network" "none" "ghcr.io/rust-lang/crates-build-env/linux@sha256:2788e3201cd34a07e3172128adcd8b3090168a8e3bcc40d7c032b9dda1df7d1c" "/opt/rustwide/cargo-home/bin/cargo" "+beta-2023-12-22" "build" "--frozen" "--message-format=json", kill_on_drop: false }`
[INFO] [stdout] e6d679038f780937812d785a4c9685ffcd9ca0d7c24bcf9245419674aad5188b
[INFO] running `Command { std: "docker" "start" "-a" "e6d679038f780937812d785a4c9685ffcd9ca0d7c24bcf9245419674aad5188b", kill_on_drop: false }`
[INFO] [stderr]    Compiling libc v0.2.46
[INFO] [stderr]    Compiling cc v1.0.28
[INFO] [stderr]    Compiling cfg-if v0.1.6
[INFO] [stderr]    Compiling proc-macro2 v0.4.24
[INFO] [stderr]    Compiling unicode-xid v0.1.0
[INFO] [stderr]    Compiling pkg-config v0.3.14
[INFO] [stderr]    Compiling version_check v0.1.5
[INFO] [stderr]    Compiling lazy_static v1.2.0
[INFO] [stderr]    Compiling bitflags v1.0.4
[INFO] [stderr]    Compiling byteorder v1.2.7
[INFO] [stderr]    Compiling serde v1.0.84
[INFO] [stderr]    Compiling encoding_index_tests v0.1.4
[INFO] [stderr]    Compiling ucd-util v0.1.3
[INFO] [stderr]    Compiling regex v1.1.0
[INFO] [stderr]    Compiling openssl v0.10.16
[INFO] [stderr]    Compiling foreign-types-shared v0.1.1
[INFO] [stderr]    Compiling utf8-ranges v1.0.2
[INFO] [stderr]    Compiling log v0.4.6
[INFO] [stderr]    Compiling thread_local v0.3.6
[INFO] [stderr]    Compiling num-traits v0.2.6
[INFO] [stderr]    Compiling quick-error v1.2.2
[INFO] [stderr]    Compiling autocfg v0.1.1
[INFO] [stderr]    Compiling regex-syntax v0.6.4
[INFO] [stderr]    Compiling ucd-trie v0.1.1
[INFO] [stderr]    Compiling safemem v0.3.0
[INFO] [stderr]    Compiling ryu v0.2.7
[INFO] [stderr]    Compiling memchr v2.1.2
[INFO] [stderr]    Compiling base64 v0.9.3
[INFO] [stderr]    Compiling foreign-types v0.3.2
[INFO] [stderr]    Compiling num-integer v0.1.39
[INFO] [stderr]    Compiling crc32fast v1.1.2
[INFO] [stderr]    Compiling maplit v1.0.1
[INFO] [stderr]    Compiling pest v2.1.0
[INFO] [stderr]    Compiling failure_derive v0.1.5
[INFO] [stderr]    Compiling backtrace v0.3.13
[INFO] [stderr]    Compiling native-tls v0.2.2
[INFO] [stderr]    Compiling humantime v1.2.0
[INFO] [stderr]    Compiling encoding-index-singlebyte v1.20141219.5
[INFO] [stderr]    Compiling encoding-index-japanese v1.20141219.5
[INFO] [stderr]    Compiling quote v0.6.10
[INFO] [stderr]    Compiling encoding-index-tradchinese v1.20141219.5
[INFO] [stderr]    Compiling encoding-index-simpchinese v1.20141219.5
[INFO] [stderr]    Compiling encoding-index-korean v1.20141219.5
[INFO] [stderr]    Compiling openssl-probe v0.1.2
[INFO] [stderr]    Compiling xcb v0.8.2
[INFO] [stderr]    Compiling syn v0.15.23
[INFO] [stderr]    Compiling atty v0.2.11
[INFO] [stderr]    Compiling plist v0.3.0
[INFO] [stderr]    Compiling rustc-demangle v0.1.13
[INFO] [stderr]    Compiling itoa v0.4.3
[INFO] [stderr]    Compiling unicode-segmentation v1.2.1
[INFO] [stderr]    Compiling same-file v1.0.4
[INFO] [stderr]    Compiling unicode-width v0.1.5
[INFO] [stderr]    Compiling encoding v0.2.33
[INFO] [stderr]    Compiling time v0.1.41
[INFO] [stderr]    Compiling openssl-sys v0.9.40
[INFO] [stderr]    Compiling backtrace-sys v0.1.28
[INFO] [stderr]    Compiling onig_sys v69.0.0
[INFO] [stderr]    Compiling miniz-sys v0.1.11
[INFO] [stderr]    Compiling walkdir v2.2.7
[INFO] [stderr]    Compiling heck v0.3.1
[INFO] [stderr]    Compiling aho-corasick v0.6.9
[INFO] [stderr]    Compiling pest_meta v2.1.0
[INFO] [stderr]    Compiling nom v4.1.1
[INFO] [stderr]    Compiling textwrap v0.10.0
[INFO] [stderr]    Compiling base64 v0.10.0
[INFO] [stderr] error: failed to run custom build command for `xcb v0.8.2`
[INFO] [stderr] note: To improve backtraces for build dependencies, set the CARGO_PROFILE_DEV_BUILD_OVERRIDE_DEBUG=true environment variable to enable debug information generation.
[INFO] [stderr] 
[INFO] [stderr] Caused by:
[INFO] [stderr]   process didn't exit successfully: `/opt/rustwide/target/debug/build/xcb-6fd7cc8581d79db1/build-script-build` (exit status: 101)
[INFO] [stderr]   --- stderr
[INFO] [stderr]   error occured in handler:  ('request: ', ('xcb', 'SELinux', 'GetClientContext'))
[INFO] [stderr]   Traceback (most recent call last):
[INFO] [stderr]     File "/opt/rustwide/cargo-home/registry/src/index.crates.io-6f17d22bba15001f/xcb-0.8.2/rs_client.py", line 2448, in <module>
[INFO] [stderr]       module.generate()
[INFO] [stderr]     File "/opt/rustwide/cargo-home/registry/src/index.crates.io-6f17d22bba15001f/xcb-0.8.2/xcbgen/state.py", line 108, in generate
[INFO] [stderr]       self.close()
[INFO] [stderr]     File "/opt/rustwide/cargo-home/registry/src/index.crates.io-6f17d22bba15001f/xcb-0.8.2/rs_client.py", line 296, in rs_close
[INFO] [stderr]       _f.writeout(os.path.join(module.rs_srcdir, "ffi", "%s.rs" % _module_name(_ns.ext_name)))
[INFO] [stderr]     File "/opt/rustwide/cargo-home/registry/src/index.crates.io-6f17d22bba15001f/xcb-0.8.2/rs_client.py", line 114, in writeout
[INFO] [stderr]       with open(path, 'w') as f:
[INFO] [stderr]   OSError: [Errno 30] Read-only file system: '/opt/rustwide/cargo-home/registry/src/index.crates.io-6f17d22bba15001f/xcb-0.8.2/src/ffi/selinux.rs'
[INFO] [stderr]   thread 'main' panicked at /opt/rustwide/cargo-home/registry/src/index.crates.io-6f17d22bba15001f/xcb-0.8.2/build.rs:75:17:
[INFO] [stderr]   processing of /opt/rustwide/cargo-home/registry/src/index.crates.io-6f17d22bba15001f/xcb-0.8.2/xml/xselinux.xml returned non-zero (1)
[INFO] [stderr]   stack backtrace:
[INFO] [stderr]      0:     0x560082537376 - std::backtrace_rs::backtrace::libunwind::trace::h261606ad26a499c1
[INFO] [stderr]                                  at /rustc/0e09125c6c3c2fd70d7de961bcf0e51575235fad/library/std/src/../../backtrace/src/backtrace/libunwind.rs:104:5
[INFO] [stderr]      1:     0x560082537376 - std::backtrace_rs::backtrace::trace_unsynchronized::hd183f0625477fb28
[INFO] [stderr]                                  at /rustc/0e09125c6c3c2fd70d7de961bcf0e51575235fad/library/std/src/../../backtrace/src/backtrace/mod.rs:66:5
[INFO] [stderr]      2:     0x560082537376 - std::sys_common::backtrace::_print_fmt::hd7f8fef21b4eda67
[INFO] [stderr]                                  at /rustc/0e09125c6c3c2fd70d7de961bcf0e51575235fad/library/std/src/sys_common/backtrace.rs:68:5
[INFO] [stderr]      3:     0x560082537376 - <std::sys_common::backtrace::_print::DisplayBacktrace as core::fmt::Display>::fmt::h623d9b51f2f453f1
[INFO] [stderr]                                  at /rustc/0e09125c6c3c2fd70d7de961bcf0e51575235fad/library/std/src/sys_common/backtrace.rs:44:22
[INFO] [stderr]      4:     0x560082559aa0 - core::fmt::rt::Argument::fmt::h9f417ac76a86f368
[INFO] [stderr]                                  at /rustc/0e09125c6c3c2fd70d7de961bcf0e51575235fad/library/core/src/fmt/rt.rs:142:9
[INFO] [stderr]      5:     0x560082559aa0 - core::fmt::write::hc9b6faf4ac2aeff7
[INFO] [stderr]                                  at /rustc/0e09125c6c3c2fd70d7de961bcf0e51575235fad/library/core/src/fmt/mod.rs:1120:17
[INFO] [stderr]      6:     0x5600825353ef - std::io::Write::write_fmt::hfead1eee52c2e65e
[INFO] [stderr]                                  at /rustc/0e09125c6c3c2fd70d7de961bcf0e51575235fad/library/std/src/io/mod.rs:1810:15
[INFO] [stderr]      7:     0x560082537154 - std::sys_common::backtrace::_print::hd5d66399c7df88a2
[INFO] [stderr]                                  at /rustc/0e09125c6c3c2fd70d7de961bcf0e51575235fad/library/std/src/sys_common/backtrace.rs:47:5
[INFO] [stderr]      8:     0x560082537154 - std::sys_common::backtrace::print::he81ed2da642d37e5
[INFO] [stderr]                                  at /rustc/0e09125c6c3c2fd70d7de961bcf0e51575235fad/library/std/src/sys_common/backtrace.rs:34:9
[INFO] [stderr]      9:     0x560082538847 - std::panicking::default_hook::{{closure}}::h85773f4fa117163d
[INFO] [stderr]     10:     0x5600825385a9 - std::panicking::default_hook::h6a1694a91d09b278
[INFO] [stderr]                                  at /rustc/0e09125c6c3c2fd70d7de961bcf0e51575235fad/library/std/src/panicking.rs:292:9
[INFO] [stderr]     11:     0x560082538cd8 - std::panicking::rust_panic_with_hook::h0a7ad96e90f7145b
[INFO] [stderr]                                  at /rustc/0e09125c6c3c2fd70d7de961bcf0e51575235fad/library/std/src/panicking.rs:779:13
[INFO] [stderr]     12:     0x560082538bb2 - std::panicking::begin_panic_handler::{{closure}}::h7919090525c6485e
[INFO] [stderr]                                  at /rustc/0e09125c6c3c2fd70d7de961bcf0e51575235fad/library/std/src/panicking.rs:657:13
[INFO] [stderr]     13:     0x560082537876 - std::sys_common::backtrace::__rust_end_short_backtrace::hf3289479464f7dfe
[INFO] [stderr]                                  at /rustc/0e09125c6c3c2fd70d7de961bcf0e51575235fad/library/std/src/sys_common/backtrace.rs:171:18
[INFO] [stderr]     14:     0x560082538910 - rust_begin_unwind
[INFO] [stderr]                                  at /rustc/0e09125c6c3c2fd70d7de961bcf0e51575235fad/library/std/src/panicking.rs:645:5
[INFO] [stderr]     15:     0x560082511285 - core::panicking::panic_fmt::hcc9f77c5c132af55
[INFO] [stderr]                                  at /rustc/0e09125c6c3c2fd70d7de961bcf0e51575235fad/library/core/src/panicking.rs:72:14
[INFO] [stderr]     16:     0x5600825171b1 - build_script_build::main::{{closure}}::h7f0dd3a47feed341
[INFO] [stderr]     17:     0x5600825160a3 - build_script_build::visit_xml::h5b646dc8463dc373
[INFO] [stderr]     18:     0x560082516743 - build_script_build::main::hc0d2c78c64473538
[INFO] [stderr]     19:     0x560082512d43 - core::ops::function::FnOnce::call_once::h41b910a53ffc8135
[INFO] [stderr]     20:     0x560082511dd6 - std::sys_common::backtrace::__rust_begin_short_backtrace::h7b21d43fe523bbbf
[INFO] [stderr]     21:     0x560082512509 - std::rt::lang_start::{{closure}}::h3df0e2d6c80bd99e
[INFO] [stderr]     22:     0x560082531fd1 - core::ops::function::impls::<impl core::ops::function::FnOnce<A> for &F>::call_once::h4eb4c5e1620f29b0
[INFO] [stderr]                                  at /rustc/0e09125c6c3c2fd70d7de961bcf0e51575235fad/library/core/src/ops/function.rs:284:13
[INFO] [stderr]     23:     0x560082531fd1 - std::panicking::try::do_call::h73fd26535faffcdf
[INFO] [stderr]                                  at /rustc/0e09125c6c3c2fd70d7de961bcf0e51575235fad/library/std/src/panicking.rs:552:40
[INFO] [stderr]     24:     0x560082531fd1 - std::panicking::try::h77ff1d98f0fb9f39
[INFO] [stderr]                                  at /rustc/0e09125c6c3c2fd70d7de961bcf0e51575235fad/library/std/src/panicking.rs:516:19
[INFO] [stderr]     25:     0x560082531fd1 - std::panic::catch_unwind::hab3caf2448b95e37
[INFO] [stderr]                                  at /rustc/0e09125c6c3c2fd70d7de961bcf0e51575235fad/library/std/src/panic.rs:142:14
[INFO] [stderr]     26:     0x560082531fd1 - std::rt::lang_start_internal::{{closure}}::h8086711f9c783f78
[INFO] [stderr]                                  at /rustc/0e09125c6c3c2fd70d7de961bcf0e51575235fad/library/std/src/rt.rs:148:48
[INFO] [stderr]     27:     0x560082531fd1 - std::panicking::try::do_call::hf920d4dc291cd6ca
[INFO] [stderr]                                  at /rustc/0e09125c6c3c2fd70d7de961bcf0e51575235fad/library/std/src/panicking.rs:552:40
[INFO] [stderr]     28:     0x560082531fd1 - std::panicking::try::h2b806ccc0a85db74
[INFO] [stderr]                                  at /rustc/0e09125c6c3c2fd70d7de961bcf0e51575235fad/library/std/src/panicking.rs:516:19
[INFO] [stderr]     29:     0x560082531fd1 - std::panic::catch_unwind::h038489539c507df2
[INFO] [stderr]                                  at /rustc/0e09125c6c3c2fd70d7de961bcf0e51575235fad/library/std/src/panic.rs:142:14
[INFO] [stderr]     30:     0x560082531fd1 - std::rt::lang_start_internal::h28503b88912e8a5c
[INFO] [stderr]                                  at /rustc/0e09125c6c3c2fd70d7de961bcf0e51575235fad/library/std/src/rt.rs:148:20
[INFO] [stderr]     31:     0x5600825124e7 - std::rt::lang_start::h77ec286acc1d714c
[INFO] [stderr]     32:     0x560082517235 - main
[INFO] [stderr]     33:     0x7fbd6eedcd90 - <unknown>
[INFO] [stderr]     34:     0x7fbd6eedce40 - __libc_start_main
[INFO] [stderr]     35:     0x5600825119b5 - _start
[INFO] [stderr]     36:                0x0 - <unknown>
[INFO] [stderr] warning: build failed, waiting for other jobs to finish...
[INFO] running `Command { std: "docker" "inspect" "e6d679038f780937812d785a4c9685ffcd9ca0d7c24bcf9245419674aad5188b", kill_on_drop: false }`
[INFO] running `Command { std: "docker" "rm" "-f" "e6d679038f780937812d785a4c9685ffcd9ca0d7c24bcf9245419674aad5188b", kill_on_drop: false }`
[INFO] [stdout] e6d679038f780937812d785a4c9685ffcd9ca0d7c24bcf9245419674aad5188b
