[INFO] cloning repository https://github.com/maxtnuk/dodge_rust
[INFO] running `Command { std: "git" "-c" "credential.helper=" "-c" "credential.helper=/workspace/cargo-home/bin/git-credential-null" "clone" "--bare" "https://github.com/maxtnuk/dodge_rust" "/workspace/cache/git-repos/https%3A%2F%2Fgithub.com%2Fmaxtnuk%2Fdodge_rust", kill_on_drop: false }`
[INFO] [stderr] Cloning into bare repository '/workspace/cache/git-repos/https%3A%2F%2Fgithub.com%2Fmaxtnuk%2Fdodge_rust'...
[INFO] running `Command { std: "git" "rev-parse" "HEAD", kill_on_drop: false }`
[INFO] [stdout] e6200e0b1ccd09e81f1cee7d9b304392fe9afaa0
[INFO] testing maxtnuk/dodge_rust against 1.75.0 for beta-1.76-1
[INFO] running `Command { std: "git" "clone" "/workspace/cache/git-repos/https%3A%2F%2Fgithub.com%2Fmaxtnuk%2Fdodge_rust" "/workspace/builds/worker-3-tc1/source", kill_on_drop: false }`
[INFO] [stderr] Cloning into '/workspace/builds/worker-3-tc1/source'...
[INFO] [stderr] done.
[INFO] validating manifest of git repo https://github.com/maxtnuk/dodge_rust on toolchain 1.75.0
[INFO] running `Command { std: CARGO_HOME="/workspace/cargo-home" RUSTUP_HOME="/workspace/rustup-home" "/workspace/cargo-home/bin/cargo" "+1.75.0" "metadata" "--manifest-path" "Cargo.toml" "--no-deps", kill_on_drop: false }`
[INFO] started tweaking git repo https://github.com/maxtnuk/dodge_rust
[INFO] finished tweaking git repo https://github.com/maxtnuk/dodge_rust
[INFO] tweaked toml for git repo https://github.com/maxtnuk/dodge_rust written to /workspace/builds/worker-3-tc1/source/Cargo.toml
[INFO] crate git repo https://github.com/maxtnuk/dodge_rust already has a lockfile, it will not be regenerated
[INFO] running `Command { std: CARGO_HOME="/workspace/cargo-home" RUSTUP_HOME="/workspace/rustup-home" "/workspace/cargo-home/bin/cargo" "+1.75.0" "fetch" "--manifest-path" "Cargo.toml", kill_on_drop: false }`
[INFO] [stderr]     Blocking waiting for file lock on package cache
[ERROR] error running command: no output for 300 seconds
[ERROR] this task or one of its parent failed!
[ERROR] no output for 300 seconds
[ERROR] note: run with `RUST_BACKTRACE=1` to display a backtrace.
[INFO] testing maxtnuk/dodge_rust against beta-2023-12-22 for beta-1.76-1
[INFO] running `Command { std: "git" "clone" "/workspace/cache/git-repos/https%3A%2F%2Fgithub.com%2Fmaxtnuk%2Fdodge_rust" "/workspace/builds/worker-3-tc2/source", kill_on_drop: false }`
[INFO] [stderr] Cloning into '/workspace/builds/worker-3-tc2/source'...
[INFO] [stderr] done.
[INFO] validating manifest of git repo https://github.com/maxtnuk/dodge_rust on toolchain beta-2023-12-22
[INFO] running `Command { std: CARGO_HOME="/workspace/cargo-home" RUSTUP_HOME="/workspace/rustup-home" "/workspace/cargo-home/bin/cargo" "+beta-2023-12-22" "metadata" "--manifest-path" "Cargo.toml" "--no-deps", kill_on_drop: false }`
[INFO] started tweaking git repo https://github.com/maxtnuk/dodge_rust
[INFO] finished tweaking git repo https://github.com/maxtnuk/dodge_rust
[INFO] tweaked toml for git repo https://github.com/maxtnuk/dodge_rust written to /workspace/builds/worker-3-tc2/source/Cargo.toml
[INFO] crate git repo https://github.com/maxtnuk/dodge_rust already has a lockfile, it will not be regenerated
[INFO] running `Command { std: CARGO_HOME="/workspace/cargo-home" RUSTUP_HOME="/workspace/rustup-home" "/workspace/cargo-home/bin/cargo" "+beta-2023-12-22" "fetch" "--manifest-path" "Cargo.toml", kill_on_drop: false }`
[INFO] [stderr]     Blocking waiting for file lock on package cache
[INFO] [stderr]     Blocking waiting for file lock on package cache
[ERROR] error running command: no output for 300 seconds
[INFO] testing maxtnuk/dodge_rust against beta-2023-12-22 for beta-1.76-1
[INFO] running `Command { std: "git" "clone" "/workspace/cache/git-repos/https%3A%2F%2Fgithub.com%2Fmaxtnuk%2Fdodge_rust" "/workspace/builds/worker-3-tc2/source", kill_on_drop: false }`
[INFO] [stderr] Cloning into '/workspace/builds/worker-3-tc2/source'...
[INFO] [stderr] done.
[INFO] validating manifest of git repo https://github.com/maxtnuk/dodge_rust on toolchain beta-2023-12-22
[INFO] running `Command { std: CARGO_HOME="/workspace/cargo-home" RUSTUP_HOME="/workspace/rustup-home" "/workspace/cargo-home/bin/cargo" "+beta-2023-12-22" "metadata" "--manifest-path" "Cargo.toml" "--no-deps", kill_on_drop: false }`
[INFO] started tweaking git repo https://github.com/maxtnuk/dodge_rust
[INFO] finished tweaking git repo https://github.com/maxtnuk/dodge_rust
[INFO] tweaked toml for git repo https://github.com/maxtnuk/dodge_rust written to /workspace/builds/worker-3-tc2/source/Cargo.toml
[INFO] crate git repo https://github.com/maxtnuk/dodge_rust already has a lockfile, it will not be regenerated
[INFO] running `Command { std: CARGO_HOME="/workspace/cargo-home" RUSTUP_HOME="/workspace/rustup-home" "/workspace/cargo-home/bin/cargo" "+beta-2023-12-22" "fetch" "--manifest-path" "Cargo.toml", kill_on_drop: false }`
[INFO] [stderr]     Blocking waiting for file lock on package cache
[INFO] [stderr]     Blocking waiting for file lock on package cache
[INFO] [stderr]  Downloading crates ...
[INFO] [stderr]   Downloaded adler32 v0.3.0
[INFO] [stderr]   Downloaded piston-gfx_texture v0.20.0
[INFO] [stderr]   Downloaded stb_truetype v0.2.0
[INFO] [stderr]   Downloaded deflate v0.7.2
[INFO] [stderr]   Downloaded glutin v0.7.2
[INFO] [stderr]   Downloaded image v0.12.1
[INFO] [stderr]   Downloaded android_glue v0.2.1
[INFO] [stderr]   Downloaded libloading v0.3.1
[INFO] [stderr]   Downloaded num-rational v0.1.35
[INFO] [stderr]   Downloaded wayland-scanner v0.7.6
[INFO] [stderr]   Downloaded phf_codegen v0.7.20
[INFO] [stderr]   Downloaded phf_shared v0.7.20
[INFO] [stderr]   Downloaded num-complex v0.1.35
[INFO] [stderr]   Downloaded phf_generator v0.7.20
[INFO] [stderr]   Downloaded gleam v0.2.30
[INFO] [stderr]   Downloaded wayland-sys v0.7.6
[INFO] [stderr]   Downloaded arrayvec v0.3.20
[INFO] [stderr]   Downloaded gl v0.6.1
[INFO] [stderr]   Downloaded phf v0.7.20
[INFO] [stderr]   Downloaded gfx_core v0.5.1
[INFO] [stderr]   Downloaded wayland-window v0.4.3
[INFO] [stderr]   Downloaded nodrop v0.1.8
[INFO] [stderr]   Downloaded serde v0.8.22
[INFO] [stderr]   Downloaded gfx v0.13.0
[INFO] [stderr]   Downloaded gif v0.9.0
[INFO] [stderr]   Downloaded wayland-client v0.7.6
[INFO] [stderr]   Downloaded xml-rs v0.3.5
[INFO] [stderr]   Downloaded gfx_device_gl v0.12.0
[INFO] [stderr]   Downloaded jpeg-decoder v0.1.11
[INFO] [stderr]   Downloaded x11-dl v2.12.0
[INFO] [stderr]   Downloaded num-bigint v0.1.35
[INFO] [stderr]   Downloaded wayland-kbd v0.6.2
[INFO] [stderr]   Downloaded winit v0.5.8
[INFO] [stderr]   Downloaded piston2d-gfx_graphics v0.35.0
[INFO] [stderr]   Downloaded piston_window v0.61.0
[INFO] running `Command { std: "docker" "create" "-v" "/var/lib/crater-agent-workspace/builds/worker-3-tc2/target:/opt/rustwide/target:rw,Z" "-v" "/var/lib/crater-agent-workspace/builds/worker-3-tc2/source:/opt/rustwide/workdir:ro,Z" "-v" "/var/lib/crater-agent-workspace/cargo-home:/opt/rustwide/cargo-home:ro,Z" "-v" "/var/lib/crater-agent-workspace/rustup-home:/opt/rustwide/rustup-home:ro,Z" "-e" "SOURCE_DIR=/opt/rustwide/workdir" "-e" "CARGO_TARGET_DIR=/opt/rustwide/target" "-e" "CARGO_HOME=/opt/rustwide/cargo-home" "-e" "RUSTUP_HOME=/opt/rustwide/rustup-home" "-w" "/opt/rustwide/workdir" "-m" "1610612736" "--user" "0:0" "--network" "none" "ghcr.io/rust-lang/crates-build-env/linux@sha256:2788e3201cd34a07e3172128adcd8b3090168a8e3bcc40d7c032b9dda1df7d1c" "/opt/rustwide/cargo-home/bin/cargo" "+beta-2023-12-22" "metadata" "--no-deps" "--format-version=1", kill_on_drop: false }`
[INFO] [stdout] a5b5dc2a0c9a4e7641fa4fa626f1bc20434b1b7f725d677b76e6466ebd4414a0
[INFO] running `Command { std: "docker" "start" "-a" "a5b5dc2a0c9a4e7641fa4fa626f1bc20434b1b7f725d677b76e6466ebd4414a0", kill_on_drop: false }`
[INFO] running `Command { std: "docker" "inspect" "a5b5dc2a0c9a4e7641fa4fa626f1bc20434b1b7f725d677b76e6466ebd4414a0", kill_on_drop: false }`
[INFO] running `Command { std: "docker" "rm" "-f" "a5b5dc2a0c9a4e7641fa4fa626f1bc20434b1b7f725d677b76e6466ebd4414a0", kill_on_drop: false }`
[INFO] [stdout] a5b5dc2a0c9a4e7641fa4fa626f1bc20434b1b7f725d677b76e6466ebd4414a0
[INFO] running `Command { std: "docker" "create" "-v" "/var/lib/crater-agent-workspace/builds/worker-3-tc2/target:/opt/rustwide/target:rw,Z" "-v" "/var/lib/crater-agent-workspace/builds/worker-3-tc2/source:/opt/rustwide/workdir:ro,Z" "-v" "/var/lib/crater-agent-workspace/cargo-home:/opt/rustwide/cargo-home:ro,Z" "-v" "/var/lib/crater-agent-workspace/rustup-home:/opt/rustwide/rustup-home:ro,Z" "-e" "SOURCE_DIR=/opt/rustwide/workdir" "-e" "CARGO_TARGET_DIR=/opt/rustwide/target" "-e" "CARGO_INCREMENTAL=0" "-e" "RUST_BACKTRACE=full" "-e" "RUSTFLAGS=--cap-lints=warn" "-e" "RUSTDOCFLAGS=--cap-lints=warn" "-e" "CARGO_HOME=/opt/rustwide/cargo-home" "-e" "RUSTUP_HOME=/opt/rustwide/rustup-home" "-w" "/opt/rustwide/workdir" "-m" "1610612736" "--user" "0:0" "--network" "none" "ghcr.io/rust-lang/crates-build-env/linux@sha256:2788e3201cd34a07e3172128adcd8b3090168a8e3bcc40d7c032b9dda1df7d1c" "/opt/rustwide/cargo-home/bin/cargo" "+beta-2023-12-22" "build" "--frozen" "--message-format=json", kill_on_drop: false }`
[INFO] [stdout] 7547db3670e8ce59fa346d68ed80edf99851207a3e403ef67a53229a0d6b3c00
[INFO] running `Command { std: "docker" "start" "-a" "7547db3670e8ce59fa346d68ed80edf99851207a3e403ef67a53229a0d6b3c00", kill_on_drop: false }`
[INFO] [stderr]    Compiling libc v0.2.19
[INFO] [stderr]    Compiling bitflags v0.7.0
[INFO] [stderr]    Compiling num-traits v0.1.36
[INFO] [stderr]    Compiling phf_shared v0.7.20
[INFO] [stderr]    Compiling log v0.3.6
[INFO] [stderr]    Compiling winapi-build v0.1.1
[INFO] [stderr]    Compiling rustc-serialize v0.3.22
[INFO] [stderr]    Compiling serde v0.8.22
[INFO] [stderr]    Compiling dtoa v0.2.2
[INFO] [stderr]    Compiling itoa v0.1.1
[INFO] [stderr]    Compiling khronos_api v1.0.0
[INFO] [stderr]    Compiling lazy_static v0.2.2
[INFO] [stderr]    Compiling winapi v0.2.8
[INFO] [stderr]    Compiling piston-float v0.2.0
[INFO] [stderr]    Compiling semver v0.1.20
[INFO] [stderr]    Compiling bitflags v0.6.0
[INFO] [stderr]    Compiling pkg-config v0.3.8
[INFO] [stderr]    Compiling phf v0.7.20
[INFO] [stderr]    Compiling byteorder v1.0.0
[INFO] [stderr]    Compiling xml-rs v0.3.5
[INFO] [stderr]    Compiling draw_state v0.6.0
[INFO] [stderr]    Compiling kernel32-sys v0.2.2
[INFO] [stderr]    Compiling piston-viewport v0.2.0
[INFO] [stderr]    Compiling adler32 v0.3.0
[INFO] [stderr]    Compiling shader_version v0.2.1
[INFO] [stderr]    Compiling deflate v0.7.2
[INFO] [stderr]    Compiling odds v0.2.25
[INFO] [stderr]    Compiling lzw v0.10.0
[INFO] [stderr]    Compiling byteorder v0.5.3
[INFO] [stderr]    Compiling color_quant v1.0.0
[INFO] [stderr]    Compiling inflate v0.1.1
[INFO] [stderr]    Compiling rand v0.3.15
[INFO] [stdout] error[E0310]: the parameter type `T` may not live long enough
[INFO] [stdout]     --> /opt/rustwide/cargo-home/registry/src/index.crates.io-6f17d22bba15001f/rustc-serialize-0.3.22/src/serialize.rs:1155:5
[INFO] [stdout]      |
[INFO] [stdout] 1155 |     fn decode<D: Decoder>(d: &mut D) -> Result<Cow<'static, T>, D::Error> {
[INFO] [stdout]      |     ^^^^^^^^^^^^^^^^^^^^^^^^^^^^^^^^^^^^^^^^^^^^^^^^^^^^^^^^^^^^^^^^^^^^^
[INFO] [stdout]      |     |
[INFO] [stdout]      |     the parameter type `T` must be valid for the static lifetime...
[INFO] [stdout]      |     ...so that the type `T` will meet its required lifetime bounds...
[INFO] [stdout]      |
[INFO] [stdout] note: ...that is required by this bound
[INFO] [stdout]     --> /rustc/0e09125c6c3c2fd70d7de961bcf0e51575235fad/library/alloc/src/borrow.rs:180:30
[INFO] [stdout] help: consider adding an explicit lifetime bound
[INFO] [stdout]      |
[INFO] [stdout] 1151 | impl<'a, T: ?Sized + 'static> Decodable for Cow<'a, T>
[INFO] [stdout]      |                    +++++++++
[INFO] [stdout] 
[INFO] [stdout] 
[INFO] [stderr]    Compiling rustc_version v0.1.7
[INFO] [stderr]    Compiling num_cpus v1.2.1
[INFO] [stderr]    Compiling gfx_core v0.5.1
[INFO] [stderr]    Compiling num-integer v0.1.32
[INFO] [stderr]    Compiling fs2 v0.2.5
[INFO] [stderr]    Compiling x11-dl v2.12.0
[INFO] [stderr]    Compiling shared_library v0.1.5
[INFO] [stderr]    Compiling nodrop v0.1.8
[INFO] [stderr]    Compiling tempfile v2.1.4
[INFO] [stderr]    Compiling memmap v0.4.0
[INFO] [stderr]    Compiling enum_primitive v0.1.1
[INFO] [stderr]    Compiling gif v0.9.0
[INFO] [stderr]    Compiling num-iter v0.1.32
[INFO] [stderr]    Compiling byteorder v0.4.2
[INFO] [stderr]    Compiling glob v0.2.11
[INFO] [stderr]    Compiling gl_generator v0.5.2
[INFO] [stderr]    Compiling wayland-scanner v0.7.6
[INFO] [stderr]    Compiling scoped_threadpool v0.1.7
[INFO] [stderr]    Compiling piston-texture v0.5.0
[INFO] [stderr]    Compiling stb_truetype v0.2.0
[INFO] [stderr]    Compiling osmesa-sys v0.1.2
[INFO] [stderr]    Compiling phf_generator v0.7.20
[INFO] [stderr]    Compiling deque v0.3.1
[INFO] [stderr]    Compiling phf_codegen v0.7.20
[INFO] [stderr]    Compiling rayon v0.6.0
[INFO] [stderr]    Compiling arrayvec v0.3.20
[INFO] [stdout] error: aborting due to 1 previous error
[INFO] [stdout] 
[INFO] [stdout] 
[INFO] [stdout] For more information about this error, try `rustc --explain E0310`.
[INFO] [stdout] 
[INFO] [stderr] error: could not compile `rustc-serialize` (lib) due to 2 previous errors
[INFO] [stderr] warning: build failed, waiting for other jobs to finish...
[INFO] running `Command { std: "docker" "inspect" "7547db3670e8ce59fa346d68ed80edf99851207a3e403ef67a53229a0d6b3c00", kill_on_drop: false }`
[INFO] running `Command { std: "docker" "rm" "-f" "7547db3670e8ce59fa346d68ed80edf99851207a3e403ef67a53229a0d6b3c00", kill_on_drop: false }`
[INFO] [stdout] 7547db3670e8ce59fa346d68ed80edf99851207a3e403ef67a53229a0d6b3c00
