[INFO] cloning repository https://github.com/maxjoehnk/pong-rs
[INFO] running `Command { std: "git" "-c" "credential.helper=" "-c" "credential.helper=/workspace/cargo-home/bin/git-credential-null" "clone" "--bare" "https://github.com/maxjoehnk/pong-rs" "/workspace/cache/git-repos/https%3A%2F%2Fgithub.com%2Fmaxjoehnk%2Fpong-rs", kill_on_drop: false }`
[INFO] [stderr] Cloning into bare repository '/workspace/cache/git-repos/https%3A%2F%2Fgithub.com%2Fmaxjoehnk%2Fpong-rs'...
[INFO] running `Command { std: "git" "rev-parse" "HEAD", kill_on_drop: false }`
[INFO] [stdout] eeca7895f466587f7455997a38eea947ea228a66
[INFO] testing maxjoehnk/pong-rs against 1.75.0 for beta-1.76-1
[INFO] running `Command { std: "git" "clone" "/workspace/cache/git-repos/https%3A%2F%2Fgithub.com%2Fmaxjoehnk%2Fpong-rs" "/workspace/builds/worker-0-tc1/source", kill_on_drop: false }`
[INFO] [stderr] Cloning into '/workspace/builds/worker-0-tc1/source'...
[INFO] [stderr] done.
[INFO] validating manifest of git repo https://github.com/maxjoehnk/pong-rs on toolchain 1.75.0
[INFO] running `Command { std: CARGO_HOME="/workspace/cargo-home" RUSTUP_HOME="/workspace/rustup-home" "/workspace/cargo-home/bin/cargo" "+1.75.0" "metadata" "--manifest-path" "Cargo.toml" "--no-deps", kill_on_drop: false }`
[INFO] started tweaking git repo https://github.com/maxjoehnk/pong-rs
[INFO] finished tweaking git repo https://github.com/maxjoehnk/pong-rs
[INFO] tweaked toml for git repo https://github.com/maxjoehnk/pong-rs written to /workspace/builds/worker-0-tc1/source/Cargo.toml
[INFO] crate git repo https://github.com/maxjoehnk/pong-rs already has a lockfile, it will not be regenerated
[INFO] running `Command { std: CARGO_HOME="/workspace/cargo-home" RUSTUP_HOME="/workspace/rustup-home" "/workspace/cargo-home/bin/cargo" "+1.75.0" "fetch" "--manifest-path" "Cargo.toml", kill_on_drop: false }`
[INFO] [stderr]     Blocking waiting for file lock on package cache
[ERROR] error running command: no output for 300 seconds
[ERROR] this task or one of its parent failed!
[ERROR] no output for 300 seconds
[ERROR] note: run with `RUST_BACKTRACE=1` to display a backtrace.
[INFO] testing maxjoehnk/pong-rs against beta-2023-12-22 for beta-1.76-1
[INFO] running `Command { std: "git" "clone" "/workspace/cache/git-repos/https%3A%2F%2Fgithub.com%2Fmaxjoehnk%2Fpong-rs" "/workspace/builds/worker-0-tc2/source", kill_on_drop: false }`
[INFO] [stderr] Cloning into '/workspace/builds/worker-0-tc2/source'...
[INFO] [stderr] done.
[INFO] validating manifest of git repo https://github.com/maxjoehnk/pong-rs on toolchain beta-2023-12-22
[INFO] running `Command { std: CARGO_HOME="/workspace/cargo-home" RUSTUP_HOME="/workspace/rustup-home" "/workspace/cargo-home/bin/cargo" "+beta-2023-12-22" "metadata" "--manifest-path" "Cargo.toml" "--no-deps", kill_on_drop: false }`
[INFO] started tweaking git repo https://github.com/maxjoehnk/pong-rs
[INFO] finished tweaking git repo https://github.com/maxjoehnk/pong-rs
[INFO] tweaked toml for git repo https://github.com/maxjoehnk/pong-rs written to /workspace/builds/worker-0-tc2/source/Cargo.toml
[INFO] crate git repo https://github.com/maxjoehnk/pong-rs already has a lockfile, it will not be regenerated
[INFO] running `Command { std: CARGO_HOME="/workspace/cargo-home" RUSTUP_HOME="/workspace/rustup-home" "/workspace/cargo-home/bin/cargo" "+beta-2023-12-22" "fetch" "--manifest-path" "Cargo.toml", kill_on_drop: false }`
[INFO] [stderr]     Blocking waiting for file lock on package cache
[INFO] [stderr]     Blocking waiting for file lock on package cache
[INFO] [stderr]  Downloading crates ...
[INFO] [stderr]   Downloaded amethyst_animation v0.3.0
[INFO] [stderr]   Downloaded amethyst_input v0.4.0
[INFO] [stderr]   Downloaded gfx_window_glutin v0.24.0
[INFO] [stderr]   Downloaded fluent-locale v0.3.2
[INFO] [stderr]   Downloaded fluent v0.2.0
[INFO] [stderr]   Downloaded glutin v0.16.0
[INFO] [stderr]   Downloaded rustc_version_runtime v0.1.3
[INFO] [stderr]   Downloaded clipboard v0.4.6
[INFO] [stderr]   Downloaded x11-clipboard v0.2.2
[INFO] [stderr]   Downloaded mach v0.2.2
[INFO] [stderr]   Downloaded approx v0.3.0
[INFO] [stderr]   Downloaded winit v0.15.1
[INFO] [stderr]   Downloaded amethyst_utils v0.3.0
[INFO] [stderr]   Downloaded amethyst_locale v0.2.0
[INFO] [stderr]   Downloaded amethyst_config v0.7.0
[INFO] [stderr]   Downloaded amethyst_assets v0.4.0
[INFO] [stderr]   Downloaded rusttype v0.6.5
[INFO] [stderr]   Downloaded gfx_glyph v0.11.0
[INFO] [stderr]   Downloaded amethyst_core v0.3.0
[INFO] [stderr]   Downloaded amethyst_audio v0.3.0
[INFO] [stderr]   Downloaded specs-hierarchy v0.2.1
[INFO] [stderr]   Downloaded vergen v0.1.1
[INFO] [stderr]   Downloaded amethyst_controls v0.2.0
[INFO] [stderr]   Downloaded amethyst_renderer v0.8.0
[INFO] [stderr]   Downloaded amethyst_ui v0.3.0
[INFO] [stderr]   Downloaded ogg v0.6.0
[INFO] [stderr]   Downloaded amethyst v0.8.0
[INFO] [stderr]   Downloaded rusttype v0.7.2
[INFO] [stderr]   Downloaded hetseq v0.1.5
[INFO] [stderr]   Downloaded slice-deque v0.1.13
[INFO] [stderr]   Downloaded minterpolate v0.3.0
[INFO] [stderr]   Downloaded lewton v0.9.0
[INFO] [stderr]   Downloaded specs v0.12.2
[INFO] running `Command { std: "docker" "create" "-v" "/var/lib/crater-agent-workspace/builds/worker-0-tc2/target:/opt/rustwide/target:rw,Z" "-v" "/var/lib/crater-agent-workspace/builds/worker-0-tc2/source:/opt/rustwide/workdir:ro,Z" "-v" "/var/lib/crater-agent-workspace/cargo-home:/opt/rustwide/cargo-home:ro,Z" "-v" "/var/lib/crater-agent-workspace/rustup-home:/opt/rustwide/rustup-home:ro,Z" "-e" "SOURCE_DIR=/opt/rustwide/workdir" "-e" "CARGO_TARGET_DIR=/opt/rustwide/target" "-e" "CARGO_HOME=/opt/rustwide/cargo-home" "-e" "RUSTUP_HOME=/opt/rustwide/rustup-home" "-w" "/opt/rustwide/workdir" "-m" "1610612736" "--user" "0:0" "--network" "none" "ghcr.io/rust-lang/crates-build-env/linux@sha256:2788e3201cd34a07e3172128adcd8b3090168a8e3bcc40d7c032b9dda1df7d1c" "/opt/rustwide/cargo-home/bin/cargo" "+beta-2023-12-22" "metadata" "--no-deps" "--format-version=1", kill_on_drop: false }`
[INFO] [stdout] 620a15bdbdf90305407e062fe3bd32ca1789692ce99128be69de5820302e8e26
[INFO] running `Command { std: "docker" "start" "-a" "620a15bdbdf90305407e062fe3bd32ca1789692ce99128be69de5820302e8e26", kill_on_drop: false }`
[INFO] running `Command { std: "docker" "inspect" "620a15bdbdf90305407e062fe3bd32ca1789692ce99128be69de5820302e8e26", kill_on_drop: false }`
[INFO] running `Command { std: "docker" "rm" "-f" "620a15bdbdf90305407e062fe3bd32ca1789692ce99128be69de5820302e8e26", kill_on_drop: false }`
[INFO] [stdout] 620a15bdbdf90305407e062fe3bd32ca1789692ce99128be69de5820302e8e26
[INFO] running `Command { std: "docker" "create" "-v" "/var/lib/crater-agent-workspace/builds/worker-0-tc2/target:/opt/rustwide/target:rw,Z" "-v" "/var/lib/crater-agent-workspace/builds/worker-0-tc2/source:/opt/rustwide/workdir:ro,Z" "-v" "/var/lib/crater-agent-workspace/cargo-home:/opt/rustwide/cargo-home:ro,Z" "-v" "/var/lib/crater-agent-workspace/rustup-home:/opt/rustwide/rustup-home:ro,Z" "-e" "SOURCE_DIR=/opt/rustwide/workdir" "-e" "CARGO_TARGET_DIR=/opt/rustwide/target" "-e" "CARGO_INCREMENTAL=0" "-e" "RUST_BACKTRACE=full" "-e" "RUSTFLAGS=--cap-lints=warn" "-e" "RUSTDOCFLAGS=--cap-lints=warn" "-e" "CARGO_HOME=/opt/rustwide/cargo-home" "-e" "RUSTUP_HOME=/opt/rustwide/rustup-home" "-w" "/opt/rustwide/workdir" "-m" "1610612736" "--user" "0:0" "--network" "none" "ghcr.io/rust-lang/crates-build-env/linux@sha256:2788e3201cd34a07e3172128adcd8b3090168a8e3bcc40d7c032b9dda1df7d1c" "/opt/rustwide/cargo-home/bin/cargo" "+beta-2023-12-22" "build" "--frozen" "--message-format=json", kill_on_drop: false }`
[INFO] [stdout] 04f33e4908f9c80faf0f47909241e69aced2d28591997858941fcfc065648d9b
[INFO] running `Command { std: "docker" "start" "-a" "04f33e4908f9c80faf0f47909241e69aced2d28591997858941fcfc065648d9b", kill_on_drop: false }`
[INFO] [stderr]    Compiling libc v0.2.43
[INFO] [stderr]    Compiling cfg-if v0.1.5
[INFO] [stderr]    Compiling unicode-xid v0.1.0
[INFO] [stderr]    Compiling cc v1.0.25
[INFO] [stderr]    Compiling proc-macro2 v0.4.19
[INFO] [stderr]    Compiling version_check v0.1.4
[INFO] [stderr]    Compiling bitflags v1.0.4
[INFO] [stderr]    Compiling serde v1.0.79
[INFO] [stderr]    Compiling num-traits v0.2.6
[INFO] [stderr]    Compiling byteorder v1.2.6
[INFO] [stderr]    Compiling void v1.0.2
[INFO] [stderr]    Compiling either v1.5.0
[INFO] [stderr]    Compiling unicode-xid v0.0.4
[INFO] [stderr]    Compiling quote v0.3.15
[INFO] [stderr]    Compiling nodrop v0.1.12
[INFO] [stderr]    Compiling pkg-config v0.3.14
[INFO] [stderr]    Compiling log v0.4.5
[INFO] [stderr]    Compiling xml-rs v0.7.0
[INFO] [stderr]    Compiling unreachable v1.0.0
[INFO] [stderr]    Compiling itertools v0.5.10
[INFO] [stderr]    Compiling arrayvec v0.4.7
[INFO] [stderr]    Compiling crossbeam-utils v0.2.2
[INFO] [stderr]    Compiling stable_deref_trait v1.1.1
[INFO] [stderr]    Compiling memoffset v0.2.1
[INFO] [stderr]    Compiling rayon-core v1.4.1
[INFO] [stderr]    Compiling scopeguard v0.3.3
[INFO] [stderr]    Compiling syn v0.10.8
[INFO] [stderr]    Compiling owning_ref v0.3.3
[INFO] [stderr]    Compiling rayon v1.0.2
[INFO] [stderr]    Compiling lazy_static v1.1.0
[INFO] [stderr]    Compiling khronos_api v2.2.0
[INFO] [stderr]    Compiling synom v0.11.3
[INFO] [stderr]    Compiling rustc-demangle v0.1.9
[INFO] [stderr]    Compiling approx v0.1.1
[INFO] [stderr]    Compiling rand_core v0.2.1
[INFO] [stderr]    Compiling mint v0.5.1
[INFO] [stderr]    Compiling syn v0.11.11
[INFO] [stderr]    Compiling cgmath v0.16.1
[INFO] [stderr]    Compiling rand v0.4.3
[INFO] [stderr]    Compiling crossbeam-epoch v0.3.1
[INFO] [stderr]    Compiling num_cpus v1.8.0
[INFO] [stderr]    Compiling rand v0.5.5
[INFO] [stderr]    Compiling fxhash v0.2.1
[INFO] [stderr]    Compiling downcast-rs v1.0.3
[INFO] [stderr]    Compiling atom v0.3.5
[INFO] [stderr]    Compiling wayland-scanner v0.20.12
[INFO] [stderr]    Compiling gl_generator v0.9.0
[INFO] [stderr]    Compiling mopa v0.2.2
[INFO] [stderr]    Compiling tuple_utils v0.2.0
[INFO] [stderr]    Compiling futures v0.1.24
[INFO] [stderr]    Compiling nix v0.11.0
[INFO] [stderr]    Compiling crossbeam v0.3.2
[INFO] [stderr]    Compiling backtrace-sys v0.1.24
[INFO] [stderr]    Compiling quote v0.6.8
[INFO] [stderr]    Compiling num-traits v0.1.43
[INFO] [stderr]    Compiling libloading v0.5.0
[INFO] [stderr]    Compiling crossbeam-deque v0.2.0
[INFO] [stderr]    Compiling fnv v1.0.6
[INFO] [stderr]    Compiling syn v0.15.4
[INFO] [stderr]    Compiling x11-dl v2.18.3
[INFO] [stderr]    Compiling remove_dir_all v0.5.1
[INFO] [stderr]    Compiling memmap v0.6.2
[INFO] [stderr]    Compiling wayland-client v0.20.12
[INFO] [stderr]    Compiling wayland-protocols v0.20.12
[INFO] [stderr]    Compiling miniz-sys v0.1.10
[INFO] [stderr]    Compiling gfx_gl v0.5.0
[INFO] [stderr]    Compiling proc-macro2 v0.3.8
[INFO] [stderr]    Compiling percent-encoding v1.0.1
[INFO] [stderr]    Compiling tempfile v3.0.4
[INFO] [stderr]    Compiling dlib v0.4.1
[INFO] [stderr]    Compiling wayland-sys v0.20.12
[INFO] [stderr]    Compiling shred-derive v0.5.0
[INFO] [stderr]    Compiling quote v0.5.2
[INFO] [stderr]    Compiling wayland-commons v0.20.12
[INFO] [stderr]    Compiling glutin v0.16.0
[INFO] [stderr]    Compiling shared_library v0.1.9
[INFO] [stderr]    Compiling num-integer v0.1.39
[INFO] [stderr]    Compiling osmesa-sys v0.1.2
[INFO] [stderr]    Compiling syn v0.13.11
[INFO] [stderr]    Compiling minimp3-sys v0.3.0
[INFO] [stderr]    Compiling alsa-sys v0.1.2
[INFO] [stderr]    Compiling backtrace v0.3.9
[INFO] [stderr]    Compiling num-bigint v0.2.0
[INFO] [stderr]    Compiling error-chain v0.11.0
[INFO] [stderr]    Compiling hibitset v0.5.2
[INFO] [stderr]    Compiling flate2 v0.2.20
[INFO] [stderr]    Compiling gfx_macros v0.2.1
[INFO] [stderr]    Compiling xcb v0.8.2
[INFO] [stderr]    Compiling wavefront_obj v5.1.0
[INFO] [stderr]    Compiling hetseq v0.1.5
[INFO] [stderr]    Compiling num-iter v0.1.37
[INFO] [stderr]    Compiling imagefmt v4.0.0
[INFO] [stderr]    Compiling num-complex v0.2.0
[INFO] [stderr]    Compiling num-rational v0.2.1
[INFO] [stderr]    Compiling derivative v1.0.0
[INFO] [stderr]    Compiling serde_derive v1.0.79
[INFO] [stderr]    Compiling rand v0.3.22
[INFO] [stderr]    Compiling approx v0.3.0
[INFO] [stderr]    Compiling ordered-float v1.0.1
[INFO] [stderr]    Compiling slice-deque v0.1.13
[INFO] [stderr]    Compiling ogg v0.6.0
[INFO] [stderr] error: failed to run custom build command for `xcb v0.8.2`
[INFO] [stderr] note: To improve backtraces for build dependencies, set the CARGO_PROFILE_DEV_BUILD_OVERRIDE_DEBUG=true environment variable to enable debug information generation.
[INFO] [stderr] 
[INFO] [stderr] Caused by:
[INFO] [stderr]   process didn't exit successfully: `/opt/rustwide/target/debug/build/xcb-0b20ae407275f98c/build-script-build` (exit status: 101)
[INFO] [stderr]   --- stderr
[INFO] [stderr]   error occured in handler:  ('request: ', ('xcb', 'SELinux', 'GetClientContext'))
[INFO] [stderr]   Traceback (most recent call last):
[INFO] [stderr]     File "/opt/rustwide/cargo-home/registry/src/index.crates.io-6f17d22bba15001f/xcb-0.8.2/rs_client.py", line 2448, in <module>
[INFO] [stderr]       module.generate()
[INFO] [stderr]     File "/opt/rustwide/cargo-home/registry/src/index.crates.io-6f17d22bba15001f/xcb-0.8.2/xcbgen/state.py", line 108, in generate
[INFO] [stderr]       self.close()
[INFO] [stderr]     File "/opt/rustwide/cargo-home/registry/src/index.crates.io-6f17d22bba15001f/xcb-0.8.2/rs_client.py", line 296, in rs_close
[INFO] [stderr]       _f.writeout(os.path.join(module.rs_srcdir, "ffi", "%s.rs" % _module_name(_ns.ext_name)))
[INFO] [stderr]     File "/opt/rustwide/cargo-home/registry/src/index.crates.io-6f17d22bba15001f/xcb-0.8.2/rs_client.py", line 114, in writeout
[INFO] [stderr]       with open(path, 'w') as f:
[INFO] [stderr]   OSError: [Errno 30] Read-only file system: '/opt/rustwide/cargo-home/registry/src/index.crates.io-6f17d22bba15001f/xcb-0.8.2/src/ffi/selinux.rs'
[INFO] [stderr]   thread 'main' panicked at /opt/rustwide/cargo-home/registry/src/index.crates.io-6f17d22bba15001f/xcb-0.8.2/build.rs:75:17:
[INFO] [stderr]   processing of /opt/rustwide/cargo-home/registry/src/index.crates.io-6f17d22bba15001f/xcb-0.8.2/xml/xselinux.xml returned non-zero (1)
[INFO] [stderr]   stack backtrace:
[INFO] [stderr]      0:     0x55a23206e376 - std::backtrace_rs::backtrace::libunwind::trace::h261606ad26a499c1
[INFO] [stderr]                                  at /rustc/0e09125c6c3c2fd70d7de961bcf0e51575235fad/library/std/src/../../backtrace/src/backtrace/libunwind.rs:104:5
[INFO] [stderr]      1:     0x55a23206e376 - std::backtrace_rs::backtrace::trace_unsynchronized::hd183f0625477fb28
[INFO] [stderr]                                  at /rustc/0e09125c6c3c2fd70d7de961bcf0e51575235fad/library/std/src/../../backtrace/src/backtrace/mod.rs:66:5
[INFO] [stderr]      2:     0x55a23206e376 - std::sys_common::backtrace::_print_fmt::hd7f8fef21b4eda67
[INFO] [stderr]                                  at /rustc/0e09125c6c3c2fd70d7de961bcf0e51575235fad/library/std/src/sys_common/backtrace.rs:68:5
[INFO] [stderr]      3:     0x55a23206e376 - <std::sys_common::backtrace::_print::DisplayBacktrace as core::fmt::Display>::fmt::h623d9b51f2f453f1
[INFO] [stderr]                                  at /rustc/0e09125c6c3c2fd70d7de961bcf0e51575235fad/library/std/src/sys_common/backtrace.rs:44:22
[INFO] [stderr]      4:     0x55a232090aa0 - core::fmt::rt::Argument::fmt::h9f417ac76a86f368
[INFO] [stderr]                                  at /rustc/0e09125c6c3c2fd70d7de961bcf0e51575235fad/library/core/src/fmt/rt.rs:142:9
[INFO] [stderr]      5:     0x55a232090aa0 - core::fmt::write::hc9b6faf4ac2aeff7
[INFO] [stderr]                                  at /rustc/0e09125c6c3c2fd70d7de961bcf0e51575235fad/library/core/src/fmt/mod.rs:1120:17
[INFO] [stderr]      6:     0x55a23206c3ef - std::io::Write::write_fmt::hfead1eee52c2e65e
[INFO] [stderr]                                  at /rustc/0e09125c6c3c2fd70d7de961bcf0e51575235fad/library/std/src/io/mod.rs:1810:15
[INFO] [stderr]      7:     0x55a23206e154 - std::sys_common::backtrace::_print::hd5d66399c7df88a2
[INFO] [stderr]                                  at /rustc/0e09125c6c3c2fd70d7de961bcf0e51575235fad/library/std/src/sys_common/backtrace.rs:47:5
[INFO] [stderr]      8:     0x55a23206e154 - std::sys_common::backtrace::print::he81ed2da642d37e5
[INFO] [stderr]                                  at /rustc/0e09125c6c3c2fd70d7de961bcf0e51575235fad/library/std/src/sys_common/backtrace.rs:34:9
[INFO] [stderr]      9:     0x55a23206f847 - std::panicking::default_hook::{{closure}}::h85773f4fa117163d
[INFO] [stderr]     10:     0x55a23206f5a9 - std::panicking::default_hook::h6a1694a91d09b278
[INFO] [stderr]                                  at /rustc/0e09125c6c3c2fd70d7de961bcf0e51575235fad/library/std/src/panicking.rs:292:9
[INFO] [stderr]     11:     0x55a23206fcd8 - std::panicking::rust_panic_with_hook::h0a7ad96e90f7145b
[INFO] [stderr]                                  at /rustc/0e09125c6c3c2fd70d7de961bcf0e51575235fad/library/std/src/panicking.rs:779:13
[INFO] [stderr]     12:     0x55a23206fbb2 - std::panicking::begin_panic_handler::{{closure}}::h7919090525c6485e
[INFO] [stderr]                                  at /rustc/0e09125c6c3c2fd70d7de961bcf0e51575235fad/library/std/src/panicking.rs:657:13
[INFO] [stderr]     13:     0x55a23206e876 - std::sys_common::backtrace::__rust_end_short_backtrace::hf3289479464f7dfe
[INFO] [stderr]                                  at /rustc/0e09125c6c3c2fd70d7de961bcf0e51575235fad/library/std/src/sys_common/backtrace.rs:171:18
[INFO] [stderr]     14:     0x55a23206f910 - rust_begin_unwind
[INFO] [stderr]                                  at /rustc/0e09125c6c3c2fd70d7de961bcf0e51575235fad/library/std/src/panicking.rs:645:5
[INFO] [stderr]     15:     0x55a232048285 - core::panicking::panic_fmt::hcc9f77c5c132af55
[INFO] [stderr]                                  at /rustc/0e09125c6c3c2fd70d7de961bcf0e51575235fad/library/core/src/panicking.rs:72:14
[INFO] [stderr]     16:     0x55a23204e1b1 - build_script_build::main::{{closure}}::h64e5644f2c138969
[INFO] [stderr]     17:     0x55a23204d0a3 - build_script_build::visit_xml::h327824f581bbbc90
[INFO] [stderr]     18:     0x55a23204d743 - build_script_build::main::h94dcd0b7043d9755
[INFO] [stderr]     19:     0x55a232049d53 - core::ops::function::FnOnce::call_once::h505ba744cab0763c
[INFO] [stderr]     20:     0x55a232048dd6 - std::sys_common::backtrace::__rust_begin_short_backtrace::hc083239ca2c48300
[INFO] [stderr]     21:     0x55a232049509 - std::rt::lang_start::{{closure}}::hc07ca75952b13fe3
[INFO] [stderr]     22:     0x55a232068fd1 - core::ops::function::impls::<impl core::ops::function::FnOnce<A> for &F>::call_once::h4eb4c5e1620f29b0
[INFO] [stderr]                                  at /rustc/0e09125c6c3c2fd70d7de961bcf0e51575235fad/library/core/src/ops/function.rs:284:13
[INFO] [stderr]     23:     0x55a232068fd1 - std::panicking::try::do_call::h73fd26535faffcdf
[INFO] [stderr]                                  at /rustc/0e09125c6c3c2fd70d7de961bcf0e51575235fad/library/std/src/panicking.rs:552:40
[INFO] [stderr]     24:     0x55a232068fd1 - std::panicking::try::h77ff1d98f0fb9f39
[INFO] [stderr]                                  at /rustc/0e09125c6c3c2fd70d7de961bcf0e51575235fad/library/std/src/panicking.rs:516:19
[INFO] [stderr]     25:     0x55a232068fd1 - std::panic::catch_unwind::hab3caf2448b95e37
[INFO] [stderr]                                  at /rustc/0e09125c6c3c2fd70d7de961bcf0e51575235fad/library/std/src/panic.rs:142:14
[INFO] [stderr]     26:     0x55a232068fd1 - std::rt::lang_start_internal::{{closure}}::h8086711f9c783f78
[INFO] [stderr]                                  at /rustc/0e09125c6c3c2fd70d7de961bcf0e51575235fad/library/std/src/rt.rs:148:48
[INFO] [stderr]     27:     0x55a232068fd1 - std::panicking::try::do_call::hf920d4dc291cd6ca
[INFO] [stderr]                                  at /rustc/0e09125c6c3c2fd70d7de961bcf0e51575235fad/library/std/src/panicking.rs:552:40
[INFO] [stderr]     28:     0x55a232068fd1 - std::panicking::try::h2b806ccc0a85db74
[INFO] [stderr]                                  at /rustc/0e09125c6c3c2fd70d7de961bcf0e51575235fad/library/std/src/panicking.rs:516:19
[INFO] [stderr]     29:     0x55a232068fd1 - std::panic::catch_unwind::h038489539c507df2
[INFO] [stderr]                                  at /rustc/0e09125c6c3c2fd70d7de961bcf0e51575235fad/library/std/src/panic.rs:142:14
[INFO] [stderr]     30:     0x55a232068fd1 - std::rt::lang_start_internal::h28503b88912e8a5c
[INFO] [stderr]                                  at /rustc/0e09125c6c3c2fd70d7de961bcf0e51575235fad/library/std/src/rt.rs:148:20
[INFO] [stderr]     31:     0x55a2320494e7 - std::rt::lang_start::h42fa2d9c09f311b0
[INFO] [stderr]     32:     0x55a23204e235 - main
[INFO] [stderr]     33:     0x7f0971ab5d90 - <unknown>
[INFO] [stderr]     34:     0x7f0971ab5e40 - __libc_start_main
[INFO] [stderr]     35:     0x55a2320489b5 - _start
[INFO] [stderr]     36:                0x0 - <unknown>
[INFO] [stderr] warning: build failed, waiting for other jobs to finish...
[INFO] running `Command { std: "docker" "inspect" "04f33e4908f9c80faf0f47909241e69aced2d28591997858941fcfc065648d9b", kill_on_drop: false }`
[INFO] running `Command { std: "docker" "rm" "-f" "04f33e4908f9c80faf0f47909241e69aced2d28591997858941fcfc065648d9b", kill_on_drop: false }`
[INFO] [stdout] 04f33e4908f9c80faf0f47909241e69aced2d28591997858941fcfc065648d9b
