[INFO] cloning repository https://github.com/mathieu-lemay/cmus-notify
[INFO] running `Command { std: "git" "-c" "credential.helper=" "-c" "credential.helper=/workspace/cargo-home/bin/git-credential-null" "clone" "--bare" "https://github.com/mathieu-lemay/cmus-notify" "/workspace/cache/git-repos/https%3A%2F%2Fgithub.com%2Fmathieu-lemay%2Fcmus-notify", kill_on_drop: false }`
[INFO] [stderr] Cloning into bare repository '/workspace/cache/git-repos/https%3A%2F%2Fgithub.com%2Fmathieu-lemay%2Fcmus-notify'...
[INFO] running `Command { std: "git" "rev-parse" "HEAD", kill_on_drop: false }`
[INFO] [stdout] cfd81a6773d7d68d8ea6b0824f76b439000ec936
[INFO] testing mathieu-lemay/cmus-notify against 1.75.0 for beta-1.76-1
[INFO] running `Command { std: "git" "clone" "/workspace/cache/git-repos/https%3A%2F%2Fgithub.com%2Fmathieu-lemay%2Fcmus-notify" "/workspace/builds/worker-6-tc1/source", kill_on_drop: false }`
[INFO] [stderr] Cloning into '/workspace/builds/worker-6-tc1/source'...
[INFO] [stderr] done.
[INFO] validating manifest of git repo https://github.com/mathieu-lemay/cmus-notify on toolchain 1.75.0
[INFO] running `Command { std: CARGO_HOME="/workspace/cargo-home" RUSTUP_HOME="/workspace/rustup-home" "/workspace/cargo-home/bin/cargo" "+1.75.0" "metadata" "--manifest-path" "Cargo.toml" "--no-deps", kill_on_drop: false }`
[INFO] started tweaking git repo https://github.com/mathieu-lemay/cmus-notify
[INFO] finished tweaking git repo https://github.com/mathieu-lemay/cmus-notify
[INFO] tweaked toml for git repo https://github.com/mathieu-lemay/cmus-notify written to /workspace/builds/worker-6-tc1/source/Cargo.toml
[INFO] crate git repo https://github.com/mathieu-lemay/cmus-notify already has a lockfile, it will not be regenerated
[INFO] running `Command { std: CARGO_HOME="/workspace/cargo-home" RUSTUP_HOME="/workspace/rustup-home" "/workspace/cargo-home/bin/cargo" "+1.75.0" "fetch" "--manifest-path" "Cargo.toml", kill_on_drop: false }`
[INFO] [stderr]     Blocking waiting for file lock on package cache
[ERROR] error running command: no output for 300 seconds
[ERROR] this task or one of its parent failed!
[ERROR] no output for 300 seconds
[ERROR] note: run with `RUST_BACKTRACE=1` to display a backtrace.
[INFO] testing mathieu-lemay/cmus-notify against beta-2023-12-22 for beta-1.76-1
[INFO] running `Command { std: "git" "clone" "/workspace/cache/git-repos/https%3A%2F%2Fgithub.com%2Fmathieu-lemay%2Fcmus-notify" "/workspace/builds/worker-6-tc2/source", kill_on_drop: false }`
[INFO] [stderr] Cloning into '/workspace/builds/worker-6-tc2/source'...
[INFO] [stderr] done.
[INFO] validating manifest of git repo https://github.com/mathieu-lemay/cmus-notify on toolchain beta-2023-12-22
[INFO] running `Command { std: CARGO_HOME="/workspace/cargo-home" RUSTUP_HOME="/workspace/rustup-home" "/workspace/cargo-home/bin/cargo" "+beta-2023-12-22" "metadata" "--manifest-path" "Cargo.toml" "--no-deps", kill_on_drop: false }`
[INFO] started tweaking git repo https://github.com/mathieu-lemay/cmus-notify
[INFO] finished tweaking git repo https://github.com/mathieu-lemay/cmus-notify
[INFO] tweaked toml for git repo https://github.com/mathieu-lemay/cmus-notify written to /workspace/builds/worker-6-tc2/source/Cargo.toml
[INFO] crate git repo https://github.com/mathieu-lemay/cmus-notify already has a lockfile, it will not be regenerated
[INFO] running `Command { std: CARGO_HOME="/workspace/cargo-home" RUSTUP_HOME="/workspace/rustup-home" "/workspace/cargo-home/bin/cargo" "+beta-2023-12-22" "fetch" "--manifest-path" "Cargo.toml", kill_on_drop: false }`
[INFO] [stderr]     Blocking waiting for file lock on package cache
[INFO] [stderr]     Blocking waiting for file lock on package cache
[ERROR] error running command: no output for 300 seconds
[INFO] testing mathieu-lemay/cmus-notify against beta-2023-12-22 for beta-1.76-1
[INFO] running `Command { std: "git" "clone" "/workspace/cache/git-repos/https%3A%2F%2Fgithub.com%2Fmathieu-lemay%2Fcmus-notify" "/workspace/builds/worker-6-tc2/source", kill_on_drop: false }`
[INFO] [stderr] Cloning into '/workspace/builds/worker-6-tc2/source'...
[INFO] [stderr] done.
[INFO] validating manifest of git repo https://github.com/mathieu-lemay/cmus-notify on toolchain beta-2023-12-22
[INFO] running `Command { std: CARGO_HOME="/workspace/cargo-home" RUSTUP_HOME="/workspace/rustup-home" "/workspace/cargo-home/bin/cargo" "+beta-2023-12-22" "metadata" "--manifest-path" "Cargo.toml" "--no-deps", kill_on_drop: false }`
[INFO] started tweaking git repo https://github.com/mathieu-lemay/cmus-notify
[INFO] finished tweaking git repo https://github.com/mathieu-lemay/cmus-notify
[INFO] tweaked toml for git repo https://github.com/mathieu-lemay/cmus-notify written to /workspace/builds/worker-6-tc2/source/Cargo.toml
[INFO] crate git repo https://github.com/mathieu-lemay/cmus-notify already has a lockfile, it will not be regenerated
[INFO] running `Command { std: CARGO_HOME="/workspace/cargo-home" RUSTUP_HOME="/workspace/rustup-home" "/workspace/cargo-home/bin/cargo" "+beta-2023-12-22" "fetch" "--manifest-path" "Cargo.toml", kill_on_drop: false }`
[INFO] [stderr]     Blocking waiting for file lock on package cache
[INFO] [stderr]     Blocking waiting for file lock on package cache
[INFO] running `Command { std: "docker" "create" "-v" "/var/lib/crater-agent-workspace/builds/worker-6-tc2/target:/opt/rustwide/target:rw,Z" "-v" "/var/lib/crater-agent-workspace/builds/worker-6-tc2/source:/opt/rustwide/workdir:ro,Z" "-v" "/var/lib/crater-agent-workspace/cargo-home:/opt/rustwide/cargo-home:ro,Z" "-v" "/var/lib/crater-agent-workspace/rustup-home:/opt/rustwide/rustup-home:ro,Z" "-e" "SOURCE_DIR=/opt/rustwide/workdir" "-e" "CARGO_TARGET_DIR=/opt/rustwide/target" "-e" "CARGO_HOME=/opt/rustwide/cargo-home" "-e" "RUSTUP_HOME=/opt/rustwide/rustup-home" "-w" "/opt/rustwide/workdir" "-m" "1610612736" "--user" "0:0" "--network" "none" "ghcr.io/rust-lang/crates-build-env/linux@sha256:2788e3201cd34a07e3172128adcd8b3090168a8e3bcc40d7c032b9dda1df7d1c" "/opt/rustwide/cargo-home/bin/cargo" "+beta-2023-12-22" "metadata" "--no-deps" "--format-version=1", kill_on_drop: false }`
[INFO] [stdout] acde4137672468a060aa2390ff5f58fbcde3b57463074bc469419123f7dd8701
[INFO] running `Command { std: "docker" "start" "-a" "acde4137672468a060aa2390ff5f58fbcde3b57463074bc469419123f7dd8701", kill_on_drop: false }`
[INFO] running `Command { std: "docker" "inspect" "acde4137672468a060aa2390ff5f58fbcde3b57463074bc469419123f7dd8701", kill_on_drop: false }`
[INFO] running `Command { std: "docker" "rm" "-f" "acde4137672468a060aa2390ff5f58fbcde3b57463074bc469419123f7dd8701", kill_on_drop: false }`
[INFO] [stdout] acde4137672468a060aa2390ff5f58fbcde3b57463074bc469419123f7dd8701
[INFO] running `Command { std: "docker" "create" "-v" "/var/lib/crater-agent-workspace/builds/worker-6-tc2/target:/opt/rustwide/target:rw,Z" "-v" "/var/lib/crater-agent-workspace/builds/worker-6-tc2/source:/opt/rustwide/workdir:ro,Z" "-v" "/var/lib/crater-agent-workspace/cargo-home:/opt/rustwide/cargo-home:ro,Z" "-v" "/var/lib/crater-agent-workspace/rustup-home:/opt/rustwide/rustup-home:ro,Z" "-e" "SOURCE_DIR=/opt/rustwide/workdir" "-e" "CARGO_TARGET_DIR=/opt/rustwide/target" "-e" "CARGO_INCREMENTAL=0" "-e" "RUST_BACKTRACE=full" "-e" "RUSTFLAGS=--cap-lints=warn" "-e" "RUSTDOCFLAGS=--cap-lints=warn" "-e" "CARGO_HOME=/opt/rustwide/cargo-home" "-e" "RUSTUP_HOME=/opt/rustwide/rustup-home" "-w" "/opt/rustwide/workdir" "-m" "1610612736" "--user" "0:0" "--network" "none" "ghcr.io/rust-lang/crates-build-env/linux@sha256:2788e3201cd34a07e3172128adcd8b3090168a8e3bcc40d7c032b9dda1df7d1c" "/opt/rustwide/cargo-home/bin/cargo" "+beta-2023-12-22" "build" "--frozen" "--message-format=json", kill_on_drop: false }`
[INFO] [stdout] 84e8e05fd773fcec44c680941ee1d6975b9aba19df5b0a7af318278344f7f1d4
[INFO] running `Command { std: "docker" "start" "-a" "84e8e05fd773fcec44c680941ee1d6975b9aba19df5b0a7af318278344f7f1d4", kill_on_drop: false }`
[INFO] [stderr]    Compiling proc-macro2 v1.0.69
[INFO] [stderr]    Compiling unicode-ident v1.0.12
[INFO] [stderr]    Compiling autocfg v1.1.0
[INFO] [stderr]    Compiling libc v0.2.149
[INFO] [stderr]    Compiling cfg-if v1.0.0
[INFO] [stderr]    Compiling futures-core v0.3.28
[INFO] [stderr]    Compiling memchr v2.6.4
[INFO] [stderr]    Compiling once_cell v1.18.0
[INFO] [stderr]    Compiling syn v1.0.109
[INFO] [stderr]    Compiling pin-project-lite v0.2.13
[INFO] [stderr]    Compiling crossbeam-utils v0.8.16
[INFO] [stderr]    Compiling version_check v0.9.4
[INFO] [stderr]    Compiling typenum v1.17.0
[INFO] [stderr]    Compiling equivalent v1.0.1
[INFO] [stderr]    Compiling event-listener v2.5.3
[INFO] [stderr]    Compiling futures-io v0.3.28
[INFO] [stderr]    Compiling hashbrown v0.14.1
[INFO] [stderr]    Compiling winnow v0.5.16
[INFO] [stderr]    Compiling toml_datetime v0.6.3
[INFO] [stderr]    Compiling parking v2.1.1
[INFO] [stderr]    Compiling waker-fn v1.1.1
[INFO] [stderr]    Compiling fastrand v1.9.0
[INFO] [stderr]    Compiling serde v1.0.188
[INFO] [stderr]    Compiling async-lock v2.8.0
[INFO] [stderr]    Compiling fastrand v2.0.1
[INFO] [stderr]    Compiling bitflags v1.3.2
[INFO] [stderr]    Compiling generic-array v0.14.7
[INFO] [stderr]    Compiling slab v0.4.9
[INFO] [stderr]    Compiling memoffset v0.7.1
[INFO] [stderr]    Compiling io-lifetimes v1.0.11
[INFO] [stderr]    Compiling polling v2.8.0
[INFO] [stderr]    Compiling tracing-core v0.1.31
[INFO] [stderr]    Compiling atomic-waker v1.1.2
[INFO] [stderr]    Compiling concurrent-queue v2.3.0
[INFO] [stderr]    Compiling futures-lite v1.13.0
[INFO] [stderr]    Compiling aho-corasick v1.1.2
[INFO] [stderr]    Compiling regex-syntax v0.8.0
[INFO] [stderr]    Compiling futures-task v0.3.28
[INFO] [stderr]    Compiling indexmap v2.0.2
[INFO] [stderr]    Compiling async-task v4.4.1
[INFO] [stderr]    Compiling rustix v0.37.24
[INFO] [stderr]    Compiling futures-channel v0.3.28
[INFO] [stderr]    Compiling async-channel v1.9.0
[INFO] [stderr]    Compiling piper v0.2.1
[INFO] [stderr]    Compiling async-io v1.13.0
[INFO] [stderr]    Compiling async-fs v1.6.0
[INFO] [stderr]    Compiling async-trait v0.1.73
[INFO] [stderr]    Compiling futures-util v0.3.28
[INFO] [stderr]    Compiling quote v1.0.33
[INFO] [stderr]    Compiling byteorder v1.5.0
[INFO] [stderr]    Compiling linux-raw-sys v0.3.8
[INFO] [stderr]    Compiling syn v2.0.38
[INFO] [stderr]    Compiling futures-sink v0.3.28
[INFO] [stderr]    Compiling ppv-lite86 v0.2.17
[INFO] [stderr]    Compiling log v0.4.20
[INFO] [stderr]    Compiling static_assertions v1.1.0
[INFO] [stderr]    Compiling cpufeatures v0.2.9
[INFO] [stderr]    Compiling pin-utils v0.1.0
[INFO] [stderr]    Compiling async-executor v1.5.4
[INFO] [stderr]    Compiling async-broadcast v0.5.1
[INFO] [stderr]    Compiling ordered-stream v0.2.0
[INFO] [stderr]    Compiling option-ext v0.2.0
[INFO] [stderr]    Compiling hex v0.4.3
[INFO] [stderr]    Compiling toml_edit v0.19.15
[INFO] [stderr]    Compiling getrandom v0.2.10
[INFO] [stderr]    Compiling socket2 v0.4.9
[INFO] [stderr]    Compiling nix v0.26.4
[INFO] [stderr]    Compiling rand_core v0.6.4
[INFO] [stderr]    Compiling dirs-sys v0.4.1
[INFO] [stderr]    Compiling rand_chacha v0.3.1
[INFO] [stderr]    Compiling dirs v5.0.1
[INFO] [stderr]    Compiling rand v0.8.5
[INFO] [stderr]    Compiling block-buffer v0.10.4
[INFO] [stderr]    Compiling crypto-common v0.1.6
[INFO] [stderr]    Compiling digest v0.10.7
[INFO] [stderr]    Compiling sha1 v0.10.6
[INFO] [stderr]    Compiling xdg-home v1.0.0
[INFO] [stderr]    Compiling regex-automata v0.4.1
[INFO] [stderr]    Compiling proc-macro-crate v1.3.1
[INFO] [stderr]    Compiling serde_derive v1.0.188
[INFO] [stderr]    Compiling enumflags2_derive v0.7.8
[INFO] [stderr]    Compiling tracing-attributes v0.1.26
[INFO] [stderr]    Compiling futures-macro v0.3.28
[INFO] [stderr]    Compiling serde_repr v0.1.16
[INFO] [stderr]    Compiling async-recursion v1.0.5
[INFO] [stderr]    Compiling zvariant_utils v1.0.1
[INFO] [stderr]    Compiling regex v1.10.0
[INFO] [stderr]    Compiling zvariant_derive v3.15.0
[INFO] [stderr]    Compiling derivative v2.2.0
[INFO] [stderr]    Compiling zbus_macros v3.14.1
[INFO] [stderr]    Compiling tracing v0.1.37
[INFO] [stderr]    Compiling blocking v1.4.1
[INFO] [stderr]    Compiling enumflags2 v0.7.8
[INFO] [stderr]    Compiling zvariant v3.15.0
[INFO] [stderr]    Compiling zbus_names v2.6.0
[INFO] [stderr]    Compiling zbus v3.14.1
[INFO] [stderr]    Compiling notify-rust v4.9.0
[INFO] [stderr]    Compiling cmus-notify v0.9.3 (/opt/rustwide/workdir)
[INFO] [stderr]     Finished dev [unoptimized + debuginfo] target(s) in 29.55s
[INFO] running `Command { std: "docker" "inspect" "84e8e05fd773fcec44c680941ee1d6975b9aba19df5b0a7af318278344f7f1d4", kill_on_drop: false }`
[INFO] running `Command { std: "docker" "rm" "-f" "84e8e05fd773fcec44c680941ee1d6975b9aba19df5b0a7af318278344f7f1d4", kill_on_drop: false }`
[INFO] [stdout] 84e8e05fd773fcec44c680941ee1d6975b9aba19df5b0a7af318278344f7f1d4
[INFO] running `Command { std: "docker" "create" "-v" "/var/lib/crater-agent-workspace/builds/worker-6-tc2/target:/opt/rustwide/target:rw,Z" "-v" "/var/lib/crater-agent-workspace/builds/worker-6-tc2/source:/opt/rustwide/workdir:ro,Z" "-v" "/var/lib/crater-agent-workspace/cargo-home:/opt/rustwide/cargo-home:ro,Z" "-v" "/var/lib/crater-agent-workspace/rustup-home:/opt/rustwide/rustup-home:ro,Z" "-e" "SOURCE_DIR=/opt/rustwide/workdir" "-e" "CARGO_TARGET_DIR=/opt/rustwide/target" "-e" "CARGO_INCREMENTAL=0" "-e" "RUST_BACKTRACE=full" "-e" "RUSTFLAGS=--cap-lints=warn" "-e" "RUSTDOCFLAGS=--cap-lints=warn" "-e" "CARGO_HOME=/opt/rustwide/cargo-home" "-e" "RUSTUP_HOME=/opt/rustwide/rustup-home" "-w" "/opt/rustwide/workdir" "-m" "1610612736" "--user" "0:0" "--network" "none" "ghcr.io/rust-lang/crates-build-env/linux@sha256:2788e3201cd34a07e3172128adcd8b3090168a8e3bcc40d7c032b9dda1df7d1c" "/opt/rustwide/cargo-home/bin/cargo" "+beta-2023-12-22" "test" "--frozen" "--no-run" "--message-format=json", kill_on_drop: false }`
[INFO] [stdout] 68479b09d80d58a0adb36ac2d4b5527b387601a1e0136250e2fba4ddd8dc9352
[INFO] running `Command { std: "docker" "start" "-a" "68479b09d80d58a0adb36ac2d4b5527b387601a1e0136250e2fba4ddd8dc9352", kill_on_drop: false }`
[INFO] [stderr]    Compiling semver v1.0.20
[INFO] [stderr]    Compiling futures-executor v0.3.28
[INFO] [stderr]    Compiling futures-timer v3.0.2
[INFO] [stderr]    Compiling futures v0.3.28
[INFO] [stderr]    Compiling rustc_version v0.4.0
[INFO] [stderr]    Compiling rstest_macros v0.17.0
[INFO] [stderr]    Compiling rstest v0.17.0
[INFO] [stderr]    Compiling cmus-notify v0.9.3 (/opt/rustwide/workdir)
[INFO] [stderr]     Finished test [unoptimized + debuginfo] target(s) in 3.68s
[INFO] running `Command { std: "docker" "inspect" "68479b09d80d58a0adb36ac2d4b5527b387601a1e0136250e2fba4ddd8dc9352", kill_on_drop: false }`
[INFO] running `Command { std: "docker" "rm" "-f" "68479b09d80d58a0adb36ac2d4b5527b387601a1e0136250e2fba4ddd8dc9352", kill_on_drop: false }`
[INFO] [stdout] 68479b09d80d58a0adb36ac2d4b5527b387601a1e0136250e2fba4ddd8dc9352
[INFO] running `Command { std: "docker" "create" "-v" "/var/lib/crater-agent-workspace/builds/worker-6-tc2/target:/opt/rustwide/target:rw,Z" "-v" "/var/lib/crater-agent-workspace/builds/worker-6-tc2/source:/opt/rustwide/workdir:ro,Z" "-v" "/var/lib/crater-agent-workspace/cargo-home:/opt/rustwide/cargo-home:ro,Z" "-v" "/var/lib/crater-agent-workspace/rustup-home:/opt/rustwide/rustup-home:ro,Z" "-e" "SOURCE_DIR=/opt/rustwide/workdir" "-e" "CARGO_TARGET_DIR=/opt/rustwide/target" "-e" "CARGO_INCREMENTAL=0" "-e" "RUST_BACKTRACE=full" "-e" "RUSTFLAGS=--cap-lints=warn" "-e" "RUSTDOCFLAGS=--cap-lints=warn" "-e" "CARGO_HOME=/opt/rustwide/cargo-home" "-e" "RUSTUP_HOME=/opt/rustwide/rustup-home" "-w" "/opt/rustwide/workdir" "-m" "1610612736" "--user" "0:0" "--network" "none" "ghcr.io/rust-lang/crates-build-env/linux@sha256:2788e3201cd34a07e3172128adcd8b3090168a8e3bcc40d7c032b9dda1df7d1c" "/opt/rustwide/cargo-home/bin/cargo" "+beta-2023-12-22" "test" "--frozen", kill_on_drop: false }`
[INFO] [stdout] 22834287cd3c3d90e202dd5199495dd921e79824ad6483365744af38287aa833
[INFO] running `Command { std: "docker" "start" "-a" "22834287cd3c3d90e202dd5199495dd921e79824ad6483365744af38287aa833", kill_on_drop: false }`
[INFO] [stderr]     Finished test [unoptimized + debuginfo] target(s) in 0.07s
[INFO] [stderr]      Running unittests src/main.rs (/opt/rustwide/target/debug/deps/cmus_notify-7e46d57d2302d2f7)
[INFO] [stdout] 
[INFO] [stdout] running 41 tests
[INFO] [stdout] test test_format_time::test_format_only_seconds::case_4 ... ok
[INFO] [stdout] test test_format_time::test_format_only_seconds::case_2 ... ok
[INFO] [stdout] test test_format_time::test_format_only_seconds::case_3 ... ok
[INFO] [stdout] test test_format_time::test_format_only_seconds::case_1 ... ok
[INFO] [stdout] test test_format_time::test_format_only_seconds::case_5 ... ok
[INFO] [stdout] test test_format_time::test_format_only_seconds::case_6 ... ok
[INFO] [stdout] test test_metadata::test_get_duration::case_1 ... ok
[INFO] [stdout] test test_metadata::test_get_duration::case_2 ... ok
[INFO] [stdout] test test_metadata::test_get_duration::case_3 ... ok
[INFO] [stdout] test test_metadata::test_get_duration::case_4 ... ok
[INFO] [stdout] test test_metadata::test_get_message ... ok
[INFO] [stdout] test test_metadata::test_get_message_full ... ok
[INFO] [stdout] test test_metadata::test_get_message_with_duration::case_1_no_duration_or_position ... ok
[INFO] [stdout] test test_metadata::test_get_message_with_duration::case_2_position_only ... ok
[INFO] [stdout] test test_metadata::test_get_message_with_duration::case_3_duration_only ... ok
[INFO] [stdout] test test_metadata::test_get_message_with_status::case_2 ... ok
[INFO] [stdout] test test_metadata::test_get_message_with_duration::case_4_position_and_duration ... ok
[INFO] [stdout] test test_metadata::test_get_message_with_status::case_3 ... ok
[INFO] [stdout] test test_metadata::test_get_message_with_track::case_1_no_track_or_disc ... ok
[INFO] [stdout] test test_metadata::test_get_message_with_status::case_4 ... ok
[INFO] [stdout] test test_metadata::test_get_message_with_track::case_2_disc_only ... ok
[INFO] [stdout] test test_metadata::test_get_message_with_track::case_3_track_only ... ok
[INFO] [stdout] test test_metadata::test_get_message_with_status::case_1 ... ok
[INFO] [stdout] test test_metadata::test_get_message_with_status::case_5 ... ok
[INFO] [stdout] test test_metadata::test_get_status::case_1 ... ok
[INFO] [stdout] test test_metadata::test_get_message_with_track::case_4_track_and_disc ... ok
[INFO] [stdout] test test_metadata::test_get_status::case_2 ... ok
[INFO] [stdout] test test_metadata::test_get_status::case_3 ... ok
[INFO] [stdout] test test_metadata::test_get_status::case_4 ... ok
[INFO] [stdout] test test_metadata::test_get_status::case_5 ... ok
[INFO] [stdout] test test_metadata::test_get_title::case_1_no_artist_no_title ... ok
[INFO] [stdout] test test_metadata::test_get_title::case_2_artist_only ... ok
[INFO] [stdout] test test_metadata::test_get_track::case_1 ... ok
[INFO] [stdout] test test_metadata::test_get_title::case_4_title_and_artist ... ok
[INFO] [stdout] test test_metadata::test_get_track::case_2 ... ok
[INFO] [stdout] test test_metadata::test_get_track::case_3 ... ok
[INFO] [stdout] test test_metadata::test_get_track::case_6 ... ok
[INFO] [stdout] test test_parse::test_parse ... ok
[INFO] [stdout] test test_metadata::test_get_track::case_4 ... ok
[INFO] [stdout] test test_metadata::test_get_title::case_3_title_only ... ok
[INFO] [stdout] test test_metadata::test_get_track::case_5 ... ok
[INFO] [stdout] 
[INFO] [stdout] test result: ok. 41 passed; 0 failed; 0 ignored; 0 measured; 0 filtered out; finished in 0.00s
[INFO] [stdout] 
[INFO] running `Command { std: "docker" "inspect" "22834287cd3c3d90e202dd5199495dd921e79824ad6483365744af38287aa833", kill_on_drop: false }`
[INFO] running `Command { std: "docker" "rm" "-f" "22834287cd3c3d90e202dd5199495dd921e79824ad6483365744af38287aa833", kill_on_drop: false }`
[INFO] [stdout] 22834287cd3c3d90e202dd5199495dd921e79824ad6483365744af38287aa833
