[INFO] cloning repository https://github.com/lannonbr/marc_cli
[INFO] running `Command { std: "git" "-c" "credential.helper=" "-c" "credential.helper=/workspace/cargo-home/bin/git-credential-null" "clone" "--bare" "https://github.com/lannonbr/marc_cli" "/workspace/cache/git-repos/https%3A%2F%2Fgithub.com%2Flannonbr%2Fmarc_cli", kill_on_drop: false }`
[INFO] [stderr] Cloning into bare repository '/workspace/cache/git-repos/https%3A%2F%2Fgithub.com%2Flannonbr%2Fmarc_cli'...
[INFO] running `Command { std: "git" "rev-parse" "HEAD", kill_on_drop: false }`
[INFO] [stdout] 5d97996e98b2a54ac38229a60a8546689988ee91
[INFO] testing lannonbr/marc_cli against 1.75.0 for beta-1.76-1
[INFO] running `Command { std: "git" "clone" "/workspace/cache/git-repos/https%3A%2F%2Fgithub.com%2Flannonbr%2Fmarc_cli" "/workspace/builds/worker-5-tc1/source", kill_on_drop: false }`
[INFO] [stderr] Cloning into '/workspace/builds/worker-5-tc1/source'...
[INFO] [stderr] done.
[INFO] validating manifest of git repo https://github.com/lannonbr/marc_cli on toolchain 1.75.0
[INFO] running `Command { std: CARGO_HOME="/workspace/cargo-home" RUSTUP_HOME="/workspace/rustup-home" "/workspace/cargo-home/bin/cargo" "+1.75.0" "metadata" "--manifest-path" "Cargo.toml" "--no-deps", kill_on_drop: false }`
[INFO] started tweaking git repo https://github.com/lannonbr/marc_cli
[INFO] finished tweaking git repo https://github.com/lannonbr/marc_cli
[INFO] tweaked toml for git repo https://github.com/lannonbr/marc_cli written to /workspace/builds/worker-5-tc1/source/Cargo.toml
[INFO] crate git repo https://github.com/lannonbr/marc_cli already has a lockfile, it will not be regenerated
[INFO] running `Command { std: CARGO_HOME="/workspace/cargo-home" RUSTUP_HOME="/workspace/rustup-home" "/workspace/cargo-home/bin/cargo" "+1.75.0" "fetch" "--manifest-path" "Cargo.toml", kill_on_drop: false }`
[INFO] [stderr]     Blocking waiting for file lock on package cache
[INFO] [stderr]     Updating crates.io index
[INFO] [stderr]     Blocking waiting for file lock on package cache
[ERROR] error running command: no output for 300 seconds
[ERROR] this task or one of its parent failed!
[ERROR] no output for 300 seconds
[ERROR] note: run with `RUST_BACKTRACE=1` to display a backtrace.
[INFO] testing lannonbr/marc_cli against beta-2023-12-22 for beta-1.76-1
[INFO] running `Command { std: "git" "clone" "/workspace/cache/git-repos/https%3A%2F%2Fgithub.com%2Flannonbr%2Fmarc_cli" "/workspace/builds/worker-5-tc2/source", kill_on_drop: false }`
[INFO] [stderr] Cloning into '/workspace/builds/worker-5-tc2/source'...
[INFO] [stderr] done.
[INFO] validating manifest of git repo https://github.com/lannonbr/marc_cli on toolchain beta-2023-12-22
[INFO] running `Command { std: CARGO_HOME="/workspace/cargo-home" RUSTUP_HOME="/workspace/rustup-home" "/workspace/cargo-home/bin/cargo" "+beta-2023-12-22" "metadata" "--manifest-path" "Cargo.toml" "--no-deps", kill_on_drop: false }`
[INFO] started tweaking git repo https://github.com/lannonbr/marc_cli
[INFO] finished tweaking git repo https://github.com/lannonbr/marc_cli
[INFO] tweaked toml for git repo https://github.com/lannonbr/marc_cli written to /workspace/builds/worker-5-tc2/source/Cargo.toml
[INFO] crate git repo https://github.com/lannonbr/marc_cli already has a lockfile, it will not be regenerated
[INFO] running `Command { std: CARGO_HOME="/workspace/cargo-home" RUSTUP_HOME="/workspace/rustup-home" "/workspace/cargo-home/bin/cargo" "+beta-2023-12-22" "fetch" "--manifest-path" "Cargo.toml", kill_on_drop: false }`
[INFO] [stderr]     Blocking waiting for file lock on package cache
[INFO] [stderr]  Downloading crates ...
[INFO] [stderr]   Downloaded rustyline v1.0.0
[INFO] [stderr]   Downloaded encode_unicode v0.1.3
[INFO] [stderr]   Downloaded error-chain v0.5.0
[INFO] [stderr]   Downloaded gcc v0.3.38
[INFO] [stderr]   Downloaded marc v1.3.0
[INFO] running `Command { std: "docker" "create" "-v" "/var/lib/crater-agent-workspace/builds/worker-5-tc2/target:/opt/rustwide/target:rw,Z" "-v" "/var/lib/crater-agent-workspace/builds/worker-5-tc2/source:/opt/rustwide/workdir:ro,Z" "-v" "/var/lib/crater-agent-workspace/cargo-home:/opt/rustwide/cargo-home:ro,Z" "-v" "/var/lib/crater-agent-workspace/rustup-home:/opt/rustwide/rustup-home:ro,Z" "-e" "SOURCE_DIR=/opt/rustwide/workdir" "-e" "CARGO_TARGET_DIR=/opt/rustwide/target" "-e" "CARGO_HOME=/opt/rustwide/cargo-home" "-e" "RUSTUP_HOME=/opt/rustwide/rustup-home" "-w" "/opt/rustwide/workdir" "-m" "1610612736" "--user" "0:0" "--network" "none" "ghcr.io/rust-lang/crates-build-env/linux@sha256:2788e3201cd34a07e3172128adcd8b3090168a8e3bcc40d7c032b9dda1df7d1c" "/opt/rustwide/cargo-home/bin/cargo" "+beta-2023-12-22" "metadata" "--no-deps" "--format-version=1", kill_on_drop: false }`
[INFO] [stdout] 2859032c2302a3d1d4e5592f45cbba5258aca64742be90f8d4c5febb8e4c668a
[INFO] running `Command { std: "docker" "start" "-a" "2859032c2302a3d1d4e5592f45cbba5258aca64742be90f8d4c5febb8e4c668a", kill_on_drop: false }`
[INFO] running `Command { std: "docker" "inspect" "2859032c2302a3d1d4e5592f45cbba5258aca64742be90f8d4c5febb8e4c668a", kill_on_drop: false }`
[INFO] running `Command { std: "docker" "rm" "-f" "2859032c2302a3d1d4e5592f45cbba5258aca64742be90f8d4c5febb8e4c668a", kill_on_drop: false }`
[INFO] [stdout] 2859032c2302a3d1d4e5592f45cbba5258aca64742be90f8d4c5febb8e4c668a
[INFO] running `Command { std: "docker" "create" "-v" "/var/lib/crater-agent-workspace/builds/worker-5-tc2/target:/opt/rustwide/target:rw,Z" "-v" "/var/lib/crater-agent-workspace/builds/worker-5-tc2/source:/opt/rustwide/workdir:ro,Z" "-v" "/var/lib/crater-agent-workspace/cargo-home:/opt/rustwide/cargo-home:ro,Z" "-v" "/var/lib/crater-agent-workspace/rustup-home:/opt/rustwide/rustup-home:ro,Z" "-e" "SOURCE_DIR=/opt/rustwide/workdir" "-e" "CARGO_TARGET_DIR=/opt/rustwide/target" "-e" "CARGO_INCREMENTAL=0" "-e" "RUST_BACKTRACE=full" "-e" "RUSTFLAGS=--cap-lints=warn" "-e" "RUSTDOCFLAGS=--cap-lints=warn" "-e" "CARGO_HOME=/opt/rustwide/cargo-home" "-e" "RUSTUP_HOME=/opt/rustwide/rustup-home" "-w" "/opt/rustwide/workdir" "-m" "1610612736" "--user" "0:0" "--network" "none" "ghcr.io/rust-lang/crates-build-env/linux@sha256:2788e3201cd34a07e3172128adcd8b3090168a8e3bcc40d7c032b9dda1df7d1c" "/opt/rustwide/cargo-home/bin/cargo" "+beta-2023-12-22" "build" "--frozen" "--message-format=json", kill_on_drop: false }`
[INFO] [stdout] c7620b4f43036bf406ed3726147e3889981da624e69a698d4641d724a9062792
[INFO] running `Command { std: "docker" "start" "-a" "c7620b4f43036bf406ed3726147e3889981da624e69a698d4641d724a9062792", kill_on_drop: false }`
[INFO] [stderr]    Compiling winapi-build v0.1.1
[INFO] [stderr]    Compiling libc v0.2.17
[INFO] [stderr]    Compiling winapi v0.2.8
[INFO] [stderr]    Compiling gcc v0.3.38
[INFO] [stderr]    Compiling backtrace v0.2.3
[INFO] [stderr]    Compiling rustc-demangle v0.1.3
[INFO] [stderr]    Compiling cfg-if v0.1.0
[INFO] [stderr]    Compiling bitflags v0.4.0
[INFO] [stderr]    Compiling unicode-width v0.1.3
[INFO] [stderr]    Compiling regex-syntax v0.3.9
[INFO] [stderr]    Compiling utf8-ranges v0.1.3
[INFO] [stderr]    Compiling kernel32-sys v0.2.2
[INFO] [stderr]    Compiling dbghelp-sys v0.2.0
[INFO] [stderr]    Compiling encode_unicode v0.1.3
[INFO] [stderr]    Compiling memchr v0.1.11
[INFO] [stderr]    Compiling nix v0.5.1
[INFO] [stderr]    Compiling aho-corasick v0.5.3
[INFO] [stderr]    Compiling thread-id v2.0.0
[INFO] [stderr]    Compiling thread_local v0.2.7
[INFO] [stderr]    Compiling backtrace-sys v0.1.5
[INFO] [stderr]    Compiling regex v0.1.80
[INFO] [stderr]    Compiling error-chain v0.5.0
[INFO] [stderr]    Compiling marc v1.3.0
[INFO] [stderr]    Compiling rustyline v1.0.0
[INFO] [stderr]    Compiling marc_cli v0.1.0 (/opt/rustwide/workdir)
[INFO] [stdout] warning: use of deprecated method `std::error::Error::description`: use the Display impl or to_string()
[INFO] [stdout]   --> src/loader.rs:21:65
[INFO] [stdout]    |
[INFO] [stdout] 21 |         Err(why) => panic!("Couldn't open {}: {}", display, why.description()),
[INFO] [stdout]    |                                                                 ^^^^^^^^^^^
[INFO] [stdout]    |
[INFO] [stdout]    = note: `#[warn(deprecated)]` on by default
[INFO] [stdout] 
[INFO] [stdout] 
[INFO] [stdout] error: linking with `cc` failed: exit status: 1
[INFO] [stdout]   |
[INFO] [stdout]   = note: LC_ALL="C" PATH="/opt/rustwide/rustup-home/toolchains/beta-2023-12-22-x86_64-unknown-linux-gnu/lib/rustlib/x86_64-unknown-linux-gnu/bin:/opt/rustwide/cargo-home/bin:/usr/local/sbin:/usr/local/bin:/usr/sbin:/usr/bin:/sbin:/bin" VSLANG="1033" "cc" "-m64" "/tmp/rustcA1klDa/symbols.o" "/opt/rustwide/target/debug/deps/marc_cli-159956715bbda140.marc_cli.c46b4201e9679934-cgu.0.rcgu.o" "/opt/rustwide/target/debug/deps/marc_cli-159956715bbda140.marc_cli.c46b4201e9679934-cgu.1.rcgu.o" "/opt/rustwide/target/debug/deps/marc_cli-159956715bbda140.marc_cli.c46b4201e9679934-cgu.2.rcgu.o" "/opt/rustwide/target/debug/deps/marc_cli-159956715bbda140.marc_cli.c46b4201e9679934-cgu.3.rcgu.o" "/opt/rustwide/target/debug/deps/marc_cli-159956715bbda140.marc_cli.c46b4201e9679934-cgu.4.rcgu.o" "/opt/rustwide/target/debug/deps/marc_cli-159956715bbda140.weoi3soi0mr0e4w.rcgu.o" "-Wl,--as-needed" "-L" "/opt/rustwide/target/debug/deps" "-L" "/opt/rustwide/rustup-home/toolchains/beta-2023-12-22-x86_64-unknown-linux-gnu/lib/rustlib/x86_64-unknown-linux-gnu/lib" "-Wl,-Bstatic" "/opt/rustwide/target/debug/deps/libmarc-e085a1613a4e90f8.rlib" "/opt/rustwide/target/debug/deps/liberror_chain-5b9c2327569a74bb.rlib" "/opt/rustwide/target/debug/deps/libbacktrace-a6661bde1ee82ad8.rlib" "/opt/rustwide/target/debug/deps/libbacktrace_sys-8be85a41da2fe45b.rlib" "/opt/rustwide/target/debug/deps/librustc_demangle-a785d6fb8bd47b53.rlib" "/opt/rustwide/target/debug/deps/libcfg_if-af0f67cdd23e3881.rlib" "/opt/rustwide/target/debug/deps/libdbghelp-49d169bc61d82bda.rlib" "/opt/rustwide/target/debug/deps/libwinapi-466a603b55ad40cc.rlib" "/opt/rustwide/target/debug/deps/libkernel32-59e9b389af202f01.rlib" "/opt/rustwide/target/debug/deps/librustyline-0e98787c56690602.rlib" "/opt/rustwide/target/debug/deps/libencode_unicode-3e7bc725b763ce98.rlib" "/opt/rustwide/target/debug/deps/libunicode_width-6f36553615de9422.rlib" "/opt/rustwide/target/debug/deps/libnix-08b52e473f6d17f3.rlib" "/opt/rustwide/target/debug/deps/libbitflags-42b387c001f32a8b.rlib" "/opt/rustwide/target/debug/deps/liblibc-229e500b2aef1419.rlib" "/opt/rustwide/rustup-home/toolchains/beta-2023-12-22-x86_64-unknown-linux-gnu/lib/rustlib/x86_64-unknown-linux-gnu/lib/libstd-0672489a78b613de.rlib" "/opt/rustwide/rustup-home/toolchains/beta-2023-12-22-x86_64-unknown-linux-gnu/lib/rustlib/x86_64-unknown-linux-gnu/lib/libpanic_unwind-7eb3ffc34a49f675.rlib" "/opt/rustwide/rustup-home/toolchains/beta-2023-12-22-x86_64-unknown-linux-gnu/lib/rustlib/x86_64-unknown-linux-gnu/lib/libobject-6478a9daa4bee8e2.rlib" "/opt/rustwide/rustup-home/toolchains/beta-2023-12-22-x86_64-unknown-linux-gnu/lib/rustlib/x86_64-unknown-linux-gnu/lib/libmemchr-0c75d871a5c3923d.rlib" "/opt/rustwide/rustup-home/toolchains/beta-2023-12-22-x86_64-unknown-linux-gnu/lib/rustlib/x86_64-unknown-linux-gnu/lib/libaddr2line-d163ef63ad37bb71.rlib" "/opt/rustwide/rustup-home/toolchains/beta-2023-12-22-x86_64-unknown-linux-gnu/lib/rustlib/x86_64-unknown-linux-gnu/lib/libgimli-8a3fd810a85b9f4c.rlib" "/opt/rustwide/rustup-home/toolchains/beta-2023-12-22-x86_64-unknown-linux-gnu/lib/rustlib/x86_64-unknown-linux-gnu/lib/librustc_demangle-462a2cde8c5dfc10.rlib" "/opt/rustwide/rustup-home/toolchains/beta-2023-12-22-x86_64-unknown-linux-gnu/lib/rustlib/x86_64-unknown-linux-gnu/lib/libstd_detect-cb06ac9f54713f71.rlib" "/opt/rustwide/rustup-home/toolchains/beta-2023-12-22-x86_64-unknown-linux-gnu/lib/rustlib/x86_64-unknown-linux-gnu/lib/libhashbrown-f20bfd1f8e59b393.rlib" "/opt/rustwide/rustup-home/toolchains/beta-2023-12-22-x86_64-unknown-linux-gnu/lib/rustlib/x86_64-unknown-linux-gnu/lib/librustc_std_workspace_alloc-1ef460949b49da4b.rlib" "/opt/rustwide/rustup-home/toolchains/beta-2023-12-22-x86_64-unknown-linux-gnu/lib/rustlib/x86_64-unknown-linux-gnu/lib/libminiz_oxide-2cb0c0ffe4f87514.rlib" "/opt/rustwide/rustup-home/toolchains/beta-2023-12-22-x86_64-unknown-linux-gnu/lib/rustlib/x86_64-unknown-linux-gnu/lib/libadler-58d841eb322a11a2.rlib" "/opt/rustwide/rustup-home/toolchains/beta-2023-12-22-x86_64-unknown-linux-gnu/lib/rustlib/x86_64-unknown-linux-gnu/lib/libunwind-aa2ae0b0a9d11533.rlib" "/opt/rustwide/rustup-home/toolchains/beta-2023-12-22-x86_64-unknown-linux-gnu/lib/rustlib/x86_64-unknown-linux-gnu/lib/libcfg_if-23874e15830ed336.rlib" "/opt/rustwide/rustup-home/toolchains/beta-2023-12-22-x86_64-unknown-linux-gnu/lib/rustlib/x86_64-unknown-linux-gnu/lib/liblibc-e47cddc003bce885.rlib" "/opt/rustwide/rustup-home/toolchains/beta-2023-12-22-x86_64-unknown-linux-gnu/lib/rustlib/x86_64-unknown-linux-gnu/lib/liballoc-c22b13b48a8f128e.rlib" "/opt/rustwide/rustup-home/toolchains/beta-2023-12-22-x86_64-unknown-linux-gnu/lib/rustlib/x86_64-unknown-linux-gnu/lib/librustc_std_workspace_core-e46bc3da6d7c462f.rlib" "/opt/rustwide/rustup-home/toolchains/beta-2023-12-22-x86_64-unknown-linux-gnu/lib/rustlib/x86_64-unknown-linux-gnu/lib/libcore-8d1ac131d3cb2645.rlib" "/opt/rustwide/rustup-home/toolchains/beta-2023-12-22-x86_64-unknown-linux-gnu/lib/rustlib/x86_64-unknown-linux-gnu/lib/libcompiler_builtins-a1b43df8c6899c1f.rlib" "-Wl,-Bdynamic" "-lutil" "-lgcc_s" "-lutil" "-lrt" "-lpthread" "-lm" "-ldl" "-lc" "-Wl,--eh-frame-hdr" "-Wl,-z,noexecstack" "-L" "/opt/rustwide/rustup-home/toolchains/beta-2023-12-22-x86_64-unknown-linux-gnu/lib/rustlib/x86_64-unknown-linux-gnu/lib" "-o" "/opt/rustwide/target/debug/deps/marc_cli-159956715bbda140" "-Wl,--gc-sections" "-pie" "-Wl,-z,relro,-z,now" "-nodefaultlibs"
[INFO] [stdout]   = note: /usr/bin/ld: /opt/rustwide/target/debug/deps/libbacktrace-a6661bde1ee82ad8.rlib(backtrace-a6661bde1ee82ad8.backtrace.e16f06b07db35b8c-cgu.0.rcgu.o): in function `backtrace::symbolize::libbacktrace::init_state::{{closure}}':
[INFO] [stdout]           /opt/rustwide/cargo-home/registry/src/index.crates.io-6f17d22bba15001f/backtrace-0.2.3/src/symbolize/libbacktrace.rs:150: undefined reference to `backtrace_create_state'
[INFO] [stdout]           /usr/bin/ld: /opt/rustwide/target/debug/deps/libbacktrace-a6661bde1ee82ad8.rlib(backtrace-a6661bde1ee82ad8.backtrace.e16f06b07db35b8c-cgu.0.rcgu.o): in function `backtrace::symbolize::libbacktrace::resolve':
[INFO] [stdout]           /opt/rustwide/cargo-home/registry/src/index.crates.io-6f17d22bba15001f/backtrace-0.2.3/src/symbolize/libbacktrace.rs:167: undefined reference to `backtrace_pcinfo'
[INFO] [stdout]           /usr/bin/ld: /opt/rustwide/cargo-home/registry/src/index.crates.io-6f17d22bba15001f/backtrace-0.2.3/src/symbolize/libbacktrace.rs:171: undefined reference to `backtrace_syminfo'
[INFO] [stdout]           collect2: error: ld returned 1 exit status
[INFO] [stdout]           
[INFO] [stdout]   = note: some `extern` functions couldn't be found; some native libraries may need to be installed or have their path specified
[INFO] [stdout]   = note: use the `-l` flag to specify native libraries to link
[INFO] [stdout]   = note: use the `cargo:rustc-link-lib` directive to specify the native libraries to link with Cargo (see https://doc.rust-lang.org/cargo/reference/build-scripts.html#cargorustc-link-libkindname)
[INFO] [stdout] 
[INFO] [stdout] 
[INFO] [stdout] error: aborting due to 1 previous error; 1 warning emitted
[INFO] [stdout] 
[INFO] [stdout] 
[INFO] [stderr] error: could not compile `marc_cli` (bin "marc_cli") due to 2 previous errors; 1 warning emitted
[INFO] running `Command { std: "docker" "inspect" "c7620b4f43036bf406ed3726147e3889981da624e69a698d4641d724a9062792", kill_on_drop: false }`
[INFO] running `Command { std: "docker" "rm" "-f" "c7620b4f43036bf406ed3726147e3889981da624e69a698d4641d724a9062792", kill_on_drop: false }`
[INFO] [stdout] c7620b4f43036bf406ed3726147e3889981da624e69a698d4641d724a9062792
