[INFO] cloning repository https://github.com/landonxjames/wasitest
[INFO] running `Command { std: "git" "-c" "credential.helper=" "-c" "credential.helper=/workspace/cargo-home/bin/git-credential-null" "clone" "--bare" "https://github.com/landonxjames/wasitest" "/workspace/cache/git-repos/https%3A%2F%2Fgithub.com%2Flandonxjames%2Fwasitest", kill_on_drop: false }`
[INFO] [stderr] Cloning into bare repository '/workspace/cache/git-repos/https%3A%2F%2Fgithub.com%2Flandonxjames%2Fwasitest'...
[INFO] running `Command { std: "git" "rev-parse" "HEAD", kill_on_drop: false }`
[INFO] [stdout] 492662fcd449f9d2631fdeef494475d8cff24b86
[INFO] testing landonxjames/wasitest against 1.75.0 for beta-1.76-1
[INFO] running `Command { std: "git" "clone" "/workspace/cache/git-repos/https%3A%2F%2Fgithub.com%2Flandonxjames%2Fwasitest" "/workspace/builds/worker-6-tc1/source", kill_on_drop: false }`
[INFO] [stderr] Cloning into '/workspace/builds/worker-6-tc1/source'...
[INFO] [stderr] done.
[INFO] validating manifest of git repo https://github.com/landonxjames/wasitest on toolchain 1.75.0
[INFO] running `Command { std: CARGO_HOME="/workspace/cargo-home" RUSTUP_HOME="/workspace/rustup-home" "/workspace/cargo-home/bin/cargo" "+1.75.0" "metadata" "--manifest-path" "Cargo.toml" "--no-deps", kill_on_drop: false }`
[INFO] started tweaking git repo https://github.com/landonxjames/wasitest
[INFO] finished tweaking git repo https://github.com/landonxjames/wasitest
[INFO] tweaked toml for git repo https://github.com/landonxjames/wasitest written to /workspace/builds/worker-6-tc1/source/Cargo.toml
[INFO] crate git repo https://github.com/landonxjames/wasitest already has a lockfile, it will not be regenerated
[INFO] running `Command { std: CARGO_HOME="/workspace/cargo-home" RUSTUP_HOME="/workspace/rustup-home" "/workspace/cargo-home/bin/cargo" "+1.75.0" "fetch" "--manifest-path" "Cargo.toml", kill_on_drop: false }`
[INFO] [stderr]     Updating git repository `https://github.com/awslabs/aws-sdk-rust.git`
[ERROR] error running command: no output for 300 seconds
[ERROR] this task or one of its parent failed!
[ERROR] no output for 300 seconds
[ERROR] note: run with `RUST_BACKTRACE=1` to display a backtrace.
[INFO] testing landonxjames/wasitest against beta-2023-12-22 for beta-1.76-1
[INFO] running `Command { std: "git" "clone" "/workspace/cache/git-repos/https%3A%2F%2Fgithub.com%2Flandonxjames%2Fwasitest" "/workspace/builds/worker-6-tc2/source", kill_on_drop: false }`
[INFO] [stderr] Cloning into '/workspace/builds/worker-6-tc2/source'...
[INFO] [stderr] done.
[INFO] validating manifest of git repo https://github.com/landonxjames/wasitest on toolchain beta-2023-12-22
[INFO] running `Command { std: CARGO_HOME="/workspace/cargo-home" RUSTUP_HOME="/workspace/rustup-home" "/workspace/cargo-home/bin/cargo" "+beta-2023-12-22" "metadata" "--manifest-path" "Cargo.toml" "--no-deps", kill_on_drop: false }`
[INFO] started tweaking git repo https://github.com/landonxjames/wasitest
[INFO] finished tweaking git repo https://github.com/landonxjames/wasitest
[INFO] tweaked toml for git repo https://github.com/landonxjames/wasitest written to /workspace/builds/worker-6-tc2/source/Cargo.toml
[INFO] crate git repo https://github.com/landonxjames/wasitest already has a lockfile, it will not be regenerated
[INFO] running `Command { std: CARGO_HOME="/workspace/cargo-home" RUSTUP_HOME="/workspace/rustup-home" "/workspace/cargo-home/bin/cargo" "+beta-2023-12-22" "fetch" "--manifest-path" "Cargo.toml", kill_on_drop: false }`
[INFO] [stderr]     Blocking waiting for file lock on package cache
[INFO] [stderr]     Updating git repository `https://github.com/awslabs/aws-sdk-rust.git`
[ERROR] error running command: no output for 300 seconds
[INFO] testing landonxjames/wasitest against beta-2023-12-22 for beta-1.76-1
[INFO] running `Command { std: "git" "clone" "/workspace/cache/git-repos/https%3A%2F%2Fgithub.com%2Flandonxjames%2Fwasitest" "/workspace/builds/worker-6-tc2/source", kill_on_drop: false }`
[INFO] [stderr] Cloning into '/workspace/builds/worker-6-tc2/source'...
[INFO] [stderr] done.
[INFO] validating manifest of git repo https://github.com/landonxjames/wasitest on toolchain beta-2023-12-22
[INFO] running `Command { std: CARGO_HOME="/workspace/cargo-home" RUSTUP_HOME="/workspace/rustup-home" "/workspace/cargo-home/bin/cargo" "+beta-2023-12-22" "metadata" "--manifest-path" "Cargo.toml" "--no-deps", kill_on_drop: false }`
[INFO] started tweaking git repo https://github.com/landonxjames/wasitest
[INFO] finished tweaking git repo https://github.com/landonxjames/wasitest
[INFO] tweaked toml for git repo https://github.com/landonxjames/wasitest written to /workspace/builds/worker-6-tc2/source/Cargo.toml
[INFO] crate git repo https://github.com/landonxjames/wasitest already has a lockfile, it will not be regenerated
[INFO] running `Command { std: CARGO_HOME="/workspace/cargo-home" RUSTUP_HOME="/workspace/rustup-home" "/workspace/cargo-home/bin/cargo" "+beta-2023-12-22" "fetch" "--manifest-path" "Cargo.toml", kill_on_drop: false }`
[INFO] [stderr]     Blocking waiting for file lock on package cache
[INFO] [stderr]     Blocking waiting for file lock on package cache
[INFO] running `Command { std: "docker" "create" "-v" "/var/lib/crater-agent-workspace/builds/worker-6-tc2/target:/opt/rustwide/target:rw,Z" "-v" "/var/lib/crater-agent-workspace/builds/worker-6-tc2/source:/opt/rustwide/workdir:ro,Z" "-v" "/var/lib/crater-agent-workspace/cargo-home:/opt/rustwide/cargo-home:ro,Z" "-v" "/var/lib/crater-agent-workspace/rustup-home:/opt/rustwide/rustup-home:ro,Z" "-e" "SOURCE_DIR=/opt/rustwide/workdir" "-e" "CARGO_TARGET_DIR=/opt/rustwide/target" "-e" "CARGO_HOME=/opt/rustwide/cargo-home" "-e" "RUSTUP_HOME=/opt/rustwide/rustup-home" "-w" "/opt/rustwide/workdir" "-m" "1610612736" "--user" "0:0" "--network" "none" "ghcr.io/rust-lang/crates-build-env/linux@sha256:2788e3201cd34a07e3172128adcd8b3090168a8e3bcc40d7c032b9dda1df7d1c" "/opt/rustwide/cargo-home/bin/cargo" "+beta-2023-12-22" "metadata" "--no-deps" "--format-version=1", kill_on_drop: false }`
[INFO] [stdout] c0c792ee7e87c05a708419850026f6714357e1f6af4396681edac24d8e8dd9f8
[INFO] running `Command { std: "docker" "start" "-a" "c0c792ee7e87c05a708419850026f6714357e1f6af4396681edac24d8e8dd9f8", kill_on_drop: false }`
[INFO] running `Command { std: "docker" "inspect" "c0c792ee7e87c05a708419850026f6714357e1f6af4396681edac24d8e8dd9f8", kill_on_drop: false }`
[INFO] running `Command { std: "docker" "rm" "-f" "c0c792ee7e87c05a708419850026f6714357e1f6af4396681edac24d8e8dd9f8", kill_on_drop: false }`
[INFO] [stdout] c0c792ee7e87c05a708419850026f6714357e1f6af4396681edac24d8e8dd9f8
[INFO] running `Command { std: "docker" "create" "-v" "/var/lib/crater-agent-workspace/builds/worker-6-tc2/target:/opt/rustwide/target:rw,Z" "-v" "/var/lib/crater-agent-workspace/builds/worker-6-tc2/source:/opt/rustwide/workdir:ro,Z" "-v" "/var/lib/crater-agent-workspace/cargo-home:/opt/rustwide/cargo-home:ro,Z" "-v" "/var/lib/crater-agent-workspace/rustup-home:/opt/rustwide/rustup-home:ro,Z" "-e" "SOURCE_DIR=/opt/rustwide/workdir" "-e" "CARGO_TARGET_DIR=/opt/rustwide/target" "-e" "CARGO_INCREMENTAL=0" "-e" "RUST_BACKTRACE=full" "-e" "RUSTFLAGS=--cap-lints=warn" "-e" "RUSTDOCFLAGS=--cap-lints=warn" "-e" "CARGO_HOME=/opt/rustwide/cargo-home" "-e" "RUSTUP_HOME=/opt/rustwide/rustup-home" "-w" "/opt/rustwide/workdir" "-m" "1610612736" "--user" "0:0" "--network" "none" "ghcr.io/rust-lang/crates-build-env/linux@sha256:2788e3201cd34a07e3172128adcd8b3090168a8e3bcc40d7c032b9dda1df7d1c" "/opt/rustwide/cargo-home/bin/cargo" "+beta-2023-12-22" "build" "--frozen" "--message-format=json", kill_on_drop: false }`
[INFO] [stdout] ffb2b50c15abdad5a42f9d236d18c28e75bd314835052980cabbcbcc18603027
[INFO] running `Command { std: "docker" "start" "-a" "ffb2b50c15abdad5a42f9d236d18c28e75bd314835052980cabbcbcc18603027", kill_on_drop: false }`
[INFO] [stderr]    Compiling proc-macro2 v1.0.66
[INFO] [stderr]    Compiling unicode-ident v1.0.11
[INFO] [stderr]    Compiling once_cell v1.18.0
[INFO] [stderr]    Compiling futures-core v0.3.28
[INFO] [stderr]    Compiling pin-project-lite v0.2.10
[INFO] [stderr]    Compiling log v0.4.19
[INFO] [stderr]    Compiling num-traits v0.2.15
[INFO] [stderr]    Compiling itoa v1.0.9
[INFO] [stderr]    Compiling tokio v1.29.1
[INFO] [stderr]    Compiling num-integer v0.1.45
[INFO] [stderr]    Compiling futures-task v0.3.28
[INFO] [stderr]    Compiling outref v0.5.1
[INFO] [stderr]    Compiling futures-util v0.3.28
[INFO] [stderr]    Compiling vsimd v0.8.0
[INFO] [stderr]    Compiling time-core v0.1.1
[INFO] [stderr]    Compiling time v0.3.23
[INFO] [stderr]    Compiling ryu v1.0.15
[INFO] [stderr]    Compiling bytes v1.4.0
[INFO] [stderr]    Compiling pin-utils v0.1.0
[INFO] [stderr]    Compiling tracing-core v0.1.31
[INFO] [stderr]    Compiling fnv v1.0.7
[INFO] [stderr]    Compiling futures-channel v0.3.28
[INFO] [stderr]    Compiling quote v1.0.31
[INFO] [stderr]    Compiling syn v2.0.26
[INFO] [stderr]    Compiling base64-simd v0.8.0
[INFO] [stderr]    Compiling httparse v1.8.0
[INFO] [stderr]    Compiling http v0.2.9
[INFO] [stderr]    Compiling try-lock v0.2.4
[INFO] [stderr]    Compiling tower-service v0.3.2
[INFO] [stderr]    Compiling want v0.3.1
[INFO] [stderr]    Compiling typenum v1.16.0
[INFO] [stderr]    Compiling httpdate v1.0.2
[INFO] [stderr]    Compiling aws-smithy-types v0.0.0-smithy-rs-head (https://github.com/awslabs/aws-sdk-rust.git?branch=next#23850f08)
[INFO] [stderr]    Compiling http-body v0.4.5
[INFO] [stderr]    Compiling percent-encoding v2.3.0
[INFO] [stderr]    Compiling either v1.8.1
[INFO] [stderr]    Compiling version_check v0.9.4
[INFO] [stderr]    Compiling bytes-utils v0.1.3
[INFO] [stderr]    Compiling aws-smithy-eventstream v0.0.0-smithy-rs-head (https://github.com/awslabs/aws-sdk-rust.git?branch=next#23850f08)
[INFO] [stderr]    Compiling semver v1.0.18
[INFO] [stderr]    Compiling generic-array v0.14.7
[INFO] [stderr]    Compiling memchr v2.5.0
[INFO] [stderr]    Compiling tower-layer v0.3.2
[INFO] [stderr]    Compiling fastrand v2.0.0
[INFO] [stderr]    Compiling subtle v2.5.0
[INFO] [stderr]    Compiling wasm-bindgen-shared v0.2.87
[INFO] [stderr]    Compiling rustc_version v0.4.0
[INFO] [stderr]    Compiling zeroize v1.6.0
[INFO] [stderr]    Compiling regex-syntax v0.7.4
[INFO] [stderr]    Compiling cpufeatures v0.2.9
[INFO] [stderr]    Compiling form_urlencoded v1.2.0
[INFO] [stderr]    Compiling hex v0.4.3
[INFO] [stderr]    Compiling aws-types v0.0.0-smithy-rs-head (https://github.com/awslabs/aws-sdk-rust.git?branch=next#23850f08)
[INFO] [stderr]    Compiling aho-corasick v1.0.2
[INFO] [stderr]    Compiling bumpalo v3.13.0
[INFO] [stderr]    Compiling uuid v1.4.1
[INFO] [stderr]    Compiling crypto-common v0.1.6
[INFO] [stderr]    Compiling block-buffer v0.10.4
[INFO] [stderr]    Compiling aws-smithy-json v0.0.0-smithy-rs-head (https://github.com/awslabs/aws-sdk-rust.git?branch=next#23850f08)
[INFO] [stderr]    Compiling wasm-bindgen v0.2.87
[INFO] [stderr]    Compiling digest v0.10.7
[INFO] [stderr]    Compiling urlencoding v2.1.2
[INFO] [stderr]    Compiling sha2 v0.10.7
[INFO] [stderr]    Compiling hmac v0.12.1
[INFO] [stderr]    Compiling xmlparser v0.13.5
[INFO] [stderr]    Compiling aws-smithy-query v0.0.0-smithy-rs-head (https://github.com/awslabs/aws-sdk-rust.git?branch=next#23850f08)
[INFO] [stderr]    Compiling serde v1.0.171
[INFO] [stderr]    Compiling aws-smithy-xml v0.0.0-smithy-rs-head (https://github.com/awslabs/aws-sdk-rust.git?branch=next#23850f08)
[INFO] [stderr]    Compiling wasm-bindgen-backend v0.2.87
[INFO] [stderr]    Compiling regex-automata v0.3.3
[INFO] [stderr]    Compiling wasm-bindgen-macro-support v0.2.87
[INFO] [stderr]    Compiling tokio-macros v2.1.0
[INFO] [stderr]    Compiling tracing-attributes v0.1.26
[INFO] [stderr]    Compiling pin-project-internal v1.1.2
[INFO] [stderr]    Compiling serde_derive v1.0.171
[INFO] [stderr]    Compiling wasm-bindgen-macro v0.2.87
[INFO] [stderr]    Compiling regex v1.9.1
[INFO] [stderr]    Compiling pin-project v1.1.2
[INFO] [stderr]    Compiling tracing v0.1.37
[INFO] [stderr]    Compiling hyper v0.14.27
[INFO] [stderr]    Compiling tokio-stream v0.1.14
[INFO] [stderr]    Compiling tower v0.4.13
[INFO] [stderr]    Compiling aws-smithy-http v0.0.0-smithy-rs-head (https://github.com/awslabs/aws-sdk-rust.git?branch=next#23850f08)
[INFO] [stderr]    Compiling console_error_panic_hook v0.1.7
[INFO] [stderr]    Compiling aws-smithy-async v0.0.0-smithy-rs-head (https://github.com/awslabs/aws-sdk-rust.git?branch=next#23850f08)
[INFO] [stderr]    Compiling aws-credential-types v0.0.0-smithy-rs-head (https://github.com/awslabs/aws-sdk-rust.git?branch=next#23850f08)
[INFO] [stderr]    Compiling aws-smithy-http-tower v0.0.0-smithy-rs-head (https://github.com/awslabs/aws-sdk-rust.git?branch=next#23850f08)
[INFO] [stderr]    Compiling aws-smithy-runtime-api v0.0.0-smithy-rs-head (https://github.com/awslabs/aws-sdk-rust.git?branch=next#23850f08)
[INFO] [stderr]    Compiling aws-sigv4 v0.0.0-smithy-rs-head (https://github.com/awslabs/aws-sdk-rust.git?branch=next#23850f08)
[INFO] [stderr]    Compiling aws-smithy-client v0.0.0-smithy-rs-head (https://github.com/awslabs/aws-sdk-rust.git?branch=next#23850f08)
[INFO] [stderr]    Compiling aws-smithy-runtime v0.0.0-smithy-rs-head (https://github.com/awslabs/aws-sdk-rust.git?branch=next#23850f08)
[INFO] [stderr]    Compiling aws-http v0.0.0-smithy-rs-head (https://github.com/awslabs/aws-sdk-rust.git?branch=next#23850f08)
[INFO] [stderr]    Compiling aws-runtime v0.0.0-smithy-rs-head (https://github.com/awslabs/aws-sdk-rust.git?branch=next#23850f08)
[INFO] [stderr]    Compiling aws-sdk-sts v0.0.0-local (https://github.com/awslabs/aws-sdk-rust.git?branch=next#23850f08)
[INFO] [stderr]    Compiling aws-sdk-dynamodb v0.0.0-local (https://github.com/awslabs/aws-sdk-rust.git?branch=next#23850f08)
[INFO] [stderr]    Compiling aws-config v0.0.0-smithy-rs-head (https://github.com/awslabs/aws-sdk-rust.git?branch=next#23850f08)
[INFO] [stderr]    Compiling wasitest v0.1.0 (/opt/rustwide/workdir)
[INFO] [stderr]     Finished dev [unoptimized + debuginfo] target(s) in 54.76s
[INFO] running `Command { std: "docker" "inspect" "ffb2b50c15abdad5a42f9d236d18c28e75bd314835052980cabbcbcc18603027", kill_on_drop: false }`
[INFO] running `Command { std: "docker" "rm" "-f" "ffb2b50c15abdad5a42f9d236d18c28e75bd314835052980cabbcbcc18603027", kill_on_drop: false }`
[INFO] [stdout] ffb2b50c15abdad5a42f9d236d18c28e75bd314835052980cabbcbcc18603027
[INFO] running `Command { std: "docker" "create" "-v" "/var/lib/crater-agent-workspace/builds/worker-6-tc2/target:/opt/rustwide/target:rw,Z" "-v" "/var/lib/crater-agent-workspace/builds/worker-6-tc2/source:/opt/rustwide/workdir:ro,Z" "-v" "/var/lib/crater-agent-workspace/cargo-home:/opt/rustwide/cargo-home:ro,Z" "-v" "/var/lib/crater-agent-workspace/rustup-home:/opt/rustwide/rustup-home:ro,Z" "-e" "SOURCE_DIR=/opt/rustwide/workdir" "-e" "CARGO_TARGET_DIR=/opt/rustwide/target" "-e" "CARGO_INCREMENTAL=0" "-e" "RUST_BACKTRACE=full" "-e" "RUSTFLAGS=--cap-lints=warn" "-e" "RUSTDOCFLAGS=--cap-lints=warn" "-e" "CARGO_HOME=/opt/rustwide/cargo-home" "-e" "RUSTUP_HOME=/opt/rustwide/rustup-home" "-w" "/opt/rustwide/workdir" "-m" "1610612736" "--user" "0:0" "--network" "none" "ghcr.io/rust-lang/crates-build-env/linux@sha256:2788e3201cd34a07e3172128adcd8b3090168a8e3bcc40d7c032b9dda1df7d1c" "/opt/rustwide/cargo-home/bin/cargo" "+beta-2023-12-22" "test" "--frozen" "--no-run" "--message-format=json", kill_on_drop: false }`
[INFO] [stdout] 660bc636fba776b3eec74a6b75f209fc4134453bd3f2a2afff1726517ddcd5ef
[INFO] running `Command { std: "docker" "start" "-a" "660bc636fba776b3eec74a6b75f209fc4134453bd3f2a2afff1726517ddcd5ef", kill_on_drop: false }`
[INFO] [stderr]    Compiling wasitest v0.1.0 (/opt/rustwide/workdir)
[INFO] [stderr]     Finished test [unoptimized + debuginfo] target(s) in 2.70s
[INFO] running `Command { std: "docker" "inspect" "660bc636fba776b3eec74a6b75f209fc4134453bd3f2a2afff1726517ddcd5ef", kill_on_drop: false }`
[INFO] running `Command { std: "docker" "rm" "-f" "660bc636fba776b3eec74a6b75f209fc4134453bd3f2a2afff1726517ddcd5ef", kill_on_drop: false }`
[INFO] [stdout] 660bc636fba776b3eec74a6b75f209fc4134453bd3f2a2afff1726517ddcd5ef
[INFO] running `Command { std: "docker" "create" "-v" "/var/lib/crater-agent-workspace/builds/worker-6-tc2/target:/opt/rustwide/target:rw,Z" "-v" "/var/lib/crater-agent-workspace/builds/worker-6-tc2/source:/opt/rustwide/workdir:ro,Z" "-v" "/var/lib/crater-agent-workspace/cargo-home:/opt/rustwide/cargo-home:ro,Z" "-v" "/var/lib/crater-agent-workspace/rustup-home:/opt/rustwide/rustup-home:ro,Z" "-e" "SOURCE_DIR=/opt/rustwide/workdir" "-e" "CARGO_TARGET_DIR=/opt/rustwide/target" "-e" "CARGO_INCREMENTAL=0" "-e" "RUST_BACKTRACE=full" "-e" "RUSTFLAGS=--cap-lints=warn" "-e" "RUSTDOCFLAGS=--cap-lints=warn" "-e" "CARGO_HOME=/opt/rustwide/cargo-home" "-e" "RUSTUP_HOME=/opt/rustwide/rustup-home" "-w" "/opt/rustwide/workdir" "-m" "1610612736" "--user" "0:0" "--network" "none" "ghcr.io/rust-lang/crates-build-env/linux@sha256:2788e3201cd34a07e3172128adcd8b3090168a8e3bcc40d7c032b9dda1df7d1c" "/opt/rustwide/cargo-home/bin/cargo" "+beta-2023-12-22" "test" "--frozen", kill_on_drop: false }`
[INFO] [stdout] 559165dea5393ff0e20c963c07d24bfe55224ae81bc4fa2a7f1e89d060ba92f2
[INFO] running `Command { std: "docker" "start" "-a" "559165dea5393ff0e20c963c07d24bfe55224ae81bc4fa2a7f1e89d060ba92f2", kill_on_drop: false }`
[INFO] [stderr]     Finished test [unoptimized + debuginfo] target(s) in 2.26s
[INFO] [stderr]      Running unittests src/main.rs (/opt/rustwide/target/debug/deps/wasitest-2ff40091bcbf0377)
[INFO] [stdout] 
[INFO] [stdout] running 0 tests
[INFO] [stdout] 
[INFO] [stdout] test result: ok. 0 passed; 0 failed; 0 ignored; 0 measured; 0 filtered out; finished in 0.00s
[INFO] [stdout] 
[INFO] running `Command { std: "docker" "inspect" "559165dea5393ff0e20c963c07d24bfe55224ae81bc4fa2a7f1e89d060ba92f2", kill_on_drop: false }`
[INFO] running `Command { std: "docker" "rm" "-f" "559165dea5393ff0e20c963c07d24bfe55224ae81bc4fa2a7f1e89d060ba92f2", kill_on_drop: false }`
[INFO] [stdout] 559165dea5393ff0e20c963c07d24bfe55224ae81bc4fa2a7f1e89d060ba92f2
