[INFO] cloning repository https://github.com/l3kn/patchwork
[INFO] running `Command { std: "git" "-c" "credential.helper=" "-c" "credential.helper=/workspace/cargo-home/bin/git-credential-null" "clone" "--bare" "https://github.com/l3kn/patchwork" "/workspace/cache/git-repos/https%3A%2F%2Fgithub.com%2Fl3kn%2Fpatchwork", kill_on_drop: false }`
[INFO] [stderr] Cloning into bare repository '/workspace/cache/git-repos/https%3A%2F%2Fgithub.com%2Fl3kn%2Fpatchwork'...
[INFO] running `Command { std: "git" "rev-parse" "HEAD", kill_on_drop: false }`
[INFO] [stdout] 59a7195c258bc53d61c590f3b8569dd0a28637ad
[INFO] testing l3kn/patchwork against 1.75.0 for beta-1.76-1
[INFO] running `Command { std: "git" "clone" "/workspace/cache/git-repos/https%3A%2F%2Fgithub.com%2Fl3kn%2Fpatchwork" "/workspace/builds/worker-3-tc1/source", kill_on_drop: false }`
[INFO] [stderr] Cloning into '/workspace/builds/worker-3-tc1/source'...
[INFO] [stderr] done.
[INFO] validating manifest of git repo https://github.com/l3kn/patchwork on toolchain 1.75.0
[INFO] running `Command { std: CARGO_HOME="/workspace/cargo-home" RUSTUP_HOME="/workspace/rustup-home" "/workspace/cargo-home/bin/cargo" "+1.75.0" "metadata" "--manifest-path" "Cargo.toml" "--no-deps", kill_on_drop: false }`
[INFO] started tweaking git repo https://github.com/l3kn/patchwork
[INFO] finished tweaking git repo https://github.com/l3kn/patchwork
[INFO] tweaked toml for git repo https://github.com/l3kn/patchwork written to /workspace/builds/worker-3-tc1/source/Cargo.toml
[INFO] crate git repo https://github.com/l3kn/patchwork already has a lockfile, it will not be regenerated
[INFO] running `Command { std: CARGO_HOME="/workspace/cargo-home" RUSTUP_HOME="/workspace/rustup-home" "/workspace/cargo-home/bin/cargo" "+1.75.0" "fetch" "--manifest-path" "Cargo.toml", kill_on_drop: false }`
[INFO] [stderr]     Updating crates.io index
[INFO] [stderr] warning: spurious network error (3 tries remaining): [7] Couldn't connect to server (Failed to connect to index.crates.io port 443 after 4803 ms: Couldn't connect to server)
[INFO] [stderr] warning: spurious network error (2 tries remaining): [7] Couldn't connect to server (Failed to connect to index.crates.io port 443 after 0 ms: Couldn't connect to server)
[INFO] [stderr] warning: spurious network error (1 tries remaining): [7] Couldn't connect to server (Failed to connect to index.crates.io port 443 after 0 ms: Couldn't connect to server)
[INFO] [stderr] error: failed to get `sample` as a dependency of package `patchwork v0.1.0 (/workspace/builds/worker-3-tc1/source)`
[INFO] [stderr] 
[INFO] [stderr] Caused by:
[INFO] [stderr]   failed to query replaced source registry `crates-io`
[INFO] [stderr] 
[INFO] [stderr] Caused by:
[INFO] [stderr]   download of sa/mp/sample failed
[INFO] [stderr] 
[INFO] [stderr] Caused by:
[INFO] [stderr]   failed to download from `https://index.crates.io/sa/mp/sample`
[INFO] [stderr] 
[INFO] [stderr] Caused by:
[INFO] [stderr]   [7] Couldn't connect to server (Failed to connect to index.crates.io port 443 after 0 ms: Couldn't connect to server)
[ERROR] this task or one of its parent failed!
[ERROR] command failed: exit status: 101
[ERROR] note: run with `RUST_BACKTRACE=1` to display a backtrace.
[INFO] testing l3kn/patchwork against beta-2023-12-22 for beta-1.76-1
[INFO] running `Command { std: "git" "clone" "/workspace/cache/git-repos/https%3A%2F%2Fgithub.com%2Fl3kn%2Fpatchwork" "/workspace/builds/worker-3-tc2/source", kill_on_drop: false }`
[INFO] [stderr] Cloning into '/workspace/builds/worker-3-tc2/source'...
[INFO] [stderr] done.
[INFO] validating manifest of git repo https://github.com/l3kn/patchwork on toolchain beta-2023-12-22
[INFO] running `Command { std: CARGO_HOME="/workspace/cargo-home" RUSTUP_HOME="/workspace/rustup-home" "/workspace/cargo-home/bin/cargo" "+beta-2023-12-22" "metadata" "--manifest-path" "Cargo.toml" "--no-deps", kill_on_drop: false }`
[INFO] started tweaking git repo https://github.com/l3kn/patchwork
[INFO] finished tweaking git repo https://github.com/l3kn/patchwork
[INFO] tweaked toml for git repo https://github.com/l3kn/patchwork written to /workspace/builds/worker-3-tc2/source/Cargo.toml
[INFO] crate git repo https://github.com/l3kn/patchwork already has a lockfile, it will not be regenerated
[INFO] running `Command { std: CARGO_HOME="/workspace/cargo-home" RUSTUP_HOME="/workspace/rustup-home" "/workspace/cargo-home/bin/cargo" "+beta-2023-12-22" "fetch" "--manifest-path" "Cargo.toml", kill_on_drop: false }`
[INFO] [stderr]     Blocking waiting for file lock on package cache
[INFO] [stderr]     Updating crates.io index
[INFO] [stderr]     Blocking waiting for file lock on package cache
[INFO] [stderr]  Downloading crates ...
[INFO] [stderr]   Downloaded sample v0.7.1
[INFO] running `Command { std: "docker" "create" "-v" "/var/lib/crater-agent-workspace/builds/worker-3-tc2/target:/opt/rustwide/target:rw,Z" "-v" "/var/lib/crater-agent-workspace/builds/worker-3-tc2/source:/opt/rustwide/workdir:ro,Z" "-v" "/var/lib/crater-agent-workspace/cargo-home:/opt/rustwide/cargo-home:ro,Z" "-v" "/var/lib/crater-agent-workspace/rustup-home:/opt/rustwide/rustup-home:ro,Z" "-e" "SOURCE_DIR=/opt/rustwide/workdir" "-e" "CARGO_TARGET_DIR=/opt/rustwide/target" "-e" "CARGO_HOME=/opt/rustwide/cargo-home" "-e" "RUSTUP_HOME=/opt/rustwide/rustup-home" "-w" "/opt/rustwide/workdir" "-m" "1610612736" "--user" "0:0" "--network" "none" "ghcr.io/rust-lang/crates-build-env/linux@sha256:2788e3201cd34a07e3172128adcd8b3090168a8e3bcc40d7c032b9dda1df7d1c" "/opt/rustwide/cargo-home/bin/cargo" "+beta-2023-12-22" "metadata" "--no-deps" "--format-version=1", kill_on_drop: false }`
[INFO] [stdout] e418e7e3a278e64fc1b40ace5f4d62e72de0450b38d1a2b25f2de619b4b44c58
[INFO] running `Command { std: "docker" "start" "-a" "e418e7e3a278e64fc1b40ace5f4d62e72de0450b38d1a2b25f2de619b4b44c58", kill_on_drop: false }`
[INFO] running `Command { std: "docker" "inspect" "e418e7e3a278e64fc1b40ace5f4d62e72de0450b38d1a2b25f2de619b4b44c58", kill_on_drop: false }`
[INFO] running `Command { std: "docker" "rm" "-f" "e418e7e3a278e64fc1b40ace5f4d62e72de0450b38d1a2b25f2de619b4b44c58", kill_on_drop: false }`
[INFO] [stdout] e418e7e3a278e64fc1b40ace5f4d62e72de0450b38d1a2b25f2de619b4b44c58
[INFO] running `Command { std: "docker" "create" "-v" "/var/lib/crater-agent-workspace/builds/worker-3-tc2/target:/opt/rustwide/target:rw,Z" "-v" "/var/lib/crater-agent-workspace/builds/worker-3-tc2/source:/opt/rustwide/workdir:ro,Z" "-v" "/var/lib/crater-agent-workspace/cargo-home:/opt/rustwide/cargo-home:ro,Z" "-v" "/var/lib/crater-agent-workspace/rustup-home:/opt/rustwide/rustup-home:ro,Z" "-e" "SOURCE_DIR=/opt/rustwide/workdir" "-e" "CARGO_TARGET_DIR=/opt/rustwide/target" "-e" "CARGO_INCREMENTAL=0" "-e" "RUST_BACKTRACE=full" "-e" "RUSTFLAGS=--cap-lints=warn" "-e" "RUSTDOCFLAGS=--cap-lints=warn" "-e" "CARGO_HOME=/opt/rustwide/cargo-home" "-e" "RUSTUP_HOME=/opt/rustwide/rustup-home" "-w" "/opt/rustwide/workdir" "-m" "1610612736" "--user" "0:0" "--network" "none" "ghcr.io/rust-lang/crates-build-env/linux@sha256:2788e3201cd34a07e3172128adcd8b3090168a8e3bcc40d7c032b9dda1df7d1c" "/opt/rustwide/cargo-home/bin/cargo" "+beta-2023-12-22" "build" "--frozen" "--message-format=json", kill_on_drop: false }`
[INFO] [stdout] b04c79ed6cf3e375f9efaa91c66b3fadd97299273c9eb7d491df444fbb3cbdff
[INFO] running `Command { std: "docker" "start" "-a" "b04c79ed6cf3e375f9efaa91c66b3fadd97299273c9eb7d491df444fbb3cbdff", kill_on_drop: false }`
[INFO] [stderr]    Compiling semver-parser v0.7.0
[INFO] [stderr]    Compiling libc v0.2.44
[INFO] [stderr]    Compiling rand_core v0.3.0
[INFO] [stderr]    Compiling pkg-config v0.3.14
[INFO] [stderr]    Compiling unicode-width v0.1.5
[INFO] [stderr]    Compiling void v1.0.2
[INFO] [stderr]    Compiling bitflags v0.9.1
[INFO] [stderr]    Compiling cfg-if v0.1.6
[INFO] [stderr]    Compiling bitflags v1.0.4
[INFO] [stderr]    Compiling vec_map v0.8.1
[INFO] [stderr]    Compiling strsim v0.7.0
[INFO] [stderr]    Compiling ansi_term v0.11.0
[INFO] [stderr]    Compiling sample v0.7.1
[INFO] [stderr]    Compiling hound v3.4.0
[INFO] [stderr]    Compiling textwrap v0.10.0
[INFO] [stderr]    Compiling rand_hc v0.1.0
[INFO] [stderr]    Compiling rand_xorshift v0.1.0
[INFO] [stderr]    Compiling rand_isaac v0.1.1
[INFO] [stderr]    Compiling semver v0.9.0
[INFO] [stderr]    Compiling alsa-sys v0.1.2
[INFO] [stderr]    Compiling rustc_version v0.2.3
[INFO] [stderr]    Compiling rand_pcg v0.1.1
[INFO] [stderr]    Compiling rand_chacha v0.1.0
[INFO] [stderr]    Compiling rand v0.6.1
[INFO] [stdout] error[E0283]: type annotations needed
[INFO] [stdout]    --> /opt/rustwide/cargo-home/registry/src/index.crates.io-6f17d22bba15001f/sample-0.7.1/src/window.rs:72:41
[INFO] [stdout]     |
[INFO] [stdout] 72  |         let v = phase.to_float_sample().to_sample() * PI_2;
[INFO] [stdout]     |                                         ^^^^^^^^^ cannot infer type of the type parameter `S` declared on the method `to_sample`
[INFO] [stdout]     |
[INFO] [stdout]     = note: cannot satisfy `<S as Sample>::Float: ToSample<_>`
[INFO] [stdout] note: required by a bound in `Sample::to_sample`
[INFO] [stdout]    --> /opt/rustwide/cargo-home/registry/src/index.crates.io-6f17d22bba15001f/sample-0.7.1/src/lib.rs:256:21
[INFO] [stdout]     |
[INFO] [stdout] 255 |     fn to_sample<S>(self) -> S
[INFO] [stdout]     |        --------- required by a bound in this associated function
[INFO] [stdout] 256 |         where Self: ToSample<S>,
[INFO] [stdout]     |                     ^^^^^^^^^^^ required by this bound in `Sample::to_sample`
[INFO] [stdout] help: consider specifying the generic argument
[INFO] [stdout]     |
[INFO] [stdout] 72  |         let v = phase.to_float_sample().to_sample::<S>() * PI_2;
[INFO] [stdout]     |                                                  +++++
[INFO] [stdout] 
[INFO] [stdout] 
[INFO] [stdout] error: aborting due to 1 previous error
[INFO] [stdout] 
[INFO] [stdout] 
[INFO] [stdout] For more information about this error, try `rustc --explain E0283`.
[INFO] [stdout] 
[INFO] [stderr] error: could not compile `sample` (lib) due to 2 previous errors
[INFO] [stderr] warning: build failed, waiting for other jobs to finish...
[INFO] running `Command { std: "docker" "inspect" "b04c79ed6cf3e375f9efaa91c66b3fadd97299273c9eb7d491df444fbb3cbdff", kill_on_drop: false }`
[INFO] running `Command { std: "docker" "rm" "-f" "b04c79ed6cf3e375f9efaa91c66b3fadd97299273c9eb7d491df444fbb3cbdff", kill_on_drop: false }`
[INFO] [stdout] b04c79ed6cf3e375f9efaa91c66b3fadd97299273c9eb7d491df444fbb3cbdff
