[INFO] cloning repository https://github.com/kunugibaru/godot-rust-test
[INFO] running `Command { std: "git" "-c" "credential.helper=" "-c" "credential.helper=/workspace/cargo-home/bin/git-credential-null" "clone" "--bare" "https://github.com/kunugibaru/godot-rust-test" "/workspace/cache/git-repos/https%3A%2F%2Fgithub.com%2Fkunugibaru%2Fgodot-rust-test", kill_on_drop: false }`
[INFO] [stderr] Cloning into bare repository '/workspace/cache/git-repos/https%3A%2F%2Fgithub.com%2Fkunugibaru%2Fgodot-rust-test'...
[INFO] running `Command { std: "git" "rev-parse" "HEAD", kill_on_drop: false }`
[INFO] [stdout] a413b9f3daf2c44ae62519269c856cb1815cecd3
[INFO] testing kunugibaru/godot-rust-test against 1.75.0 for beta-1.76-1
[INFO] running `Command { std: "git" "clone" "/workspace/cache/git-repos/https%3A%2F%2Fgithub.com%2Fkunugibaru%2Fgodot-rust-test" "/workspace/builds/worker-2-tc1/source", kill_on_drop: false }`
[INFO] [stderr] Cloning into '/workspace/builds/worker-2-tc1/source'...
[INFO] [stderr] done.
[INFO] validating manifest of git repo https://github.com/kunugibaru/godot-rust-test on toolchain 1.75.0
[INFO] running `Command { std: CARGO_HOME="/workspace/cargo-home" RUSTUP_HOME="/workspace/rustup-home" "/workspace/cargo-home/bin/cargo" "+1.75.0" "metadata" "--manifest-path" "Cargo.toml" "--no-deps", kill_on_drop: false }`
[INFO] started tweaking git repo https://github.com/kunugibaru/godot-rust-test
[INFO] finished tweaking git repo https://github.com/kunugibaru/godot-rust-test
[INFO] tweaked toml for git repo https://github.com/kunugibaru/godot-rust-test written to /workspace/builds/worker-2-tc1/source/Cargo.toml
[INFO] crate git repo https://github.com/kunugibaru/godot-rust-test already has a lockfile, it will not be regenerated
[INFO] running `Command { std: CARGO_HOME="/workspace/cargo-home" RUSTUP_HOME="/workspace/rustup-home" "/workspace/cargo-home/bin/cargo" "+1.75.0" "fetch" "--manifest-path" "Cargo.toml", kill_on_drop: false }`
[INFO] [stderr]     Blocking waiting for file lock on package cache
[ERROR] error running command: no output for 300 seconds
[ERROR] this task or one of its parent failed!
[ERROR] no output for 300 seconds
[ERROR] note: run with `RUST_BACKTRACE=1` to display a backtrace.
[INFO] testing kunugibaru/godot-rust-test against beta-2023-12-22 for beta-1.76-1
[INFO] running `Command { std: "git" "clone" "/workspace/cache/git-repos/https%3A%2F%2Fgithub.com%2Fkunugibaru%2Fgodot-rust-test" "/workspace/builds/worker-2-tc2/source", kill_on_drop: false }`
[INFO] [stderr] Cloning into '/workspace/builds/worker-2-tc2/source'...
[INFO] [stderr] done.
[INFO] validating manifest of git repo https://github.com/kunugibaru/godot-rust-test on toolchain beta-2023-12-22
[INFO] running `Command { std: CARGO_HOME="/workspace/cargo-home" RUSTUP_HOME="/workspace/rustup-home" "/workspace/cargo-home/bin/cargo" "+beta-2023-12-22" "metadata" "--manifest-path" "Cargo.toml" "--no-deps", kill_on_drop: false }`
[INFO] started tweaking git repo https://github.com/kunugibaru/godot-rust-test
[INFO] finished tweaking git repo https://github.com/kunugibaru/godot-rust-test
[INFO] tweaked toml for git repo https://github.com/kunugibaru/godot-rust-test written to /workspace/builds/worker-2-tc2/source/Cargo.toml
[INFO] crate git repo https://github.com/kunugibaru/godot-rust-test already has a lockfile, it will not be regenerated
[INFO] running `Command { std: CARGO_HOME="/workspace/cargo-home" RUSTUP_HOME="/workspace/rustup-home" "/workspace/cargo-home/bin/cargo" "+beta-2023-12-22" "fetch" "--manifest-path" "Cargo.toml", kill_on_drop: false }`
[INFO] [stderr]     Blocking waiting for file lock on package cache
[INFO] [stderr]     Blocking waiting for file lock on package cache
[INFO] [stderr]  Downloading crates ...
[INFO] [stderr]   Downloaded atomic-take v1.0.0
[INFO] [stderr]   Downloaded gdnative-impl-proc-macros v0.11.0
[INFO] [stderr]   Downloaded gdnative v0.11.0
[INFO] [stderr]   Downloaded gdnative-derive v0.11.0
[INFO] [stderr]   Downloaded gdnative_bindings_generator v0.11.0
[INFO] [stderr]   Downloaded gdnative-core v0.11.0
[INFO] [stderr]   Downloaded gdnative-sys v0.11.0
[INFO] [stderr]   Downloaded gdnative-bindings v0.11.0
[INFO] running `Command { std: "docker" "create" "-v" "/var/lib/crater-agent-workspace/builds/worker-2-tc2/target:/opt/rustwide/target:rw,Z" "-v" "/var/lib/crater-agent-workspace/builds/worker-2-tc2/source:/opt/rustwide/workdir:ro,Z" "-v" "/var/lib/crater-agent-workspace/cargo-home:/opt/rustwide/cargo-home:ro,Z" "-v" "/var/lib/crater-agent-workspace/rustup-home:/opt/rustwide/rustup-home:ro,Z" "-e" "SOURCE_DIR=/opt/rustwide/workdir" "-e" "CARGO_TARGET_DIR=/opt/rustwide/target" "-e" "CARGO_HOME=/opt/rustwide/cargo-home" "-e" "RUSTUP_HOME=/opt/rustwide/rustup-home" "-w" "/opt/rustwide/workdir" "-m" "1610612736" "--user" "0:0" "--network" "none" "ghcr.io/rust-lang/crates-build-env/linux@sha256:2788e3201cd34a07e3172128adcd8b3090168a8e3bcc40d7c032b9dda1df7d1c" "/opt/rustwide/cargo-home/bin/cargo" "+beta-2023-12-22" "metadata" "--no-deps" "--format-version=1", kill_on_drop: false }`
[INFO] [stdout] 0b1671cca843a55c6beba5285c2e4b06927e5f55ec6021cdcaf5ede7f1694fb7
[INFO] running `Command { std: "docker" "start" "-a" "0b1671cca843a55c6beba5285c2e4b06927e5f55ec6021cdcaf5ede7f1694fb7", kill_on_drop: false }`
[INFO] running `Command { std: "docker" "inspect" "0b1671cca843a55c6beba5285c2e4b06927e5f55ec6021cdcaf5ede7f1694fb7", kill_on_drop: false }`
[INFO] running `Command { std: "docker" "rm" "-f" "0b1671cca843a55c6beba5285c2e4b06927e5f55ec6021cdcaf5ede7f1694fb7", kill_on_drop: false }`
[INFO] [stdout] 0b1671cca843a55c6beba5285c2e4b06927e5f55ec6021cdcaf5ede7f1694fb7
[INFO] running `Command { std: "docker" "create" "-v" "/var/lib/crater-agent-workspace/builds/worker-2-tc2/target:/opt/rustwide/target:rw,Z" "-v" "/var/lib/crater-agent-workspace/builds/worker-2-tc2/source:/opt/rustwide/workdir:ro,Z" "-v" "/var/lib/crater-agent-workspace/cargo-home:/opt/rustwide/cargo-home:ro,Z" "-v" "/var/lib/crater-agent-workspace/rustup-home:/opt/rustwide/rustup-home:ro,Z" "-e" "SOURCE_DIR=/opt/rustwide/workdir" "-e" "CARGO_TARGET_DIR=/opt/rustwide/target" "-e" "CARGO_INCREMENTAL=0" "-e" "RUST_BACKTRACE=full" "-e" "RUSTFLAGS=--cap-lints=warn" "-e" "RUSTDOCFLAGS=--cap-lints=warn" "-e" "CARGO_HOME=/opt/rustwide/cargo-home" "-e" "RUSTUP_HOME=/opt/rustwide/rustup-home" "-w" "/opt/rustwide/workdir" "-m" "1610612736" "--user" "0:0" "--network" "none" "ghcr.io/rust-lang/crates-build-env/linux@sha256:2788e3201cd34a07e3172128adcd8b3090168a8e3bcc40d7c032b9dda1df7d1c" "/opt/rustwide/cargo-home/bin/cargo" "+beta-2023-12-22" "build" "--frozen" "--message-format=json", kill_on_drop: false }`
[INFO] [stdout] 3aee8009e303dd37702176e5a9592bc2cc42bf9d841b807200c1dd352d279e33
[INFO] running `Command { std: "docker" "start" "-a" "3aee8009e303dd37702176e5a9592bc2cc42bf9d841b807200c1dd352d279e33", kill_on_drop: false }`
[INFO] [stderr]    Compiling proc-macro2 v1.0.49
[INFO] [stderr]    Compiling quote v1.0.23
[INFO] [stderr]    Compiling unicode-ident v1.0.6
[INFO] [stderr]    Compiling syn v1.0.107
[INFO] [stderr]    Compiling autocfg v1.1.0
[INFO] [stderr]    Compiling cfg-if v1.0.0
[INFO] [stderr]    Compiling memchr v2.5.0
[INFO] [stderr]    Compiling glob v0.3.0
[INFO] [stderr]    Compiling regex-syntax v0.6.28
[INFO] [stderr]    Compiling itoa v1.0.5
[INFO] [stderr]    Compiling ryu v1.0.12
[INFO] [stderr]    Compiling libc v0.2.139
[INFO] [stderr]    Compiling minimal-lexical v0.2.1
[INFO] [stderr]    Compiling semver v1.0.16
[INFO] [stderr]    Compiling bindgen v0.60.1
[INFO] [stderr]    Compiling lazycell v1.3.0
[INFO] [stderr]    Compiling libloading v0.7.4
[INFO] [stderr]    Compiling bitflags v1.3.2
[INFO] [stderr]    Compiling peeking_take_while v0.1.2
[INFO] [stderr]    Compiling lazy_static v1.4.0
[INFO] [stderr]    Compiling shlex v1.1.0
[INFO] [stderr]    Compiling rustc-hash v1.1.0
[INFO] [stderr]    Compiling version_check v0.9.4
[INFO] [stderr]    Compiling parking_lot_core v0.9.5
[INFO] [stderr]    Compiling xmlparser v0.13.5
[INFO] [stderr]    Compiling scopeguard v1.1.0
[INFO] [stderr]    Compiling heck v0.4.0
[INFO] [stderr]    Compiling unindent v0.1.11
[INFO] [stderr]    Compiling smallvec v1.10.0
[INFO] [stderr]    Compiling hashbrown v0.12.3
[INFO] [stderr]    Compiling once_cell v1.17.0
[INFO] [stderr]    Compiling num-traits v0.2.15
[INFO] [stderr]    Compiling lock_api v0.4.9
[INFO] [stderr]    Compiling clang-sys v1.4.0
[INFO] [stderr]    Compiling indexmap v1.9.2
[INFO] [stderr]    Compiling glam v0.21.3
[INFO] [stderr]    Compiling atomic-take v1.0.0
[INFO] [stderr]    Compiling ahash v0.8.2
[INFO] [stderr]    Compiling nom v7.1.1
[INFO] [stderr]    Compiling roxmltree v0.15.1
[INFO] [stderr]    Compiling getrandom v0.2.8
[INFO] [stderr]    Compiling parking_lot v0.12.1
[INFO] [stderr]    Compiling regex v1.7.0
[INFO] [stderr]    Compiling approx v0.5.1
[INFO] [stderr]    Compiling cexpr v0.6.0
[INFO] [stderr]    Compiling mini-internal v0.1.28
[INFO] [stderr]    Compiling gdnative-impl-proc-macros v0.11.0
[INFO] [stderr]    Compiling gdnative-derive v0.11.0
[INFO] [stderr]    Compiling miniserde v0.1.28
[INFO] [stderr]    Compiling gdnative_bindings_generator v0.11.0
[INFO] [stderr]    Compiling gdnative-sys v0.11.0
[INFO] [stderr]    Compiling gdnative-bindings v0.11.0
[INFO] [stderr]    Compiling gdnative-core v0.11.0
[INFO] [stderr]    Compiling gdnative v0.11.0
[INFO] [stderr]    Compiling gdna v0.1.0 (/opt/rustwide/workdir)
[INFO] [stderr]     Finished dev [unoptimized + debuginfo] target(s) in 31.20s
[INFO] running `Command { std: "docker" "inspect" "3aee8009e303dd37702176e5a9592bc2cc42bf9d841b807200c1dd352d279e33", kill_on_drop: false }`
[INFO] running `Command { std: "docker" "rm" "-f" "3aee8009e303dd37702176e5a9592bc2cc42bf9d841b807200c1dd352d279e33", kill_on_drop: false }`
[INFO] [stdout] 3aee8009e303dd37702176e5a9592bc2cc42bf9d841b807200c1dd352d279e33
[INFO] running `Command { std: "docker" "create" "-v" "/var/lib/crater-agent-workspace/builds/worker-2-tc2/target:/opt/rustwide/target:rw,Z" "-v" "/var/lib/crater-agent-workspace/builds/worker-2-tc2/source:/opt/rustwide/workdir:ro,Z" "-v" "/var/lib/crater-agent-workspace/cargo-home:/opt/rustwide/cargo-home:ro,Z" "-v" "/var/lib/crater-agent-workspace/rustup-home:/opt/rustwide/rustup-home:ro,Z" "-e" "SOURCE_DIR=/opt/rustwide/workdir" "-e" "CARGO_TARGET_DIR=/opt/rustwide/target" "-e" "CARGO_INCREMENTAL=0" "-e" "RUST_BACKTRACE=full" "-e" "RUSTFLAGS=--cap-lints=warn" "-e" "RUSTDOCFLAGS=--cap-lints=warn" "-e" "CARGO_HOME=/opt/rustwide/cargo-home" "-e" "RUSTUP_HOME=/opt/rustwide/rustup-home" "-w" "/opt/rustwide/workdir" "-m" "1610612736" "--user" "0:0" "--network" "none" "ghcr.io/rust-lang/crates-build-env/linux@sha256:2788e3201cd34a07e3172128adcd8b3090168a8e3bcc40d7c032b9dda1df7d1c" "/opt/rustwide/cargo-home/bin/cargo" "+beta-2023-12-22" "test" "--frozen" "--no-run" "--message-format=json", kill_on_drop: false }`
[INFO] [stdout] 5aefd541115e2a67d3eb790e996a4f5d6cc00ea1783fa140df42f908c790fb58
[INFO] running `Command { std: "docker" "start" "-a" "5aefd541115e2a67d3eb790e996a4f5d6cc00ea1783fa140df42f908c790fb58", kill_on_drop: false }`
[INFO] [stderr]    Compiling gdna v0.1.0 (/opt/rustwide/workdir)
[INFO] [stderr]     Finished test [unoptimized + debuginfo] target(s) in 0.67s
[INFO] running `Command { std: "docker" "inspect" "5aefd541115e2a67d3eb790e996a4f5d6cc00ea1783fa140df42f908c790fb58", kill_on_drop: false }`
[INFO] running `Command { std: "docker" "rm" "-f" "5aefd541115e2a67d3eb790e996a4f5d6cc00ea1783fa140df42f908c790fb58", kill_on_drop: false }`
[INFO] [stdout] 5aefd541115e2a67d3eb790e996a4f5d6cc00ea1783fa140df42f908c790fb58
[INFO] running `Command { std: "docker" "create" "-v" "/var/lib/crater-agent-workspace/builds/worker-2-tc2/target:/opt/rustwide/target:rw,Z" "-v" "/var/lib/crater-agent-workspace/builds/worker-2-tc2/source:/opt/rustwide/workdir:ro,Z" "-v" "/var/lib/crater-agent-workspace/cargo-home:/opt/rustwide/cargo-home:ro,Z" "-v" "/var/lib/crater-agent-workspace/rustup-home:/opt/rustwide/rustup-home:ro,Z" "-e" "SOURCE_DIR=/opt/rustwide/workdir" "-e" "CARGO_TARGET_DIR=/opt/rustwide/target" "-e" "CARGO_INCREMENTAL=0" "-e" "RUST_BACKTRACE=full" "-e" "RUSTFLAGS=--cap-lints=warn" "-e" "RUSTDOCFLAGS=--cap-lints=warn" "-e" "CARGO_HOME=/opt/rustwide/cargo-home" "-e" "RUSTUP_HOME=/opt/rustwide/rustup-home" "-w" "/opt/rustwide/workdir" "-m" "1610612736" "--user" "0:0" "--network" "none" "ghcr.io/rust-lang/crates-build-env/linux@sha256:2788e3201cd34a07e3172128adcd8b3090168a8e3bcc40d7c032b9dda1df7d1c" "/opt/rustwide/cargo-home/bin/cargo" "+beta-2023-12-22" "test" "--frozen", kill_on_drop: false }`
[INFO] [stdout] 1ab3e56ec482b428e2706843b33076e55e8cd2633cb5977ca7231369e30c3e58
[INFO] running `Command { std: "docker" "start" "-a" "1ab3e56ec482b428e2706843b33076e55e8cd2633cb5977ca7231369e30c3e58", kill_on_drop: false }`
[INFO] [stderr]     Finished test [unoptimized + debuginfo] target(s) in 0.04s
[INFO] [stderr]      Running unittests src/lib.rs (/opt/rustwide/target/debug/deps/gdna-f408d3cc4f3c412c)
[INFO] [stdout] 
[INFO] [stdout] running 0 tests
[INFO] [stdout] 
[INFO] [stdout] test result: ok. 0 passed; 0 failed; 0 ignored; 0 measured; 0 filtered out; finished in 0.00s
[INFO] [stdout] 
[INFO] running `Command { std: "docker" "inspect" "1ab3e56ec482b428e2706843b33076e55e8cd2633cb5977ca7231369e30c3e58", kill_on_drop: false }`
[INFO] running `Command { std: "docker" "rm" "-f" "1ab3e56ec482b428e2706843b33076e55e8cd2633cb5977ca7231369e30c3e58", kill_on_drop: false }`
[INFO] [stdout] 1ab3e56ec482b428e2706843b33076e55e8cd2633cb5977ca7231369e30c3e58
