[INFO] cloning repository https://github.com/knoby/cybercon
[INFO] running `Command { std: "git" "-c" "credential.helper=" "-c" "credential.helper=/workspace/cargo-home/bin/git-credential-null" "clone" "--bare" "https://github.com/knoby/cybercon" "/workspace/cache/git-repos/https%3A%2F%2Fgithub.com%2Fknoby%2Fcybercon", kill_on_drop: false }`
[INFO] [stderr] Cloning into bare repository '/workspace/cache/git-repos/https%3A%2F%2Fgithub.com%2Fknoby%2Fcybercon'...
[INFO] running `Command { std: "git" "rev-parse" "HEAD", kill_on_drop: false }`
[INFO] [stdout] ebd97c2ba4c49d393d97c4ef1c6c3ca90988d22a
[INFO] testing knoby/cybercon against 1.75.0 for beta-1.76-1
[INFO] running `Command { std: "git" "clone" "/workspace/cache/git-repos/https%3A%2F%2Fgithub.com%2Fknoby%2Fcybercon" "/workspace/builds/worker-1-tc1/source", kill_on_drop: false }`
[INFO] [stderr] Cloning into '/workspace/builds/worker-1-tc1/source'...
[INFO] [stderr] done.
[INFO] validating manifest of git repo https://github.com/knoby/cybercon on toolchain 1.75.0
[INFO] running `Command { std: CARGO_HOME="/workspace/cargo-home" RUSTUP_HOME="/workspace/rustup-home" "/workspace/cargo-home/bin/cargo" "+1.75.0" "metadata" "--manifest-path" "Cargo.toml" "--no-deps", kill_on_drop: false }`
[INFO] started tweaking git repo https://github.com/knoby/cybercon
[INFO] finished tweaking git repo https://github.com/knoby/cybercon
[INFO] tweaked toml for git repo https://github.com/knoby/cybercon written to /workspace/builds/worker-1-tc1/source/Cargo.toml
[INFO] crate git repo https://github.com/knoby/cybercon already has a lockfile, it will not be regenerated
[INFO] running `Command { std: CARGO_HOME="/workspace/cargo-home" RUSTUP_HOME="/workspace/rustup-home" "/workspace/cargo-home/bin/cargo" "+1.75.0" "fetch" "--manifest-path" "Cargo.toml", kill_on_drop: false }`
[INFO] [stderr]     Blocking waiting for file lock on package cache
[ERROR] error running command: no output for 300 seconds
[ERROR] this task or one of its parent failed!
[ERROR] no output for 300 seconds
[ERROR] note: run with `RUST_BACKTRACE=1` to display a backtrace.
[INFO] testing knoby/cybercon against beta-2023-12-22 for beta-1.76-1
[INFO] running `Command { std: "git" "clone" "/workspace/cache/git-repos/https%3A%2F%2Fgithub.com%2Fknoby%2Fcybercon" "/workspace/builds/worker-1-tc2/source", kill_on_drop: false }`
[INFO] [stderr] Cloning into '/workspace/builds/worker-1-tc2/source'...
[INFO] [stderr] done.
[INFO] validating manifest of git repo https://github.com/knoby/cybercon on toolchain beta-2023-12-22
[INFO] running `Command { std: CARGO_HOME="/workspace/cargo-home" RUSTUP_HOME="/workspace/rustup-home" "/workspace/cargo-home/bin/cargo" "+beta-2023-12-22" "metadata" "--manifest-path" "Cargo.toml" "--no-deps", kill_on_drop: false }`
[INFO] started tweaking git repo https://github.com/knoby/cybercon
[INFO] finished tweaking git repo https://github.com/knoby/cybercon
[INFO] tweaked toml for git repo https://github.com/knoby/cybercon written to /workspace/builds/worker-1-tc2/source/Cargo.toml
[INFO] crate git repo https://github.com/knoby/cybercon already has a lockfile, it will not be regenerated
[INFO] running `Command { std: CARGO_HOME="/workspace/cargo-home" RUSTUP_HOME="/workspace/rustup-home" "/workspace/cargo-home/bin/cargo" "+beta-2023-12-22" "fetch" "--manifest-path" "Cargo.toml", kill_on_drop: false }`
[INFO] [stderr]     Blocking waiting for file lock on package cache
[INFO] running `Command { std: "docker" "create" "-v" "/var/lib/crater-agent-workspace/builds/worker-1-tc2/target:/opt/rustwide/target:rw,Z" "-v" "/var/lib/crater-agent-workspace/builds/worker-1-tc2/source:/opt/rustwide/workdir:ro,Z" "-v" "/var/lib/crater-agent-workspace/cargo-home:/opt/rustwide/cargo-home:ro,Z" "-v" "/var/lib/crater-agent-workspace/rustup-home:/opt/rustwide/rustup-home:ro,Z" "-e" "SOURCE_DIR=/opt/rustwide/workdir" "-e" "CARGO_TARGET_DIR=/opt/rustwide/target" "-e" "CARGO_HOME=/opt/rustwide/cargo-home" "-e" "RUSTUP_HOME=/opt/rustwide/rustup-home" "-w" "/opt/rustwide/workdir" "-m" "1610612736" "--user" "0:0" "--network" "none" "ghcr.io/rust-lang/crates-build-env/linux@sha256:2788e3201cd34a07e3172128adcd8b3090168a8e3bcc40d7c032b9dda1df7d1c" "/opt/rustwide/cargo-home/bin/cargo" "+beta-2023-12-22" "metadata" "--no-deps" "--format-version=1", kill_on_drop: false }`
[INFO] [stdout] a3bd983dd764be650e9c304dc906dade59792d3d46511ec94a6fce93d9a8d90d
[INFO] running `Command { std: "docker" "start" "-a" "a3bd983dd764be650e9c304dc906dade59792d3d46511ec94a6fce93d9a8d90d", kill_on_drop: false }`
[INFO] running `Command { std: "docker" "inspect" "a3bd983dd764be650e9c304dc906dade59792d3d46511ec94a6fce93d9a8d90d", kill_on_drop: false }`
[INFO] running `Command { std: "docker" "rm" "-f" "a3bd983dd764be650e9c304dc906dade59792d3d46511ec94a6fce93d9a8d90d", kill_on_drop: false }`
[INFO] [stdout] a3bd983dd764be650e9c304dc906dade59792d3d46511ec94a6fce93d9a8d90d
[INFO] running `Command { std: "docker" "create" "-v" "/var/lib/crater-agent-workspace/builds/worker-1-tc2/target:/opt/rustwide/target:rw,Z" "-v" "/var/lib/crater-agent-workspace/builds/worker-1-tc2/source:/opt/rustwide/workdir:ro,Z" "-v" "/var/lib/crater-agent-workspace/cargo-home:/opt/rustwide/cargo-home:ro,Z" "-v" "/var/lib/crater-agent-workspace/rustup-home:/opt/rustwide/rustup-home:ro,Z" "-e" "SOURCE_DIR=/opt/rustwide/workdir" "-e" "CARGO_TARGET_DIR=/opt/rustwide/target" "-e" "CARGO_INCREMENTAL=0" "-e" "RUST_BACKTRACE=full" "-e" "RUSTFLAGS=--cap-lints=warn" "-e" "RUSTDOCFLAGS=--cap-lints=warn" "-e" "CARGO_HOME=/opt/rustwide/cargo-home" "-e" "RUSTUP_HOME=/opt/rustwide/rustup-home" "-w" "/opt/rustwide/workdir" "-m" "1610612736" "--user" "0:0" "--network" "none" "ghcr.io/rust-lang/crates-build-env/linux@sha256:2788e3201cd34a07e3172128adcd8b3090168a8e3bcc40d7c032b9dda1df7d1c" "/opt/rustwide/cargo-home/bin/cargo" "+beta-2023-12-22" "build" "--frozen" "--message-format=json", kill_on_drop: false }`
[INFO] [stdout] c53099bdcdc5741e661d6c14465c2815b21fc71e0149184c0d45bc018e583426
[INFO] running `Command { std: "docker" "start" "-a" "c53099bdcdc5741e661d6c14465c2815b21fc71e0149184c0d45bc018e583426", kill_on_drop: false }`
[INFO] [stderr]    Compiling libc v0.2.42
[INFO] [stderr]    Compiling serial-core v0.4.0
[INFO] [stderr]    Compiling ioctl-rs v0.1.6
[INFO] [stderr]    Compiling termios v0.2.2
[INFO] [stderr]    Compiling serial-unix v0.4.0
[INFO] [stderr]    Compiling serial v0.4.0
[INFO] [stderr]    Compiling cybercon v0.1.0 (/opt/rustwide/workdir)
[INFO] [stdout] warning: unused `Result` that must be used
[INFO] [stdout]  --> src/main.rs:6:2
[INFO] [stdout]   |
[INFO] [stdout] 6 |     cm_com::connect("/dev/ttyUSB0".to_string());
[INFO] [stdout]   |     ^^^^^^^^^^^^^^^^^^^^^^^^^^^^^^^^^^^^^^^^^^^
[INFO] [stdout]   |
[INFO] [stdout]   = note: this `Result` may be an `Err` variant, which should be handled
[INFO] [stdout]   = note: `#[warn(unused_must_use)]` on by default
[INFO] [stdout] help: use `let _ = ...` to ignore the resulting value
[INFO] [stdout]   |
[INFO] [stdout] 6 |     let _ = cm_com::connect("/dev/ttyUSB0".to_string());
[INFO] [stdout]   |     +++++++
[INFO] [stdout] 
[INFO] [stdout] 
[INFO] [stderr]     Finished dev [unoptimized + debuginfo] target(s) in 0.93s
[INFO] [stdout] warning: 1 warning emitted
[INFO] [stdout] 
[INFO] [stdout] 
[INFO] running `Command { std: "docker" "inspect" "c53099bdcdc5741e661d6c14465c2815b21fc71e0149184c0d45bc018e583426", kill_on_drop: false }`
[INFO] running `Command { std: "docker" "rm" "-f" "c53099bdcdc5741e661d6c14465c2815b21fc71e0149184c0d45bc018e583426", kill_on_drop: false }`
[INFO] [stdout] c53099bdcdc5741e661d6c14465c2815b21fc71e0149184c0d45bc018e583426
[INFO] running `Command { std: "docker" "create" "-v" "/var/lib/crater-agent-workspace/builds/worker-1-tc2/target:/opt/rustwide/target:rw,Z" "-v" "/var/lib/crater-agent-workspace/builds/worker-1-tc2/source:/opt/rustwide/workdir:ro,Z" "-v" "/var/lib/crater-agent-workspace/cargo-home:/opt/rustwide/cargo-home:ro,Z" "-v" "/var/lib/crater-agent-workspace/rustup-home:/opt/rustwide/rustup-home:ro,Z" "-e" "SOURCE_DIR=/opt/rustwide/workdir" "-e" "CARGO_TARGET_DIR=/opt/rustwide/target" "-e" "CARGO_INCREMENTAL=0" "-e" "RUST_BACKTRACE=full" "-e" "RUSTFLAGS=--cap-lints=warn" "-e" "RUSTDOCFLAGS=--cap-lints=warn" "-e" "CARGO_HOME=/opt/rustwide/cargo-home" "-e" "RUSTUP_HOME=/opt/rustwide/rustup-home" "-w" "/opt/rustwide/workdir" "-m" "1610612736" "--user" "0:0" "--network" "none" "ghcr.io/rust-lang/crates-build-env/linux@sha256:2788e3201cd34a07e3172128adcd8b3090168a8e3bcc40d7c032b9dda1df7d1c" "/opt/rustwide/cargo-home/bin/cargo" "+beta-2023-12-22" "test" "--frozen" "--no-run" "--message-format=json", kill_on_drop: false }`
[INFO] [stdout] 60829e111954c14227d33726a31ae5e9584c02b99827abc22c32c4cdad24107b
[INFO] running `Command { std: "docker" "start" "-a" "60829e111954c14227d33726a31ae5e9584c02b99827abc22c32c4cdad24107b", kill_on_drop: false }`
[INFO] [stderr]    Compiling cybercon v0.1.0 (/opt/rustwide/workdir)
[INFO] [stdout] warning: unused `Result` that must be used
[INFO] [stdout]  --> src/main.rs:6:2
[INFO] [stdout]   |
[INFO] [stdout] 6 |     cm_com::connect("/dev/ttyUSB0".to_string());
[INFO] [stdout]   |     ^^^^^^^^^^^^^^^^^^^^^^^^^^^^^^^^^^^^^^^^^^^
[INFO] [stdout]   |
[INFO] [stdout]   = note: this `Result` may be an `Err` variant, which should be handled
[INFO] [stdout]   = note: `#[warn(unused_must_use)]` on by default
[INFO] [stdout] help: use `let _ = ...` to ignore the resulting value
[INFO] [stdout]   |
[INFO] [stdout] 6 |     let _ = cm_com::connect("/dev/ttyUSB0".to_string());
[INFO] [stdout]   |     +++++++
[INFO] [stdout] 
[INFO] [stdout] 
[INFO] [stdout] warning: 1 warning emitted
[INFO] [stdout] 
[INFO] [stdout] 
[INFO] [stderr]     Finished test [unoptimized + debuginfo] target(s) in 0.34s
[INFO] running `Command { std: "docker" "inspect" "60829e111954c14227d33726a31ae5e9584c02b99827abc22c32c4cdad24107b", kill_on_drop: false }`
[INFO] running `Command { std: "docker" "rm" "-f" "60829e111954c14227d33726a31ae5e9584c02b99827abc22c32c4cdad24107b", kill_on_drop: false }`
[INFO] [stdout] 60829e111954c14227d33726a31ae5e9584c02b99827abc22c32c4cdad24107b
[INFO] running `Command { std: "docker" "create" "-v" "/var/lib/crater-agent-workspace/builds/worker-1-tc2/target:/opt/rustwide/target:rw,Z" "-v" "/var/lib/crater-agent-workspace/builds/worker-1-tc2/source:/opt/rustwide/workdir:ro,Z" "-v" "/var/lib/crater-agent-workspace/cargo-home:/opt/rustwide/cargo-home:ro,Z" "-v" "/var/lib/crater-agent-workspace/rustup-home:/opt/rustwide/rustup-home:ro,Z" "-e" "SOURCE_DIR=/opt/rustwide/workdir" "-e" "CARGO_TARGET_DIR=/opt/rustwide/target" "-e" "CARGO_INCREMENTAL=0" "-e" "RUST_BACKTRACE=full" "-e" "RUSTFLAGS=--cap-lints=warn" "-e" "RUSTDOCFLAGS=--cap-lints=warn" "-e" "CARGO_HOME=/opt/rustwide/cargo-home" "-e" "RUSTUP_HOME=/opt/rustwide/rustup-home" "-w" "/opt/rustwide/workdir" "-m" "1610612736" "--user" "0:0" "--network" "none" "ghcr.io/rust-lang/crates-build-env/linux@sha256:2788e3201cd34a07e3172128adcd8b3090168a8e3bcc40d7c032b9dda1df7d1c" "/opt/rustwide/cargo-home/bin/cargo" "+beta-2023-12-22" "test" "--frozen", kill_on_drop: false }`
[INFO] [stdout] e249c1f0410fc21a91568c62b6e2757008b80fb8433d97f29d476e09b3d9cf11
[INFO] running `Command { std: "docker" "start" "-a" "e249c1f0410fc21a91568c62b6e2757008b80fb8433d97f29d476e09b3d9cf11", kill_on_drop: false }`
[INFO] [stderr] warning: unused `Result` that must be used
[INFO] [stderr]  --> src/main.rs:6:2
[INFO] [stderr]   |
[INFO] [stderr] 6 |     cm_com::connect("/dev/ttyUSB0".to_string());
[INFO] [stderr]   |     ^^^^^^^^^^^^^^^^^^^^^^^^^^^^^^^^^^^^^^^^^^^
[INFO] [stderr]   |
[INFO] [stderr]   = note: this `Result` may be an `Err` variant, which should be handled
[INFO] [stderr]   = note: `#[warn(unused_must_use)]` on by default
[INFO] [stderr] help: use `let _ = ...` to ignore the resulting value
[INFO] [stderr]   |
[INFO] [stderr] 6 |     let _ = cm_com::connect("/dev/ttyUSB0".to_string());
[INFO] [stderr]   |     +++++++
[INFO] [stderr] 
[INFO] [stderr] warning: `cybercon` (bin "cybercon" test) generated 1 warning
[INFO] [stderr]     Finished test [unoptimized + debuginfo] target(s) in 0.01s
[INFO] [stderr]      Running unittests src/main.rs (/opt/rustwide/target/debug/deps/cybercon-777e6338affaa2e4)
[INFO] [stdout] 
[INFO] [stdout] running 2 tests
[INFO] [stdout] test cm_com::msg_gen::tests::payload_check ... ok
[INFO] [stdout] test cm_com::msg_gen::tests::msg_check ... ok
[INFO] [stdout] 
[INFO] [stdout] test result: ok. 2 passed; 0 failed; 0 ignored; 0 measured; 0 filtered out; finished in 0.00s
[INFO] [stdout] 
[INFO] running `Command { std: "docker" "inspect" "e249c1f0410fc21a91568c62b6e2757008b80fb8433d97f29d476e09b3d9cf11", kill_on_drop: false }`
[INFO] running `Command { std: "docker" "rm" "-f" "e249c1f0410fc21a91568c62b6e2757008b80fb8433d97f29d476e09b3d9cf11", kill_on_drop: false }`
[INFO] [stdout] e249c1f0410fc21a91568c62b6e2757008b80fb8433d97f29d476e09b3d9cf11
