[INFO] cloning repository https://github.com/kerlw/monkey_rust
[INFO] running `Command { std: "git" "-c" "credential.helper=" "-c" "credential.helper=/workspace/cargo-home/bin/git-credential-null" "clone" "--bare" "https://github.com/kerlw/monkey_rust" "/workspace/cache/git-repos/https%3A%2F%2Fgithub.com%2Fkerlw%2Fmonkey_rust", kill_on_drop: false }`
[INFO] [stderr] Cloning into bare repository '/workspace/cache/git-repos/https%3A%2F%2Fgithub.com%2Fkerlw%2Fmonkey_rust'...
[INFO] running `Command { std: "git" "rev-parse" "HEAD", kill_on_drop: false }`
[INFO] [stdout] 12f382970f75047ebdbc586f38108d5089e1261b
[INFO] testing kerlw/monkey_rust against 1.75.0 for beta-1.76-1
[INFO] running `Command { std: "git" "clone" "/workspace/cache/git-repos/https%3A%2F%2Fgithub.com%2Fkerlw%2Fmonkey_rust" "/workspace/builds/worker-7-tc1/source", kill_on_drop: false }`
[INFO] [stderr] Cloning into '/workspace/builds/worker-7-tc1/source'...
[INFO] [stderr] done.
[INFO] validating manifest of git repo https://github.com/kerlw/monkey_rust on toolchain 1.75.0
[INFO] running `Command { std: CARGO_HOME="/workspace/cargo-home" RUSTUP_HOME="/workspace/rustup-home" "/workspace/cargo-home/bin/cargo" "+1.75.0" "metadata" "--manifest-path" "Cargo.toml" "--no-deps", kill_on_drop: false }`
[INFO] started tweaking git repo https://github.com/kerlw/monkey_rust
[INFO] finished tweaking git repo https://github.com/kerlw/monkey_rust
[INFO] tweaked toml for git repo https://github.com/kerlw/monkey_rust written to /workspace/builds/worker-7-tc1/source/Cargo.toml
[INFO] crate git repo https://github.com/kerlw/monkey_rust already has a lockfile, it will not be regenerated
[INFO] running `Command { std: CARGO_HOME="/workspace/cargo-home" RUSTUP_HOME="/workspace/rustup-home" "/workspace/cargo-home/bin/cargo" "+1.75.0" "fetch" "--manifest-path" "Cargo.toml", kill_on_drop: false }`
[INFO] [stderr]     Blocking waiting for file lock on package cache
[ERROR] error running command: no output for 300 seconds
[ERROR] this task or one of its parent failed!
[ERROR] no output for 300 seconds
[ERROR] note: run with `RUST_BACKTRACE=1` to display a backtrace.
[INFO] testing kerlw/monkey_rust against beta-2023-12-22 for beta-1.76-1
[INFO] running `Command { std: "git" "clone" "/workspace/cache/git-repos/https%3A%2F%2Fgithub.com%2Fkerlw%2Fmonkey_rust" "/workspace/builds/worker-7-tc2/source", kill_on_drop: false }`
[INFO] [stderr] Cloning into '/workspace/builds/worker-7-tc2/source'...
[INFO] [stderr] done.
[INFO] validating manifest of git repo https://github.com/kerlw/monkey_rust on toolchain beta-2023-12-22
[INFO] running `Command { std: CARGO_HOME="/workspace/cargo-home" RUSTUP_HOME="/workspace/rustup-home" "/workspace/cargo-home/bin/cargo" "+beta-2023-12-22" "metadata" "--manifest-path" "Cargo.toml" "--no-deps", kill_on_drop: false }`
[INFO] started tweaking git repo https://github.com/kerlw/monkey_rust
[INFO] finished tweaking git repo https://github.com/kerlw/monkey_rust
[INFO] tweaked toml for git repo https://github.com/kerlw/monkey_rust written to /workspace/builds/worker-7-tc2/source/Cargo.toml
[INFO] crate git repo https://github.com/kerlw/monkey_rust already has a lockfile, it will not be regenerated
[INFO] running `Command { std: CARGO_HOME="/workspace/cargo-home" RUSTUP_HOME="/workspace/rustup-home" "/workspace/cargo-home/bin/cargo" "+beta-2023-12-22" "fetch" "--manifest-path" "Cargo.toml", kill_on_drop: false }`
[INFO] [stderr]     Blocking waiting for file lock on package cache
[INFO] [stderr]     Blocking waiting for file lock on package cache
[ERROR] error running command: no output for 300 seconds
[INFO] testing kerlw/monkey_rust against beta-2023-12-22 for beta-1.76-1
[INFO] running `Command { std: "git" "clone" "/workspace/cache/git-repos/https%3A%2F%2Fgithub.com%2Fkerlw%2Fmonkey_rust" "/workspace/builds/worker-7-tc2/source", kill_on_drop: false }`
[INFO] [stderr] Cloning into '/workspace/builds/worker-7-tc2/source'...
[INFO] [stderr] done.
[INFO] validating manifest of git repo https://github.com/kerlw/monkey_rust on toolchain beta-2023-12-22
[INFO] running `Command { std: CARGO_HOME="/workspace/cargo-home" RUSTUP_HOME="/workspace/rustup-home" "/workspace/cargo-home/bin/cargo" "+beta-2023-12-22" "metadata" "--manifest-path" "Cargo.toml" "--no-deps", kill_on_drop: false }`
[INFO] started tweaking git repo https://github.com/kerlw/monkey_rust
[INFO] finished tweaking git repo https://github.com/kerlw/monkey_rust
[INFO] tweaked toml for git repo https://github.com/kerlw/monkey_rust written to /workspace/builds/worker-7-tc2/source/Cargo.toml
[INFO] crate git repo https://github.com/kerlw/monkey_rust already has a lockfile, it will not be regenerated
[INFO] running `Command { std: CARGO_HOME="/workspace/cargo-home" RUSTUP_HOME="/workspace/rustup-home" "/workspace/cargo-home/bin/cargo" "+beta-2023-12-22" "fetch" "--manifest-path" "Cargo.toml", kill_on_drop: false }`
[INFO] [stderr]     Blocking waiting for file lock on package cache
[INFO] [stderr]     Blocking waiting for file lock on package cache
[INFO] [stderr]  Downloading crates ...
[INFO] [stderr]   Downloaded ctrlc v3.2.0
[INFO] [stderr]   Downloaded nix v0.22.1
[INFO] running `Command { std: "docker" "create" "-v" "/var/lib/crater-agent-workspace/builds/worker-7-tc2/target:/opt/rustwide/target:rw,Z" "-v" "/var/lib/crater-agent-workspace/builds/worker-7-tc2/source:/opt/rustwide/workdir:ro,Z" "-v" "/var/lib/crater-agent-workspace/cargo-home:/opt/rustwide/cargo-home:ro,Z" "-v" "/var/lib/crater-agent-workspace/rustup-home:/opt/rustwide/rustup-home:ro,Z" "-e" "SOURCE_DIR=/opt/rustwide/workdir" "-e" "CARGO_TARGET_DIR=/opt/rustwide/target" "-e" "CARGO_HOME=/opt/rustwide/cargo-home" "-e" "RUSTUP_HOME=/opt/rustwide/rustup-home" "-w" "/opt/rustwide/workdir" "-m" "1610612736" "--user" "0:0" "--network" "none" "ghcr.io/rust-lang/crates-build-env/linux@sha256:2788e3201cd34a07e3172128adcd8b3090168a8e3bcc40d7c032b9dda1df7d1c" "/opt/rustwide/cargo-home/bin/cargo" "+beta-2023-12-22" "metadata" "--no-deps" "--format-version=1", kill_on_drop: false }`
[INFO] [stdout] b71edcbacca33ff1fa188a2a46adf97b04de958ae21692faf3877ef274ecfa43
[INFO] running `Command { std: "docker" "start" "-a" "b71edcbacca33ff1fa188a2a46adf97b04de958ae21692faf3877ef274ecfa43", kill_on_drop: false }`
[INFO] running `Command { std: "docker" "inspect" "b71edcbacca33ff1fa188a2a46adf97b04de958ae21692faf3877ef274ecfa43", kill_on_drop: false }`
[INFO] running `Command { std: "docker" "rm" "-f" "b71edcbacca33ff1fa188a2a46adf97b04de958ae21692faf3877ef274ecfa43", kill_on_drop: false }`
[INFO] [stdout] b71edcbacca33ff1fa188a2a46adf97b04de958ae21692faf3877ef274ecfa43
[INFO] running `Command { std: "docker" "create" "-v" "/var/lib/crater-agent-workspace/builds/worker-7-tc2/target:/opt/rustwide/target:rw,Z" "-v" "/var/lib/crater-agent-workspace/builds/worker-7-tc2/source:/opt/rustwide/workdir:ro,Z" "-v" "/var/lib/crater-agent-workspace/cargo-home:/opt/rustwide/cargo-home:ro,Z" "-v" "/var/lib/crater-agent-workspace/rustup-home:/opt/rustwide/rustup-home:ro,Z" "-e" "SOURCE_DIR=/opt/rustwide/workdir" "-e" "CARGO_TARGET_DIR=/opt/rustwide/target" "-e" "CARGO_INCREMENTAL=0" "-e" "RUST_BACKTRACE=full" "-e" "RUSTFLAGS=--cap-lints=warn" "-e" "RUSTDOCFLAGS=--cap-lints=warn" "-e" "CARGO_HOME=/opt/rustwide/cargo-home" "-e" "RUSTUP_HOME=/opt/rustwide/rustup-home" "-w" "/opt/rustwide/workdir" "-m" "1610612736" "--user" "0:0" "--network" "none" "ghcr.io/rust-lang/crates-build-env/linux@sha256:2788e3201cd34a07e3172128adcd8b3090168a8e3bcc40d7c032b9dda1df7d1c" "/opt/rustwide/cargo-home/bin/cargo" "+beta-2023-12-22" "build" "--frozen" "--message-format=json", kill_on_drop: false }`
[INFO] [stdout] 8ca0804df41f5d680df50b77fe14889db19dade8dd7927600d41505d19d6b34c
[INFO] running `Command { std: "docker" "start" "-a" "8ca0804df41f5d680df50b77fe14889db19dade8dd7927600d41505d19d6b34c", kill_on_drop: false }`
[INFO] [stderr]    Compiling libc v0.2.99
[INFO] [stderr]    Compiling proc-macro2 v1.0.28
[INFO] [stderr]    Compiling unicode-xid v0.2.2
[INFO] [stderr]    Compiling syn v1.0.74
[INFO] [stderr]    Compiling memchr v2.4.0
[INFO] [stderr]    Compiling version_check v0.9.3
[INFO] [stderr]    Compiling futures-core v0.3.16
[INFO] [stderr]    Compiling log v0.4.14
[INFO] [stderr]    Compiling cache-padded v1.1.1
[INFO] [stderr]    Compiling concurrent-queue v1.2.2
[INFO] [stderr]    Compiling parking v2.0.0
[INFO] [stderr]    Compiling pin-project-lite v0.2.7
[INFO] [stderr]    Compiling waker-fn v1.1.0
[INFO] [stderr]    Compiling fastrand v1.5.0
[INFO] [stderr]    Compiling value-bag v1.0.0-alpha.7
[INFO] [stderr]    Compiling futures-io v0.3.16
[INFO] [stderr]    Compiling event-listener v2.5.1
[INFO] [stderr]    Compiling autocfg v1.0.1
[INFO] [stderr]    Compiling once_cell v1.8.0
[INFO] [stderr]    Compiling bitflags v1.2.1
[INFO] [stderr]    Compiling slab v0.4.4
[INFO] [stderr]    Compiling async-task v4.0.3
[INFO] [stderr]    Compiling quote v1.0.9
[INFO] [stderr]    Compiling signal-hook v0.3.9
[INFO] [stderr]    Compiling memoffset v0.6.4
[INFO] [stderr]    Compiling futures-lite v1.12.0
[INFO] [stderr]    Compiling async-channel v1.6.1
[INFO] [stderr]    Compiling atomic-waker v1.0.0
[INFO] [stderr]    Compiling crossbeam-utils v0.8.5
[INFO] [stderr]    Compiling aho-corasick v0.7.18
[INFO] [stderr]    Compiling async-mutex v1.4.0
[INFO] [stderr]    Compiling regex-syntax v0.6.25
[INFO] [stderr]    Compiling async-lock v2.4.0
[INFO] [stderr]    Compiling pin-utils v0.1.0
[INFO] [stderr]    Compiling termcolor v1.1.2
[INFO] [stderr]    Compiling socket2 v0.4.1
[INFO] [stderr]    Compiling signal-hook-registry v1.4.0
[INFO] [stderr]    Compiling num_cpus v1.13.0
[INFO] [stderr]    Compiling blocking v1.0.2
[INFO] [stderr]    Compiling async-executor v1.4.1
[INFO] [stderr]    Compiling nix v0.22.1
[INFO] [stderr]    Compiling regex v1.5.4
[INFO] [stderr]    Compiling atty v0.2.14
[INFO] [stderr]    Compiling ctor v0.1.20
[INFO] [stderr]    Compiling async-attributes v1.1.2
[INFO] [stderr]    Compiling ctrlc v3.2.0
[INFO] [stderr]    Compiling async-ctrlc v1.2.0
[INFO] [stderr]    Compiling polling v2.1.0
[INFO] [stderr]    Compiling kv-log-macro v1.0.7
[INFO] [stderr]    Compiling env_logger v0.9.0
[INFO] [stderr]    Compiling async-io v1.6.0
[INFO] [stderr]    Compiling async-global-executor v2.0.2
[INFO] [stderr]    Compiling async-process v1.2.0
[INFO] [stderr]    Compiling async-std v1.9.0
[INFO] [stderr]    Compiling monkey_rust v0.1.0 (/opt/rustwide/workdir)
[INFO] [stdout] warning: associated function `new` is never used
[INFO] [stdout]   --> src/eval/evaluator.rs:15:12
[INFO] [stdout]    |
[INFO] [stdout] 14 | impl<'a> Evaluator<'a> {
[INFO] [stdout]    | ---------------------- associated function in this implementation
[INFO] [stdout] 15 |     pub fn new(statements: &'a Vec<Statement>) -> Self {
[INFO] [stdout]    |            ^^^
[INFO] [stdout]    |
[INFO] [stdout]    = note: `#[warn(dead_code)]` on by default
[INFO] [stdout] 
[INFO] [stdout] 
[INFO] [stdout] warning: method `to_string` is never used
[INFO] [stdout]    --> src/parser/program.rs:138:12
[INFO] [stdout]     |
[INFO] [stdout] 137 | impl Program {
[INFO] [stdout]     | ------------ method in this implementation
[INFO] [stdout] 138 |     pub fn to_string(&self) -> String {
[INFO] [stdout]     |            ^^^^^^^^^
[INFO] [stdout] 
[INFO] [stdout] 
[INFO] [stdout] warning: 2 warnings emitted
[INFO] [stdout] 
[INFO] [stdout] 
[INFO] [stderr]     Finished dev [unoptimized + debuginfo] target(s) in 23.54s
[INFO] running `Command { std: "docker" "inspect" "8ca0804df41f5d680df50b77fe14889db19dade8dd7927600d41505d19d6b34c", kill_on_drop: false }`
[INFO] running `Command { std: "docker" "rm" "-f" "8ca0804df41f5d680df50b77fe14889db19dade8dd7927600d41505d19d6b34c", kill_on_drop: false }`
[INFO] [stdout] 8ca0804df41f5d680df50b77fe14889db19dade8dd7927600d41505d19d6b34c
[INFO] running `Command { std: "docker" "create" "-v" "/var/lib/crater-agent-workspace/builds/worker-7-tc2/target:/opt/rustwide/target:rw,Z" "-v" "/var/lib/crater-agent-workspace/builds/worker-7-tc2/source:/opt/rustwide/workdir:ro,Z" "-v" "/var/lib/crater-agent-workspace/cargo-home:/opt/rustwide/cargo-home:ro,Z" "-v" "/var/lib/crater-agent-workspace/rustup-home:/opt/rustwide/rustup-home:ro,Z" "-e" "SOURCE_DIR=/opt/rustwide/workdir" "-e" "CARGO_TARGET_DIR=/opt/rustwide/target" "-e" "CARGO_INCREMENTAL=0" "-e" "RUST_BACKTRACE=full" "-e" "RUSTFLAGS=--cap-lints=warn" "-e" "RUSTDOCFLAGS=--cap-lints=warn" "-e" "CARGO_HOME=/opt/rustwide/cargo-home" "-e" "RUSTUP_HOME=/opt/rustwide/rustup-home" "-w" "/opt/rustwide/workdir" "-m" "1610612736" "--user" "0:0" "--network" "none" "ghcr.io/rust-lang/crates-build-env/linux@sha256:2788e3201cd34a07e3172128adcd8b3090168a8e3bcc40d7c032b9dda1df7d1c" "/opt/rustwide/cargo-home/bin/cargo" "+beta-2023-12-22" "test" "--frozen" "--no-run" "--message-format=json", kill_on_drop: false }`
[INFO] [stdout] 48ad5a326701ed5e512562d582f89390ed61a4163a01f9054161ce99efa796eb
[INFO] running `Command { std: "docker" "start" "-a" "48ad5a326701ed5e512562d582f89390ed61a4163a01f9054161ce99efa796eb", kill_on_drop: false }`
[INFO] [stderr]    Compiling monkey_rust v0.1.0 (/opt/rustwide/workdir)
[INFO] [stderr]     Finished test [unoptimized + debuginfo] target(s) in 1.05s
[INFO] running `Command { std: "docker" "inspect" "48ad5a326701ed5e512562d582f89390ed61a4163a01f9054161ce99efa796eb", kill_on_drop: false }`
[INFO] running `Command { std: "docker" "rm" "-f" "48ad5a326701ed5e512562d582f89390ed61a4163a01f9054161ce99efa796eb", kill_on_drop: false }`
[INFO] [stdout] 48ad5a326701ed5e512562d582f89390ed61a4163a01f9054161ce99efa796eb
[INFO] running `Command { std: "docker" "create" "-v" "/var/lib/crater-agent-workspace/builds/worker-7-tc2/target:/opt/rustwide/target:rw,Z" "-v" "/var/lib/crater-agent-workspace/builds/worker-7-tc2/source:/opt/rustwide/workdir:ro,Z" "-v" "/var/lib/crater-agent-workspace/cargo-home:/opt/rustwide/cargo-home:ro,Z" "-v" "/var/lib/crater-agent-workspace/rustup-home:/opt/rustwide/rustup-home:ro,Z" "-e" "SOURCE_DIR=/opt/rustwide/workdir" "-e" "CARGO_TARGET_DIR=/opt/rustwide/target" "-e" "CARGO_INCREMENTAL=0" "-e" "RUST_BACKTRACE=full" "-e" "RUSTFLAGS=--cap-lints=warn" "-e" "RUSTDOCFLAGS=--cap-lints=warn" "-e" "CARGO_HOME=/opt/rustwide/cargo-home" "-e" "RUSTUP_HOME=/opt/rustwide/rustup-home" "-w" "/opt/rustwide/workdir" "-m" "1610612736" "--user" "0:0" "--network" "none" "ghcr.io/rust-lang/crates-build-env/linux@sha256:2788e3201cd34a07e3172128adcd8b3090168a8e3bcc40d7c032b9dda1df7d1c" "/opt/rustwide/cargo-home/bin/cargo" "+beta-2023-12-22" "test" "--frozen", kill_on_drop: false }`
[INFO] [stdout] 45fc63c2d7faf2842e92a5484e3006b712fd2dc25eb5cd6b250c5d2deae5e2e1
[INFO] running `Command { std: "docker" "start" "-a" "45fc63c2d7faf2842e92a5484e3006b712fd2dc25eb5cd6b250c5d2deae5e2e1", kill_on_drop: false }`
[INFO] [stderr]     Finished test [unoptimized + debuginfo] target(s) in 0.03s
[INFO] [stderr]      Running unittests src/main.rs (/opt/rustwide/target/debug/deps/monkey_rust-5fb76878805dede5)
[INFO] [stdout] 
[INFO] [stdout] running 15 tests
[INFO] [stdout] test eval::test::test_builtin_functions ... ok
[INFO] [stdout] test eval::test::test_error_handle ... ok
[INFO] [stdout] test eval::test::test_integer_object ... ok
[INFO] [stdout] test eval::test::test_function_call ... ok
[INFO] [stdout] test eval::test::test_return_statement ... ok
[INFO] [stdout] test lexer::test::sign_test ... ok
[INFO] [stdout] test lexer::test::simple_token_test ... ok
[INFO] [stdout] test lexer::test::test_string_token ... ok
[INFO] [stdout] test parser::test::test_call_expression ... ok
[INFO] [stdout] test parser::test::test_function_literal ... ok
[INFO] [stdout] test parser::test::test_let_statements ... ok
[INFO] [stdout] test parser::test::test_string_literal ... ok
[INFO] [stdout] test parser::test::test_operator_precedence ... ok
[INFO] [stdout] test parser::test::test_if_else_expression ... FAILED
[INFO] [stdout] test parser::test::test_infix_expression ... FAILED
[INFO] [stdout] 
[INFO] [stdout] failures:
[INFO] [stdout] 
[INFO] [stdout] ---- parser::test::test_if_else_expression stdout ----
[INFO] [stdout] thread 'parser::test::test_if_else_expression' panicked at src/parser/test.rs:149:37:
[INFO] [stdout] called `Result::unwrap()` on an `Err` value: no prefix parse function for Else
[INFO] [stdout] stack backtrace:
[INFO] [stdout]    0:     0x55ec55f11616 - std::backtrace_rs::backtrace::libunwind::trace::h261606ad26a499c1
[INFO] [stdout]                                at /rustc/0e09125c6c3c2fd70d7de961bcf0e51575235fad/library/std/src/../../backtrace/src/backtrace/libunwind.rs:104:5
[INFO] [stdout]    1:     0x55ec55f11616 - std::backtrace_rs::backtrace::trace_unsynchronized::hd183f0625477fb28
[INFO] [stdout]                                at /rustc/0e09125c6c3c2fd70d7de961bcf0e51575235fad/library/std/src/../../backtrace/src/backtrace/mod.rs:66:5
[INFO] [stdout]    2:     0x55ec55f11616 - std::sys_common::backtrace::_print_fmt::hd7f8fef21b4eda67
[INFO] [stdout]                                at /rustc/0e09125c6c3c2fd70d7de961bcf0e51575235fad/library/std/src/sys_common/backtrace.rs:68:5
[INFO] [stdout]    3:     0x55ec55f11616 - <std::sys_common::backtrace::_print::DisplayBacktrace as core::fmt::Display>::fmt::h623d9b51f2f453f1
[INFO] [stdout]                                at /rustc/0e09125c6c3c2fd70d7de961bcf0e51575235fad/library/std/src/sys_common/backtrace.rs:44:22
[INFO] [stdout]    4:     0x55ec55f3bd00 - core::fmt::rt::Argument::fmt::h9f417ac76a86f368
[INFO] [stdout]                                at /rustc/0e09125c6c3c2fd70d7de961bcf0e51575235fad/library/core/src/fmt/rt.rs:142:9
[INFO] [stdout]    5:     0x55ec55f3bd00 - core::fmt::write::hc9b6faf4ac2aeff7
[INFO] [stdout]                                at /rustc/0e09125c6c3c2fd70d7de961bcf0e51575235fad/library/core/src/fmt/mod.rs:1120:17
[INFO] [stdout]    6:     0x55ec55f0f07f - std::io::Write::write_fmt::he04625a3a989fec3
[INFO] [stdout]                                at /rustc/0e09125c6c3c2fd70d7de961bcf0e51575235fad/library/std/src/io/mod.rs:1810:15
[INFO] [stdout]    7:     0x55ec55f113f4 - std::sys_common::backtrace::_print::hd5d66399c7df88a2
[INFO] [stdout]                                at /rustc/0e09125c6c3c2fd70d7de961bcf0e51575235fad/library/std/src/sys_common/backtrace.rs:47:5
[INFO] [stdout]    8:     0x55ec55f113f4 - std::sys_common::backtrace::print::he81ed2da642d37e5
[INFO] [stdout]                                at /rustc/0e09125c6c3c2fd70d7de961bcf0e51575235fad/library/std/src/sys_common/backtrace.rs:34:9
[INFO] [stdout]    9:     0x55ec55f13167 - std::panicking::default_hook::{{closure}}::h85773f4fa117163d
[INFO] [stdout]   10:     0x55ec55f12e4d - std::panicking::default_hook::h6a1694a91d09b278
[INFO] [stdout]                                at /rustc/0e09125c6c3c2fd70d7de961bcf0e51575235fad/library/std/src/panicking.rs:289:9
[INFO] [stdout]   11:     0x55ec55ed32c7 - <alloc::boxed::Box<F,A> as core::ops::function::Fn<Args>>::call::h616ac37fa3cd6c8f
[INFO] [stdout]                                at /rustc/0e09125c6c3c2fd70d7de961bcf0e51575235fad/library/alloc/src/boxed.rs:2029:9
[INFO] [stdout]   12:     0x55ec55ed32c7 - test::test_main::{{closure}}::h00d84697cefdcbb6
[INFO] [stdout]                                at /rustc/0e09125c6c3c2fd70d7de961bcf0e51575235fad/library/test/src/lib.rs:138:21
[INFO] [stdout]   13:     0x55ec55f13786 - <alloc::boxed::Box<F,A> as core::ops::function::Fn<Args>>::call::hcb3fe3b9bb537ba8
[INFO] [stdout]                                at /rustc/0e09125c6c3c2fd70d7de961bcf0e51575235fad/library/alloc/src/boxed.rs:2029:9
[INFO] [stdout]   14:     0x55ec55f13786 - std::panicking::rust_panic_with_hook::h0a7ad96e90f7145b
[INFO] [stdout]                                at /rustc/0e09125c6c3c2fd70d7de961bcf0e51575235fad/library/std/src/panicking.rs:783:13
[INFO] [stdout]   15:     0x55ec55f134d2 - std::panicking::begin_panic_handler::{{closure}}::h7919090525c6485e
[INFO] [stdout]                                at /rustc/0e09125c6c3c2fd70d7de961bcf0e51575235fad/library/std/src/panicking.rs:657:13
[INFO] [stdout]   16:     0x55ec55f11b16 - std::sys_common::backtrace::__rust_end_short_backtrace::hf3289479464f7dfe
[INFO] [stdout]                                at /rustc/0e09125c6c3c2fd70d7de961bcf0e51575235fad/library/std/src/sys_common/backtrace.rs:171:18
[INFO] [stdout]   17:     0x55ec55f13230 - rust_begin_unwind
[INFO] [stdout]                                at /rustc/0e09125c6c3c2fd70d7de961bcf0e51575235fad/library/std/src/panicking.rs:645:5
[INFO] [stdout]   18:     0x55ec55e57cd5 - core::panicking::panic_fmt::hcc9f77c5c132af55
[INFO] [stdout]                                at /rustc/0e09125c6c3c2fd70d7de961bcf0e51575235fad/library/core/src/panicking.rs:72:14
[INFO] [stdout]   19:     0x55ec55e58273 - core::result::unwrap_failed::hbe14f498be1452f9
[INFO] [stdout]                                at /rustc/0e09125c6c3c2fd70d7de961bcf0e51575235fad/library/core/src/result.rs:1649:5
[INFO] [stdout]   20:     0x55ec55e6b8a4 - core::result::Result<T,E>::unwrap::h8aa2aef354a4e44a
[INFO] [stdout]                                at /rustc/0e09125c6c3c2fd70d7de961bcf0e51575235fad/library/core/src/result.rs:1073:23
[INFO] [stdout]   21:     0x55ec55e79289 - monkey_rust::parser::test::test_if_else_expression::hf4ad5b777db7b63b
[INFO] [stdout]                                at /opt/rustwide/workdir/src/parser/test.rs:149:19
[INFO] [stdout]   22:     0x55ec55e791d7 - monkey_rust::parser::test::test_if_else_expression::{{closure}}::hdfd9b39e9084c09a
[INFO] [stdout]                                at /opt/rustwide/workdir/src/parser/test.rs:144:29
[INFO] [stdout]   23:     0x55ec55e5ef06 - core::ops::function::FnOnce::call_once::ha2bf4cf17b3221c1
[INFO] [stdout]                                at /rustc/0e09125c6c3c2fd70d7de961bcf0e51575235fad/library/core/src/ops/function.rs:250:5
[INFO] [stdout]   24:     0x55ec55ed8b9f - core::ops::function::FnOnce::call_once::hd64d26f405258157
[INFO] [stdout]                                at /rustc/0e09125c6c3c2fd70d7de961bcf0e51575235fad/library/core/src/ops/function.rs:250:5
[INFO] [stdout]   25:     0x55ec55ed8b9f - test::__rust_begin_short_backtrace::he21b0b7a6d731bf9
[INFO] [stdout]                                at /rustc/0e09125c6c3c2fd70d7de961bcf0e51575235fad/library/test/src/lib.rs:627:18
[INFO] [stdout]   26:     0x55ec55ed7921 - test::run_test_in_process::{{closure}}::hf5c73986d7bdfde2
[INFO] [stdout]                                at /rustc/0e09125c6c3c2fd70d7de961bcf0e51575235fad/library/test/src/lib.rs:650:60
[INFO] [stdout]   27:     0x55ec55ed7921 - <core::panic::unwind_safe::AssertUnwindSafe<F> as core::ops::function::FnOnce<()>>::call_once::h330011ad032aadc0
[INFO] [stdout]                                at /rustc/0e09125c6c3c2fd70d7de961bcf0e51575235fad/library/core/src/panic/unwind_safe.rs:272:9
[INFO] [stdout]   28:     0x55ec55ed7921 - std::panicking::try::do_call::he61b0a958b795a41
[INFO] [stdout]                                at /rustc/0e09125c6c3c2fd70d7de961bcf0e51575235fad/library/std/src/panicking.rs:552:40
[INFO] [stdout]   29:     0x55ec55ed7921 - std::panicking::try::h7309da130f906eb7
[INFO] [stdout]                                at /rustc/0e09125c6c3c2fd70d7de961bcf0e51575235fad/library/std/src/panicking.rs:516:19
[INFO] [stdout]   30:     0x55ec55ed7921 - std::panic::catch_unwind::hc5c3a06fdaf0a92a
[INFO] [stdout]                                at /rustc/0e09125c6c3c2fd70d7de961bcf0e51575235fad/library/std/src/panic.rs:142:14
[INFO] [stdout]   31:     0x55ec55ed7921 - test::run_test_in_process::h7e7b7c71c3324e0f
[INFO] [stdout]                                at /rustc/0e09125c6c3c2fd70d7de961bcf0e51575235fad/library/test/src/lib.rs:650:27
[INFO] [stdout]   32:     0x55ec55ed7921 - test::run_test::{{closure}}::h1f509f28f5cf20b1
[INFO] [stdout]                                at /rustc/0e09125c6c3c2fd70d7de961bcf0e51575235fad/library/test/src/lib.rs:573:43
[INFO] [stdout]   33:     0x55ec55e9ec56 - test::run_test::{{closure}}::h1754218abf443f6d
[INFO] [stdout]                                at /rustc/0e09125c6c3c2fd70d7de961bcf0e51575235fad/library/test/src/lib.rs:601:41
[INFO] [stdout]   34:     0x55ec55e9ec56 - std::sys_common::backtrace::__rust_begin_short_backtrace::h2ee174b9d5954948
[INFO] [stdout]                                at /rustc/0e09125c6c3c2fd70d7de961bcf0e51575235fad/library/std/src/sys_common/backtrace.rs:155:18
[INFO] [stdout]   35:     0x55ec55ea3cb7 - std::thread::Builder::spawn_unchecked_::{{closure}}::{{closure}}::hf60bee9c1a17ef09
[INFO] [stdout]                                at /rustc/0e09125c6c3c2fd70d7de961bcf0e51575235fad/library/std/src/thread/mod.rs:529:17
[INFO] [stdout]   36:     0x55ec55ea3cb7 - <core::panic::unwind_safe::AssertUnwindSafe<F> as core::ops::function::FnOnce<()>>::call_once::h33d0dddec5216160
[INFO] [stdout]                                at /rustc/0e09125c6c3c2fd70d7de961bcf0e51575235fad/library/core/src/panic/unwind_safe.rs:272:9
[INFO] [stdout]   37:     0x55ec55ea3cb7 - std::panicking::try::do_call::h144b3048b546f835
[INFO] [stdout]                                at /rustc/0e09125c6c3c2fd70d7de961bcf0e51575235fad/library/std/src/panicking.rs:552:40
[INFO] [stdout]   38:     0x55ec55ea3cb7 - std::panicking::try::h978244d04646189f
[INFO] [stdout]                                at /rustc/0e09125c6c3c2fd70d7de961bcf0e51575235fad/library/std/src/panicking.rs:516:19
[INFO] [stdout]   39:     0x55ec55ea3cb7 - std::panic::catch_unwind::hdf436369d188fe86
[INFO] [stdout]                                at /rustc/0e09125c6c3c2fd70d7de961bcf0e51575235fad/library/std/src/panic.rs:142:14
[INFO] [stdout]   40:     0x55ec55ea3cb7 - std::thread::Builder::spawn_unchecked_::{{closure}}::h87329cbdd33c79ec
[INFO] [stdout]                                at /rustc/0e09125c6c3c2fd70d7de961bcf0e51575235fad/library/std/src/thread/mod.rs:528:30
[INFO] [stdout]   41:     0x55ec55ea3cb7 - core::ops::function::FnOnce::call_once{{vtable.shim}}::h401abbe67897d450
[INFO] [stdout]                                at /rustc/0e09125c6c3c2fd70d7de961bcf0e51575235fad/library/core/src/ops/function.rs:250:5
[INFO] [stdout]   42:     0x55ec55f18235 - <alloc::boxed::Box<F,A> as core::ops::function::FnOnce<Args>>::call_once::h5d7c8f150ab9c84c
[INFO] [stdout]                                at /rustc/0e09125c6c3c2fd70d7de961bcf0e51575235fad/library/alloc/src/boxed.rs:2015:9
[INFO] [stdout]   43:     0x55ec55f18235 - <alloc::boxed::Box<F,A> as core::ops::function::FnOnce<Args>>::call_once::h570d5b005c242c15
[INFO] [stdout]                                at /rustc/0e09125c6c3c2fd70d7de961bcf0e51575235fad/library/alloc/src/boxed.rs:2015:9
[INFO] [stdout]   44:     0x55ec55f18235 - std::sys::unix::thread::Thread::new::thread_start::h36b0a20c0b2361ad
[INFO] [stdout]                                at /rustc/0e09125c6c3c2fd70d7de961bcf0e51575235fad/library/std/src/sys/unix/thread.rs:108:17
[INFO] [stdout]   45:     0x7ff4b7ecaac3 - <unknown>
[INFO] [stdout]   46:     0x7ff4b7f5bbf4 - __clone
[INFO] [stdout]   47:                0x0 - <unknown>
[INFO] [stdout] 
[INFO] [stdout] ---- parser::test::test_infix_expression stdout ----
[INFO] [stdout] thread 'parser::test::test_infix_expression' panicked at src/parser/test.rs:79:5:
[INFO] [stdout] assertion `left == right` failed
[INFO] [stdout]   left: ExpressionStatement(InfixExpression(InfixExpression(IntLiteral(4), Plus, IntLiteral(5)), Plus, IntLiteral(10)))
[INFO] [stdout]  right: ExpressionStatement(InfixExpression(IntLiteral(4), Plus, InfixExpression(IntLiteral(5), Plus, IntLiteral(10))))
[INFO] [stdout] stack backtrace:
[INFO] [stdout]    0:     0x55ec55f11616 - std::backtrace_rs::backtrace::libunwind::trace::h261606ad26a499c1
[INFO] [stdout]                                at /rustc/0e09125c6c3c2fd70d7de961bcf0e51575235fad/library/std/src/../../backtrace/src/backtrace/libunwind.rs:104:5
[INFO] [stdout]    1:     0x55ec55f11616 - std::backtrace_rs::backtrace::trace_unsynchronized::hd183f0625477fb28
[INFO] [stdout]                                at /rustc/0e09125c6c3c2fd70d7de961bcf0e51575235fad/library/std/src/../../backtrace/src/backtrace/mod.rs:66:5
[INFO] [stdout]    2:     0x55ec55f11616 - std::sys_common::backtrace::_print_fmt::hd7f8fef21b4eda67
[INFO] [stdout]                                at /rustc/0e09125c6c3c2fd70d7de961bcf0e51575235fad/library/std/src/sys_common/backtrace.rs:68:5
[INFO] [stdout]    3:     0x55ec55f11616 - <std::sys_common::backtrace::_print::DisplayBacktrace as core::fmt::Display>::fmt::h623d9b51f2f453f1
[INFO] [stdout]                                at /rustc/0e09125c6c3c2fd70d7de961bcf0e51575235fad/library/std/src/sys_common/backtrace.rs:44:22
[INFO] [stdout]    4:     0x55ec55f3bd00 - core::fmt::rt::Argument::fmt::h9f417ac76a86f368
[INFO] [stdout]                                at /rustc/0e09125c6c3c2fd70d7de961bcf0e51575235fad/library/core/src/fmt/rt.rs:142:9
[INFO] [stdout]    5:     0x55ec55f3bd00 - core::fmt::write::hc9b6faf4ac2aeff7
[INFO] [stdout]                                at /rustc/0e09125c6c3c2fd70d7de961bcf0e51575235fad/library/core/src/fmt/mod.rs:1120:17
[INFO] [stdout]    6:     0x55ec55f0f07f - std::io::Write::write_fmt::he04625a3a989fec3
[INFO] [stdout]                                at /rustc/0e09125c6c3c2fd70d7de961bcf0e51575235fad/library/std/src/io/mod.rs:1810:15
[INFO] [stdout]    7:     0x55ec55f113f4 - std::sys_common::backtrace::_print::hd5d66399c7df88a2
[INFO] [stdout]                                at /rustc/0e09125c6c3c2fd70d7de961bcf0e51575235fad/library/std/src/sys_common/backtrace.rs:47:5
[INFO] [stdout]    8:     0x55ec55f113f4 - std::sys_common::backtrace::print::he81ed2da642d37e5
[INFO] [stdout]                                at /rustc/0e09125c6c3c2fd70d7de961bcf0e51575235fad/library/std/src/sys_common/backtrace.rs:34:9
[INFO] [stdout]    9:     0x55ec55f13167 - std::panicking::default_hook::{{closure}}::h85773f4fa117163d
[INFO] [stdout]   10:     0x55ec55f12e4d - std::panicking::default_hook::h6a1694a91d09b278
[INFO] [stdout]                                at /rustc/0e09125c6c3c2fd70d7de961bcf0e51575235fad/library/std/src/panicking.rs:289:9
[INFO] [stdout]   11:     0x55ec55ed32c7 - <alloc::boxed::Box<F,A> as core::ops::function::Fn<Args>>::call::h616ac37fa3cd6c8f
[INFO] [stdout]                                at /rustc/0e09125c6c3c2fd70d7de961bcf0e51575235fad/library/alloc/src/boxed.rs:2029:9
[INFO] [stdout]   12:     0x55ec55ed32c7 - test::test_main::{{closure}}::h00d84697cefdcbb6
[INFO] [stdout]                                at /rustc/0e09125c6c3c2fd70d7de961bcf0e51575235fad/library/test/src/lib.rs:138:21
[INFO] [stdout]   13:     0x55ec55f13786 - <alloc::boxed::Box<F,A> as core::ops::function::Fn<Args>>::call::hcb3fe3b9bb537ba8
[INFO] [stdout]                                at /rustc/0e09125c6c3c2fd70d7de961bcf0e51575235fad/library/alloc/src/boxed.rs:2029:9
[INFO] [stdout]   14:     0x55ec55f13786 - std::panicking::rust_panic_with_hook::h0a7ad96e90f7145b
[INFO] [stdout]                                at /rustc/0e09125c6c3c2fd70d7de961bcf0e51575235fad/library/std/src/panicking.rs:783:13
[INFO] [stdout]   15:     0x55ec55f134d2 - std::panicking::begin_panic_handler::{{closure}}::h7919090525c6485e
[INFO] [stdout]                                at /rustc/0e09125c6c3c2fd70d7de961bcf0e51575235fad/library/std/src/panicking.rs:657:13
[INFO] [stdout]   16:     0x55ec55f11b16 - std::sys_common::backtrace::__rust_end_short_backtrace::hf3289479464f7dfe
[INFO] [stdout]                                at /rustc/0e09125c6c3c2fd70d7de961bcf0e51575235fad/library/std/src/sys_common/backtrace.rs:171:18
[INFO] [stdout]   17:     0x55ec55f13230 - rust_begin_unwind
[INFO] [stdout]                                at /rustc/0e09125c6c3c2fd70d7de961bcf0e51575235fad/library/std/src/panicking.rs:645:5
[INFO] [stdout]   18:     0x55ec55e57cd5 - core::panicking::panic_fmt::hcc9f77c5c132af55
[INFO] [stdout]                                at /rustc/0e09125c6c3c2fd70d7de961bcf0e51575235fad/library/core/src/panicking.rs:72:14
[INFO] [stdout]   19:     0x55ec55e5810b - core::panicking::assert_failed_inner::h9f13e27dd63c3a08
[INFO] [stdout]                                at /rustc/0e09125c6c3c2fd70d7de961bcf0e51575235fad/library/core/src/panicking.rs:342:17
[INFO] [stdout]   20:     0x55ec55e7b20e - core::panicking::assert_failed::he3bdf0c531da9e9c
[INFO] [stdout]                                at /rustc/0e09125c6c3c2fd70d7de961bcf0e51575235fad/library/core/src/panicking.rs:297:5
[INFO] [stdout]   21:     0x55ec55e78632 - monkey_rust::parser::test::test_infix_expression::h89c42ca0c88fb6d7
[INFO] [stdout]                                at /opt/rustwide/workdir/src/parser/test.rs:79:5
[INFO] [stdout]   22:     0x55ec55e77ff7 - monkey_rust::parser::test::test_infix_expression::{{closure}}::h00c909cdbe8700a7
[INFO] [stdout]                                at /opt/rustwide/workdir/src/parser/test.rs:71:27
[INFO] [stdout]   23:     0x55ec55e5ec46 - core::ops::function::FnOnce::call_once::h43e82daedc109186
[INFO] [stdout]                                at /rustc/0e09125c6c3c2fd70d7de961bcf0e51575235fad/library/core/src/ops/function.rs:250:5
[INFO] [stdout]   24:     0x55ec55ed8b9f - core::ops::function::FnOnce::call_once::hd64d26f405258157
[INFO] [stdout]                                at /rustc/0e09125c6c3c2fd70d7de961bcf0e51575235fad/library/core/src/ops/function.rs:250:5
[INFO] [stdout]   25:     0x55ec55ed8b9f - test::__rust_begin_short_backtrace::he21b0b7a6d731bf9
[INFO] [stdout]                                at /rustc/0e09125c6c3c2fd70d7de961bcf0e51575235fad/library/test/src/lib.rs:627:18
[INFO] [stdout]   26:     0x55ec55ed7921 - test::run_test_in_process::{{closure}}::hf5c73986d7bdfde2
[INFO] [stdout]                                at /rustc/0e09125c6c3c2fd70d7de961bcf0e51575235fad/library/test/src/lib.rs:650:60
[INFO] [stdout]   27:     0x55ec55ed7921 - <core::panic::unwind_safe::AssertUnwindSafe<F> as core::ops::function::FnOnce<()>>::call_once::h330011ad032aadc0
[INFO] [stdout]                                at /rustc/0e09125c6c3c2fd70d7de961bcf0e51575235fad/library/core/src/panic/unwind_safe.rs:272:9
[INFO] [stdout]   28:     0x55ec55ed7921 - std::panicking::try::do_call::he61b0a958b795a41
[INFO] [stdout]                                at /rustc/0e09125c6c3c2fd70d7de961bcf0e51575235fad/library/std/src/panicking.rs:552:40
[INFO] [stdout]   29:     0x55ec55ed7921 - std::panicking::try::h7309da130f906eb7
[INFO] [stdout]                                at /rustc/0e09125c6c3c2fd70d7de961bcf0e51575235fad/library/std/src/panicking.rs:516:19
[INFO] [stdout]   30:     0x55ec55ed7921 - std::panic::catch_unwind::hc5c3a06fdaf0a92a
[INFO] [stdout]                                at /rustc/0e09125c6c3c2fd70d7de961bcf0e51575235fad/library/std/src/panic.rs:142:14
[INFO] [stdout]   31:     0x55ec55ed7921 - test::run_test_in_process::h7e7b7c71c3324e0f
[INFO] [stdout]                                at /rustc/0e09125c6c3c2fd70d7de961bcf0e51575235fad/library/test/src/lib.rs:650:27
[INFO] [stdout]   32:     0x55ec55ed7921 - test::run_test::{{closure}}::h1f509f28f5cf20b1
[INFO] [stdout]                                at /rustc/0e09125c6c3c2fd70d7de961bcf0e51575235fad/library/test/src/lib.rs:573:43
[INFO] [stdout]   33:     0x55ec55e9ec56 - test::run_test::{{closure}}::h1754218abf443f6d
[INFO] [stdout]                                at /rustc/0e09125c6c3c2fd70d7de961bcf0e51575235fad/library/test/src/lib.rs:601:41
[INFO] [stdout]   34:     0x55ec55e9ec56 - std::sys_common::backtrace::__rust_begin_short_backtrace::h2ee174b9d5954948
[INFO] [stdout]                                at /rustc/0e09125c6c3c2fd70d7de961bcf0e51575235fad/library/std/src/sys_common/backtrace.rs:155:18
[INFO] [stdout]   35:     0x55ec55ea3cb7 - std::thread::Builder::spawn_unchecked_::{{closure}}::{{closure}}::hf60bee9c1a17ef09
[INFO] [stdout]                                at /rustc/0e09125c6c3c2fd70d7de961bcf0e51575235fad/library/std/src/thread/mod.rs:529:17
[INFO] [stdout]   36:     0x55ec55ea3cb7 - <core::panic::unwind_safe::AssertUnwindSafe<F> as core::ops::function::FnOnce<()>>::call_once::h33d0dddec5216160
[INFO] [stdout]                                at /rustc/0e09125c6c3c2fd70d7de961bcf0e51575235fad/library/core/src/panic/unwind_safe.rs:272:9
[INFO] [stdout]   37:     0x55ec55ea3cb7 - std::panicking::try::do_call::h144b3048b546f835
[INFO] [stdout]                                at /rustc/0e09125c6c3c2fd70d7de961bcf0e51575235fad/library/std/src/panicking.rs:552:40
[INFO] [stdout]   38:     0x55ec55ea3cb7 - std::panicking::try::h978244d04646189f
[INFO] [stdout]                                at /rustc/0e09125c6c3c2fd70d7de961bcf0e51575235fad/library/std/src/panicking.rs:516:19
[INFO] [stdout]   39:     0x55ec55ea3cb7 - std::panic::catch_unwind::hdf436369d188fe86
[INFO] [stdout]                                at /rustc/0e09125c6c3c2fd70d7de961bcf0e51575235fad/library/std/src/panic.rs:142:14
[INFO] [stdout]   40:     0x55ec55ea3cb7 - std::thread::Builder::spawn_unchecked_::{{closure}}::h87329cbdd33c79ec
[INFO] [stdout]                                at /rustc/0e09125c6c3c2fd70d7de961bcf0e51575235fad/library/std/src/thread/mod.rs:528:30
[INFO] [stdout]   41:     0x55ec55ea3cb7 - core::ops::function::FnOnce::call_once{{vtable.shim}}::h401abbe67897d450
[INFO] [stdout]                                at /rustc/0e09125c6c3c2fd70d7de961bcf0e51575235fad/library/core/src/ops/function.rs:250:5
[INFO] [stdout]   42:     0x55ec55f18235 - <alloc::boxed::Box<F,A> as core::ops::function::FnOnce<Args>>::call_once::h5d7c8f150ab9c84c
[INFO] [stdout]                                at /rustc/0e09125c6c3c2fd70d7de961bcf0e51575235fad/library/alloc/src/boxed.rs:2015:9
[INFO] [stdout]   43:     0x55ec55f18235 - <alloc::boxed::Box<F,A> as core::ops::function::FnOnce<Args>>::call_once::h570d5b005c242c15
[INFO] [stdout]                                at /rustc/0e09125c6c3c2fd70d7de961bcf0e51575235fad/library/alloc/src/boxed.rs:2015:9
[INFO] [stdout]   44:     0x55ec55f18235 - std::sys::unix::thread::Thread::new::thread_start::h36b0a20c0b2361ad
[INFO] [stdout]                                at /rustc/0e09125c6c3c2fd70d7de961bcf0e51575235fad/library/std/src/sys/unix/thread.rs:108:17
[INFO] [stdout]   45:     0x7ff4b7ecaac3 - <unknown>
[INFO] [stdout]   46:     0x7ff4b7f5bbf4 - __clone
[INFO] [stdout]   47:                0x0 - <unknown>
[INFO] [stdout] 
[INFO] [stdout] 
[INFO] [stdout] failures:
[INFO] [stdout]     parser::test::test_if_else_expression
[INFO] [stdout]     parser::test::test_infix_expression
[INFO] [stdout] 
[INFO] [stdout] test result: FAILED. 13 passed; 2 failed; 0 ignored; 0 measured; 0 filtered out; finished in 0.03s
[INFO] [stdout] 
[INFO] [stderr] error: test failed, to rerun pass `--bin monkey_rust`
[INFO] running `Command { std: "docker" "inspect" "45fc63c2d7faf2842e92a5484e3006b712fd2dc25eb5cd6b250c5d2deae5e2e1", kill_on_drop: false }`
[INFO] running `Command { std: "docker" "rm" "-f" "45fc63c2d7faf2842e92a5484e3006b712fd2dc25eb5cd6b250c5d2deae5e2e1", kill_on_drop: false }`
[INFO] [stdout] 45fc63c2d7faf2842e92a5484e3006b712fd2dc25eb5cd6b250c5d2deae5e2e1
