[INFO] cloning repository https://github.com/katakeda/qe-mgr-yew
[INFO] running `Command { std: "git" "-c" "credential.helper=" "-c" "credential.helper=/workspace/cargo-home/bin/git-credential-null" "clone" "--bare" "https://github.com/katakeda/qe-mgr-yew" "/workspace/cache/git-repos/https%3A%2F%2Fgithub.com%2Fkatakeda%2Fqe-mgr-yew", kill_on_drop: false }`
[INFO] [stderr] Cloning into bare repository '/workspace/cache/git-repos/https%3A%2F%2Fgithub.com%2Fkatakeda%2Fqe-mgr-yew'...
[INFO] running `Command { std: "git" "rev-parse" "HEAD", kill_on_drop: false }`
[INFO] [stdout] bd877283ac6193120b66edde1e7905b7d0f9d666
[INFO] testing katakeda/qe-mgr-yew against 1.75.0 for beta-1.76-1
[INFO] running `Command { std: "git" "clone" "/workspace/cache/git-repos/https%3A%2F%2Fgithub.com%2Fkatakeda%2Fqe-mgr-yew" "/workspace/builds/worker-0-tc1/source", kill_on_drop: false }`
[INFO] [stderr] Cloning into '/workspace/builds/worker-0-tc1/source'...
[INFO] [stderr] done.
[INFO] validating manifest of git repo https://github.com/katakeda/qe-mgr-yew on toolchain 1.75.0
[INFO] running `Command { std: CARGO_HOME="/workspace/cargo-home" RUSTUP_HOME="/workspace/rustup-home" "/workspace/cargo-home/bin/cargo" "+1.75.0" "metadata" "--manifest-path" "Cargo.toml" "--no-deps", kill_on_drop: false }`
[INFO] started tweaking git repo https://github.com/katakeda/qe-mgr-yew
[INFO] finished tweaking git repo https://github.com/katakeda/qe-mgr-yew
[INFO] tweaked toml for git repo https://github.com/katakeda/qe-mgr-yew written to /workspace/builds/worker-0-tc1/source/Cargo.toml
[INFO] crate git repo https://github.com/katakeda/qe-mgr-yew already has a lockfile, it will not be regenerated
[INFO] running `Command { std: CARGO_HOME="/workspace/cargo-home" RUSTUP_HOME="/workspace/rustup-home" "/workspace/cargo-home/bin/cargo" "+1.75.0" "fetch" "--manifest-path" "Cargo.toml", kill_on_drop: false }`
[INFO] [stderr]     Blocking waiting for file lock on package cache
[ERROR] error running command: no output for 300 seconds
[ERROR] this task or one of its parent failed!
[ERROR] no output for 300 seconds
[ERROR] note: run with `RUST_BACKTRACE=1` to display a backtrace.
[INFO] testing katakeda/qe-mgr-yew against beta-2023-12-22 for beta-1.76-1
[INFO] running `Command { std: "git" "clone" "/workspace/cache/git-repos/https%3A%2F%2Fgithub.com%2Fkatakeda%2Fqe-mgr-yew" "/workspace/builds/worker-0-tc2/source", kill_on_drop: false }`
[INFO] [stderr] Cloning into '/workspace/builds/worker-0-tc2/source'...
[INFO] [stderr] done.
[INFO] validating manifest of git repo https://github.com/katakeda/qe-mgr-yew on toolchain beta-2023-12-22
[INFO] running `Command { std: CARGO_HOME="/workspace/cargo-home" RUSTUP_HOME="/workspace/rustup-home" "/workspace/cargo-home/bin/cargo" "+beta-2023-12-22" "metadata" "--manifest-path" "Cargo.toml" "--no-deps", kill_on_drop: false }`
[INFO] started tweaking git repo https://github.com/katakeda/qe-mgr-yew
[INFO] finished tweaking git repo https://github.com/katakeda/qe-mgr-yew
[INFO] tweaked toml for git repo https://github.com/katakeda/qe-mgr-yew written to /workspace/builds/worker-0-tc2/source/Cargo.toml
[INFO] crate git repo https://github.com/katakeda/qe-mgr-yew already has a lockfile, it will not be regenerated
[INFO] running `Command { std: CARGO_HOME="/workspace/cargo-home" RUSTUP_HOME="/workspace/rustup-home" "/workspace/cargo-home/bin/cargo" "+beta-2023-12-22" "fetch" "--manifest-path" "Cargo.toml", kill_on_drop: false }`
[INFO] [stderr]     Blocking waiting for file lock on package cache
[INFO] [stderr]     Blocking waiting for file lock on package cache
[ERROR] error running command: no output for 300 seconds
[INFO] testing katakeda/qe-mgr-yew against beta-2023-12-22 for beta-1.76-1
[INFO] running `Command { std: "git" "clone" "/workspace/cache/git-repos/https%3A%2F%2Fgithub.com%2Fkatakeda%2Fqe-mgr-yew" "/workspace/builds/worker-0-tc2/source", kill_on_drop: false }`
[INFO] [stderr] Cloning into '/workspace/builds/worker-0-tc2/source'...
[INFO] [stderr] done.
[INFO] validating manifest of git repo https://github.com/katakeda/qe-mgr-yew on toolchain beta-2023-12-22
[INFO] running `Command { std: CARGO_HOME="/workspace/cargo-home" RUSTUP_HOME="/workspace/rustup-home" "/workspace/cargo-home/bin/cargo" "+beta-2023-12-22" "metadata" "--manifest-path" "Cargo.toml" "--no-deps", kill_on_drop: false }`
[INFO] started tweaking git repo https://github.com/katakeda/qe-mgr-yew
[INFO] finished tweaking git repo https://github.com/katakeda/qe-mgr-yew
[INFO] tweaked toml for git repo https://github.com/katakeda/qe-mgr-yew written to /workspace/builds/worker-0-tc2/source/Cargo.toml
[INFO] crate git repo https://github.com/katakeda/qe-mgr-yew already has a lockfile, it will not be regenerated
[INFO] running `Command { std: CARGO_HOME="/workspace/cargo-home" RUSTUP_HOME="/workspace/rustup-home" "/workspace/cargo-home/bin/cargo" "+beta-2023-12-22" "fetch" "--manifest-path" "Cargo.toml", kill_on_drop: false }`
[INFO] [stderr]     Blocking waiting for file lock on package cache
[INFO] [stderr]     Blocking waiting for file lock on package cache
[INFO] [stderr]  Downloading crates ...
[INFO] [stderr]   Downloaded gloo-net v0.2.4
[INFO] [stderr]   Downloaded yew_icons v0.5.0
[INFO] running `Command { std: "docker" "create" "-v" "/var/lib/crater-agent-workspace/builds/worker-0-tc2/target:/opt/rustwide/target:rw,Z" "-v" "/var/lib/crater-agent-workspace/builds/worker-0-tc2/source:/opt/rustwide/workdir:ro,Z" "-v" "/var/lib/crater-agent-workspace/cargo-home:/opt/rustwide/cargo-home:ro,Z" "-v" "/var/lib/crater-agent-workspace/rustup-home:/opt/rustwide/rustup-home:ro,Z" "-e" "SOURCE_DIR=/opt/rustwide/workdir" "-e" "CARGO_TARGET_DIR=/opt/rustwide/target" "-e" "CARGO_HOME=/opt/rustwide/cargo-home" "-e" "RUSTUP_HOME=/opt/rustwide/rustup-home" "-w" "/opt/rustwide/workdir" "-m" "1610612736" "--user" "0:0" "--network" "none" "ghcr.io/rust-lang/crates-build-env/linux@sha256:2788e3201cd34a07e3172128adcd8b3090168a8e3bcc40d7c032b9dda1df7d1c" "/opt/rustwide/cargo-home/bin/cargo" "+beta-2023-12-22" "metadata" "--no-deps" "--format-version=1", kill_on_drop: false }`
[INFO] [stdout] 654658129c4fda4f8942dcdd8b46bcfd74ee7ed43312e6577ed3c57858b23ca9
[INFO] running `Command { std: "docker" "start" "-a" "654658129c4fda4f8942dcdd8b46bcfd74ee7ed43312e6577ed3c57858b23ca9", kill_on_drop: false }`
[INFO] running `Command { std: "docker" "inspect" "654658129c4fda4f8942dcdd8b46bcfd74ee7ed43312e6577ed3c57858b23ca9", kill_on_drop: false }`
[INFO] running `Command { std: "docker" "rm" "-f" "654658129c4fda4f8942dcdd8b46bcfd74ee7ed43312e6577ed3c57858b23ca9", kill_on_drop: false }`
[INFO] [stdout] 654658129c4fda4f8942dcdd8b46bcfd74ee7ed43312e6577ed3c57858b23ca9
[INFO] running `Command { std: "docker" "create" "-v" "/var/lib/crater-agent-workspace/builds/worker-0-tc2/target:/opt/rustwide/target:rw,Z" "-v" "/var/lib/crater-agent-workspace/builds/worker-0-tc2/source:/opt/rustwide/workdir:ro,Z" "-v" "/var/lib/crater-agent-workspace/cargo-home:/opt/rustwide/cargo-home:ro,Z" "-v" "/var/lib/crater-agent-workspace/rustup-home:/opt/rustwide/rustup-home:ro,Z" "-e" "SOURCE_DIR=/opt/rustwide/workdir" "-e" "CARGO_TARGET_DIR=/opt/rustwide/target" "-e" "CARGO_INCREMENTAL=0" "-e" "RUST_BACKTRACE=full" "-e" "RUSTFLAGS=--cap-lints=warn" "-e" "RUSTDOCFLAGS=--cap-lints=warn" "-e" "CARGO_HOME=/opt/rustwide/cargo-home" "-e" "RUSTUP_HOME=/opt/rustwide/rustup-home" "-w" "/opt/rustwide/workdir" "-m" "1610612736" "--user" "0:0" "--network" "none" "ghcr.io/rust-lang/crates-build-env/linux@sha256:2788e3201cd34a07e3172128adcd8b3090168a8e3bcc40d7c032b9dda1df7d1c" "/opt/rustwide/cargo-home/bin/cargo" "+beta-2023-12-22" "build" "--frozen" "--message-format=json", kill_on_drop: false }`
[INFO] [stdout] 6116a100204499c833f41f164693f07535006fb4ce588218aada68fe7a733396
[INFO] running `Command { std: "docker" "start" "-a" "6116a100204499c833f41f164693f07535006fb4ce588218aada68fe7a733396", kill_on_drop: false }`
[INFO] [stderr]    Compiling proc-macro2 v1.0.47
[INFO] [stderr]    Compiling unicode-ident v1.0.5
[INFO] [stderr]    Compiling quote v1.0.21
[INFO] [stderr]    Compiling syn v1.0.103
[INFO] [stderr]    Compiling cfg-if v1.0.0
[INFO] [stderr]    Compiling wasm-bindgen-shared v0.2.83
[INFO] [stderr]    Compiling log v0.4.17
[INFO] [stderr]    Compiling once_cell v1.16.0
[INFO] [stderr]    Compiling bumpalo v3.11.1
[INFO] [stderr]    Compiling serde_derive v1.0.147
[INFO] [stderr]    Compiling serde v1.0.147
[INFO] [stderr]    Compiling ryu v1.0.11
[INFO] [stderr]    Compiling serde_json v1.0.87
[INFO] [stderr]    Compiling itoa v1.0.4
[INFO] [stderr]    Compiling wasm-bindgen v0.2.83
[INFO] [stderr]    Compiling version_check v0.9.4
[INFO] [stderr]    Compiling thiserror v1.0.37
[INFO] [stderr]    Compiling futures-core v0.3.25
[INFO] [stderr]    Compiling autocfg v1.1.0
[INFO] [stderr]    Compiling futures-channel v0.3.25
[INFO] [stderr]    Compiling memchr v2.5.0
[INFO] [stderr]    Compiling lazy_static v1.4.0
[INFO] [stderr]    Compiling boolinator v2.4.0
[INFO] [stderr]    Compiling minimal-lexical v0.2.1
[INFO] [stderr]    Compiling proc-macro-error-attr v1.0.4
[INFO] [stderr]    Compiling proc-macro-error v1.0.4
[INFO] [stderr]    Compiling indexmap v1.9.1
[INFO] [stderr]    Compiling slab v0.4.7
[INFO] [stderr]    Compiling hashbrown v0.12.3
[INFO] [stderr]    Compiling scoped-tls-hkt v0.1.2
[INFO] [stderr]    Compiling percent-encoding v2.2.0
[INFO] [stderr]    Compiling either v1.8.0
[INFO] [stderr]    Compiling form_urlencoded v1.1.0
[INFO] [stderr]    Compiling litrs v0.2.3
[INFO] [stderr]    Compiling itertools v0.10.5
[INFO] [stderr]    Compiling fnv v1.0.7
[INFO] [stderr]    Compiling nom v7.1.1
[INFO] [stderr]    Compiling instant v0.1.12
[INFO] [stderr]    Compiling route-recognizer v0.3.1
[INFO] [stderr]    Compiling fastrand v1.8.0
[INFO] [stderr]    Compiling futures-sink v0.3.25
[INFO] [stderr]    Compiling wasm-bindgen-backend v0.2.83
[INFO] [stderr]    Compiling thiserror-impl v1.0.37
[INFO] [stderr]    Compiling yew-macro v0.19.3
[INFO] [stderr]    Compiling pin-project-internal v1.0.12
[INFO] [stderr]    Compiling yew-router-macro v0.16.0
[INFO] [stderr]    Compiling wasm-bindgen-macro-support v0.2.83
[INFO] [stderr]    Compiling wasm-bindgen-macro v0.2.83
[INFO] [stderr]    Compiling pin-project v1.0.12
[INFO] [stderr]    Compiling stylist-core v0.10.1
[INFO] [stderr]    Compiling stylist-macros v0.10.1
[INFO] [stderr]    Compiling serde_urlencoded v0.7.1
[INFO] [stderr]    Compiling js-sys v0.3.60
[INFO] [stderr]    Compiling console_error_panic_hook v0.1.7
[INFO] [stderr]    Compiling web-sys v0.3.60
[INFO] [stderr]    Compiling wasm-bindgen-futures v0.4.33
[INFO] [stderr]    Compiling gloo-timers v0.2.4
[INFO] [stderr]    Compiling serde-wasm-bindgen v0.3.1
[INFO] [stderr]    Compiling gloo-utils v0.1.5
[INFO] [stderr]    Compiling gloo-events v0.1.2
[INFO] [stderr]    Compiling gloo-dialogs v0.1.1
[INFO] [stderr]    Compiling gloo-render v0.1.1
[INFO] [stderr]    Compiling gloo-storage v0.2.2
[INFO] [stderr]    Compiling gloo-console v0.2.3
[INFO] [stderr]    Compiling gloo-net v0.2.4
[INFO] [stderr]    Compiling gloo-file v0.2.3
[INFO] [stderr]    Compiling gloo v0.4.2
[INFO] [stderr]    Compiling yew v0.19.3
[INFO] [stderr]    Compiling yew-router v0.16.0
[INFO] [stderr]    Compiling yew_icons v0.5.0
[INFO] [stderr]    Compiling stylist v0.10.1
[INFO] [stderr]    Compiling qe-mgr-yew v0.1.0 (/opt/rustwide/workdir)
[INFO] [stdout] warning: call to `.clone()` on a reference in this situation does nothing
[INFO] [stdout]    --> src/components/card_edit_modal.rs:388:50
[INFO] [stdout]     |
[INFO] [stdout] 388 | ...                   {STATUSES.clone().into_iter().map(|status| {
[INFO] [stdout]     |                                ^^^^^^^^ help: remove this redundant call
[INFO] [stdout]     |
[INFO] [stdout]     = note: the type `[Status]` does not implement `Clone`, so calling `clone` on `&[Status]` copies the reference, which does not do anything and can be removed
[INFO] [stdout]     = note: `#[warn(noop_method_call)]` on by default
[INFO] [stdout] 
[INFO] [stdout] 
[INFO] [stdout] warning: call to `.clone()` on a reference in this situation does nothing
[INFO] [stdout]    --> src/components/card_edit_modal.rs:391:72
[INFO] [stdout]     |
[INFO] [stdout] 391 | ...                   value={status.value.clone()}
[INFO] [stdout]     |                                          ^^^^^^^^ help: remove this redundant call
[INFO] [stdout]     |
[INFO] [stdout]     = note: the type `str` does not implement `Clone`, so calling `clone` on `&str` copies the reference, which does not do anything and can be removed
[INFO] [stdout] 
[INFO] [stdout] 
[INFO] [stdout] warning: using `.clone()` on a double reference, which returns `&&str` instead of cloning the inner type
[INFO] [stdout]    --> src/components/card_edit_modal.rs:392:75
[INFO] [stdout]     |
[INFO] [stdout] 392 | ...                   selected={status.value.clone() == (*updated_status).clone()}
[INFO] [stdout]     |                                             ^^^^^^^^
[INFO] [stdout]     |
[INFO] [stdout]     = note: `#[warn(suspicious_double_ref_op)]` on by default
[INFO] [stdout] 
[INFO] [stdout] 
[INFO] [stdout] warning: call to `.clone()` on a reference in this situation does nothing
[INFO] [stdout]    --> src/components/card_edit_modal.rs:393:63
[INFO] [stdout]     |
[INFO] [stdout] 393 | ...                   >{status.label.clone()}</option>
[INFO] [stdout]     |                                     ^^^^^^^^ help: remove this redundant call
[INFO] [stdout]     |
[INFO] [stdout]     = note: the type `str` does not implement `Clone`, so calling `clone` on `&str` copies the reference, which does not do anything and can be removed
[INFO] [stdout] 
[INFO] [stdout] 
[INFO] [stdout] warning: call to `.clone()` on a reference in this situation does nothing
[INFO] [stdout]    --> src/components/card_edit_modal.rs:421:49
[INFO] [stdout]     |
[INFO] [stdout] 421 |   ...                   STATUSES
[INFO] [stdout]     |  _______________________________^
[INFO] [stdout] 422 | | ...                       .clone()
[INFO] [stdout]     | |__________________________________^ help: remove this redundant call
[INFO] [stdout]     |
[INFO] [stdout]     = note: the type `[Status]` does not implement `Clone`, so calling `clone` on `&[Status]` copies the reference, which does not do anything and can be removed
[INFO] [stdout] 
[INFO] [stdout] 
[INFO] [stdout] warning: 5 warnings emitted
[INFO] [stdout] 
[INFO] [stdout] 
[INFO] [stderr]     Finished dev [unoptimized + debuginfo] target(s) in 41.57s
[INFO] running `Command { std: "docker" "inspect" "6116a100204499c833f41f164693f07535006fb4ce588218aada68fe7a733396", kill_on_drop: false }`
[INFO] running `Command { std: "docker" "rm" "-f" "6116a100204499c833f41f164693f07535006fb4ce588218aada68fe7a733396", kill_on_drop: false }`
[INFO] [stdout] 6116a100204499c833f41f164693f07535006fb4ce588218aada68fe7a733396
[INFO] running `Command { std: "docker" "create" "-v" "/var/lib/crater-agent-workspace/builds/worker-0-tc2/target:/opt/rustwide/target:rw,Z" "-v" "/var/lib/crater-agent-workspace/builds/worker-0-tc2/source:/opt/rustwide/workdir:ro,Z" "-v" "/var/lib/crater-agent-workspace/cargo-home:/opt/rustwide/cargo-home:ro,Z" "-v" "/var/lib/crater-agent-workspace/rustup-home:/opt/rustwide/rustup-home:ro,Z" "-e" "SOURCE_DIR=/opt/rustwide/workdir" "-e" "CARGO_TARGET_DIR=/opt/rustwide/target" "-e" "CARGO_INCREMENTAL=0" "-e" "RUST_BACKTRACE=full" "-e" "RUSTFLAGS=--cap-lints=warn" "-e" "RUSTDOCFLAGS=--cap-lints=warn" "-e" "CARGO_HOME=/opt/rustwide/cargo-home" "-e" "RUSTUP_HOME=/opt/rustwide/rustup-home" "-w" "/opt/rustwide/workdir" "-m" "1610612736" "--user" "0:0" "--network" "none" "ghcr.io/rust-lang/crates-build-env/linux@sha256:2788e3201cd34a07e3172128adcd8b3090168a8e3bcc40d7c032b9dda1df7d1c" "/opt/rustwide/cargo-home/bin/cargo" "+beta-2023-12-22" "test" "--frozen" "--no-run" "--message-format=json", kill_on_drop: false }`
[INFO] [stdout] 7a52c5a7bb3b6b4fbb6530c34e9fcfd91a2ddc780f487c70d6ef55928e402a33
[INFO] running `Command { std: "docker" "start" "-a" "7a52c5a7bb3b6b4fbb6530c34e9fcfd91a2ddc780f487c70d6ef55928e402a33", kill_on_drop: false }`
[INFO] [stderr]    Compiling qe-mgr-yew v0.1.0 (/opt/rustwide/workdir)
[INFO] [stdout] warning: call to `.clone()` on a reference in this situation does nothing
[INFO] [stdout]    --> src/components/card_edit_modal.rs:388:50
[INFO] [stdout]     |
[INFO] [stdout] 388 | ...                   {STATUSES.clone().into_iter().map(|status| {
[INFO] [stdout]     |                                ^^^^^^^^ help: remove this redundant call
[INFO] [stdout]     |
[INFO] [stdout]     = note: the type `[Status]` does not implement `Clone`, so calling `clone` on `&[Status]` copies the reference, which does not do anything and can be removed
[INFO] [stdout]     = note: `#[warn(noop_method_call)]` on by default
[INFO] [stdout] 
[INFO] [stdout] 
[INFO] [stdout] warning: call to `.clone()` on a reference in this situation does nothing
[INFO] [stdout]    --> src/components/card_edit_modal.rs:391:72
[INFO] [stdout]     |
[INFO] [stdout] 391 | ...                   value={status.value.clone()}
[INFO] [stdout]     |                                          ^^^^^^^^ help: remove this redundant call
[INFO] [stdout]     |
[INFO] [stdout]     = note: the type `str` does not implement `Clone`, so calling `clone` on `&str` copies the reference, which does not do anything and can be removed
[INFO] [stdout] 
[INFO] [stdout] 
[INFO] [stdout] warning: using `.clone()` on a double reference, which returns `&&str` instead of cloning the inner type
[INFO] [stdout]    --> src/components/card_edit_modal.rs:392:75
[INFO] [stdout]     |
[INFO] [stdout] 392 | ...                   selected={status.value.clone() == (*updated_status).clone()}
[INFO] [stdout]     |                                             ^^^^^^^^
[INFO] [stdout]     |
[INFO] [stdout]     = note: `#[warn(suspicious_double_ref_op)]` on by default
[INFO] [stdout] 
[INFO] [stdout] 
[INFO] [stdout] warning: call to `.clone()` on a reference in this situation does nothing
[INFO] [stdout]    --> src/components/card_edit_modal.rs:393:63
[INFO] [stdout]     |
[INFO] [stdout] 393 | ...                   >{status.label.clone()}</option>
[INFO] [stdout]     |                                     ^^^^^^^^ help: remove this redundant call
[INFO] [stdout]     |
[INFO] [stdout]     = note: the type `str` does not implement `Clone`, so calling `clone` on `&str` copies the reference, which does not do anything and can be removed
[INFO] [stdout] 
[INFO] [stdout] 
[INFO] [stdout] warning: call to `.clone()` on a reference in this situation does nothing
[INFO] [stdout]    --> src/components/card_edit_modal.rs:421:49
[INFO] [stdout]     |
[INFO] [stdout] 421 |   ...                   STATUSES
[INFO] [stdout]     |  _______________________________^
[INFO] [stdout] 422 | | ...                       .clone()
[INFO] [stdout]     | |__________________________________^ help: remove this redundant call
[INFO] [stdout]     |
[INFO] [stdout]     = note: the type `[Status]` does not implement `Clone`, so calling `clone` on `&[Status]` copies the reference, which does not do anything and can be removed
[INFO] [stdout] 
[INFO] [stdout] 
[INFO] [stdout] warning: 5 warnings emitted
[INFO] [stdout] 
[INFO] [stdout] 
[INFO] [stderr]     Finished test [unoptimized + debuginfo] target(s) in 1.22s
[INFO] running `Command { std: "docker" "inspect" "7a52c5a7bb3b6b4fbb6530c34e9fcfd91a2ddc780f487c70d6ef55928e402a33", kill_on_drop: false }`
[INFO] running `Command { std: "docker" "rm" "-f" "7a52c5a7bb3b6b4fbb6530c34e9fcfd91a2ddc780f487c70d6ef55928e402a33", kill_on_drop: false }`
[INFO] [stdout] 7a52c5a7bb3b6b4fbb6530c34e9fcfd91a2ddc780f487c70d6ef55928e402a33
[INFO] running `Command { std: "docker" "create" "-v" "/var/lib/crater-agent-workspace/builds/worker-0-tc2/target:/opt/rustwide/target:rw,Z" "-v" "/var/lib/crater-agent-workspace/builds/worker-0-tc2/source:/opt/rustwide/workdir:ro,Z" "-v" "/var/lib/crater-agent-workspace/cargo-home:/opt/rustwide/cargo-home:ro,Z" "-v" "/var/lib/crater-agent-workspace/rustup-home:/opt/rustwide/rustup-home:ro,Z" "-e" "SOURCE_DIR=/opt/rustwide/workdir" "-e" "CARGO_TARGET_DIR=/opt/rustwide/target" "-e" "CARGO_INCREMENTAL=0" "-e" "RUST_BACKTRACE=full" "-e" "RUSTFLAGS=--cap-lints=warn" "-e" "RUSTDOCFLAGS=--cap-lints=warn" "-e" "CARGO_HOME=/opt/rustwide/cargo-home" "-e" "RUSTUP_HOME=/opt/rustwide/rustup-home" "-w" "/opt/rustwide/workdir" "-m" "1610612736" "--user" "0:0" "--network" "none" "ghcr.io/rust-lang/crates-build-env/linux@sha256:2788e3201cd34a07e3172128adcd8b3090168a8e3bcc40d7c032b9dda1df7d1c" "/opt/rustwide/cargo-home/bin/cargo" "+beta-2023-12-22" "test" "--frozen", kill_on_drop: false }`
[INFO] [stdout] 5c2f1e2b48af8eacf820913e3cb050e29cf773d4998f66b9c60bd6816206e10d
[INFO] running `Command { std: "docker" "start" "-a" "5c2f1e2b48af8eacf820913e3cb050e29cf773d4998f66b9c60bd6816206e10d", kill_on_drop: false }`
[INFO] [stderr] warning: call to `.clone()` on a reference in this situation does nothing
[INFO] [stderr]    --> src/components/card_edit_modal.rs:388:50
[INFO] [stderr]     |
[INFO] [stderr] 388 | ...                   {STATUSES.clone().into_iter().map(|status| {
[INFO] [stderr]     |                                ^^^^^^^^ help: remove this redundant call
[INFO] [stderr]     |
[INFO] [stderr]     = note: the type `[Status]` does not implement `Clone`, so calling `clone` on `&[Status]` copies the reference, which does not do anything and can be removed
[INFO] [stderr]     = note: `#[warn(noop_method_call)]` on by default
[INFO] [stderr] 
[INFO] [stderr] warning: call to `.clone()` on a reference in this situation does nothing
[INFO] [stderr]    --> src/components/card_edit_modal.rs:391:72
[INFO] [stderr]     |
[INFO] [stderr] 391 | ...                   value={status.value.clone()}
[INFO] [stderr]     |                                          ^^^^^^^^ help: remove this redundant call
[INFO] [stderr]     |
[INFO] [stderr]     = note: the type `str` does not implement `Clone`, so calling `clone` on `&str` copies the reference, which does not do anything and can be removed
[INFO] [stderr] 
[INFO] [stderr] warning: using `.clone()` on a double reference, which returns `&&str` instead of cloning the inner type
[INFO] [stderr]    --> src/components/card_edit_modal.rs:392:75
[INFO] [stderr]     |
[INFO] [stderr] 392 | ...                   selected={status.value.clone() == (*updated_status).clone()}
[INFO] [stderr]     |                                             ^^^^^^^^
[INFO] [stderr]     |
[INFO] [stderr]     = note: `#[warn(suspicious_double_ref_op)]` on by default
[INFO] [stderr] 
[INFO] [stderr] warning: call to `.clone()` on a reference in this situation does nothing
[INFO] [stderr]    --> src/components/card_edit_modal.rs:393:63
[INFO] [stderr]     |
[INFO] [stderr] 393 | ...                   >{status.label.clone()}</option>
[INFO] [stderr]     |                                     ^^^^^^^^ help: remove this redundant call
[INFO] [stderr]     |
[INFO] [stderr]     = note: the type `str` does not implement `Clone`, so calling `clone` on `&str` copies the reference, which does not do anything and can be removed
[INFO] [stderr] 
[INFO] [stderr] warning: call to `.clone()` on a reference in this situation does nothing
[INFO] [stderr]    --> src/components/card_edit_modal.rs:421:49
[INFO] [stderr]     |
[INFO] [stderr] 421 |   ...                   STATUSES
[INFO] [stderr]     |  _______________________________^
[INFO] [stderr] 422 | | ...                       .clone()
[INFO] [stderr]     | |__________________________________^ help: remove this redundant call
[INFO] [stderr]     |
[INFO] [stderr]     = note: the type `[Status]` does not implement `Clone`, so calling `clone` on `&[Status]` copies the reference, which does not do anything and can be removed
[INFO] [stderr] 
[INFO] [stderr] warning: `qe-mgr-yew` (bin "qe-mgr-yew" test) generated 5 warnings (run `cargo fix --bin "qe-mgr-yew" --tests` to apply 4 suggestions)
[INFO] [stderr]     Finished test [unoptimized + debuginfo] target(s) in 0.16s
[INFO] [stderr]      Running unittests src/main.rs (/opt/rustwide/target/debug/deps/qe_mgr_yew-29aa1545265d0c02)
[INFO] [stdout] 
[INFO] [stdout] running 0 tests
[INFO] [stdout] 
[INFO] [stdout] test result: ok. 0 passed; 0 failed; 0 ignored; 0 measured; 0 filtered out; finished in 0.00s
[INFO] [stdout] 
[INFO] running `Command { std: "docker" "inspect" "5c2f1e2b48af8eacf820913e3cb050e29cf773d4998f66b9c60bd6816206e10d", kill_on_drop: false }`
[INFO] running `Command { std: "docker" "rm" "-f" "5c2f1e2b48af8eacf820913e3cb050e29cf773d4998f66b9c60bd6816206e10d", kill_on_drop: false }`
[INFO] [stdout] 5c2f1e2b48af8eacf820913e3cb050e29cf773d4998f66b9c60bd6816206e10d
