[INFO] cloning repository https://github.com/kaspar030/laze
[INFO] running `Command { std: "git" "-c" "credential.helper=" "-c" "credential.helper=/workspace/cargo-home/bin/git-credential-null" "clone" "--bare" "https://github.com/kaspar030/laze" "/workspace/cache/git-repos/https%3A%2F%2Fgithub.com%2Fkaspar030%2Flaze", kill_on_drop: false }`
[INFO] [stderr] Cloning into bare repository '/workspace/cache/git-repos/https%3A%2F%2Fgithub.com%2Fkaspar030%2Flaze'...
[INFO] running `Command { std: "git" "rev-parse" "HEAD", kill_on_drop: false }`
[INFO] [stdout] 3015907d7ee7275c6cfe490223a9be7ac7866505
[INFO] testing kaspar030/laze against 1.75.0 for beta-1.76-1
[INFO] running `Command { std: "git" "clone" "/workspace/cache/git-repos/https%3A%2F%2Fgithub.com%2Fkaspar030%2Flaze" "/workspace/builds/worker-3-tc1/source", kill_on_drop: false }`
[INFO] [stderr] Cloning into '/workspace/builds/worker-3-tc1/source'...
[INFO] [stderr] done.
[INFO] validating manifest of git repo https://github.com/kaspar030/laze on toolchain 1.75.0
[INFO] running `Command { std: CARGO_HOME="/workspace/cargo-home" RUSTUP_HOME="/workspace/rustup-home" "/workspace/cargo-home/bin/cargo" "+1.75.0" "metadata" "--manifest-path" "Cargo.toml" "--no-deps", kill_on_drop: false }`
[INFO] started tweaking git repo https://github.com/kaspar030/laze
[INFO] finished tweaking git repo https://github.com/kaspar030/laze
[INFO] tweaked toml for git repo https://github.com/kaspar030/laze written to /workspace/builds/worker-3-tc1/source/Cargo.toml
[INFO] crate git repo https://github.com/kaspar030/laze already has a lockfile, it will not be regenerated
[INFO] running `Command { std: CARGO_HOME="/workspace/cargo-home" RUSTUP_HOME="/workspace/rustup-home" "/workspace/cargo-home/bin/cargo" "+1.75.0" "fetch" "--manifest-path" "Cargo.toml", kill_on_drop: false }`
[INFO] [stderr]     Blocking waiting for file lock on package cache
[ERROR] error running command: no output for 300 seconds
[ERROR] this task or one of its parent failed!
[ERROR] no output for 300 seconds
[ERROR] note: run with `RUST_BACKTRACE=1` to display a backtrace.
[INFO] testing kaspar030/laze against beta-2023-12-22 for beta-1.76-1
[INFO] running `Command { std: "git" "clone" "/workspace/cache/git-repos/https%3A%2F%2Fgithub.com%2Fkaspar030%2Flaze" "/workspace/builds/worker-3-tc2/source", kill_on_drop: false }`
[INFO] [stderr] Cloning into '/workspace/builds/worker-3-tc2/source'...
[INFO] [stderr] done.
[INFO] validating manifest of git repo https://github.com/kaspar030/laze on toolchain beta-2023-12-22
[INFO] running `Command { std: CARGO_HOME="/workspace/cargo-home" RUSTUP_HOME="/workspace/rustup-home" "/workspace/cargo-home/bin/cargo" "+beta-2023-12-22" "metadata" "--manifest-path" "Cargo.toml" "--no-deps", kill_on_drop: false }`
[INFO] started tweaking git repo https://github.com/kaspar030/laze
[INFO] finished tweaking git repo https://github.com/kaspar030/laze
[INFO] tweaked toml for git repo https://github.com/kaspar030/laze written to /workspace/builds/worker-3-tc2/source/Cargo.toml
[INFO] crate git repo https://github.com/kaspar030/laze already has a lockfile, it will not be regenerated
[INFO] running `Command { std: CARGO_HOME="/workspace/cargo-home" RUSTUP_HOME="/workspace/rustup-home" "/workspace/cargo-home/bin/cargo" "+beta-2023-12-22" "fetch" "--manifest-path" "Cargo.toml", kill_on_drop: false }`
[INFO] [stderr]     Blocking waiting for file lock on package cache
[INFO] [stderr]     Updating crates.io index
[INFO] [stderr]     Blocking waiting for file lock on package cache
[ERROR] error running command: no output for 300 seconds
[INFO] testing kaspar030/laze against beta-2023-12-22 for beta-1.76-1
[INFO] running `Command { std: "git" "clone" "/workspace/cache/git-repos/https%3A%2F%2Fgithub.com%2Fkaspar030%2Flaze" "/workspace/builds/worker-3-tc2/source", kill_on_drop: false }`
[INFO] [stderr] Cloning into '/workspace/builds/worker-3-tc2/source'...
[INFO] [stderr] done.
[INFO] validating manifest of git repo https://github.com/kaspar030/laze on toolchain beta-2023-12-22
[INFO] running `Command { std: CARGO_HOME="/workspace/cargo-home" RUSTUP_HOME="/workspace/rustup-home" "/workspace/cargo-home/bin/cargo" "+beta-2023-12-22" "metadata" "--manifest-path" "Cargo.toml" "--no-deps", kill_on_drop: false }`
[INFO] started tweaking git repo https://github.com/kaspar030/laze
[INFO] finished tweaking git repo https://github.com/kaspar030/laze
[INFO] tweaked toml for git repo https://github.com/kaspar030/laze written to /workspace/builds/worker-3-tc2/source/Cargo.toml
[INFO] crate git repo https://github.com/kaspar030/laze already has a lockfile, it will not be regenerated
[INFO] running `Command { std: CARGO_HOME="/workspace/cargo-home" RUSTUP_HOME="/workspace/rustup-home" "/workspace/cargo-home/bin/cargo" "+beta-2023-12-22" "fetch" "--manifest-path" "Cargo.toml", kill_on_drop: false }`
[INFO] [stderr]     Blocking waiting for file lock on package cache
[INFO] [stderr]     Blocking waiting for file lock on package cache
[INFO] [stderr]  Downloading crates ...
[INFO] [stderr]   Downloaded mimalloc v0.1.39
[INFO] [stderr]   Downloaded simple-error v0.3.0
[INFO] [stderr]   Downloaded evalexpr v11.3.0
[INFO] [stderr]   Downloaded task_partitioner v0.1.1
[INFO] [stderr]   Downloaded treestate v0.1.0
[INFO] [stderr]   Downloaded clap_mangen v0.2.16
[INFO] [stderr]   Downloaded build_uuid v0.3.0
[INFO] [stderr]   Downloaded libmimalloc-sys v0.1.35
[INFO] running `Command { std: "docker" "create" "-v" "/var/lib/crater-agent-workspace/builds/worker-3-tc2/target:/opt/rustwide/target:rw,Z" "-v" "/var/lib/crater-agent-workspace/builds/worker-3-tc2/source:/opt/rustwide/workdir:ro,Z" "-v" "/var/lib/crater-agent-workspace/cargo-home:/opt/rustwide/cargo-home:ro,Z" "-v" "/var/lib/crater-agent-workspace/rustup-home:/opt/rustwide/rustup-home:ro,Z" "-e" "SOURCE_DIR=/opt/rustwide/workdir" "-e" "CARGO_TARGET_DIR=/opt/rustwide/target" "-e" "CARGO_HOME=/opt/rustwide/cargo-home" "-e" "RUSTUP_HOME=/opt/rustwide/rustup-home" "-w" "/opt/rustwide/workdir" "-m" "1610612736" "--user" "0:0" "--network" "none" "ghcr.io/rust-lang/crates-build-env/linux@sha256:2788e3201cd34a07e3172128adcd8b3090168a8e3bcc40d7c032b9dda1df7d1c" "/opt/rustwide/cargo-home/bin/cargo" "+beta-2023-12-22" "metadata" "--no-deps" "--format-version=1", kill_on_drop: false }`
[INFO] [stdout] f9441757459c2b49a3940fdf94b83a61c6caf6fc3b98d68bf89b4bd8fe431c0f
[INFO] running `Command { std: "docker" "start" "-a" "f9441757459c2b49a3940fdf94b83a61c6caf6fc3b98d68bf89b4bd8fe431c0f", kill_on_drop: false }`
[INFO] running `Command { std: "docker" "inspect" "f9441757459c2b49a3940fdf94b83a61c6caf6fc3b98d68bf89b4bd8fe431c0f", kill_on_drop: false }`
[INFO] running `Command { std: "docker" "rm" "-f" "f9441757459c2b49a3940fdf94b83a61c6caf6fc3b98d68bf89b4bd8fe431c0f", kill_on_drop: false }`
[INFO] [stdout] f9441757459c2b49a3940fdf94b83a61c6caf6fc3b98d68bf89b4bd8fe431c0f
[INFO] running `Command { std: "docker" "create" "-v" "/var/lib/crater-agent-workspace/builds/worker-3-tc2/target:/opt/rustwide/target:rw,Z" "-v" "/var/lib/crater-agent-workspace/builds/worker-3-tc2/source:/opt/rustwide/workdir:ro,Z" "-v" "/var/lib/crater-agent-workspace/cargo-home:/opt/rustwide/cargo-home:ro,Z" "-v" "/var/lib/crater-agent-workspace/rustup-home:/opt/rustwide/rustup-home:ro,Z" "-e" "SOURCE_DIR=/opt/rustwide/workdir" "-e" "CARGO_TARGET_DIR=/opt/rustwide/target" "-e" "CARGO_INCREMENTAL=0" "-e" "RUST_BACKTRACE=full" "-e" "RUSTFLAGS=--cap-lints=warn" "-e" "RUSTDOCFLAGS=--cap-lints=warn" "-e" "CARGO_HOME=/opt/rustwide/cargo-home" "-e" "RUSTUP_HOME=/opt/rustwide/rustup-home" "-w" "/opt/rustwide/workdir" "-m" "1610612736" "--user" "0:0" "--network" "none" "ghcr.io/rust-lang/crates-build-env/linux@sha256:2788e3201cd34a07e3172128adcd8b3090168a8e3bcc40d7c032b9dda1df7d1c" "/opt/rustwide/cargo-home/bin/cargo" "+beta-2023-12-22" "build" "--frozen" "--message-format=json", kill_on_drop: false }`
[INFO] [stdout] cf14bdd6a3f2c8018a5eaa7f530cf48bfb37861cb8b981e3481107d33330152a
[INFO] running `Command { std: "docker" "start" "-a" "cf14bdd6a3f2c8018a5eaa7f530cf48bfb37861cb8b981e3481107d33330152a", kill_on_drop: false }`
[INFO] [stderr]    Compiling proc-macro2 v1.0.75
[INFO] [stderr]    Compiling unicode-ident v1.0.12
[INFO] [stderr]    Compiling cfg-if v1.0.0
[INFO] [stderr]    Compiling autocfg v1.1.0
[INFO] [stderr]    Compiling libc v0.2.140
[INFO] [stderr]    Compiling serde v1.0.194
[INFO] [stderr]    Compiling version_check v0.9.4
[INFO] [stderr]    Compiling typenum v1.15.0
[INFO] [stderr]    Compiling syn v1.0.104
[INFO] [stderr]    Compiling strsim v0.10.0
[INFO] [stderr]    Compiling crossbeam-utils v0.8.14
[INFO] [stderr]    Compiling scopeguard v1.1.0
[INFO] [stderr]    Compiling fnv v1.0.7
[INFO] [stderr]    Compiling utf8parse v0.2.1
[INFO] [stderr]    Compiling rayon-core v1.12.0
[INFO] [stderr]    Compiling ident_case v1.0.1
[INFO] [stderr]    Compiling ppv-lite86 v0.2.17
[INFO] [stderr]    Compiling anstyle-parse v0.2.0
[INFO] [stderr]    Compiling anstyle-query v1.0.0
[INFO] [stderr]    Compiling anstyle v1.0.0
[INFO] [stderr]    Compiling colorchoice v1.0.0
[INFO] [stderr]    Compiling either v1.8.0
[INFO] [stderr]    Compiling cpufeatures v0.2.5
[INFO] [stderr]    Compiling tinyvec_macros v0.1.0
[INFO] [stderr]    Compiling clap_lex v0.6.0
[INFO] [stderr]    Compiling equivalent v1.0.0
[INFO] [stderr]    Compiling hashbrown v0.14.1
[INFO] [stderr]    Compiling cc v1.0.77
[INFO] [stderr]    Compiling same-file v1.0.6
[INFO] [stderr]    Compiling tinyvec v1.6.0
[INFO] [stderr]    Compiling anstream v0.6.1
[INFO] [stderr]    Compiling walkdir v2.3.2
[INFO] [stderr]    Compiling serde_json v1.0.111
[INFO] [stderr]    Compiling generic-array v0.14.6
[INFO] [stderr]    Compiling memoffset v0.7.1
[INFO] [stderr]    Compiling crossbeam-epoch v0.9.13
[INFO] [stderr]    Compiling indexmap v1.9.3
[INFO] [stderr]    Compiling ryu v1.0.11
[INFO] [stderr]    Compiling clap_builder v4.4.12
[INFO] [stderr]    Compiling camino v1.1.6
[INFO] [stderr]    Compiling thiserror v1.0.37
[INFO] [stderr]    Compiling itoa v1.0.4
[INFO] [stderr]    Compiling static_assertions v1.1.0
[INFO] [stderr]    Compiling im v15.1.0
[INFO] [stderr]    Compiling ahash v0.4.7
[INFO] [stderr]    Compiling anyhow v1.0.79
[INFO] [stderr]    Compiling build_uuid v0.3.0
[INFO] [stderr]    Compiling unicode-bidi v0.3.13
[INFO] [stderr]    Compiling quote v1.0.35
[INFO] [stderr]    Compiling signal-hook v0.3.17
[INFO] [stderr]    Compiling hashbrown v0.12.3
[INFO] [stderr]    Compiling percent-encoding v2.3.1
[INFO] [stderr]    Compiling semver v1.0.21
[INFO] [stderr]    Compiling roff v0.2.1
[INFO] [stderr]    Compiling crossbeam-deque v0.8.2
[INFO] [stderr]    Compiling syn v2.0.48
[INFO] [stderr]    Compiling getrandom v0.2.8
[INFO] [stderr]    Compiling unicode-normalization v0.1.22
[INFO] [stderr]    Compiling signal-hook-registry v1.4.0
[INFO] [stderr]    Compiling form_urlencoded v1.2.1
[INFO] [stderr]    Compiling unsafe-libyaml v0.2.10
[INFO] [stderr]    Compiling rand_core v0.6.4
[INFO] [stderr]    Compiling byteorder v1.4.3
[INFO] [stderr]    Compiling once_cell v1.16.0
[INFO] [stderr]    Compiling rand_chacha v0.3.1
[INFO] [stderr]    Compiling rand_xoshiro v0.6.0
[INFO] [stderr]    Compiling libmimalloc-sys v0.1.35
[INFO] [stderr]    Compiling itertools v0.12.0
[INFO] [stderr]    Compiling rand v0.8.5
[INFO] [stderr]    Compiling rayon v1.8.0
[INFO] [stderr]    Compiling bitmaps v2.1.0
[INFO] [stderr]    Compiling idna v0.5.0
[INFO] [stderr]    Compiling evalexpr v11.3.0
[INFO] [stderr]    Compiling solvent v0.8.3
[INFO] [stderr]    Compiling simple-error v0.3.0
[INFO] [stderr]    Compiling shell-words v1.1.0
[INFO] [stderr]    Compiling block-buffer v0.10.3
[INFO] [stderr]    Compiling crypto-common v0.1.6
[INFO] [stderr]    Compiling digest v0.10.6
[INFO] [stderr]    Compiling url v2.5.0
[INFO] [stderr]    Compiling twox-hash v1.6.3
[INFO] [stderr]    Compiling sha2 v0.10.6
[INFO] [stderr]    Compiling sized-chunks v0.6.5
[INFO] [stderr]    Compiling rust-embed-utils v8.2.0
[INFO] [stderr]    Compiling clap v4.4.13
[INFO] [stderr]    Compiling mimalloc v0.1.39
[INFO] [stderr]    Compiling clap_complete v4.4.6
[INFO] [stderr]    Compiling clap_mangen v0.2.16
[INFO] [stderr]    Compiling serde_derive v1.0.194
[INFO] [stderr]    Compiling rust-embed-impl v8.2.0
[INFO] [stderr]    Compiling rust-embed v8.2.0
[INFO] [stderr]    Compiling darling_core v0.14.2
[INFO] [stderr]    Compiling thiserror-impl v1.0.37
[INFO] [stderr]    Compiling darling_macro v0.14.2
[INFO] [stderr]    Compiling task_partitioner v0.1.1
[INFO] [stderr]    Compiling darling v0.14.2
[INFO] [stderr]    Compiling derive_builder_core v0.12.0
[INFO] [stderr]    Compiling derive_builder_macro v0.12.0
[INFO] [stderr]    Compiling derive_builder v0.12.0
[INFO] [stderr]    Compiling indexmap v2.1.0
[INFO] [stderr]    Compiling hashbrown v0.9.1
[INFO] [stderr]    Compiling bincode v1.3.3
[INFO] [stderr]    Compiling uuid v1.6.1
[INFO] [stderr]    Compiling pathdiff v0.2.1
[INFO] [stderr]    Compiling treestate v0.1.0
[INFO] [stderr]    Compiling serde_yaml v0.9.30
[INFO] [stderr]    Compiling tinytemplate v1.2.1
[INFO] [stderr]    Compiling laze v0.1.20-git (/opt/rustwide/workdir)
[INFO] [stderr]     Finished dev [unoptimized + debuginfo] target(s) in 12.76s
[INFO] running `Command { std: "docker" "inspect" "cf14bdd6a3f2c8018a5eaa7f530cf48bfb37861cb8b981e3481107d33330152a", kill_on_drop: false }`
[INFO] running `Command { std: "docker" "rm" "-f" "cf14bdd6a3f2c8018a5eaa7f530cf48bfb37861cb8b981e3481107d33330152a", kill_on_drop: false }`
[INFO] [stdout] cf14bdd6a3f2c8018a5eaa7f530cf48bfb37861cb8b981e3481107d33330152a
[INFO] running `Command { std: "docker" "create" "-v" "/var/lib/crater-agent-workspace/builds/worker-3-tc2/target:/opt/rustwide/target:rw,Z" "-v" "/var/lib/crater-agent-workspace/builds/worker-3-tc2/source:/opt/rustwide/workdir:ro,Z" "-v" "/var/lib/crater-agent-workspace/cargo-home:/opt/rustwide/cargo-home:ro,Z" "-v" "/var/lib/crater-agent-workspace/rustup-home:/opt/rustwide/rustup-home:ro,Z" "-e" "SOURCE_DIR=/opt/rustwide/workdir" "-e" "CARGO_TARGET_DIR=/opt/rustwide/target" "-e" "CARGO_INCREMENTAL=0" "-e" "RUST_BACKTRACE=full" "-e" "RUSTFLAGS=--cap-lints=warn" "-e" "RUSTDOCFLAGS=--cap-lints=warn" "-e" "CARGO_HOME=/opt/rustwide/cargo-home" "-e" "RUSTUP_HOME=/opt/rustwide/rustup-home" "-w" "/opt/rustwide/workdir" "-m" "1610612736" "--user" "0:0" "--network" "none" "ghcr.io/rust-lang/crates-build-env/linux@sha256:2788e3201cd34a07e3172128adcd8b3090168a8e3bcc40d7c032b9dda1df7d1c" "/opt/rustwide/cargo-home/bin/cargo" "+beta-2023-12-22" "test" "--frozen" "--no-run" "--message-format=json", kill_on_drop: false }`
[INFO] [stdout] e8d5693e026221c8eada997efa93b445aa5fb4932f006a242b51b12780b12ee0
[INFO] running `Command { std: "docker" "start" "-a" "e8d5693e026221c8eada997efa93b445aa5fb4932f006a242b51b12780b12ee0", kill_on_drop: false }`
[INFO] [stderr]    Compiling laze v0.1.20-git (/opt/rustwide/workdir)
[INFO] [stderr]     Finished test [unoptimized + debuginfo] target(s) in 2.23s
[INFO] running `Command { std: "docker" "inspect" "e8d5693e026221c8eada997efa93b445aa5fb4932f006a242b51b12780b12ee0", kill_on_drop: false }`
[INFO] running `Command { std: "docker" "rm" "-f" "e8d5693e026221c8eada997efa93b445aa5fb4932f006a242b51b12780b12ee0", kill_on_drop: false }`
[INFO] [stdout] e8d5693e026221c8eada997efa93b445aa5fb4932f006a242b51b12780b12ee0
[INFO] running `Command { std: "docker" "create" "-v" "/var/lib/crater-agent-workspace/builds/worker-3-tc2/target:/opt/rustwide/target:rw,Z" "-v" "/var/lib/crater-agent-workspace/builds/worker-3-tc2/source:/opt/rustwide/workdir:ro,Z" "-v" "/var/lib/crater-agent-workspace/cargo-home:/opt/rustwide/cargo-home:ro,Z" "-v" "/var/lib/crater-agent-workspace/rustup-home:/opt/rustwide/rustup-home:ro,Z" "-e" "SOURCE_DIR=/opt/rustwide/workdir" "-e" "CARGO_TARGET_DIR=/opt/rustwide/target" "-e" "CARGO_INCREMENTAL=0" "-e" "RUST_BACKTRACE=full" "-e" "RUSTFLAGS=--cap-lints=warn" "-e" "RUSTDOCFLAGS=--cap-lints=warn" "-e" "CARGO_HOME=/opt/rustwide/cargo-home" "-e" "RUSTUP_HOME=/opt/rustwide/rustup-home" "-w" "/opt/rustwide/workdir" "-m" "1610612736" "--user" "0:0" "--network" "none" "ghcr.io/rust-lang/crates-build-env/linux@sha256:2788e3201cd34a07e3172128adcd8b3090168a8e3bcc40d7c032b9dda1df7d1c" "/opt/rustwide/cargo-home/bin/cargo" "+beta-2023-12-22" "test" "--frozen", kill_on_drop: false }`
[INFO] [stdout] a56e8481aac14b51f76b28d030ce4d45d8c74d11bbff741b64c11be1ade1fae5
[INFO] running `Command { std: "docker" "start" "-a" "a56e8481aac14b51f76b28d030ce4d45d8c74d11bbff741b64c11be1ade1fae5", kill_on_drop: false }`
[INFO] [stderr]     Finished test [unoptimized + debuginfo] target(s) in 0.06s
[INFO] [stderr]      Running unittests src/main.rs (/opt/rustwide/target/debug/deps/laze-e50884153fdbb16a)
[INFO] [stdout] 
[INFO] [stdout] running 29 tests
[INFO] [stdout] test nested_env::expand::tests::no_error_missing ... ok
[INFO] [stdout] test nested_env::expand::tests::multi_expansion ... ok
[INFO] [stdout] test nested_env::expand::tests::error_missing ... ok
[INFO] [stdout] test nested_env::expand::tests::no_expansion ... ok
[INFO] [stdout] test nested_env::expand::tests::recursive ... ok
[INFO] [stdout] test nested_env::expr::tests::escaped_dollar ... ok
[INFO] [stdout] test nested_env::expand::tests::single_expansion ... ok
[INFO] [stdout] test nested_env::expr::tests::basic_eval_add ... ok
[INFO] [stdout] test nested_env::expand::tests::single_expansion_escaped ... ok
[INFO] [stdout] test nested_env::expr::tests::unchanged ... ok
[INFO] [stdout] test nested_env::expr::tests::basic ... ok
[INFO] [stdout] test nested_env::expr::tests::basic_eval_max ... ok
[INFO] [stdout] test nested_env::expr::tests::nested_braces ... ok
[INFO] [stdout] test nested_env::tests::test_assign_from_string_append ... ok
[INFO] [stdout] test nested_env::tests::test_assign_from_string_override ... ok
[INFO] [stdout] test nested_env::tests::test_assign_from_string_override_list ... ok
[INFO] [stdout] test nested_env::tests::test_basic ... ok
[INFO] [stdout] test nested_env::tests::test_merge_merging_list ... ok
[INFO] [stdout] test nested_env::tests::test_merge_nonexisting_single ... ok
[INFO] [stdout] test nested_env::tests::test_merge_overwriting_list ... ok
[INFO] [stdout] test nested_env::tests::test_merge_overwriting_with_list ... ok
[INFO] [stdout] test nested_env::tests::test_merge_overwriting_single ... ok
[INFO] [stdout] test nested_env::tests::test_mergeopts ... ok
[INFO] [stdout] test ninja::tests::alias ... ok
[INFO] [stdout] test ninja::tests::build_simple ... ok
[INFO] [stdout] test ninja::tests::rule ... ok
[INFO] [stdout] test ninja::tests::build_with_deps ... ok
[INFO] [stdout] test ninja::tests::build_with_input ... ok
[INFO] [stdout] test test::test_clap ... ok
[INFO] [stdout] 
[INFO] [stdout] test result: ok. 29 passed; 0 failed; 0 ignored; 0 measured; 0 filtered out; finished in 0.00s
[INFO] [stdout] 
[INFO] running `Command { std: "docker" "inspect" "a56e8481aac14b51f76b28d030ce4d45d8c74d11bbff741b64c11be1ade1fae5", kill_on_drop: false }`
[INFO] running `Command { std: "docker" "rm" "-f" "a56e8481aac14b51f76b28d030ce4d45d8c74d11bbff741b64c11be1ade1fae5", kill_on_drop: false }`
[INFO] [stdout] a56e8481aac14b51f76b28d030ce4d45d8c74d11bbff741b64c11be1ade1fae5
