[INFO] cloning repository https://github.com/kai-patel/voqs
[INFO] running `Command { std: "git" "-c" "credential.helper=" "-c" "credential.helper=/workspace/cargo-home/bin/git-credential-null" "clone" "--bare" "https://github.com/kai-patel/voqs" "/workspace/cache/git-repos/https%3A%2F%2Fgithub.com%2Fkai-patel%2Fvoqs", kill_on_drop: false }`
[INFO] [stderr] Cloning into bare repository '/workspace/cache/git-repos/https%3A%2F%2Fgithub.com%2Fkai-patel%2Fvoqs'...
[INFO] running `Command { std: "git" "rev-parse" "HEAD", kill_on_drop: false }`
[INFO] [stdout] 5e02c8e672a38a1272d3c6246d7b79b9376ff3fc
[INFO] testing kai-patel/voqs against 1.75.0 for beta-1.76-1
[INFO] running `Command { std: "git" "clone" "/workspace/cache/git-repos/https%3A%2F%2Fgithub.com%2Fkai-patel%2Fvoqs" "/workspace/builds/worker-7-tc1/source", kill_on_drop: false }`
[INFO] [stderr] Cloning into '/workspace/builds/worker-7-tc1/source'...
[INFO] [stderr] done.
[INFO] validating manifest of git repo https://github.com/kai-patel/voqs on toolchain 1.75.0
[INFO] running `Command { std: CARGO_HOME="/workspace/cargo-home" RUSTUP_HOME="/workspace/rustup-home" "/workspace/cargo-home/bin/cargo" "+1.75.0" "metadata" "--manifest-path" "Cargo.toml" "--no-deps", kill_on_drop: false }`
[INFO] started tweaking git repo https://github.com/kai-patel/voqs
[INFO] finished tweaking git repo https://github.com/kai-patel/voqs
[INFO] tweaked toml for git repo https://github.com/kai-patel/voqs written to /workspace/builds/worker-7-tc1/source/Cargo.toml
[INFO] crate git repo https://github.com/kai-patel/voqs already has a lockfile, it will not be regenerated
[INFO] running `Command { std: CARGO_HOME="/workspace/cargo-home" RUSTUP_HOME="/workspace/rustup-home" "/workspace/cargo-home/bin/cargo" "+1.75.0" "fetch" "--manifest-path" "Cargo.toml", kill_on_drop: false }`
[INFO] [stderr]     Blocking waiting for file lock on package cache
[ERROR] error running command: no output for 300 seconds
[ERROR] this task or one of its parent failed!
[ERROR] no output for 300 seconds
[ERROR] note: run with `RUST_BACKTRACE=1` to display a backtrace.
[INFO] testing kai-patel/voqs against beta-2023-12-22 for beta-1.76-1
[INFO] running `Command { std: "git" "clone" "/workspace/cache/git-repos/https%3A%2F%2Fgithub.com%2Fkai-patel%2Fvoqs" "/workspace/builds/worker-7-tc2/source", kill_on_drop: false }`
[INFO] [stderr] Cloning into '/workspace/builds/worker-7-tc2/source'...
[INFO] [stderr] done.
[INFO] validating manifest of git repo https://github.com/kai-patel/voqs on toolchain beta-2023-12-22
[INFO] running `Command { std: CARGO_HOME="/workspace/cargo-home" RUSTUP_HOME="/workspace/rustup-home" "/workspace/cargo-home/bin/cargo" "+beta-2023-12-22" "metadata" "--manifest-path" "Cargo.toml" "--no-deps", kill_on_drop: false }`
[INFO] started tweaking git repo https://github.com/kai-patel/voqs
[INFO] finished tweaking git repo https://github.com/kai-patel/voqs
[INFO] tweaked toml for git repo https://github.com/kai-patel/voqs written to /workspace/builds/worker-7-tc2/source/Cargo.toml
[INFO] crate git repo https://github.com/kai-patel/voqs already has a lockfile, it will not be regenerated
[INFO] running `Command { std: CARGO_HOME="/workspace/cargo-home" RUSTUP_HOME="/workspace/rustup-home" "/workspace/cargo-home/bin/cargo" "+beta-2023-12-22" "fetch" "--manifest-path" "Cargo.toml", kill_on_drop: false }`
[INFO] [stderr]     Blocking waiting for file lock on package cache
[INFO] [stderr]     Blocking waiting for file lock on package cache
[ERROR] error running command: no output for 300 seconds
[INFO] testing kai-patel/voqs against beta-2023-12-22 for beta-1.76-1
[INFO] running `Command { std: "git" "clone" "/workspace/cache/git-repos/https%3A%2F%2Fgithub.com%2Fkai-patel%2Fvoqs" "/workspace/builds/worker-7-tc2/source", kill_on_drop: false }`
[INFO] [stderr] Cloning into '/workspace/builds/worker-7-tc2/source'...
[INFO] [stderr] done.
[INFO] validating manifest of git repo https://github.com/kai-patel/voqs on toolchain beta-2023-12-22
[INFO] running `Command { std: CARGO_HOME="/workspace/cargo-home" RUSTUP_HOME="/workspace/rustup-home" "/workspace/cargo-home/bin/cargo" "+beta-2023-12-22" "metadata" "--manifest-path" "Cargo.toml" "--no-deps", kill_on_drop: false }`
[INFO] started tweaking git repo https://github.com/kai-patel/voqs
[INFO] finished tweaking git repo https://github.com/kai-patel/voqs
[INFO] tweaked toml for git repo https://github.com/kai-patel/voqs written to /workspace/builds/worker-7-tc2/source/Cargo.toml
[INFO] crate git repo https://github.com/kai-patel/voqs already has a lockfile, it will not be regenerated
[INFO] running `Command { std: CARGO_HOME="/workspace/cargo-home" RUSTUP_HOME="/workspace/rustup-home" "/workspace/cargo-home/bin/cargo" "+beta-2023-12-22" "fetch" "--manifest-path" "Cargo.toml", kill_on_drop: false }`
[INFO] [stderr]     Blocking waiting for file lock on package cache
[INFO] [stderr]     Blocking waiting for file lock on package cache
[INFO] running `Command { std: "docker" "create" "-v" "/var/lib/crater-agent-workspace/builds/worker-7-tc2/target:/opt/rustwide/target:rw,Z" "-v" "/var/lib/crater-agent-workspace/builds/worker-7-tc2/source:/opt/rustwide/workdir:ro,Z" "-v" "/var/lib/crater-agent-workspace/cargo-home:/opt/rustwide/cargo-home:ro,Z" "-v" "/var/lib/crater-agent-workspace/rustup-home:/opt/rustwide/rustup-home:ro,Z" "-e" "SOURCE_DIR=/opt/rustwide/workdir" "-e" "CARGO_TARGET_DIR=/opt/rustwide/target" "-e" "CARGO_HOME=/opt/rustwide/cargo-home" "-e" "RUSTUP_HOME=/opt/rustwide/rustup-home" "-w" "/opt/rustwide/workdir" "-m" "1610612736" "--user" "0:0" "--network" "none" "ghcr.io/rust-lang/crates-build-env/linux@sha256:2788e3201cd34a07e3172128adcd8b3090168a8e3bcc40d7c032b9dda1df7d1c" "/opt/rustwide/cargo-home/bin/cargo" "+beta-2023-12-22" "metadata" "--no-deps" "--format-version=1", kill_on_drop: false }`
[INFO] [stdout] 01de4cf92cfe300cca82ac325d59e6750cde0679aa26630f09e4bb3d3691d29f
[INFO] running `Command { std: "docker" "start" "-a" "01de4cf92cfe300cca82ac325d59e6750cde0679aa26630f09e4bb3d3691d29f", kill_on_drop: false }`
[INFO] running `Command { std: "docker" "inspect" "01de4cf92cfe300cca82ac325d59e6750cde0679aa26630f09e4bb3d3691d29f", kill_on_drop: false }`
[INFO] running `Command { std: "docker" "rm" "-f" "01de4cf92cfe300cca82ac325d59e6750cde0679aa26630f09e4bb3d3691d29f", kill_on_drop: false }`
[INFO] [stdout] 01de4cf92cfe300cca82ac325d59e6750cde0679aa26630f09e4bb3d3691d29f
[INFO] running `Command { std: "docker" "create" "-v" "/var/lib/crater-agent-workspace/builds/worker-7-tc2/target:/opt/rustwide/target:rw,Z" "-v" "/var/lib/crater-agent-workspace/builds/worker-7-tc2/source:/opt/rustwide/workdir:ro,Z" "-v" "/var/lib/crater-agent-workspace/cargo-home:/opt/rustwide/cargo-home:ro,Z" "-v" "/var/lib/crater-agent-workspace/rustup-home:/opt/rustwide/rustup-home:ro,Z" "-e" "SOURCE_DIR=/opt/rustwide/workdir" "-e" "CARGO_TARGET_DIR=/opt/rustwide/target" "-e" "CARGO_INCREMENTAL=0" "-e" "RUST_BACKTRACE=full" "-e" "RUSTFLAGS=--cap-lints=warn" "-e" "RUSTDOCFLAGS=--cap-lints=warn" "-e" "CARGO_HOME=/opt/rustwide/cargo-home" "-e" "RUSTUP_HOME=/opt/rustwide/rustup-home" "-w" "/opt/rustwide/workdir" "-m" "1610612736" "--user" "0:0" "--network" "none" "ghcr.io/rust-lang/crates-build-env/linux@sha256:2788e3201cd34a07e3172128adcd8b3090168a8e3bcc40d7c032b9dda1df7d1c" "/opt/rustwide/cargo-home/bin/cargo" "+beta-2023-12-22" "build" "--frozen" "--message-format=json", kill_on_drop: false }`
[INFO] [stdout] eebc2ee5c3ccb5abd558a30d4020cfde817a766c15dd2bfba43b2cc2b14fa2b3
[INFO] running `Command { std: "docker" "start" "-a" "eebc2ee5c3ccb5abd558a30d4020cfde817a766c15dd2bfba43b2cc2b14fa2b3", kill_on_drop: false }`
[INFO] [stderr]    Compiling autocfg v1.1.0
[INFO] [stderr]    Compiling libc v0.2.137
[INFO] [stderr]    Compiling proc-macro2 v1.0.47
[INFO] [stderr]    Compiling quote v1.0.21
[INFO] [stderr]    Compiling unicode-ident v1.0.5
[INFO] [stderr]    Compiling pkg-config v0.3.26
[INFO] [stderr]    Compiling bitflags v1.3.2
[INFO] [stderr]    Compiling syn v1.0.103
[INFO] [stderr]    Compiling version_check v0.9.4
[INFO] [stderr]    Compiling once_cell v1.16.0
[INFO] [stderr]    Compiling libloading v0.7.3
[INFO] [stderr]    Compiling cc v1.0.74
[INFO] [stderr]    Compiling log v0.4.17
[INFO] [stderr]    Compiling smallvec v1.10.0
[INFO] [stderr]    Compiling num-traits v0.2.15
[INFO] [stderr]    Compiling memchr v2.5.0
[INFO] [stderr]    Compiling memoffset v0.6.5
[INFO] [stderr]    Compiling xml-rs v0.8.4
[INFO] [stderr]    Compiling cmake v0.1.49
[INFO] [stderr]    Compiling wayland-scanner v0.29.5
[INFO] [stderr]    Compiling thiserror v1.0.37
[INFO] [stderr]    Compiling freetype-sys v0.13.1
[INFO] [stderr]    Compiling wayland-sys v0.29.5
[INFO] [stderr]    Compiling ahash v0.7.6
[INFO] [stderr]    Compiling lazy_static v1.4.0
[INFO] [stderr]    Compiling expat-sys v2.1.6
[INFO] [stderr]    Compiling lock_api v0.4.9
[INFO] [stderr]    Compiling dlib v0.5.0
[INFO] [stderr]    Compiling crc32fast v1.3.2
[INFO] [stderr]    Compiling getrandom v0.2.8
[INFO] [stderr]    Compiling nix v0.24.2
[INFO] [stderr]    Compiling parking_lot_core v0.9.4
[INFO] [stderr]    Compiling adler v1.0.2
[INFO] [stderr]    Compiling scopeguard v1.1.0
[INFO] [stderr]    Compiling hashbrown v0.12.3
[INFO] [stderr]    Compiling miniz_oxide v0.5.4
[INFO] [stderr]    Compiling wayland-client v0.29.5
[INFO] [stderr]    Compiling servo-fontconfig-sys v5.1.0
[INFO] [stderr]    Compiling slotmap v1.0.6
[INFO] [stderr]    Compiling indexmap v1.9.1
[INFO] [stderr]    Compiling termcolor v1.1.3
[INFO] [stderr]    Compiling downcast-rs v1.2.0
[INFO] [stderr]    Compiling minimal-lexical v0.2.1
[INFO] [stderr]    Compiling scoped-tls v1.0.1
[INFO] [stderr]    Compiling cty v0.2.2
[INFO] [stderr]    Compiling flate2 v1.0.24
[INFO] [stderr]    Compiling parking_lot v0.12.1
[INFO] [stderr]    Compiling nom v7.1.1
[INFO] [stderr]    Compiling wayland-protocols v0.29.5
[INFO] [stderr]    Compiling miniz_oxide v0.6.2
[INFO] [stderr]    Compiling ash v0.37.0+1.3.209
[INFO] [stderr]    Compiling khronos-egl v4.1.0
[INFO] [stderr]    Compiling byteorder v1.4.3
[INFO] [stderr]    Compiling bit-vec v0.6.3
[INFO] [stderr]    Compiling unicode-width v0.1.10
[INFO] [stderr]    Compiling codespan-reporting v0.11.1
[INFO] [stderr]    Compiling wayland-commons v0.29.5
[INFO] [stderr]    Compiling png v0.17.7
[INFO] [stderr]    Compiling bit-set v0.5.3
[INFO] [stderr]    Compiling raw-window-handle v0.5.0
[INFO] [stderr]    Compiling spirv v0.2.0+1.5.4
[INFO] [stderr]    Compiling smithay-client-toolkit v0.16.0
[INFO] [stderr]    Compiling crossfont v0.5.1
[INFO] [stderr]    Compiling num-integer v0.1.45
[INFO] [stderr]    Compiling gpu-descriptor-types v0.1.1
[INFO] [stderr]    Compiling xcursor v0.3.4
[INFO] [stderr]    Compiling gpu-alloc-types v0.2.0
[INFO] [stderr]    Compiling arrayref v0.3.6
[INFO] [stderr]    Compiling hexf-parse v0.2.1
[INFO] [stderr]    Compiling foreign-types-shared v0.3.1
[INFO] [stderr]    Compiling rustc-hash v1.1.0
[INFO] [stderr]    Compiling cfg_aliases v0.1.1
[INFO] [stderr]    Compiling vec_map v0.8.2
[INFO] [stderr]    Compiling unicode-xid v0.2.4
[INFO] [stderr]    Compiling wgpu-core v0.14.0
[INFO] [stderr]    Compiling gpu-alloc v0.5.3
[INFO] [stderr]    Compiling gpu-descriptor v0.2.3
[INFO] [stderr]    Compiling servo-fontconfig v0.5.1
[INFO] [stderr]    Compiling fxhash v0.2.1
[INFO] [stderr]    Compiling freetype-rs v0.26.0
[INFO] [stderr]    Compiling memmap2 v0.5.7
[INFO] [stderr]    Compiling wayland-cursor v0.29.5
[INFO] [stderr]    Compiling x11-dl v2.20.0
[INFO] [stderr]    Compiling num-rational v0.4.1
[INFO] [stderr]    Compiling wgpu-types v0.14.1
[INFO] [stderr]    Compiling glow v0.11.2
[INFO] [stderr]    Compiling thiserror-impl v1.0.37
[INFO] [stderr]    Compiling bytemuck_derive v1.2.1
[INFO] [stderr]    Compiling foreign-types-macros v0.2.2
[INFO] [stderr]    Compiling arrayvec v0.7.2
[INFO] [stderr]    Compiling arrayvec v0.5.2
[INFO] [stderr]    Compiling foreign-types v0.5.0
[INFO] [stderr]    Compiling renderdoc-sys v0.7.1
[INFO] [stderr]    Compiling profiling v1.0.7
[INFO] [stderr]    Compiling bytemuck v1.12.2
[INFO] [stderr]    Compiling safe_arch v0.5.2
[INFO] [stderr]    Compiling tiny-skia-path v0.7.0
[INFO] [stderr]    Compiling calloop v0.10.1
[INFO] [stderr]    Compiling naga v0.10.0
[INFO] [stderr]    Compiling mio v0.8.5
[INFO] [stderr]    Compiling aho-corasick v0.7.19
[INFO] [stderr]    Compiling tiny-skia v0.7.0
[INFO] [stderr]    Compiling tokio v1.21.2
[INFO] [stderr]    Compiling cgmath v0.18.0
[INFO] [stderr]    Compiling regex-syntax v0.6.27
[INFO] [stderr]    Compiling anyhow v1.0.66
[INFO] [stderr]    Compiling tokio-macros v1.8.0
[INFO] [stderr]    Compiling regex v1.6.0
[INFO] [stderr]    Compiling raw-window-handle v0.4.3
[INFO] [stderr]    Compiling atty v0.2.14
[INFO] [stderr]    Compiling signal-hook-registry v1.4.0
[INFO] [stderr]    Compiling num_cpus v1.14.0
[INFO] [stderr]    Compiling socket2 v0.4.7
[INFO] [stderr]    Compiling approx v0.4.0
[INFO] [stderr]    Compiling instant v0.1.12
[INFO] [stderr]    Compiling bytes v1.2.1
[INFO] [stderr]    Compiling jpeg-decoder v0.2.6
[INFO] [stderr]    Compiling pin-project-lite v0.2.9
[INFO] [stderr]    Compiling static_assertions v1.1.0
[INFO] [stderr]    Compiling color_quant v1.1.0
[INFO] [stderr]    Compiling humantime v2.1.0
[INFO] [stderr]    Compiling percent-encoding v2.2.0
[INFO] [stderr]    Compiling env_logger v0.9.1
[INFO] [stderr]    Compiling image v0.24.4
[INFO] [stderr]    Compiling wgpu-hal v0.14.1
[INFO] [stderr]    Compiling wgpu v0.14.0
[INFO] [stderr]    Compiling sctk-adwaita v0.4.3
[INFO] [stderr]    Compiling winit v0.27.5
[INFO] [stderr]    Compiling voqs v0.1.0 (/opt/rustwide/workdir)
[INFO] [stdout] warning: unused variable: `event`
[INFO] [stdout]    --> src/lib.rs:444:25
[INFO] [stdout]     |
[INFO] [stdout] 444 |     fn input(&mut self, event: &WindowEvent) -> bool {
[INFO] [stdout]     |                         ^^^^^ help: if this is intentional, prefix it with an underscore: `_event`
[INFO] [stdout]     |
[INFO] [stdout]     = note: `#[warn(unused_variables)]` on by default
[INFO] [stdout] 
[INFO] [stdout] 
[INFO] [stdout] warning: unused variable: `buffers`
[INFO] [stdout]    --> src/lib.rs:557:20
[INFO] [stdout]     |
[INFO] [stdout] 557 | pub fn gen_buffers(buffers: u32) -> Vec<wgpu::Buffer> {
[INFO] [stdout]     |                    ^^^^^^^ help: if this is intentional, prefix it with an underscore: `_buffers`
[INFO] [stdout] 
[INFO] [stdout] 
[INFO] [stdout] warning: fields `diffuse_texture`, `camera`, `camera_uniform`, and `camera_buffer` are never read
[INFO] [stdout]    --> src/lib.rs:179:5
[INFO] [stdout]     |
[INFO] [stdout] 168 | struct State {
[INFO] [stdout]     |        ----- fields in this struct
[INFO] [stdout] ...
[INFO] [stdout] 179 |     diffuse_texture: texture::Texture,
[INFO] [stdout]     |     ^^^^^^^^^^^^^^^
[INFO] [stdout] 180 |     camera: Camera,
[INFO] [stdout]     |     ^^^^^^
[INFO] [stdout] 181 |     camera_uniform: CameraUniform,
[INFO] [stdout]     |     ^^^^^^^^^^^^^^
[INFO] [stdout] 182 |     camera_buffer: wgpu::Buffer,
[INFO] [stdout]     |     ^^^^^^^^^^^^^
[INFO] [stdout]     |
[INFO] [stdout]     = note: `#[warn(dead_code)]` on by default
[INFO] [stdout] 
[INFO] [stdout] 
[INFO] [stdout] warning: 3 warnings emitted
[INFO] [stdout] 
[INFO] [stdout] 
[INFO] [stderr]     Finished dev [unoptimized + debuginfo] target(s) in 1m 24s
[INFO] running `Command { std: "docker" "inspect" "eebc2ee5c3ccb5abd558a30d4020cfde817a766c15dd2bfba43b2cc2b14fa2b3", kill_on_drop: false }`
[INFO] running `Command { std: "docker" "rm" "-f" "eebc2ee5c3ccb5abd558a30d4020cfde817a766c15dd2bfba43b2cc2b14fa2b3", kill_on_drop: false }`
[INFO] [stdout] eebc2ee5c3ccb5abd558a30d4020cfde817a766c15dd2bfba43b2cc2b14fa2b3
[INFO] running `Command { std: "docker" "create" "-v" "/var/lib/crater-agent-workspace/builds/worker-7-tc2/target:/opt/rustwide/target:rw,Z" "-v" "/var/lib/crater-agent-workspace/builds/worker-7-tc2/source:/opt/rustwide/workdir:ro,Z" "-v" "/var/lib/crater-agent-workspace/cargo-home:/opt/rustwide/cargo-home:ro,Z" "-v" "/var/lib/crater-agent-workspace/rustup-home:/opt/rustwide/rustup-home:ro,Z" "-e" "SOURCE_DIR=/opt/rustwide/workdir" "-e" "CARGO_TARGET_DIR=/opt/rustwide/target" "-e" "CARGO_INCREMENTAL=0" "-e" "RUST_BACKTRACE=full" "-e" "RUSTFLAGS=--cap-lints=warn" "-e" "RUSTDOCFLAGS=--cap-lints=warn" "-e" "CARGO_HOME=/opt/rustwide/cargo-home" "-e" "RUSTUP_HOME=/opt/rustwide/rustup-home" "-w" "/opt/rustwide/workdir" "-m" "1610612736" "--user" "0:0" "--network" "none" "ghcr.io/rust-lang/crates-build-env/linux@sha256:2788e3201cd34a07e3172128adcd8b3090168a8e3bcc40d7c032b9dda1df7d1c" "/opt/rustwide/cargo-home/bin/cargo" "+beta-2023-12-22" "test" "--frozen" "--no-run" "--message-format=json", kill_on_drop: false }`
[INFO] [stdout] bd4842b1f84cca94ff193ad4f1a6bc44ec24c6225042413bed1288adfe9498ec
[INFO] running `Command { std: "docker" "start" "-a" "bd4842b1f84cca94ff193ad4f1a6bc44ec24c6225042413bed1288adfe9498ec", kill_on_drop: false }`
[INFO] [stdout] warning: unused variable: `event`
[INFO] [stdout]    --> src/lib.rs:444:25
[INFO] [stdout]     |
[INFO] [stdout] 444 |     fn input(&mut self, event: &WindowEvent) -> bool {
[INFO] [stdout]     |                         ^^^^^ help: if this is intentional, prefix it with an underscore: `_event`
[INFO] [stdout]     |
[INFO] [stdout]     = note: `#[warn(unused_variables)]` on by default
[INFO] [stdout] 
[INFO] [stdout] 
[INFO] [stdout] warning: unused variable: `buffers`
[INFO] [stdout]    --> src/lib.rs:557:20
[INFO] [stdout]     |
[INFO] [stdout] 557 | pub fn gen_buffers(buffers: u32) -> Vec<wgpu::Buffer> {
[INFO] [stdout]     |                    ^^^^^^^ help: if this is intentional, prefix it with an underscore: `_buffers`
[INFO] [stdout] 
[INFO] [stdout] 
[INFO] [stdout] warning: fields `diffuse_texture`, `camera`, `camera_uniform`, and `camera_buffer` are never read
[INFO] [stdout]    --> src/lib.rs:179:5
[INFO] [stdout]     |
[INFO] [stdout] 168 | struct State {
[INFO] [stdout]     |        ----- fields in this struct
[INFO] [stdout] ...
[INFO] [stdout] 179 |     diffuse_texture: texture::Texture,
[INFO] [stdout]     |     ^^^^^^^^^^^^^^^
[INFO] [stdout] 180 |     camera: Camera,
[INFO] [stdout]     |     ^^^^^^
[INFO] [stdout] 181 |     camera_uniform: CameraUniform,
[INFO] [stdout]     |     ^^^^^^^^^^^^^^
[INFO] [stdout] 182 |     camera_buffer: wgpu::Buffer,
[INFO] [stdout]     |     ^^^^^^^^^^^^^
[INFO] [stdout]     |
[INFO] [stdout]     = note: `#[warn(dead_code)]` on by default
[INFO] [stdout] 
[INFO] [stdout] 
[INFO] [stderr]    Compiling voqs v0.1.0 (/opt/rustwide/workdir)
[INFO] [stdout] warning: 3 warnings emitted
[INFO] [stdout] 
[INFO] [stdout] 
[INFO] [stdout] warning: unused variable: `event`
[INFO] [stdout]    --> src/lib.rs:444:25
[INFO] [stdout]     |
[INFO] [stdout] 444 |     fn input(&mut self, event: &WindowEvent) -> bool {
[INFO] [stdout]     |                         ^^^^^ help: if this is intentional, prefix it with an underscore: `_event`
[INFO] [stdout]     |
[INFO] [stdout]     = note: `#[warn(unused_variables)]` on by default
[INFO] [stdout] 
[INFO] [stdout] 
[INFO] [stdout] warning: unused variable: `buffers`
[INFO] [stdout]    --> src/lib.rs:557:20
[INFO] [stdout]     |
[INFO] [stdout] 557 | pub fn gen_buffers(buffers: u32) -> Vec<wgpu::Buffer> {
[INFO] [stdout]     |                    ^^^^^^^ help: if this is intentional, prefix it with an underscore: `_buffers`
[INFO] [stdout] 
[INFO] [stdout] 
[INFO] [stdout] warning: fields `diffuse_texture`, `camera`, `camera_uniform`, and `camera_buffer` are never read
[INFO] [stdout]    --> src/lib.rs:179:5
[INFO] [stdout]     |
[INFO] [stdout] 168 | struct State {
[INFO] [stdout]     |        ----- fields in this struct
[INFO] [stdout] ...
[INFO] [stdout] 179 |     diffuse_texture: texture::Texture,
[INFO] [stdout]     |     ^^^^^^^^^^^^^^^
[INFO] [stdout] 180 |     camera: Camera,
[INFO] [stdout]     |     ^^^^^^
[INFO] [stdout] 181 |     camera_uniform: CameraUniform,
[INFO] [stdout]     |     ^^^^^^^^^^^^^^
[INFO] [stdout] 182 |     camera_buffer: wgpu::Buffer,
[INFO] [stdout]     |     ^^^^^^^^^^^^^
[INFO] [stdout]     |
[INFO] [stdout]     = note: `#[warn(dead_code)]` on by default
[INFO] [stdout] 
[INFO] [stdout] 
[INFO] [stdout] warning: 3 warnings emitted
[INFO] [stdout] 
[INFO] [stdout] 
[INFO] [stderr]     Finished test [unoptimized + debuginfo] target(s) in 1.16s
[INFO] running `Command { std: "docker" "inspect" "bd4842b1f84cca94ff193ad4f1a6bc44ec24c6225042413bed1288adfe9498ec", kill_on_drop: false }`
[INFO] running `Command { std: "docker" "rm" "-f" "bd4842b1f84cca94ff193ad4f1a6bc44ec24c6225042413bed1288adfe9498ec", kill_on_drop: false }`
[INFO] [stdout] bd4842b1f84cca94ff193ad4f1a6bc44ec24c6225042413bed1288adfe9498ec
[INFO] running `Command { std: "docker" "create" "-v" "/var/lib/crater-agent-workspace/builds/worker-7-tc2/target:/opt/rustwide/target:rw,Z" "-v" "/var/lib/crater-agent-workspace/builds/worker-7-tc2/source:/opt/rustwide/workdir:ro,Z" "-v" "/var/lib/crater-agent-workspace/cargo-home:/opt/rustwide/cargo-home:ro,Z" "-v" "/var/lib/crater-agent-workspace/rustup-home:/opt/rustwide/rustup-home:ro,Z" "-e" "SOURCE_DIR=/opt/rustwide/workdir" "-e" "CARGO_TARGET_DIR=/opt/rustwide/target" "-e" "CARGO_INCREMENTAL=0" "-e" "RUST_BACKTRACE=full" "-e" "RUSTFLAGS=--cap-lints=warn" "-e" "RUSTDOCFLAGS=--cap-lints=warn" "-e" "CARGO_HOME=/opt/rustwide/cargo-home" "-e" "RUSTUP_HOME=/opt/rustwide/rustup-home" "-w" "/opt/rustwide/workdir" "-m" "1610612736" "--user" "0:0" "--network" "none" "ghcr.io/rust-lang/crates-build-env/linux@sha256:2788e3201cd34a07e3172128adcd8b3090168a8e3bcc40d7c032b9dda1df7d1c" "/opt/rustwide/cargo-home/bin/cargo" "+beta-2023-12-22" "test" "--frozen", kill_on_drop: false }`
[INFO] [stdout] b1e39cf95cdce849279f0f1091baec41938b297e5e5dca022b45b38d1a83ac4d
[INFO] running `Command { std: "docker" "start" "-a" "b1e39cf95cdce849279f0f1091baec41938b297e5e5dca022b45b38d1a83ac4d", kill_on_drop: false }`
[INFO] [stderr] warning: unused variable: `event`
[INFO] [stderr]    --> src/lib.rs:444:25
[INFO] [stderr]     |
[INFO] [stderr] 444 |     fn input(&mut self, event: &WindowEvent) -> bool {
[INFO] [stderr]     |                         ^^^^^ help: if this is intentional, prefix it with an underscore: `_event`
[INFO] [stderr]     |
[INFO] [stderr]     = note: `#[warn(unused_variables)]` on by default
[INFO] [stderr] 
[INFO] [stderr] warning: unused variable: `buffers`
[INFO] [stderr]    --> src/lib.rs:557:20
[INFO] [stderr]     |
[INFO] [stderr] 557 | pub fn gen_buffers(buffers: u32) -> Vec<wgpu::Buffer> {
[INFO] [stderr]     |                    ^^^^^^^ help: if this is intentional, prefix it with an underscore: `_buffers`
[INFO] [stderr] 
[INFO] [stderr] warning: fields `diffuse_texture`, `camera`, `camera_uniform`, and `camera_buffer` are never read
[INFO] [stderr]    --> src/lib.rs:179:5
[INFO] [stderr]     |
[INFO] [stderr] 168 | struct State {
[INFO] [stderr]     |        ----- fields in this struct
[INFO] [stderr] ...
[INFO] [stderr] 179 |     diffuse_texture: texture::Texture,
[INFO] [stderr]     |     ^^^^^^^^^^^^^^^
[INFO] [stderr] 180 |     camera: Camera,
[INFO] [stderr]     |     ^^^^^^
[INFO] [stderr] 181 |     camera_uniform: CameraUniform,
[INFO] [stderr]     |     ^^^^^^^^^^^^^^
[INFO] [stderr] 182 |     camera_buffer: wgpu::Buffer,
[INFO] [stderr]     |     ^^^^^^^^^^^^^
[INFO] [stderr]     |
[INFO] [stderr]     = note: `#[warn(dead_code)]` on by default
[INFO] [stderr] 
[INFO] [stderr] warning: `voqs` (lib) generated 3 warnings (run `cargo fix --lib -p voqs` to apply 2 suggestions)
[INFO] [stderr] warning: `voqs` (lib test) generated 3 warnings (3 duplicates)
[INFO] [stderr]     Finished test [unoptimized + debuginfo] target(s) in 0.08s
[INFO] [stderr]      Running unittests src/lib.rs (/opt/rustwide/target/debug/deps/voqs-d5716dde818cc25c)
[INFO] [stdout] 
[INFO] [stdout] running 0 tests
[INFO] [stdout] 
[INFO] [stdout] test result: ok. 0 passed; 0 failed; 0 ignored; 0 measured; 0 filtered out; finished in 0.00s
[INFO] [stdout] 
[INFO] [stderr]      Running unittests src/main.rs (/opt/rustwide/target/debug/deps/voqs-1e5ff3f251b809b9)
[INFO] [stdout] 
[INFO] [stdout] running 0 tests
[INFO] [stdout] 
[INFO] [stdout] test result: ok. 0 passed; 0 failed; 0 ignored; 0 measured; 0 filtered out; finished in 0.00s
[INFO] [stdout] 
[INFO] [stderr]    Doc-tests voqs
[INFO] [stdout] 
[INFO] [stdout] running 0 tests
[INFO] [stdout] 
[INFO] [stdout] test result: ok. 0 passed; 0 failed; 0 ignored; 0 measured; 0 filtered out; finished in 0.00s
[INFO] [stdout] 
[INFO] running `Command { std: "docker" "inspect" "b1e39cf95cdce849279f0f1091baec41938b297e5e5dca022b45b38d1a83ac4d", kill_on_drop: false }`
[INFO] running `Command { std: "docker" "rm" "-f" "b1e39cf95cdce849279f0f1091baec41938b297e5e5dca022b45b38d1a83ac4d", kill_on_drop: false }`
[INFO] [stdout] b1e39cf95cdce849279f0f1091baec41938b297e5e5dca022b45b38d1a83ac4d
