[INFO] cloning repository https://github.com/jstasiak/raytracer
[INFO] running `Command { std: "git" "-c" "credential.helper=" "-c" "credential.helper=/workspace/cargo-home/bin/git-credential-null" "clone" "--bare" "https://github.com/jstasiak/raytracer" "/workspace/cache/git-repos/https%3A%2F%2Fgithub.com%2Fjstasiak%2Fraytracer", kill_on_drop: false }`
[INFO] [stderr] Cloning into bare repository '/workspace/cache/git-repos/https%3A%2F%2Fgithub.com%2Fjstasiak%2Fraytracer'...
[INFO] running `Command { std: "git" "rev-parse" "HEAD", kill_on_drop: false }`
[INFO] [stdout] 02e31f5f3595d9c3d5e3a5a3f520be3c0f98716c
[INFO] testing jstasiak/raytracer against 1.75.0 for beta-1.76-1
[INFO] running `Command { std: "git" "clone" "/workspace/cache/git-repos/https%3A%2F%2Fgithub.com%2Fjstasiak%2Fraytracer" "/workspace/builds/worker-4-tc1/source", kill_on_drop: false }`
[INFO] [stderr] Cloning into '/workspace/builds/worker-4-tc1/source'...
[INFO] [stderr] done.
[INFO] validating manifest of git repo https://github.com/jstasiak/raytracer on toolchain 1.75.0
[INFO] running `Command { std: CARGO_HOME="/workspace/cargo-home" RUSTUP_HOME="/workspace/rustup-home" "/workspace/cargo-home/bin/cargo" "+1.75.0" "metadata" "--manifest-path" "Cargo.toml" "--no-deps", kill_on_drop: false }`
[INFO] started tweaking git repo https://github.com/jstasiak/raytracer
[INFO] finished tweaking git repo https://github.com/jstasiak/raytracer
[INFO] tweaked toml for git repo https://github.com/jstasiak/raytracer written to /workspace/builds/worker-4-tc1/source/Cargo.toml
[INFO] crate git repo https://github.com/jstasiak/raytracer already has a lockfile, it will not be regenerated
[INFO] running `Command { std: CARGO_HOME="/workspace/cargo-home" RUSTUP_HOME="/workspace/rustup-home" "/workspace/cargo-home/bin/cargo" "+1.75.0" "fetch" "--manifest-path" "Cargo.toml", kill_on_drop: false }`
[INFO] [stderr]     Blocking waiting for file lock on package cache
[ERROR] error running command: no output for 300 seconds
[ERROR] this task or one of its parent failed!
[ERROR] no output for 300 seconds
[ERROR] note: run with `RUST_BACKTRACE=1` to display a backtrace.
[INFO] testing jstasiak/raytracer against beta-2023-12-22 for beta-1.76-1
[INFO] running `Command { std: "git" "clone" "/workspace/cache/git-repos/https%3A%2F%2Fgithub.com%2Fjstasiak%2Fraytracer" "/workspace/builds/worker-4-tc2/source", kill_on_drop: false }`
[INFO] [stderr] Cloning into '/workspace/builds/worker-4-tc2/source'...
[INFO] [stderr] done.
[INFO] validating manifest of git repo https://github.com/jstasiak/raytracer on toolchain beta-2023-12-22
[INFO] running `Command { std: CARGO_HOME="/workspace/cargo-home" RUSTUP_HOME="/workspace/rustup-home" "/workspace/cargo-home/bin/cargo" "+beta-2023-12-22" "metadata" "--manifest-path" "Cargo.toml" "--no-deps", kill_on_drop: false }`
[INFO] started tweaking git repo https://github.com/jstasiak/raytracer
[INFO] finished tweaking git repo https://github.com/jstasiak/raytracer
[INFO] tweaked toml for git repo https://github.com/jstasiak/raytracer written to /workspace/builds/worker-4-tc2/source/Cargo.toml
[INFO] crate git repo https://github.com/jstasiak/raytracer already has a lockfile, it will not be regenerated
[INFO] running `Command { std: CARGO_HOME="/workspace/cargo-home" RUSTUP_HOME="/workspace/rustup-home" "/workspace/cargo-home/bin/cargo" "+beta-2023-12-22" "fetch" "--manifest-path" "Cargo.toml", kill_on_drop: false }`
[INFO] [stderr]     Blocking waiting for file lock on package cache
[INFO] running `Command { std: "docker" "create" "-v" "/var/lib/crater-agent-workspace/builds/worker-4-tc2/target:/opt/rustwide/target:rw,Z" "-v" "/var/lib/crater-agent-workspace/builds/worker-4-tc2/source:/opt/rustwide/workdir:ro,Z" "-v" "/var/lib/crater-agent-workspace/cargo-home:/opt/rustwide/cargo-home:ro,Z" "-v" "/var/lib/crater-agent-workspace/rustup-home:/opt/rustwide/rustup-home:ro,Z" "-e" "SOURCE_DIR=/opt/rustwide/workdir" "-e" "CARGO_TARGET_DIR=/opt/rustwide/target" "-e" "CARGO_HOME=/opt/rustwide/cargo-home" "-e" "RUSTUP_HOME=/opt/rustwide/rustup-home" "-w" "/opt/rustwide/workdir" "-m" "1610612736" "--user" "0:0" "--network" "none" "ghcr.io/rust-lang/crates-build-env/linux@sha256:2788e3201cd34a07e3172128adcd8b3090168a8e3bcc40d7c032b9dda1df7d1c" "/opt/rustwide/cargo-home/bin/cargo" "+beta-2023-12-22" "metadata" "--no-deps" "--format-version=1", kill_on_drop: false }`
[INFO] [stdout] cec68de3ab05b7b35f646d77eead0f6476651bb019438fb3eef8d1d9f53a7bf9
[INFO] running `Command { std: "docker" "start" "-a" "cec68de3ab05b7b35f646d77eead0f6476651bb019438fb3eef8d1d9f53a7bf9", kill_on_drop: false }`
[INFO] running `Command { std: "docker" "inspect" "cec68de3ab05b7b35f646d77eead0f6476651bb019438fb3eef8d1d9f53a7bf9", kill_on_drop: false }`
[INFO] running `Command { std: "docker" "rm" "-f" "cec68de3ab05b7b35f646d77eead0f6476651bb019438fb3eef8d1d9f53a7bf9", kill_on_drop: false }`
[INFO] [stdout] cec68de3ab05b7b35f646d77eead0f6476651bb019438fb3eef8d1d9f53a7bf9
[INFO] running `Command { std: "docker" "create" "-v" "/var/lib/crater-agent-workspace/builds/worker-4-tc2/target:/opt/rustwide/target:rw,Z" "-v" "/var/lib/crater-agent-workspace/builds/worker-4-tc2/source:/opt/rustwide/workdir:ro,Z" "-v" "/var/lib/crater-agent-workspace/cargo-home:/opt/rustwide/cargo-home:ro,Z" "-v" "/var/lib/crater-agent-workspace/rustup-home:/opt/rustwide/rustup-home:ro,Z" "-e" "SOURCE_DIR=/opt/rustwide/workdir" "-e" "CARGO_TARGET_DIR=/opt/rustwide/target" "-e" "CARGO_INCREMENTAL=0" "-e" "RUST_BACKTRACE=full" "-e" "RUSTFLAGS=--cap-lints=warn" "-e" "RUSTDOCFLAGS=--cap-lints=warn" "-e" "CARGO_HOME=/opt/rustwide/cargo-home" "-e" "RUSTUP_HOME=/opt/rustwide/rustup-home" "-w" "/opt/rustwide/workdir" "-m" "1610612736" "--user" "0:0" "--network" "none" "ghcr.io/rust-lang/crates-build-env/linux@sha256:2788e3201cd34a07e3172128adcd8b3090168a8e3bcc40d7c032b9dda1df7d1c" "/opt/rustwide/cargo-home/bin/cargo" "+beta-2023-12-22" "build" "--frozen" "--message-format=json", kill_on_drop: false }`
[INFO] [stdout] d8e7510b658ef925d49141bbdf61c26c574d5cac44b9e34a0c1592a901faf8fc
[INFO] running `Command { std: "docker" "start" "-a" "d8e7510b658ef925d49141bbdf61c26c574d5cac44b9e34a0c1592a901faf8fc", kill_on_drop: false }`
[INFO] [stderr]    Compiling ray v0.2.0 (/opt/rustwide/workdir)
[INFO] [stdout] warning: trait objects without an explicit `dyn` are deprecated
[INFO] [stdout]  --> src/image.rs:4:45
[INFO] [stdout]   |
[INFO] [stdout] 4 | pub fn image_to_file(image: &Image, w: &mut Write) {
[INFO] [stdout]   |                                             ^^^^^
[INFO] [stdout]   |
[INFO] [stdout]   = warning: this is accepted in the current edition (Rust 2018) but is a hard error in Rust 2021!
[INFO] [stdout]   = note: for more information, see <https://doc.rust-lang.org/nightly/edition-guide/rust-2021/warnings-promoted-to-error.html>
[INFO] [stdout]   = note: `#[warn(bare_trait_objects)]` on by default
[INFO] [stdout] help: use `dyn`
[INFO] [stdout]   |
[INFO] [stdout] 4 | pub fn image_to_file(image: &Image, w: &mut dyn Write) {
[INFO] [stdout]   |                                             +++
[INFO] [stdout] 
[INFO] [stdout] 
[INFO] [stdout] warning: 1 warning emitted
[INFO] [stdout] 
[INFO] [stdout] 
[INFO] [stdout] warning: trait objects without an explicit `dyn` are deprecated
[INFO] [stdout]   --> src/main.rs:18:23
[INFO] [stdout]    |
[INFO] [stdout] 18 |     let mut file: Box<Write> = match filename.as_ref() {
[INFO] [stdout]    |                       ^^^^^
[INFO] [stdout]    |
[INFO] [stdout]    = warning: this is accepted in the current edition (Rust 2018) but is a hard error in Rust 2021!
[INFO] [stdout]    = note: for more information, see <https://doc.rust-lang.org/nightly/edition-guide/rust-2021/warnings-promoted-to-error.html>
[INFO] [stdout]    = note: `#[warn(bare_trait_objects)]` on by default
[INFO] [stdout] help: use `dyn`
[INFO] [stdout]    |
[INFO] [stdout] 18 |     let mut file: Box<dyn Write> = match filename.as_ref() {
[INFO] [stdout]    |                       +++
[INFO] [stdout] 
[INFO] [stdout] 
[INFO] [stdout] warning: 1 warning emitted
[INFO] [stdout] 
[INFO] [stdout] 
[INFO] [stderr]     Finished dev [unoptimized + debuginfo] target(s) in 0.32s
[INFO] running `Command { std: "docker" "inspect" "d8e7510b658ef925d49141bbdf61c26c574d5cac44b9e34a0c1592a901faf8fc", kill_on_drop: false }`
[INFO] running `Command { std: "docker" "rm" "-f" "d8e7510b658ef925d49141bbdf61c26c574d5cac44b9e34a0c1592a901faf8fc", kill_on_drop: false }`
[INFO] [stdout] d8e7510b658ef925d49141bbdf61c26c574d5cac44b9e34a0c1592a901faf8fc
[INFO] running `Command { std: "docker" "create" "-v" "/var/lib/crater-agent-workspace/builds/worker-4-tc2/target:/opt/rustwide/target:rw,Z" "-v" "/var/lib/crater-agent-workspace/builds/worker-4-tc2/source:/opt/rustwide/workdir:ro,Z" "-v" "/var/lib/crater-agent-workspace/cargo-home:/opt/rustwide/cargo-home:ro,Z" "-v" "/var/lib/crater-agent-workspace/rustup-home:/opt/rustwide/rustup-home:ro,Z" "-e" "SOURCE_DIR=/opt/rustwide/workdir" "-e" "CARGO_TARGET_DIR=/opt/rustwide/target" "-e" "CARGO_INCREMENTAL=0" "-e" "RUST_BACKTRACE=full" "-e" "RUSTFLAGS=--cap-lints=warn" "-e" "RUSTDOCFLAGS=--cap-lints=warn" "-e" "CARGO_HOME=/opt/rustwide/cargo-home" "-e" "RUSTUP_HOME=/opt/rustwide/rustup-home" "-w" "/opt/rustwide/workdir" "-m" "1610612736" "--user" "0:0" "--network" "none" "ghcr.io/rust-lang/crates-build-env/linux@sha256:2788e3201cd34a07e3172128adcd8b3090168a8e3bcc40d7c032b9dda1df7d1c" "/opt/rustwide/cargo-home/bin/cargo" "+beta-2023-12-22" "test" "--frozen" "--no-run" "--message-format=json", kill_on_drop: false }`
[INFO] [stdout] 457befe3d09a0845fdd006ffb816ad35ca5129408f940efe788963e40abfed9c
[INFO] running `Command { std: "docker" "start" "-a" "457befe3d09a0845fdd006ffb816ad35ca5129408f940efe788963e40abfed9c", kill_on_drop: false }`
[INFO] [stdout] warning: trait objects without an explicit `dyn` are deprecated
[INFO] [stdout]  --> src/image.rs:4:45
[INFO] [stdout]   |
[INFO] [stdout] 4 | pub fn image_to_file(image: &Image, w: &mut Write) {
[INFO] [stdout]   |                                             ^^^^^
[INFO] [stdout]   |
[INFO] [stdout]   = warning: this is accepted in the current edition (Rust 2018) but is a hard error in Rust 2021!
[INFO] [stdout]   = note: for more information, see <https://doc.rust-lang.org/nightly/edition-guide/rust-2021/warnings-promoted-to-error.html>
[INFO] [stdout]   = note: `#[warn(bare_trait_objects)]` on by default
[INFO] [stdout] help: use `dyn`
[INFO] [stdout]   |
[INFO] [stdout] 4 | pub fn image_to_file(image: &Image, w: &mut dyn Write) {
[INFO] [stdout]   |                                             +++
[INFO] [stdout] 
[INFO] [stdout] 
[INFO] [stderr]    Compiling ray v0.2.0 (/opt/rustwide/workdir)
[INFO] [stdout] warning: 1 warning emitted
[INFO] [stdout] 
[INFO] [stdout] 
[INFO] [stdout] warning: trait objects without an explicit `dyn` are deprecated
[INFO] [stdout]   --> src/main.rs:18:23
[INFO] [stdout]    |
[INFO] [stdout] 18 |     let mut file: Box<Write> = match filename.as_ref() {
[INFO] [stdout]    |                       ^^^^^
[INFO] [stdout]    |
[INFO] [stdout]    = warning: this is accepted in the current edition (Rust 2018) but is a hard error in Rust 2021!
[INFO] [stdout]    = note: for more information, see <https://doc.rust-lang.org/nightly/edition-guide/rust-2021/warnings-promoted-to-error.html>
[INFO] [stdout]    = note: `#[warn(bare_trait_objects)]` on by default
[INFO] [stdout] help: use `dyn`
[INFO] [stdout]    |
[INFO] [stdout] 18 |     let mut file: Box<dyn Write> = match filename.as_ref() {
[INFO] [stdout]    |                       +++
[INFO] [stdout] 
[INFO] [stdout] 
[INFO] [stdout] warning: trait objects without an explicit `dyn` are deprecated
[INFO] [stdout]  --> src/image.rs:4:45
[INFO] [stdout]   |
[INFO] [stdout] 4 | pub fn image_to_file(image: &Image, w: &mut Write) {
[INFO] [stdout]   |                                             ^^^^^
[INFO] [stdout]   |
[INFO] [stdout]   = warning: this is accepted in the current edition (Rust 2018) but is a hard error in Rust 2021!
[INFO] [stdout]   = note: for more information, see <https://doc.rust-lang.org/nightly/edition-guide/rust-2021/warnings-promoted-to-error.html>
[INFO] [stdout]   = note: `#[warn(bare_trait_objects)]` on by default
[INFO] [stdout] help: use `dyn`
[INFO] [stdout]   |
[INFO] [stdout] 4 | pub fn image_to_file(image: &Image, w: &mut dyn Write) {
[INFO] [stdout]   |                                             +++
[INFO] [stdout] 
[INFO] [stdout] 
[INFO] [stdout] warning: 1 warning emitted
[INFO] [stdout] 
[INFO] [stdout] 
[INFO] [stdout] warning: 1 warning emitted
[INFO] [stdout] 
[INFO] [stdout] 
[INFO] [stderr]     Finished test [unoptimized + debuginfo] target(s) in 0.31s
[INFO] running `Command { std: "docker" "inspect" "457befe3d09a0845fdd006ffb816ad35ca5129408f940efe788963e40abfed9c", kill_on_drop: false }`
[INFO] running `Command { std: "docker" "rm" "-f" "457befe3d09a0845fdd006ffb816ad35ca5129408f940efe788963e40abfed9c", kill_on_drop: false }`
[INFO] [stdout] 457befe3d09a0845fdd006ffb816ad35ca5129408f940efe788963e40abfed9c
[INFO] running `Command { std: "docker" "create" "-v" "/var/lib/crater-agent-workspace/builds/worker-4-tc2/target:/opt/rustwide/target:rw,Z" "-v" "/var/lib/crater-agent-workspace/builds/worker-4-tc2/source:/opt/rustwide/workdir:ro,Z" "-v" "/var/lib/crater-agent-workspace/cargo-home:/opt/rustwide/cargo-home:ro,Z" "-v" "/var/lib/crater-agent-workspace/rustup-home:/opt/rustwide/rustup-home:ro,Z" "-e" "SOURCE_DIR=/opt/rustwide/workdir" "-e" "CARGO_TARGET_DIR=/opt/rustwide/target" "-e" "CARGO_INCREMENTAL=0" "-e" "RUST_BACKTRACE=full" "-e" "RUSTFLAGS=--cap-lints=warn" "-e" "RUSTDOCFLAGS=--cap-lints=warn" "-e" "CARGO_HOME=/opt/rustwide/cargo-home" "-e" "RUSTUP_HOME=/opt/rustwide/rustup-home" "-w" "/opt/rustwide/workdir" "-m" "1610612736" "--user" "0:0" "--network" "none" "ghcr.io/rust-lang/crates-build-env/linux@sha256:2788e3201cd34a07e3172128adcd8b3090168a8e3bcc40d7c032b9dda1df7d1c" "/opt/rustwide/cargo-home/bin/cargo" "+beta-2023-12-22" "test" "--frozen", kill_on_drop: false }`
[INFO] [stdout] 31ba9ac3e13d4a21de21c5157e81ccc775ce3ebbc033b8fecab64873164bc010
[INFO] running `Command { std: "docker" "start" "-a" "31ba9ac3e13d4a21de21c5157e81ccc775ce3ebbc033b8fecab64873164bc010", kill_on_drop: false }`
[INFO] [stderr] warning: trait objects without an explicit `dyn` are deprecated
[INFO] [stderr]  --> src/image.rs:4:45
[INFO] [stderr]   |
[INFO] [stderr] 4 | pub fn image_to_file(image: &Image, w: &mut Write) {
[INFO] [stderr]   |                                             ^^^^^
[INFO] [stderr]   |
[INFO] [stderr]   = warning: this is accepted in the current edition (Rust 2018) but is a hard error in Rust 2021!
[INFO] [stderr]   = note: for more information, see <https://doc.rust-lang.org/nightly/edition-guide/rust-2021/warnings-promoted-to-error.html>
[INFO] [stderr]   = note: `#[warn(bare_trait_objects)]` on by default
[INFO] [stderr] help: use `dyn`
[INFO] [stderr]   |
[INFO] [stderr] 4 | pub fn image_to_file(image: &Image, w: &mut dyn Write) {
[INFO] [stderr]   |                                             +++
[INFO] [stderr] 
[INFO] [stderr] warning: `ray` (lib) generated 1 warning (run `cargo fix --lib -p ray` to apply 1 suggestion)
[INFO] [stderr] warning: trait objects without an explicit `dyn` are deprecated
[INFO] [stderr]   --> src/main.rs:18:23
[INFO] [stderr]    |
[INFO] [stderr] 18 |     let mut file: Box<Write> = match filename.as_ref() {
[INFO] [stderr]    |                       ^^^^^
[INFO] [stderr]    |
[INFO] [stderr]    = warning: this is accepted in the current edition (Rust 2018) but is a hard error in Rust 2021!
[INFO] [stderr]    = note: for more information, see <https://doc.rust-lang.org/nightly/edition-guide/rust-2021/warnings-promoted-to-error.html>
[INFO] [stderr]    = note: `#[warn(bare_trait_objects)]` on by default
[INFO] [stderr] help: use `dyn`
[INFO] [stderr]    |
[INFO] [stderr] 18 |     let mut file: Box<dyn Write> = match filename.as_ref() {
[INFO] [stderr]    |                       +++
[INFO] [stderr] 
[INFO] [stderr] warning: `ray` (bin "ray" test) generated 1 warning (run `cargo fix --bin "ray" --tests` to apply 1 suggestion)
[INFO] [stderr] warning: `ray` (lib test) generated 1 warning (1 duplicate)
[INFO] [stderr]     Finished test [unoptimized + debuginfo] target(s) in 0.00s
[INFO] [stderr]      Running unittests src/lib.rs (/opt/rustwide/target/debug/deps/ray-3a13df115969a556)
[INFO] [stdout] 
[INFO] [stdout] running 15 tests
[INFO] [stdout] test material::tests::test_color_scalar_multiplication ... ok
[INFO] [stdout] test image::tests::test_image_to_file ... ok
[INFO] [stdout] test material::tests::test_color_addition ... ok
[INFO] [stdout] test scene::tests::test_closest_intersection ... ok
[INFO] [stdout] test scene::tests::test_camera_screen_ray ... ok
[INFO] [stdout] test scene::tests::test_sphere_ray_intersection ... ok
[INFO] [stdout] test scene::tests::test_trace_ray ... ok
[INFO] [stdout] test scene::tests::test_unitvector_reflection ... ok
[INFO] [stdout] test scene::tests::test_vector_addition ... ok
[INFO] [stdout] test scene::tests::test_vector_cross_product ... ok
[INFO] [stdout] test scene::tests::test_vector_dot_product ... ok
[INFO] [stdout] test scene::tests::test_vector_normalization ... ok
[INFO] [stdout] test scene::tests::test_vector_scalar_division ... ok
[INFO] [stdout] test scene::tests::test_vector_scalar_multiplication ... ok
[INFO] [stdout] test scene::tests::test_vector_subtraction ... ok
[INFO] [stdout] 
[INFO] [stdout] test result: ok. 15 passed; 0 failed; 0 ignored; 0 measured; 0 filtered out; finished in 0.00s
[INFO] [stdout] 
[INFO] [stderr]      Running unittests src/main.rs (/opt/rustwide/target/debug/deps/ray-c782d77f1d412ccd)
[INFO] [stdout] 
[INFO] [stdout] running 0 tests
[INFO] [stdout] 
[INFO] [stdout] test result: ok. 0 passed; 0 failed; 0 ignored; 0 measured; 0 filtered out; finished in 0.00s
[INFO] [stdout] 
[INFO] [stderr]    Doc-tests ray
[INFO] [stdout] 
[INFO] [stdout] running 0 tests
[INFO] [stdout] 
[INFO] [stdout] test result: ok. 0 passed; 0 failed; 0 ignored; 0 measured; 0 filtered out; finished in 0.00s
[INFO] [stdout] 
[INFO] running `Command { std: "docker" "inspect" "31ba9ac3e13d4a21de21c5157e81ccc775ce3ebbc033b8fecab64873164bc010", kill_on_drop: false }`
[INFO] running `Command { std: "docker" "rm" "-f" "31ba9ac3e13d4a21de21c5157e81ccc775ce3ebbc033b8fecab64873164bc010", kill_on_drop: false }`
[INFO] [stdout] 31ba9ac3e13d4a21de21c5157e81ccc775ce3ebbc033b8fecab64873164bc010
