[INFO] cloning repository https://github.com/josuigoa/ideckia_client
[INFO] running `Command { std: "git" "-c" "credential.helper=" "-c" "credential.helper=/workspace/cargo-home/bin/git-credential-null" "clone" "--bare" "https://github.com/josuigoa/ideckia_client" "/workspace/cache/git-repos/https%3A%2F%2Fgithub.com%2Fjosuigoa%2Fideckia_client", kill_on_drop: false }`
[INFO] [stderr] Cloning into bare repository '/workspace/cache/git-repos/https%3A%2F%2Fgithub.com%2Fjosuigoa%2Fideckia_client'...
[INFO] running `Command { std: "git" "rev-parse" "HEAD", kill_on_drop: false }`
[INFO] [stdout] fadea2381aba766ca2c7c51aaba092bcaee1afe7
[INFO] testing josuigoa/ideckia_client against 1.75.0 for beta-1.76-1
[INFO] running `Command { std: "git" "clone" "/workspace/cache/git-repos/https%3A%2F%2Fgithub.com%2Fjosuigoa%2Fideckia_client" "/workspace/builds/worker-4-tc1/source", kill_on_drop: false }`
[INFO] [stderr] Cloning into '/workspace/builds/worker-4-tc1/source'...
[INFO] [stderr] done.
[INFO] validating manifest of git repo https://github.com/josuigoa/ideckia_client on toolchain 1.75.0
[INFO] running `Command { std: CARGO_HOME="/workspace/cargo-home" RUSTUP_HOME="/workspace/rustup-home" "/workspace/cargo-home/bin/cargo" "+1.75.0" "metadata" "--manifest-path" "Cargo.toml" "--no-deps", kill_on_drop: false }`
[INFO] started tweaking git repo https://github.com/josuigoa/ideckia_client
[INFO] finished tweaking git repo https://github.com/josuigoa/ideckia_client
[INFO] tweaked toml for git repo https://github.com/josuigoa/ideckia_client written to /workspace/builds/worker-4-tc1/source/Cargo.toml
[INFO] crate git repo https://github.com/josuigoa/ideckia_client already has a lockfile, it will not be regenerated
[INFO] running `Command { std: CARGO_HOME="/workspace/cargo-home" RUSTUP_HOME="/workspace/rustup-home" "/workspace/cargo-home/bin/cargo" "+1.75.0" "fetch" "--manifest-path" "Cargo.toml", kill_on_drop: false }`
[INFO] [stderr]     Blocking waiting for file lock on package cache
[ERROR] error running command: no output for 300 seconds
[ERROR] this task or one of its parent failed!
[ERROR] no output for 300 seconds
[ERROR] note: run with `RUST_BACKTRACE=1` to display a backtrace.
[INFO] testing josuigoa/ideckia_client against beta-2023-12-22 for beta-1.76-1
[INFO] running `Command { std: "git" "clone" "/workspace/cache/git-repos/https%3A%2F%2Fgithub.com%2Fjosuigoa%2Fideckia_client" "/workspace/builds/worker-4-tc2/source", kill_on_drop: false }`
[INFO] [stderr] Cloning into '/workspace/builds/worker-4-tc2/source'...
[INFO] [stderr] done.
[INFO] validating manifest of git repo https://github.com/josuigoa/ideckia_client on toolchain beta-2023-12-22
[INFO] running `Command { std: CARGO_HOME="/workspace/cargo-home" RUSTUP_HOME="/workspace/rustup-home" "/workspace/cargo-home/bin/cargo" "+beta-2023-12-22" "metadata" "--manifest-path" "Cargo.toml" "--no-deps", kill_on_drop: false }`
[INFO] started tweaking git repo https://github.com/josuigoa/ideckia_client
[INFO] finished tweaking git repo https://github.com/josuigoa/ideckia_client
[INFO] tweaked toml for git repo https://github.com/josuigoa/ideckia_client written to /workspace/builds/worker-4-tc2/source/Cargo.toml
[INFO] crate git repo https://github.com/josuigoa/ideckia_client already has a lockfile, it will not be regenerated
[INFO] running `Command { std: CARGO_HOME="/workspace/cargo-home" RUSTUP_HOME="/workspace/rustup-home" "/workspace/cargo-home/bin/cargo" "+beta-2023-12-22" "fetch" "--manifest-path" "Cargo.toml", kill_on_drop: false }`
[INFO] [stderr]     Blocking waiting for file lock on package cache
[INFO] [stderr]     Updating crates.io index
[INFO] [stderr]     Blocking waiting for file lock on package cache
[ERROR] error running command: no output for 300 seconds
[INFO] testing josuigoa/ideckia_client against beta-2023-12-22 for beta-1.76-1
[INFO] running `Command { std: "git" "clone" "/workspace/cache/git-repos/https%3A%2F%2Fgithub.com%2Fjosuigoa%2Fideckia_client" "/workspace/builds/worker-4-tc2/source", kill_on_drop: false }`
[INFO] [stderr] Cloning into '/workspace/builds/worker-4-tc2/source'...
[INFO] [stderr] done.
[INFO] validating manifest of git repo https://github.com/josuigoa/ideckia_client on toolchain beta-2023-12-22
[INFO] running `Command { std: CARGO_HOME="/workspace/cargo-home" RUSTUP_HOME="/workspace/rustup-home" "/workspace/cargo-home/bin/cargo" "+beta-2023-12-22" "metadata" "--manifest-path" "Cargo.toml" "--no-deps", kill_on_drop: false }`
[INFO] started tweaking git repo https://github.com/josuigoa/ideckia_client
[INFO] finished tweaking git repo https://github.com/josuigoa/ideckia_client
[INFO] tweaked toml for git repo https://github.com/josuigoa/ideckia_client written to /workspace/builds/worker-4-tc2/source/Cargo.toml
[INFO] crate git repo https://github.com/josuigoa/ideckia_client already has a lockfile, it will not be regenerated
[INFO] running `Command { std: CARGO_HOME="/workspace/cargo-home" RUSTUP_HOME="/workspace/rustup-home" "/workspace/cargo-home/bin/cargo" "+beta-2023-12-22" "fetch" "--manifest-path" "Cargo.toml", kill_on_drop: false }`
[INFO] [stderr]     Blocking waiting for file lock on package cache
[INFO] [stderr]     Blocking waiting for file lock on package cache
[INFO] [stderr]  Downloading crates ...
[INFO] [stderr]   Downloaded egui-winit v0.20.1
[INFO] [stderr]   Downloaded eframe v0.20.1
[INFO] [stderr]   Downloaded ab_glyph_rasterizer v0.1.6
[INFO] [stderr]   Downloaded hex_color v2.0.0
[INFO] [stderr]   Downloaded egui-wgpu v0.20.0
[INFO] [stderr]   Downloaded exr v1.5.1
[INFO] running `Command { std: "docker" "create" "-v" "/var/lib/crater-agent-workspace/builds/worker-4-tc2/target:/opt/rustwide/target:rw,Z" "-v" "/var/lib/crater-agent-workspace/builds/worker-4-tc2/source:/opt/rustwide/workdir:ro,Z" "-v" "/var/lib/crater-agent-workspace/cargo-home:/opt/rustwide/cargo-home:ro,Z" "-v" "/var/lib/crater-agent-workspace/rustup-home:/opt/rustwide/rustup-home:ro,Z" "-e" "SOURCE_DIR=/opt/rustwide/workdir" "-e" "CARGO_TARGET_DIR=/opt/rustwide/target" "-e" "CARGO_HOME=/opt/rustwide/cargo-home" "-e" "RUSTUP_HOME=/opt/rustwide/rustup-home" "-w" "/opt/rustwide/workdir" "-m" "1610612736" "--user" "0:0" "--network" "none" "ghcr.io/rust-lang/crates-build-env/linux@sha256:2788e3201cd34a07e3172128adcd8b3090168a8e3bcc40d7c032b9dda1df7d1c" "/opt/rustwide/cargo-home/bin/cargo" "+beta-2023-12-22" "metadata" "--no-deps" "--format-version=1", kill_on_drop: false }`
[INFO] [stdout] 9fc1a48e351f96533220cd6650fcf0714b143a3d1bd670bb58faf2e1b2b729f4
[INFO] running `Command { std: "docker" "start" "-a" "9fc1a48e351f96533220cd6650fcf0714b143a3d1bd670bb58faf2e1b2b729f4", kill_on_drop: false }`
[INFO] running `Command { std: "docker" "inspect" "9fc1a48e351f96533220cd6650fcf0714b143a3d1bd670bb58faf2e1b2b729f4", kill_on_drop: false }`
[INFO] running `Command { std: "docker" "rm" "-f" "9fc1a48e351f96533220cd6650fcf0714b143a3d1bd670bb58faf2e1b2b729f4", kill_on_drop: false }`
[INFO] [stdout] 9fc1a48e351f96533220cd6650fcf0714b143a3d1bd670bb58faf2e1b2b729f4
[INFO] running `Command { std: "docker" "create" "-v" "/var/lib/crater-agent-workspace/builds/worker-4-tc2/target:/opt/rustwide/target:rw,Z" "-v" "/var/lib/crater-agent-workspace/builds/worker-4-tc2/source:/opt/rustwide/workdir:ro,Z" "-v" "/var/lib/crater-agent-workspace/cargo-home:/opt/rustwide/cargo-home:ro,Z" "-v" "/var/lib/crater-agent-workspace/rustup-home:/opt/rustwide/rustup-home:ro,Z" "-e" "SOURCE_DIR=/opt/rustwide/workdir" "-e" "CARGO_TARGET_DIR=/opt/rustwide/target" "-e" "CARGO_INCREMENTAL=0" "-e" "RUST_BACKTRACE=full" "-e" "RUSTFLAGS=--cap-lints=warn" "-e" "RUSTDOCFLAGS=--cap-lints=warn" "-e" "CARGO_HOME=/opt/rustwide/cargo-home" "-e" "RUSTUP_HOME=/opt/rustwide/rustup-home" "-w" "/opt/rustwide/workdir" "-m" "1610612736" "--user" "0:0" "--network" "none" "ghcr.io/rust-lang/crates-build-env/linux@sha256:2788e3201cd34a07e3172128adcd8b3090168a8e3bcc40d7c032b9dda1df7d1c" "/opt/rustwide/cargo-home/bin/cargo" "+beta-2023-12-22" "build" "--frozen" "--message-format=json", kill_on_drop: false }`
[INFO] [stdout] 5a106ec9025ee5d05a470825e76c2d5e0d308db45b021081470abe13d242097e
[INFO] running `Command { std: "docker" "start" "-a" "5a106ec9025ee5d05a470825e76c2d5e0d308db45b021081470abe13d242097e", kill_on_drop: false }`
[INFO] [stderr]    Compiling libc v0.2.132
[INFO] [stderr]    Compiling proc-macro2 v1.0.43
[INFO] [stderr]    Compiling quote v1.0.21
[INFO] [stderr]    Compiling unicode-ident v1.0.4
[INFO] [stderr]    Compiling once_cell v1.14.0
[INFO] [stderr]    Compiling syn v1.0.99
[INFO] [stderr]    Compiling pkg-config v0.3.25
[INFO] [stderr]    Compiling memoffset v0.6.5
[INFO] [stderr]    Compiling smallvec v1.9.0
[INFO] [stderr]    Compiling log v0.4.17
[INFO] [stderr]    Compiling libloading v0.7.3
[INFO] [stderr]    Compiling lock_api v0.4.8
[INFO] [stderr]    Compiling cc v1.0.73
[INFO] [stderr]    Compiling thiserror v1.0.35
[INFO] [stderr]    Compiling xml-rs v0.8.4
[INFO] [stderr]    Compiling wayland-sys v0.29.5
[INFO] [stderr]    Compiling parking_lot_core v0.9.3
[INFO] [stderr]    Compiling cmake v0.1.48
[INFO] [stderr]    Compiling dlib v0.5.0
[INFO] [stderr]    Compiling num-traits v0.2.15
[INFO] [stderr]    Compiling adler v1.0.2
[INFO] [stderr]    Compiling crc32fast v1.3.2
[INFO] [stderr]    Compiling memchr v2.5.0
[INFO] [stderr]    Compiling wayland-scanner v0.29.5
[INFO] [stderr]    Compiling freetype-sys v0.13.1
[INFO] [stderr]    Compiling expat-sys v2.1.6
[INFO] [stderr]    Compiling miniz_oxide v0.5.4
[INFO] [stderr]    Compiling ahash v0.7.6
[INFO] [stderr]    Compiling nix v0.24.2
[INFO] [stderr]    Compiling getrandom v0.2.7
[INFO] [stderr]    Compiling slotmap v1.0.6
[INFO] [stderr]    Compiling parking_lot v0.12.1
[INFO] [stderr]    Compiling crossbeam-utils v0.8.11
[INFO] [stderr]    Compiling minimal-lexical v0.2.1
[INFO] [stderr]    Compiling scoped-tls v1.0.0
[INFO] [stderr]    Compiling downcast-rs v1.2.0
[INFO] [stderr]    Compiling flate2 v1.0.24
[INFO] [stderr]    Compiling wayland-client v0.29.5
[INFO] [stderr]    Compiling wayland-protocols v0.29.5
[INFO] [stderr]    Compiling nom v7.1.1
[INFO] [stderr]    Compiling servo-fontconfig-sys v5.1.0
[INFO] [stderr]    Compiling cty v0.2.2
[INFO] [stderr]    Compiling hashbrown v0.12.3
[INFO] [stderr]    Compiling smithay-client-toolkit v0.16.0
[INFO] [stderr]    Compiling crossbeam-epoch v0.9.10
[INFO] [stderr]    Compiling indexmap v1.9.2
[INFO] [stderr]    Compiling percent-encoding v2.2.0
[INFO] [stderr]    Compiling vec_map v0.8.2
[INFO] [stderr]    Compiling tinyvec v1.6.0
[INFO] [stderr]    Compiling png v0.17.6
[INFO] [stderr]    Compiling raw-window-handle v0.5.0
[INFO] [stderr]    Compiling num_cpus v1.13.1
[INFO] [stderr]    Compiling memmap2 v0.5.7
[INFO] [stderr]    Compiling crossfont v0.5.0
[INFO] [stderr]    Compiling tracing-core v0.1.29
[INFO] [stderr]    Compiling xcursor v0.3.4
[INFO] [stderr]    Compiling ahash v0.8.2
[INFO] [stderr]    Compiling unicode-width v0.1.10
[INFO] [stderr]    Compiling foreign-types-shared v0.3.1
[INFO] [stderr]    Compiling termcolor v1.1.3
[INFO] [stderr]    Compiling rayon-core v1.9.3
[INFO] [stderr]    Compiling rustc-hash v1.1.0
[INFO] [stderr]    Compiling ttf-parser v0.15.2
[INFO] [stderr]    Compiling bit-vec v0.6.3
[INFO] [stderr]    Compiling wayland-commons v0.29.5
[INFO] [stderr]    Compiling khronos-egl v4.1.0
[INFO] [stderr]    Compiling typenum v1.15.0
[INFO] [stderr]    Compiling arrayref v0.3.6
[INFO] [stderr]    Compiling ash v0.37.1+1.3.235
[INFO] [stderr]    Compiling bit-set v0.5.3
[INFO] [stderr]    Compiling codespan-reporting v0.11.1
[INFO] [stderr]    Compiling unicode-normalization v0.1.21
[INFO] [stderr]    Compiling servo-fontconfig v0.5.1
[INFO] [stderr]    Compiling freetype-rs v0.26.0
[INFO] [stderr]    Compiling spirv v0.2.0+1.5.4
[INFO] [stderr]    Compiling x11-dl v2.20.0
[INFO] [stderr]    Compiling bytemuck_derive v1.2.1
[INFO] [stderr]    Compiling thiserror-impl v1.0.35
[INFO] [stderr]    Compiling foreign-types-macros v0.2.2
[INFO] [stderr]    Compiling wayland-cursor v0.29.5
[INFO] [stderr]    Compiling owned_ttf_parser v0.15.2
[INFO] [stderr]    Compiling gpu-alloc-types v0.2.0
[INFO] [stderr]    Compiling gpu-descriptor-types v0.1.1
[INFO] [stderr]    Compiling unicode-xid v0.2.4
[INFO] [stderr]    Compiling getrandom v0.1.16
[INFO] [stderr]    Compiling arrayvec v0.5.2
[INFO] [stderr]    Compiling foreign-types v0.5.0
[INFO] [stderr]    Compiling ab_glyph_rasterizer v0.1.6
[INFO] [stderr]    Compiling hexf-parse v0.2.1
[INFO] [stderr]    Compiling cfg_aliases v0.1.1
[INFO] [stderr]    Compiling unicode-bidi v0.3.8
[INFO] [stderr]    Compiling ab_glyph v0.2.17
[INFO] [stderr]    Compiling bytemuck v1.12.1
[INFO] [stderr]    Compiling idna v0.3.0
[INFO] [stderr]    Compiling safe_arch v0.5.2
[INFO] [stderr]    Compiling tiny-skia-path v0.7.0
[INFO] [stderr]    Compiling emath v0.20.0
[INFO] [stderr]    Compiling calloop v0.10.1
[INFO] [stderr]    Compiling tiny-skia v0.7.0
[INFO] [stderr]    Compiling naga v0.10.0
[INFO] [stderr]    Compiling ecolor v0.20.0
[INFO] [stderr]    Compiling wgpu-core v0.14.2
[INFO] [stderr]    Compiling gpu-descriptor v0.2.3
[INFO] [stderr]    Compiling gpu-alloc v0.5.3
[INFO] [stderr]    Compiling crossbeam-deque v0.8.2
[INFO] [stderr]    Compiling form_urlencoded v1.1.0
[INFO] [stderr]    Compiling crossbeam-channel v0.5.6
[INFO] [stderr]    Compiling fxhash v0.2.1
[INFO] [stderr]    Compiling wgpu-types v0.14.1
[INFO] [stderr]    Compiling rayon v1.5.3
[INFO] [stderr]    Compiling slab v0.4.7
[INFO] [stderr]    Compiling renderdoc-sys v0.7.1
[INFO] [stderr]    Compiling nohash-hasher v0.2.0
[INFO] [stderr]    Compiling profiling v1.0.7
[INFO] [stderr]    Compiling glow v0.11.2
[INFO] [stderr]    Compiling arrayvec v0.7.2
[INFO] [stderr]    Compiling pin-project-lite v0.2.9
[INFO] [stderr]    Compiling futures-core v0.3.24
[INFO] [stderr]    Compiling tracing v0.1.36
[INFO] [stderr]    Compiling epaint v0.20.0
[INFO] [stderr]    Compiling generic-array v0.12.4
[INFO] [stderr]    Compiling url v2.3.1
[INFO] [stderr]    Compiling pin-project-internal v1.0.12
[INFO] [stderr]    Compiling x11rb-protocol v0.10.0
[INFO] [stderr]    Compiling raw-window-handle v0.4.3
[INFO] [stderr]    Compiling iovec v0.1.4
[INFO] [stderr]    Compiling gethostname v0.2.3
[INFO] [stderr]    Compiling mio v0.8.4
[INFO] [stderr]    Compiling num-integer v0.1.45
[INFO] [stderr]    Compiling instant v0.1.12
[INFO] [stderr]    Compiling byte-tools v0.3.1
[INFO] [stderr]    Compiling either v1.8.0
[INFO] [stderr]    Compiling block-padding v0.1.5
[INFO] [stderr]    Compiling pin-project v1.0.12
[INFO] [stderr]    Compiling net2 v0.2.37
[INFO] [stderr]    Compiling rand_core v0.5.1
[INFO] [stderr]    Compiling egui v0.20.1
[INFO] [stderr]    Compiling nanorand v0.7.0
[INFO] [stderr]    Compiling spin v0.9.4
[INFO] [stderr]    Compiling num-rational v0.4.1
[INFO] [stderr]    Compiling ppv-lite86 v0.2.16
[INFO] [stderr]    Compiling static_assertions v1.1.0
[INFO] [stderr]    Compiling weezl v0.1.7
[INFO] [stderr]    Compiling futures-sink v0.3.24
[INFO] [stderr]    Compiling serde v1.0.144
[INFO] [stderr]    Compiling flume v0.10.14
[INFO] [stderr]    Compiling rand_chacha v0.2.2
[INFO] [stderr]    Compiling jpeg-decoder v0.2.6
[INFO] [stderr]    Compiling mio v0.6.23
[INFO] [stderr]    Compiling block-buffer v0.7.3
[INFO] [stderr]    Compiling webbrowser v0.8.2
[INFO] [stderr]    Compiling digest v0.8.1
[INFO] [stderr]    Compiling type-map v0.5.0
[INFO] [stderr]    Compiling threadpool v1.8.1
[INFO] [stderr]    Compiling color_quant v1.1.0
[INFO] [stderr]    Compiling pollster v0.2.5
[INFO] [stderr]    Compiling fake-simd v0.1.2
[INFO] [stderr]    Compiling half v1.8.2
[INFO] [stderr]    Compiling serde_json v1.0.85
[INFO] [stderr]    Compiling bit_field v0.10.1
[INFO] [stderr]    Compiling lazycell v1.3.0
[INFO] [stderr]    Compiling opaque-debug v0.2.3
[INFO] [stderr]    Compiling lebe v0.5.2
[INFO] [stderr]    Compiling sha-1 v0.8.2
[INFO] [stderr]    Compiling mio-extras v2.0.6
[INFO] [stderr]    Compiling gif v0.11.4
[INFO] [stderr]    Compiling x11rb v0.10.1
[INFO] [stderr]    Compiling exr v1.5.1
[INFO] [stderr]    Compiling tiff v0.7.3
[INFO] [stderr]    Compiling arboard v3.2.0
[INFO] [stderr]    Compiling rand v0.7.3
[INFO] [stderr]    Compiling wgpu-hal v0.14.1
[INFO] [stderr] error: could not compile `x11rb-protocol` (lib)
[INFO] [stderr] 
[INFO] [stderr] Caused by:
[INFO] [stderr]   process didn't exit successfully: `/opt/rustwide/rustup-home/toolchains/beta-2023-12-22-x86_64-unknown-linux-gnu/bin/rustc --crate-name x11rb_protocol --edition=2018 /opt/rustwide/cargo-home/registry/src/index.crates.io-6f17d22bba15001f/x11rb-protocol-0.10.0/src/lib.rs --error-format=json --json=diagnostic-rendered-ansi,artifacts,future-incompat --crate-type lib --emit=dep-info,metadata,link -C embed-bitcode=no -C debuginfo=2 --cfg 'feature="default"' --cfg 'feature="nix"' --cfg 'feature="std"' -C metadata=252e44163faf8ccf -C extra-filename=-252e44163faf8ccf --out-dir /opt/rustwide/target/debug/deps -L dependency=/opt/rustwide/target/debug/deps --extern nix=/opt/rustwide/target/debug/deps/libnix-a93f95a0e74c4ba7.rmeta --cap-lints allow --cap-lints=warn` (signal: 9, SIGKILL: kill)
[INFO] [stderr] warning: build failed, waiting for other jobs to finish...
[INFO] [stderr] error: could not compile `ash` (lib)
[INFO] [stderr] 
[INFO] [stderr] Caused by:
[INFO] [stderr]   process didn't exit successfully: `/opt/rustwide/rustup-home/toolchains/beta-2023-12-22-x86_64-unknown-linux-gnu/bin/rustc --crate-name ash --edition=2018 /opt/rustwide/cargo-home/registry/src/index.crates.io-6f17d22bba15001f/ash-0.37.1+1.3.235/src/lib.rs --error-format=json --json=diagnostic-rendered-ansi,artifacts,future-incompat --crate-type lib --emit=dep-info,metadata,link -C embed-bitcode=no -C debuginfo=2 --cfg 'feature="debug"' --cfg 'feature="default"' --cfg 'feature="libloading"' --cfg 'feature="loaded"' -C metadata=39c717e53b256e4c -C extra-filename=-39c717e53b256e4c --out-dir /opt/rustwide/target/debug/deps -L dependency=/opt/rustwide/target/debug/deps --extern libloading=/opt/rustwide/target/debug/deps/liblibloading-75302bed7e551ca5.rmeta --cap-lints allow --cap-lints=warn` (signal: 9, SIGKILL: kill)
[INFO] running `Command { std: "docker" "inspect" "5a106ec9025ee5d05a470825e76c2d5e0d308db45b021081470abe13d242097e", kill_on_drop: false }`
[INFO] running `Command { std: "docker" "rm" "-f" "5a106ec9025ee5d05a470825e76c2d5e0d308db45b021081470abe13d242097e", kill_on_drop: false }`
[INFO] [stdout] 5a106ec9025ee5d05a470825e76c2d5e0d308db45b021081470abe13d242097e
