[INFO] cloning repository https://github.com/insertish/project-hyperspeed
[INFO] running `Command { std: "git" "-c" "credential.helper=" "-c" "credential.helper=/workspace/cargo-home/bin/git-credential-null" "clone" "--bare" "https://github.com/insertish/project-hyperspeed" "/workspace/cache/git-repos/https%3A%2F%2Fgithub.com%2Finsertish%2Fproject-hyperspeed", kill_on_drop: false }`
[INFO] [stderr] Cloning into bare repository '/workspace/cache/git-repos/https%3A%2F%2Fgithub.com%2Finsertish%2Fproject-hyperspeed'...
[INFO] running `Command { std: "git" "rev-parse" "HEAD", kill_on_drop: false }`
[INFO] [stdout] df2b113701939f47046f533ceaf4a57fb68d7b7d
[INFO] testing insertish/project-hyperspeed against 1.75.0 for beta-1.76-1
[INFO] running `Command { std: "git" "clone" "/workspace/cache/git-repos/https%3A%2F%2Fgithub.com%2Finsertish%2Fproject-hyperspeed" "/workspace/builds/worker-1-tc1/source", kill_on_drop: false }`
[INFO] [stderr] Cloning into '/workspace/builds/worker-1-tc1/source'...
[INFO] [stderr] done.
[INFO] validating manifest of git repo https://github.com/insertish/project-hyperspeed on toolchain 1.75.0
[INFO] running `Command { std: CARGO_HOME="/workspace/cargo-home" RUSTUP_HOME="/workspace/rustup-home" "/workspace/cargo-home/bin/cargo" "+1.75.0" "metadata" "--manifest-path" "Cargo.toml" "--no-deps", kill_on_drop: false }`
[INFO] started tweaking git repo https://github.com/insertish/project-hyperspeed
[INFO] finished tweaking git repo https://github.com/insertish/project-hyperspeed
[INFO] tweaked toml for git repo https://github.com/insertish/project-hyperspeed written to /workspace/builds/worker-1-tc1/source/Cargo.toml
[INFO] crate git repo https://github.com/insertish/project-hyperspeed already has a lockfile, it will not be regenerated
[INFO] running `Command { std: CARGO_HOME="/workspace/cargo-home" RUSTUP_HOME="/workspace/rustup-home" "/workspace/cargo-home/bin/cargo" "+1.75.0" "fetch" "--manifest-path" "Cargo.toml", kill_on_drop: false }`
[INFO] [stderr]     Blocking waiting for file lock on package cache
[ERROR] error running command: no output for 300 seconds
[ERROR] this task or one of its parent failed!
[ERROR] no output for 300 seconds
[ERROR] note: run with `RUST_BACKTRACE=1` to display a backtrace.
[INFO] testing insertish/project-hyperspeed against beta-2023-12-22 for beta-1.76-1
[INFO] running `Command { std: "git" "clone" "/workspace/cache/git-repos/https%3A%2F%2Fgithub.com%2Finsertish%2Fproject-hyperspeed" "/workspace/builds/worker-1-tc2/source", kill_on_drop: false }`
[INFO] [stderr] Cloning into '/workspace/builds/worker-1-tc2/source'...
[INFO] [stderr] done.
[INFO] validating manifest of git repo https://github.com/insertish/project-hyperspeed on toolchain beta-2023-12-22
[INFO] running `Command { std: CARGO_HOME="/workspace/cargo-home" RUSTUP_HOME="/workspace/rustup-home" "/workspace/cargo-home/bin/cargo" "+beta-2023-12-22" "metadata" "--manifest-path" "Cargo.toml" "--no-deps", kill_on_drop: false }`
[INFO] started tweaking git repo https://github.com/insertish/project-hyperspeed
[INFO] finished tweaking git repo https://github.com/insertish/project-hyperspeed
[INFO] tweaked toml for git repo https://github.com/insertish/project-hyperspeed written to /workspace/builds/worker-1-tc2/source/Cargo.toml
[INFO] crate git repo https://github.com/insertish/project-hyperspeed already has a lockfile, it will not be regenerated
[INFO] running `Command { std: CARGO_HOME="/workspace/cargo-home" RUSTUP_HOME="/workspace/rustup-home" "/workspace/cargo-home/bin/cargo" "+beta-2023-12-22" "fetch" "--manifest-path" "Cargo.toml", kill_on_drop: false }`
[INFO] [stderr]     Blocking waiting for file lock on package cache
[INFO] [stderr]     Updating crates.io index
[INFO] [stderr]     Blocking waiting for file lock on package cache
[ERROR] error running command: no output for 300 seconds
[INFO] testing insertish/project-hyperspeed against beta-2023-12-22 for beta-1.76-1
[INFO] running `Command { std: "git" "clone" "/workspace/cache/git-repos/https%3A%2F%2Fgithub.com%2Finsertish%2Fproject-hyperspeed" "/workspace/builds/worker-1-tc2/source", kill_on_drop: false }`
[INFO] [stderr] Cloning into '/workspace/builds/worker-1-tc2/source'...
[INFO] [stderr] done.
[INFO] validating manifest of git repo https://github.com/insertish/project-hyperspeed on toolchain beta-2023-12-22
[INFO] running `Command { std: CARGO_HOME="/workspace/cargo-home" RUSTUP_HOME="/workspace/rustup-home" "/workspace/cargo-home/bin/cargo" "+beta-2023-12-22" "metadata" "--manifest-path" "Cargo.toml" "--no-deps", kill_on_drop: false }`
[INFO] started tweaking git repo https://github.com/insertish/project-hyperspeed
[INFO] finished tweaking git repo https://github.com/insertish/project-hyperspeed
[INFO] tweaked toml for git repo https://github.com/insertish/project-hyperspeed written to /workspace/builds/worker-1-tc2/source/Cargo.toml
[INFO] crate git repo https://github.com/insertish/project-hyperspeed already has a lockfile, it will not be regenerated
[INFO] running `Command { std: CARGO_HOME="/workspace/cargo-home" RUSTUP_HOME="/workspace/rustup-home" "/workspace/cargo-home/bin/cargo" "+beta-2023-12-22" "fetch" "--manifest-path" "Cargo.toml", kill_on_drop: false }`
[INFO] [stderr]     Blocking waiting for file lock on package cache
[INFO] [stderr]     Blocking waiting for file lock on package cache
[INFO] [stderr]  Downloading crates ...
[INFO] [stderr]   Downloaded atomic-take v1.0.0
[INFO] [stderr]   Downloaded bitpattern v0.1.0
[INFO] [stderr]   Downloaded event-listener-primitives v2.0.1
[INFO] [stderr]   Downloaded libc v0.2.115
[INFO] [stderr]   Downloaded mediasoup-sys v0.3.2
[INFO] [stderr]   Downloaded h264-profile-level-id v0.1.1
[INFO] [stderr]   Downloaded ftl-protocol v0.0.6
[INFO] [stderr]   Downloaded mediasoup v0.9.2
[INFO] running `Command { std: "docker" "create" "-v" "/var/lib/crater-agent-workspace/builds/worker-1-tc2/target:/opt/rustwide/target:rw,Z" "-v" "/var/lib/crater-agent-workspace/builds/worker-1-tc2/source:/opt/rustwide/workdir:ro,Z" "-v" "/var/lib/crater-agent-workspace/cargo-home:/opt/rustwide/cargo-home:ro,Z" "-v" "/var/lib/crater-agent-workspace/rustup-home:/opt/rustwide/rustup-home:ro,Z" "-e" "SOURCE_DIR=/opt/rustwide/workdir" "-e" "CARGO_TARGET_DIR=/opt/rustwide/target" "-e" "CARGO_HOME=/opt/rustwide/cargo-home" "-e" "RUSTUP_HOME=/opt/rustwide/rustup-home" "-w" "/opt/rustwide/workdir" "-m" "1610612736" "--user" "0:0" "--network" "none" "ghcr.io/rust-lang/crates-build-env/linux@sha256:2788e3201cd34a07e3172128adcd8b3090168a8e3bcc40d7c032b9dda1df7d1c" "/opt/rustwide/cargo-home/bin/cargo" "+beta-2023-12-22" "metadata" "--no-deps" "--format-version=1", kill_on_drop: false }`
[INFO] [stdout] fd0858b0ff74bc3672bec1e0f68b044d69a35728cea50468feb871ccfbe9a571
[INFO] running `Command { std: "docker" "start" "-a" "fd0858b0ff74bc3672bec1e0f68b044d69a35728cea50468feb871ccfbe9a571", kill_on_drop: false }`
[INFO] running `Command { std: "docker" "inspect" "fd0858b0ff74bc3672bec1e0f68b044d69a35728cea50468feb871ccfbe9a571", kill_on_drop: false }`
[INFO] running `Command { std: "docker" "rm" "-f" "fd0858b0ff74bc3672bec1e0f68b044d69a35728cea50468feb871ccfbe9a571", kill_on_drop: false }`
[INFO] [stdout] fd0858b0ff74bc3672bec1e0f68b044d69a35728cea50468feb871ccfbe9a571
[INFO] running `Command { std: "docker" "create" "-v" "/var/lib/crater-agent-workspace/builds/worker-1-tc2/target:/opt/rustwide/target:rw,Z" "-v" "/var/lib/crater-agent-workspace/builds/worker-1-tc2/source:/opt/rustwide/workdir:ro,Z" "-v" "/var/lib/crater-agent-workspace/cargo-home:/opt/rustwide/cargo-home:ro,Z" "-v" "/var/lib/crater-agent-workspace/rustup-home:/opt/rustwide/rustup-home:ro,Z" "-e" "SOURCE_DIR=/opt/rustwide/workdir" "-e" "CARGO_TARGET_DIR=/opt/rustwide/target" "-e" "CARGO_INCREMENTAL=0" "-e" "RUST_BACKTRACE=full" "-e" "RUSTFLAGS=--cap-lints=warn" "-e" "RUSTDOCFLAGS=--cap-lints=warn" "-e" "CARGO_HOME=/opt/rustwide/cargo-home" "-e" "RUSTUP_HOME=/opt/rustwide/rustup-home" "-w" "/opt/rustwide/workdir" "-m" "1610612736" "--user" "0:0" "--network" "none" "ghcr.io/rust-lang/crates-build-env/linux@sha256:2788e3201cd34a07e3172128adcd8b3090168a8e3bcc40d7c032b9dda1df7d1c" "/opt/rustwide/cargo-home/bin/cargo" "+beta-2023-12-22" "build" "--frozen" "--message-format=json", kill_on_drop: false }`
[INFO] [stdout] 57ddd4772c48f748ba140deec297f60616ac431400a9214edb240af05f504b68
[INFO] running `Command { std: "docker" "start" "-a" "57ddd4772c48f748ba140deec297f60616ac431400a9214edb240af05f504b68", kill_on_drop: false }`
[INFO] [stderr]    Compiling proc-macro2 v1.0.36
[INFO] [stderr]    Compiling unicode-xid v0.2.2
[INFO] [stderr]    Compiling syn v1.0.86
[INFO] [stderr]    Compiling libc v0.2.115
[INFO] [stderr]    Compiling cfg-if v1.0.0
[INFO] [stderr]    Compiling version_check v0.9.4
[INFO] [stderr]    Compiling memchr v2.4.1
[INFO] [stderr]    Compiling log v0.4.14
[INFO] [stderr]    Compiling pin-project-lite v0.2.8
[INFO] [stderr]    Compiling futures-core v0.3.19
[INFO] [stderr]    Compiling once_cell v1.9.0
[INFO] [stderr]    Compiling futures-io v0.3.19
[INFO] [stderr]    Compiling value-bag v1.0.0-alpha.8
[INFO] [stderr]    Compiling serde_derive v1.0.136
[INFO] [stderr]    Compiling serde v1.0.136
[INFO] [stderr]    Compiling cache-padded v1.2.0
[INFO] [stderr]    Compiling slab v0.4.5
[INFO] [stderr]    Compiling concurrent-queue v1.2.2
[INFO] [stderr]    Compiling parking v2.0.0
[INFO] [stderr]    Compiling waker-fn v1.1.0
[INFO] [stderr]    Compiling event-listener v2.5.2
[INFO] [stderr]    Compiling fastrand v1.7.0
[INFO] [stderr]    Compiling ppv-lite86 v0.2.16
[INFO] [stderr]    Compiling typenum v1.15.0
[INFO] [stderr]    Compiling parking_lot_core v0.8.5
[INFO] [stderr]    Compiling cc v1.0.72
[INFO] [stderr]    Compiling quote v1.0.15
[INFO] [stderr]    Compiling futures-lite v1.12.0
[INFO] [stderr]    Compiling generic-array v0.14.5
[INFO] [stderr]    Compiling instant v0.1.12
[INFO] [stderr]    Compiling async-task v4.1.0
[INFO] [stderr]    Compiling scopeguard v1.1.0
[INFO] [stderr]    Compiling proc-macro-hack v0.5.19
[INFO] [stderr]    Compiling smallvec v1.8.0
[INFO] [stderr]    Compiling async-channel v1.6.1
[INFO] [stderr]    Compiling bytes v1.1.0
[INFO] [stderr]    Compiling futures-channel v0.3.19
[INFO] [stderr]    Compiling signal-hook v0.3.13
[INFO] [stderr]    Compiling getrandom v0.2.4
[INFO] [stderr]    Compiling signal-hook-registry v1.4.0
[INFO] [stderr]    Compiling rand_core v0.6.3
[INFO] [stderr]    Compiling num_cpus v1.13.1
[INFO] [stderr]    Compiling socket2 v0.4.4
[INFO] [stderr]    Compiling autocfg v1.0.1
[INFO] [stderr]    Compiling rand_chacha v0.3.1
[INFO] [stderr]    Compiling tinyvec_macros v0.1.0
[INFO] [stderr]    Compiling pin-utils v0.1.0
[INFO] [stderr]    Compiling lazy_static v1.4.0
[INFO] [stderr]    Compiling futures-task v0.3.19
[INFO] [stderr]    Compiling async-trait v0.1.52
[INFO] [stderr]    Compiling rand v0.8.4
[INFO] [stderr]    Compiling memoffset v0.6.5
[INFO] [stderr]    Compiling tinyvec v1.5.1
[INFO] [stderr]    Compiling async-executor v1.4.1
[INFO] [stderr]    Compiling futures-util v0.3.19
[INFO] [stderr]    Compiling crossbeam-utils v0.8.6
[INFO] [stderr]    Compiling matches v0.1.9
[INFO] [stderr]    Compiling atomic-waker v1.0.0
[INFO] [stderr]    Compiling itoa v1.0.1
[INFO] [stderr]    Compiling futures-sink v0.3.19
[INFO] [stderr]    Compiling blocking v1.1.0
[INFO] [stderr]    Compiling aho-corasick v0.7.18
[INFO] [stderr]    Compiling async-lock v2.4.0
[INFO] [stderr]    Compiling async-mutex v1.4.0
[INFO] [stderr]    Compiling unicode-normalization v0.1.19
[INFO] [stderr]    Compiling httparse v1.5.1
[INFO] [stderr]    Compiling regex-syntax v0.6.25
[INFO] [stderr]    Compiling unicode-bidi v0.3.7
[INFO] [stderr]    Compiling percent-encoding v2.1.0
[INFO] [stderr]    Compiling form_urlencoded v1.0.1
[INFO] [stderr]    Compiling paste-impl v0.1.18
[INFO] [stderr]    Compiling block-buffer v0.9.0
[INFO] [stderr]    Compiling digest v0.9.0
[INFO] [stderr]    Compiling ring v0.16.20
[INFO] [stderr]    Compiling webrtc-util v0.5.3
[INFO] [stderr]    Compiling idna v0.2.3
[INFO] [stderr]    Compiling opaque-debug v0.3.0
[INFO] [stderr]    Compiling fnv v1.0.7
[INFO] [stderr]    Compiling cpufeatures v0.2.1
[INFO] [stderr]    Compiling mediasoup-sys v0.3.2
[INFO] [stderr]    Compiling bitflags v1.3.2
[INFO] [stderr]    Compiling serde_json v1.0.78
[INFO] [stderr]    Compiling paste v0.1.18
[INFO] [stderr]    Compiling bitpattern v0.1.0
[INFO] [stderr]    Compiling nix v0.23.1
[INFO] [stderr]    Compiling url v2.2.2
[INFO] [stderr] error: failed to run custom build command for `mediasoup-sys v0.3.2`
[INFO] [stderr] note: To improve backtraces for build dependencies, set the CARGO_PROFILE_DEV_BUILD_OVERRIDE_DEBUG=true environment variable to enable debug information generation.
[INFO] [stderr] 
[INFO] [stderr] Caused by:
[INFO] [stderr]   process didn't exit successfully: `/opt/rustwide/target/debug/build/mediasoup-sys-4420e495c043e16b/build-script-build` (exit status: 101)
[INFO] [stderr]   --- stdout
[INFO] [stderr]   cargo:rustc-link-search=native=/usr/lib/gcc/x86_64-linux-gnu/11/
[INFO] [stderr]   cargo:rustc-link-lib=static=stdc++
[INFO] [stderr]   # Updated pip and setuptools are needed for meson
[INFO] [stderr]   # `--system` is not present everywhere and is only needed as workaround for
[INFO] [stderr]   # Debian-specific issue (copied from
[INFO] [stderr]   # https://github.com/gluster/gstatus/pull/33), fallback to command without
[INFO] [stderr]   # `--system` if the first one fails.
[INFO] [stderr]   /usr/bin/python3 -m pip install --system --target=/opt/rustwide/target/debug/build/mediasoup-sys-74a37c5b7c057e72/out/out/pip pip setuptools || \
[INFO] [stderr]   	/usr/bin/python3 -m pip install --target=/opt/rustwide/target/debug/build/mediasoup-sys-74a37c5b7c057e72/out/out/pip pip setuptools || \
[INFO] [stderr]   	echo "Installation failed, likely because PIP is unavailable, if you are on Debian/Ubuntu or derivative please install the python3-pip package"
[INFO] [stderr]   Installation failed, likely because PIP is unavailable, if you are on Debian/Ubuntu or derivative please install the python3-pip package
[INFO] [stderr]   # Install `meson` and `ninja` using `pip` into custom location, so we don't
[INFO] [stderr]   # depend on system-wide installation.
[INFO] [stderr]   /usr/bin/python3 -m pip install --upgrade --target=/opt/rustwide/target/debug/build/mediasoup-sys-74a37c5b7c057e72/out/out/pip  meson ninja
[INFO] [stderr] 
[INFO] [stderr]   --- stderr
[INFO] [stderr]   /usr/bin/python3: No module named pip
[INFO] [stderr]   /usr/bin/python3: No module named pip
[INFO] [stderr]   /usr/bin/python3: No module named pip
[INFO] [stderr]   make: *** [Makefile:65: meson-ninja] Error 1
[INFO] [stderr]   thread 'main' panicked at /opt/rustwide/cargo-home/registry/src/index.crates.io-6f17d22bba15001f/mediasoup-sys-0.3.2/build.rs:96:9:
[INFO] [stderr]   Failed to build libmediasoup-worker
[INFO] [stderr]   stack backtrace:
[INFO] [stderr]      0:     0x560e6ff10cb6 - std::backtrace_rs::backtrace::libunwind::trace::h261606ad26a499c1
[INFO] [stderr]                                  at /rustc/0e09125c6c3c2fd70d7de961bcf0e51575235fad/library/std/src/../../backtrace/src/backtrace/libunwind.rs:104:5
[INFO] [stderr]      1:     0x560e6ff10cb6 - std::backtrace_rs::backtrace::trace_unsynchronized::hd183f0625477fb28
[INFO] [stderr]                                  at /rustc/0e09125c6c3c2fd70d7de961bcf0e51575235fad/library/std/src/../../backtrace/src/backtrace/mod.rs:66:5
[INFO] [stderr]      2:     0x560e6ff10cb6 - std::sys_common::backtrace::_print_fmt::hd7f8fef21b4eda67
[INFO] [stderr]                                  at /rustc/0e09125c6c3c2fd70d7de961bcf0e51575235fad/library/std/src/sys_common/backtrace.rs:68:5
[INFO] [stderr]      3:     0x560e6ff10cb6 - <std::sys_common::backtrace::_print::DisplayBacktrace as core::fmt::Display>::fmt::h623d9b51f2f453f1
[INFO] [stderr]                                  at /rustc/0e09125c6c3c2fd70d7de961bcf0e51575235fad/library/std/src/sys_common/backtrace.rs:44:22
[INFO] [stderr]      4:     0x560e6ff336c0 - core::fmt::rt::Argument::fmt::h9f417ac76a86f368
[INFO] [stderr]                                  at /rustc/0e09125c6c3c2fd70d7de961bcf0e51575235fad/library/core/src/fmt/rt.rs:142:9
[INFO] [stderr]      5:     0x560e6ff336c0 - core::fmt::write::hc9b6faf4ac2aeff7
[INFO] [stderr]                                  at /rustc/0e09125c6c3c2fd70d7de961bcf0e51575235fad/library/core/src/fmt/mod.rs:1120:17
[INFO] [stderr]      6:     0x560e6ff0ec7f - std::io::Write::write_fmt::hfead1eee52c2e65e
[INFO] [stderr]                                  at /rustc/0e09125c6c3c2fd70d7de961bcf0e51575235fad/library/std/src/io/mod.rs:1810:15
[INFO] [stderr]      7:     0x560e6ff10a94 - std::sys_common::backtrace::_print::hd5d66399c7df88a2
[INFO] [stderr]                                  at /rustc/0e09125c6c3c2fd70d7de961bcf0e51575235fad/library/std/src/sys_common/backtrace.rs:47:5
[INFO] [stderr]      8:     0x560e6ff10a94 - std::sys_common::backtrace::print::he81ed2da642d37e5
[INFO] [stderr]                                  at /rustc/0e09125c6c3c2fd70d7de961bcf0e51575235fad/library/std/src/sys_common/backtrace.rs:34:9
[INFO] [stderr]      9:     0x560e6ff12187 - std::panicking::default_hook::{{closure}}::h85773f4fa117163d
[INFO] [stderr]     10:     0x560e6ff11ee9 - std::panicking::default_hook::h6a1694a91d09b278
[INFO] [stderr]                                  at /rustc/0e09125c6c3c2fd70d7de961bcf0e51575235fad/library/std/src/panicking.rs:292:9
[INFO] [stderr]     11:     0x560e6ff12618 - std::panicking::rust_panic_with_hook::h0a7ad96e90f7145b
[INFO] [stderr]                                  at /rustc/0e09125c6c3c2fd70d7de961bcf0e51575235fad/library/std/src/panicking.rs:779:13
[INFO] [stderr]     12:     0x560e6fee92fe - std::panicking::begin_panic::{{closure}}::hc98f65dfe20a86f0
[INFO] [stderr]     13:     0x560e6fee9126 - std::sys_common::backtrace::__rust_end_short_backtrace::h7205f4c7d4c83164
[INFO] [stderr]     14:     0x560e6fee9287 - std::panicking::begin_panic::h4e5b271ed1d7f945
[INFO] [stderr]     15:     0x560e6feec207 - build_script_build::main::h77adfa9a8b02c035
[INFO] [stderr]     16:     0x560e6feecfd3 - core::ops::function::FnOnce::call_once::h40a329ceb3469fef
[INFO] [stderr]     17:     0x560e6fee9136 - std::sys_common::backtrace::__rust_begin_short_backtrace::h58d1fa6cd8bfb48a
[INFO] [stderr]     18:     0x560e6fee9189 - std::rt::lang_start::{{closure}}::hf58f09061f1a7fc5
[INFO] [stderr]     19:     0x560e6ff0b7b1 - core::ops::function::impls::<impl core::ops::function::FnOnce<A> for &F>::call_once::h4eb4c5e1620f29b0
[INFO] [stderr]                                  at /rustc/0e09125c6c3c2fd70d7de961bcf0e51575235fad/library/core/src/ops/function.rs:284:13
[INFO] [stderr]     20:     0x560e6ff0b7b1 - std::panicking::try::do_call::h73fd26535faffcdf
[INFO] [stderr]                                  at /rustc/0e09125c6c3c2fd70d7de961bcf0e51575235fad/library/std/src/panicking.rs:552:40
[INFO] [stderr]     21:     0x560e6ff0b7b1 - std::panicking::try::h77ff1d98f0fb9f39
[INFO] [stderr]                                  at /rustc/0e09125c6c3c2fd70d7de961bcf0e51575235fad/library/std/src/panicking.rs:516:19
[INFO] [stderr]     22:     0x560e6ff0b7b1 - std::panic::catch_unwind::hab3caf2448b95e37
[INFO] [stderr]                                  at /rustc/0e09125c6c3c2fd70d7de961bcf0e51575235fad/library/std/src/panic.rs:142:14
[INFO] [stderr]     23:     0x560e6ff0b7b1 - std::rt::lang_start_internal::{{closure}}::h8086711f9c783f78
[INFO] [stderr]                                  at /rustc/0e09125c6c3c2fd70d7de961bcf0e51575235fad/library/std/src/rt.rs:148:48
[INFO] [stderr]     24:     0x560e6ff0b7b1 - std::panicking::try::do_call::hf920d4dc291cd6ca
[INFO] [stderr]                                  at /rustc/0e09125c6c3c2fd70d7de961bcf0e51575235fad/library/std/src/panicking.rs:552:40
[INFO] [stderr]     25:     0x560e6ff0b7b1 - std::panicking::try::h2b806ccc0a85db74
[INFO] [stderr]                                  at /rustc/0e09125c6c3c2fd70d7de961bcf0e51575235fad/library/std/src/panicking.rs:516:19
[INFO] [stderr]     26:     0x560e6ff0b7b1 - std::panic::catch_unwind::h038489539c507df2
[INFO] [stderr]                                  at /rustc/0e09125c6c3c2fd70d7de961bcf0e51575235fad/library/std/src/panic.rs:142:14
[INFO] [stderr]     27:     0x560e6ff0b7b1 - std::rt::lang_start_internal::h28503b88912e8a5c
[INFO] [stderr]                                  at /rustc/0e09125c6c3c2fd70d7de961bcf0e51575235fad/library/std/src/rt.rs:148:20
[INFO] [stderr]     28:     0x560e6fee9167 - std::rt::lang_start::h0fb29fe4a8ac6adb
[INFO] [stderr]     29:     0x560e6feec675 - main
[INFO] [stderr]     30:     0x7f3db2b00d90 - <unknown>
[INFO] [stderr]     31:     0x7f3db2b00e40 - __libc_start_main
[INFO] [stderr]     32:     0x560e6fee8925 - _start
[INFO] [stderr]     33:                0x0 - <unknown>
[INFO] [stderr] warning: build failed, waiting for other jobs to finish...
[INFO] running `Command { std: "docker" "inspect" "57ddd4772c48f748ba140deec297f60616ac431400a9214edb240af05f504b68", kill_on_drop: false }`
[INFO] running `Command { std: "docker" "rm" "-f" "57ddd4772c48f748ba140deec297f60616ac431400a9214edb240af05f504b68", kill_on_drop: false }`
[INFO] [stdout] 57ddd4772c48f748ba140deec297f60616ac431400a9214edb240af05f504b68
