[INFO] cloning repository https://github.com/hobbsbros/wordle
[INFO] running `Command { std: "git" "-c" "credential.helper=" "-c" "credential.helper=/workspace/cargo-home/bin/git-credential-null" "clone" "--bare" "https://github.com/hobbsbros/wordle" "/workspace/cache/git-repos/https%3A%2F%2Fgithub.com%2Fhobbsbros%2Fwordle", kill_on_drop: false }`
[INFO] [stderr] Cloning into bare repository '/workspace/cache/git-repos/https%3A%2F%2Fgithub.com%2Fhobbsbros%2Fwordle'...
[INFO] running `Command { std: "git" "rev-parse" "HEAD", kill_on_drop: false }`
[INFO] [stdout] 7953393bc9ac18e0ef469633031e36749617115c
[INFO] testing hobbsbros/wordle against 1.75.0 for beta-1.76-1
[INFO] running `Command { std: "git" "clone" "/workspace/cache/git-repos/https%3A%2F%2Fgithub.com%2Fhobbsbros%2Fwordle" "/workspace/builds/worker-4-tc1/source", kill_on_drop: false }`
[INFO] [stderr] Cloning into '/workspace/builds/worker-4-tc1/source'...
[INFO] [stderr] done.
[INFO] validating manifest of git repo https://github.com/hobbsbros/wordle on toolchain 1.75.0
[INFO] running `Command { std: CARGO_HOME="/workspace/cargo-home" RUSTUP_HOME="/workspace/rustup-home" "/workspace/cargo-home/bin/cargo" "+1.75.0" "metadata" "--manifest-path" "Cargo.toml" "--no-deps", kill_on_drop: false }`
[INFO] started tweaking git repo https://github.com/hobbsbros/wordle
[INFO] finished tweaking git repo https://github.com/hobbsbros/wordle
[INFO] tweaked toml for git repo https://github.com/hobbsbros/wordle written to /workspace/builds/worker-4-tc1/source/Cargo.toml
[INFO] crate git repo https://github.com/hobbsbros/wordle already has a lockfile, it will not be regenerated
[INFO] running `Command { std: CARGO_HOME="/workspace/cargo-home" RUSTUP_HOME="/workspace/rustup-home" "/workspace/cargo-home/bin/cargo" "+1.75.0" "fetch" "--manifest-path" "Cargo.toml", kill_on_drop: false }`
[INFO] [stderr]     Blocking waiting for file lock on package cache
[ERROR] error running command: no output for 300 seconds
[ERROR] this task or one of its parent failed!
[ERROR] no output for 300 seconds
[ERROR] note: run with `RUST_BACKTRACE=1` to display a backtrace.
[INFO] testing hobbsbros/wordle against beta-2023-12-22 for beta-1.76-1
[INFO] running `Command { std: "git" "clone" "/workspace/cache/git-repos/https%3A%2F%2Fgithub.com%2Fhobbsbros%2Fwordle" "/workspace/builds/worker-4-tc2/source", kill_on_drop: false }`
[INFO] [stderr] Cloning into '/workspace/builds/worker-4-tc2/source'...
[INFO] [stderr] done.
[INFO] validating manifest of git repo https://github.com/hobbsbros/wordle on toolchain beta-2023-12-22
[INFO] running `Command { std: CARGO_HOME="/workspace/cargo-home" RUSTUP_HOME="/workspace/rustup-home" "/workspace/cargo-home/bin/cargo" "+beta-2023-12-22" "metadata" "--manifest-path" "Cargo.toml" "--no-deps", kill_on_drop: false }`
[INFO] started tweaking git repo https://github.com/hobbsbros/wordle
[INFO] finished tweaking git repo https://github.com/hobbsbros/wordle
[INFO] tweaked toml for git repo https://github.com/hobbsbros/wordle written to /workspace/builds/worker-4-tc2/source/Cargo.toml
[INFO] crate git repo https://github.com/hobbsbros/wordle already has a lockfile, it will not be regenerated
[INFO] running `Command { std: CARGO_HOME="/workspace/cargo-home" RUSTUP_HOME="/workspace/rustup-home" "/workspace/cargo-home/bin/cargo" "+beta-2023-12-22" "fetch" "--manifest-path" "Cargo.toml", kill_on_drop: false }`
[INFO] [stderr]     Blocking waiting for file lock on package cache
[INFO] [stderr]     Blocking waiting for file lock on package cache
[INFO] running `Command { std: "docker" "create" "-v" "/var/lib/crater-agent-workspace/builds/worker-4-tc2/target:/opt/rustwide/target:rw,Z" "-v" "/var/lib/crater-agent-workspace/builds/worker-4-tc2/source:/opt/rustwide/workdir:ro,Z" "-v" "/var/lib/crater-agent-workspace/cargo-home:/opt/rustwide/cargo-home:ro,Z" "-v" "/var/lib/crater-agent-workspace/rustup-home:/opt/rustwide/rustup-home:ro,Z" "-e" "SOURCE_DIR=/opt/rustwide/workdir" "-e" "CARGO_TARGET_DIR=/opt/rustwide/target" "-e" "CARGO_HOME=/opt/rustwide/cargo-home" "-e" "RUSTUP_HOME=/opt/rustwide/rustup-home" "-w" "/opt/rustwide/workdir" "-m" "1610612736" "--user" "0:0" "--network" "none" "ghcr.io/rust-lang/crates-build-env/linux@sha256:2788e3201cd34a07e3172128adcd8b3090168a8e3bcc40d7c032b9dda1df7d1c" "/opt/rustwide/cargo-home/bin/cargo" "+beta-2023-12-22" "metadata" "--no-deps" "--format-version=1", kill_on_drop: false }`
[INFO] [stdout] ffd948c60d68bb9d82b73efbb4033b8b435968158561773b54e5fa83cb6d8daa
[INFO] running `Command { std: "docker" "start" "-a" "ffd948c60d68bb9d82b73efbb4033b8b435968158561773b54e5fa83cb6d8daa", kill_on_drop: false }`
[INFO] running `Command { std: "docker" "inspect" "ffd948c60d68bb9d82b73efbb4033b8b435968158561773b54e5fa83cb6d8daa", kill_on_drop: false }`
[INFO] running `Command { std: "docker" "rm" "-f" "ffd948c60d68bb9d82b73efbb4033b8b435968158561773b54e5fa83cb6d8daa", kill_on_drop: false }`
[INFO] [stdout] ffd948c60d68bb9d82b73efbb4033b8b435968158561773b54e5fa83cb6d8daa
[INFO] running `Command { std: "docker" "create" "-v" "/var/lib/crater-agent-workspace/builds/worker-4-tc2/target:/opt/rustwide/target:rw,Z" "-v" "/var/lib/crater-agent-workspace/builds/worker-4-tc2/source:/opt/rustwide/workdir:ro,Z" "-v" "/var/lib/crater-agent-workspace/cargo-home:/opt/rustwide/cargo-home:ro,Z" "-v" "/var/lib/crater-agent-workspace/rustup-home:/opt/rustwide/rustup-home:ro,Z" "-e" "SOURCE_DIR=/opt/rustwide/workdir" "-e" "CARGO_TARGET_DIR=/opt/rustwide/target" "-e" "CARGO_INCREMENTAL=0" "-e" "RUST_BACKTRACE=full" "-e" "RUSTFLAGS=--cap-lints=warn" "-e" "RUSTDOCFLAGS=--cap-lints=warn" "-e" "CARGO_HOME=/opt/rustwide/cargo-home" "-e" "RUSTUP_HOME=/opt/rustwide/rustup-home" "-w" "/opt/rustwide/workdir" "-m" "1610612736" "--user" "0:0" "--network" "none" "ghcr.io/rust-lang/crates-build-env/linux@sha256:2788e3201cd34a07e3172128adcd8b3090168a8e3bcc40d7c032b9dda1df7d1c" "/opt/rustwide/cargo-home/bin/cargo" "+beta-2023-12-22" "build" "--frozen" "--message-format=json", kill_on_drop: false }`
[INFO] [stdout] a5aa11330fa671fdce310be27ea77a4e20a6e1727d1e4b18e9312f7369473753
[INFO] running `Command { std: "docker" "start" "-a" "a5aa11330fa671fdce310be27ea77a4e20a6e1727d1e4b18e9312f7369473753", kill_on_drop: false }`
[INFO] [stderr]    Compiling libc v0.2.121
[INFO] [stderr]    Compiling regex-syntax v0.6.25
[INFO] [stderr]    Compiling once_cell v1.10.0
[INFO] [stderr]    Compiling lazy_static v1.4.0
[INFO] [stderr]    Compiling number_prefix v0.4.0
[INFO] [stderr]    Compiling terminal_size v0.1.17
[INFO] [stderr]    Compiling console v0.15.0
[INFO] [stderr]    Compiling regex v1.5.5
[INFO] [stderr]    Compiling indicatif v0.16.2
[INFO] [stderr]    Compiling ezwordle v0.4.1 (/opt/rustwide/workdir)
[INFO] [stderr]     Finished dev [unoptimized + debuginfo] target(s) in 4.32s
[INFO] running `Command { std: "docker" "inspect" "a5aa11330fa671fdce310be27ea77a4e20a6e1727d1e4b18e9312f7369473753", kill_on_drop: false }`
[INFO] running `Command { std: "docker" "rm" "-f" "a5aa11330fa671fdce310be27ea77a4e20a6e1727d1e4b18e9312f7369473753", kill_on_drop: false }`
[INFO] [stdout] a5aa11330fa671fdce310be27ea77a4e20a6e1727d1e4b18e9312f7369473753
[INFO] running `Command { std: "docker" "create" "-v" "/var/lib/crater-agent-workspace/builds/worker-4-tc2/target:/opt/rustwide/target:rw,Z" "-v" "/var/lib/crater-agent-workspace/builds/worker-4-tc2/source:/opt/rustwide/workdir:ro,Z" "-v" "/var/lib/crater-agent-workspace/cargo-home:/opt/rustwide/cargo-home:ro,Z" "-v" "/var/lib/crater-agent-workspace/rustup-home:/opt/rustwide/rustup-home:ro,Z" "-e" "SOURCE_DIR=/opt/rustwide/workdir" "-e" "CARGO_TARGET_DIR=/opt/rustwide/target" "-e" "CARGO_INCREMENTAL=0" "-e" "RUST_BACKTRACE=full" "-e" "RUSTFLAGS=--cap-lints=warn" "-e" "RUSTDOCFLAGS=--cap-lints=warn" "-e" "CARGO_HOME=/opt/rustwide/cargo-home" "-e" "RUSTUP_HOME=/opt/rustwide/rustup-home" "-w" "/opt/rustwide/workdir" "-m" "1610612736" "--user" "0:0" "--network" "none" "ghcr.io/rust-lang/crates-build-env/linux@sha256:2788e3201cd34a07e3172128adcd8b3090168a8e3bcc40d7c032b9dda1df7d1c" "/opt/rustwide/cargo-home/bin/cargo" "+beta-2023-12-22" "test" "--frozen" "--no-run" "--message-format=json", kill_on_drop: false }`
[INFO] [stdout] fe5aafe2ce1ff1d8bd54fb46483442a24b99a8bdb96f1fad5342290ecf070111
[INFO] running `Command { std: "docker" "start" "-a" "fe5aafe2ce1ff1d8bd54fb46483442a24b99a8bdb96f1fad5342290ecf070111", kill_on_drop: false }`
[INFO] [stderr]    Compiling ezwordle v0.4.1 (/opt/rustwide/workdir)
[INFO] [stdout] error[E0425]: cannot find function `guess_entropy` in module `words`
[INFO] [stdout]   --> tests/test0.rs:35:31
[INFO] [stdout]    |
[INFO] [stdout] 35 |     let entropy: f64 = words::guess_entropy(guess.clone(), wordlist.clone());
[INFO] [stdout]    |                               ^^^^^^^^^^^^^ not found in `words`
[INFO] [stdout] 
[INFO] [stdout] 
[INFO] [stdout] warning: unused import: `std::env`
[INFO] [stdout]  --> tests/test0.rs:4:5
[INFO] [stdout]   |
[INFO] [stdout] 4 | use std::env;
[INFO] [stdout]   |     ^^^^^^^^
[INFO] [stdout]   |
[INFO] [stdout]   = note: `#[warn(unused_imports)]` on by default
[INFO] [stdout] 
[INFO] [stdout] 
[INFO] [stderr] error: could not compile `ezwordle` (test "test0") due to 4 previous errors; 1 warning emitted
[INFO] [stdout] error[E0061]: this function takes 0 arguments but 1 argument was supplied
[INFO] [stdout]   --> tests/test0.rs:23:20
[INFO] [stdout]    |
[INFO] [stdout] 23 |     let wordlist = words::get_words("src/words/words.txt");
[INFO] [stdout]    |                    ^^^^^^^^^^^^^^^^ ---------------------
[INFO] [stdout]    |                                     |
[INFO] [stdout]    |                                     unexpected argument of type `&'static str`
[INFO] [stdout]    |                                     help: remove the extra argument
[INFO] [stdout]    |
[INFO] [stdout] note: function defined here
[INFO] [stdout]   --> /opt/rustwide/workdir/src/util/words.rs:13:8
[INFO] [stdout]    |
[INFO] [stdout] 13 | pub fn get_words() -> Vec<String> {
[INFO] [stdout]    |        ^^^^^^^^^
[INFO] [stdout] 
[INFO] [stdout] 
[INFO] [stderr] warning: build failed, waiting for other jobs to finish...
[INFO] [stdout] error[E0061]: this function takes 0 arguments but 1 argument was supplied
[INFO] [stdout]   --> tests/test0.rs:33:20
[INFO] [stdout]    |
[INFO] [stdout] 33 |     let wordlist = words::get_words("src/words/words.txt");
[INFO] [stdout]    |                    ^^^^^^^^^^^^^^^^ ---------------------
[INFO] [stdout]    |                                     |
[INFO] [stdout]    |                                     unexpected argument of type `&'static str`
[INFO] [stdout]    |                                     help: remove the extra argument
[INFO] [stdout]    |
[INFO] [stdout] note: function defined here
[INFO] [stdout]   --> /opt/rustwide/workdir/src/util/words.rs:13:8
[INFO] [stdout]    |
[INFO] [stdout] 13 | pub fn get_words() -> Vec<String> {
[INFO] [stdout]    |        ^^^^^^^^^
[INFO] [stdout] 
[INFO] [stdout] 
[INFO] [stdout] error: aborting due to 3 previous errors; 1 warning emitted
[INFO] [stdout] 
[INFO] [stdout] 
[INFO] [stdout] Some errors have detailed explanations: E0061, E0425.
[INFO] [stdout] 
[INFO] [stdout] For more information about an error, try `rustc --explain E0061`.
[INFO] [stdout] 
[INFO] running `Command { std: "docker" "inspect" "fe5aafe2ce1ff1d8bd54fb46483442a24b99a8bdb96f1fad5342290ecf070111", kill_on_drop: false }`
[INFO] running `Command { std: "docker" "rm" "-f" "fe5aafe2ce1ff1d8bd54fb46483442a24b99a8bdb96f1fad5342290ecf070111", kill_on_drop: false }`
[INFO] [stdout] fe5aafe2ce1ff1d8bd54fb46483442a24b99a8bdb96f1fad5342290ecf070111
