[INFO] cloning repository https://github.com/ha-shine/rustagram
[INFO] running `Command { std: "git" "-c" "credential.helper=" "-c" "credential.helper=/workspace/cargo-home/bin/git-credential-null" "clone" "--bare" "https://github.com/ha-shine/rustagram" "/workspace/cache/git-repos/https%3A%2F%2Fgithub.com%2Fha-shine%2Frustagram", kill_on_drop: false }`
[INFO] [stderr] Cloning into bare repository '/workspace/cache/git-repos/https%3A%2F%2Fgithub.com%2Fha-shine%2Frustagram'...
[INFO] running `Command { std: "git" "rev-parse" "HEAD", kill_on_drop: false }`
[INFO] [stdout] 37d54cbb1f2ca26f8b1c4e1e3e6c226ae0241297
[INFO] testing ha-shine/rustagram against 1.75.0 for beta-1.76-1
[INFO] running `Command { std: "git" "clone" "/workspace/cache/git-repos/https%3A%2F%2Fgithub.com%2Fha-shine%2Frustagram" "/workspace/builds/worker-4-tc1/source", kill_on_drop: false }`
[INFO] [stderr] Cloning into '/workspace/builds/worker-4-tc1/source'...
[INFO] [stderr] done.
[INFO] validating manifest of git repo https://github.com/ha-shine/rustagram on toolchain 1.75.0
[INFO] running `Command { std: CARGO_HOME="/workspace/cargo-home" RUSTUP_HOME="/workspace/rustup-home" "/workspace/cargo-home/bin/cargo" "+1.75.0" "metadata" "--manifest-path" "Cargo.toml" "--no-deps", kill_on_drop: false }`
[INFO] started tweaking git repo https://github.com/ha-shine/rustagram
[INFO] finished tweaking git repo https://github.com/ha-shine/rustagram
[INFO] tweaked toml for git repo https://github.com/ha-shine/rustagram written to /workspace/builds/worker-4-tc1/source/Cargo.toml
[INFO] crate git repo https://github.com/ha-shine/rustagram already has a lockfile, it will not be regenerated
[INFO] running `Command { std: CARGO_HOME="/workspace/cargo-home" RUSTUP_HOME="/workspace/rustup-home" "/workspace/cargo-home/bin/cargo" "+1.75.0" "fetch" "--manifest-path" "Cargo.toml", kill_on_drop: false }`
[INFO] [stderr]     Blocking waiting for file lock on package cache
[ERROR] error running command: no output for 300 seconds
[ERROR] this task or one of its parent failed!
[ERROR] no output for 300 seconds
[ERROR] note: run with `RUST_BACKTRACE=1` to display a backtrace.
[INFO] testing ha-shine/rustagram against beta-2023-12-22 for beta-1.76-1
[INFO] running `Command { std: "git" "clone" "/workspace/cache/git-repos/https%3A%2F%2Fgithub.com%2Fha-shine%2Frustagram" "/workspace/builds/worker-4-tc2/source", kill_on_drop: false }`
[INFO] [stderr] Cloning into '/workspace/builds/worker-4-tc2/source'...
[INFO] [stderr] done.
[INFO] validating manifest of git repo https://github.com/ha-shine/rustagram on toolchain beta-2023-12-22
[INFO] running `Command { std: CARGO_HOME="/workspace/cargo-home" RUSTUP_HOME="/workspace/rustup-home" "/workspace/cargo-home/bin/cargo" "+beta-2023-12-22" "metadata" "--manifest-path" "Cargo.toml" "--no-deps", kill_on_drop: false }`
[INFO] started tweaking git repo https://github.com/ha-shine/rustagram
[INFO] finished tweaking git repo https://github.com/ha-shine/rustagram
[INFO] tweaked toml for git repo https://github.com/ha-shine/rustagram written to /workspace/builds/worker-4-tc2/source/Cargo.toml
[INFO] crate git repo https://github.com/ha-shine/rustagram already has a lockfile, it will not be regenerated
[INFO] running `Command { std: CARGO_HOME="/workspace/cargo-home" RUSTUP_HOME="/workspace/rustup-home" "/workspace/cargo-home/bin/cargo" "+beta-2023-12-22" "fetch" "--manifest-path" "Cargo.toml", kill_on_drop: false }`
[INFO] [stderr]     Blocking waiting for file lock on package cache
[INFO] [stderr]     Blocking waiting for file lock on package cache
[INFO] [stderr]  Downloading crates ...
[INFO] [stderr]   Downloaded rayon v1.0.0
[INFO] running `Command { std: "docker" "create" "-v" "/var/lib/crater-agent-workspace/builds/worker-4-tc2/target:/opt/rustwide/target:rw,Z" "-v" "/var/lib/crater-agent-workspace/builds/worker-4-tc2/source:/opt/rustwide/workdir:ro,Z" "-v" "/var/lib/crater-agent-workspace/cargo-home:/opt/rustwide/cargo-home:ro,Z" "-v" "/var/lib/crater-agent-workspace/rustup-home:/opt/rustwide/rustup-home:ro,Z" "-e" "SOURCE_DIR=/opt/rustwide/workdir" "-e" "CARGO_TARGET_DIR=/opt/rustwide/target" "-e" "CARGO_HOME=/opt/rustwide/cargo-home" "-e" "RUSTUP_HOME=/opt/rustwide/rustup-home" "-w" "/opt/rustwide/workdir" "-m" "1610612736" "--user" "0:0" "--network" "none" "ghcr.io/rust-lang/crates-build-env/linux@sha256:2788e3201cd34a07e3172128adcd8b3090168a8e3bcc40d7c032b9dda1df7d1c" "/opt/rustwide/cargo-home/bin/cargo" "+beta-2023-12-22" "metadata" "--no-deps" "--format-version=1", kill_on_drop: false }`
[INFO] [stdout] 1333bbbe5c63b7ad7f2936551c321450f3fa713e5baf1ecb4b68939e49df2b98
[INFO] running `Command { std: "docker" "start" "-a" "1333bbbe5c63b7ad7f2936551c321450f3fa713e5baf1ecb4b68939e49df2b98", kill_on_drop: false }`
[INFO] running `Command { std: "docker" "inspect" "1333bbbe5c63b7ad7f2936551c321450f3fa713e5baf1ecb4b68939e49df2b98", kill_on_drop: false }`
[INFO] running `Command { std: "docker" "rm" "-f" "1333bbbe5c63b7ad7f2936551c321450f3fa713e5baf1ecb4b68939e49df2b98", kill_on_drop: false }`
[INFO] [stdout] 1333bbbe5c63b7ad7f2936551c321450f3fa713e5baf1ecb4b68939e49df2b98
[INFO] running `Command { std: "docker" "create" "-v" "/var/lib/crater-agent-workspace/builds/worker-4-tc2/target:/opt/rustwide/target:rw,Z" "-v" "/var/lib/crater-agent-workspace/builds/worker-4-tc2/source:/opt/rustwide/workdir:ro,Z" "-v" "/var/lib/crater-agent-workspace/cargo-home:/opt/rustwide/cargo-home:ro,Z" "-v" "/var/lib/crater-agent-workspace/rustup-home:/opt/rustwide/rustup-home:ro,Z" "-e" "SOURCE_DIR=/opt/rustwide/workdir" "-e" "CARGO_TARGET_DIR=/opt/rustwide/target" "-e" "CARGO_INCREMENTAL=0" "-e" "RUST_BACKTRACE=full" "-e" "RUSTFLAGS=--cap-lints=warn" "-e" "RUSTDOCFLAGS=--cap-lints=warn" "-e" "CARGO_HOME=/opt/rustwide/cargo-home" "-e" "RUSTUP_HOME=/opt/rustwide/rustup-home" "-w" "/opt/rustwide/workdir" "-m" "1610612736" "--user" "0:0" "--network" "none" "ghcr.io/rust-lang/crates-build-env/linux@sha256:2788e3201cd34a07e3172128adcd8b3090168a8e3bcc40d7c032b9dda1df7d1c" "/opt/rustwide/cargo-home/bin/cargo" "+beta-2023-12-22" "build" "--frozen" "--message-format=json", kill_on_drop: false }`
[INFO] [stdout] 834803b4fd031407b920e6c0497d6576b6cea9ac7bab621a40f76bd913f4e747
[INFO] running `Command { std: "docker" "start" "-a" "834803b4fd031407b920e6c0497d6576b6cea9ac7bab621a40f76bd913f4e747", kill_on_drop: false }`
[INFO] [stderr]    Compiling libc v0.2.36
[INFO] [stderr]    Compiling cfg-if v0.1.2
[INFO] [stderr]    Compiling nodrop v0.1.12
[INFO] [stderr]    Compiling num-traits v0.2.0
[INFO] [stderr]    Compiling memoffset v0.2.1
[INFO] [stderr]    Compiling scopeguard v0.3.3
[INFO] [stderr]    Compiling lazy_static v0.2.11
[INFO] [stderr]    Compiling rayon-core v1.4.0
[INFO] [stderr]    Compiling byteorder v1.2.1
[INFO] [stderr]    Compiling adler32 v1.0.2
[INFO] [stderr]    Compiling lazy_static v1.0.0
[INFO] [stderr]    Compiling bitflags v1.0.1
[INFO] [stderr]    Compiling either v1.4.0
[INFO] [stderr]    Compiling lzw v0.10.0
[INFO] [stderr]    Compiling color_quant v1.0.0
[INFO] [stderr]    Compiling unicode-width v0.1.4
[INFO] [stderr]    Compiling arrayvec v0.4.7
[INFO] [stderr]    Compiling crossbeam-utils v0.2.2
[INFO] [stderr]    Compiling ansi_term v0.10.2
[INFO] [stderr]    Compiling vec_map v0.8.0
[INFO] [stderr]    Compiling textwrap v0.9.0
[INFO] [stderr]    Compiling inflate v0.3.4
[INFO] [stderr]    Compiling scoped_threadpool v0.1.8
[INFO] [stderr]    Compiling strsim v0.7.0
[INFO] [stderr]    Compiling deflate v0.7.17
[INFO] [stderr]    Compiling gif v0.9.2
[INFO] [stderr]    Compiling crossbeam-epoch v0.3.0
[INFO] [stderr]    Compiling rand v0.4.2
[INFO] [stderr]    Compiling num_cpus v1.8.0
[INFO] [stderr]    Compiling atty v0.2.6
[INFO] [stderr]    Compiling num-integer v0.1.36
[INFO] [stderr]    Compiling num-traits v0.1.43
[INFO] [stderr]    Compiling crossbeam-deque v0.2.0
[INFO] [stderr]    Compiling clap v2.30.0
[INFO] [stderr]    Compiling enum_primitive v0.1.1
[INFO] [stderr]    Compiling num-iter v0.1.35
[INFO] [stderr]    Compiling num-rational v0.1.42
[INFO] [stderr]    Compiling png v0.11.0
[INFO] [stderr]    Compiling rayon v1.0.0
[INFO] [stderr]    Compiling jpeg-decoder v0.1.14
[INFO] [stderr]    Compiling image v0.18.0
[INFO] [stderr]    Compiling rustagram v0.1.0 (/opt/rustwide/workdir)
[INFO] [stdout] warning: trait objects without an explicit `dyn` are deprecated
[INFO] [stdout]    --> src/rustaops/mod.rs:243:57
[INFO] [stdout]     |
[INFO] [stdout] 243 | fn process_blend<I>(foreground: &I, background: &I, f: &Fn(u8, u8) -> u8) -> ImageBuffer<Rgba<u8>, Vec<u8>>
[INFO] [stdout]     |                                                         ^^^^^^^^^^^^^^^^
[INFO] [stdout]     |
[INFO] [stdout]     = warning: this is accepted in the current edition (Rust 2015) but is a hard error in Rust 2021!
[INFO] [stdout]     = note: for more information, see <https://doc.rust-lang.org/nightly/edition-guide/rust-2021/warnings-promoted-to-error.html>
[INFO] [stdout]     = note: `#[warn(bare_trait_objects)]` on by default
[INFO] [stdout] help: use `dyn`
[INFO] [stdout]     |
[INFO] [stdout] 243 | fn process_blend<I>(foreground: &I, background: &I, f: &dyn Fn(u8, u8) -> u8) -> ImageBuffer<Rgba<u8>, Vec<u8>>
[INFO] [stdout]     |                                                         +++
[INFO] [stdout] 
[INFO] [stdout] 
[INFO] [stdout] warning: 1 warning emitted
[INFO] [stdout] 
[INFO] [stdout] 
[INFO] [stderr]     Finished dev [unoptimized + debuginfo] target(s) in 5.13s
[INFO] running `Command { std: "docker" "inspect" "834803b4fd031407b920e6c0497d6576b6cea9ac7bab621a40f76bd913f4e747", kill_on_drop: false }`
[INFO] running `Command { std: "docker" "rm" "-f" "834803b4fd031407b920e6c0497d6576b6cea9ac7bab621a40f76bd913f4e747", kill_on_drop: false }`
[INFO] [stdout] 834803b4fd031407b920e6c0497d6576b6cea9ac7bab621a40f76bd913f4e747
[INFO] running `Command { std: "docker" "create" "-v" "/var/lib/crater-agent-workspace/builds/worker-4-tc2/target:/opt/rustwide/target:rw,Z" "-v" "/var/lib/crater-agent-workspace/builds/worker-4-tc2/source:/opt/rustwide/workdir:ro,Z" "-v" "/var/lib/crater-agent-workspace/cargo-home:/opt/rustwide/cargo-home:ro,Z" "-v" "/var/lib/crater-agent-workspace/rustup-home:/opt/rustwide/rustup-home:ro,Z" "-e" "SOURCE_DIR=/opt/rustwide/workdir" "-e" "CARGO_TARGET_DIR=/opt/rustwide/target" "-e" "CARGO_INCREMENTAL=0" "-e" "RUST_BACKTRACE=full" "-e" "RUSTFLAGS=--cap-lints=warn" "-e" "RUSTDOCFLAGS=--cap-lints=warn" "-e" "CARGO_HOME=/opt/rustwide/cargo-home" "-e" "RUSTUP_HOME=/opt/rustwide/rustup-home" "-w" "/opt/rustwide/workdir" "-m" "1610612736" "--user" "0:0" "--network" "none" "ghcr.io/rust-lang/crates-build-env/linux@sha256:2788e3201cd34a07e3172128adcd8b3090168a8e3bcc40d7c032b9dda1df7d1c" "/opt/rustwide/cargo-home/bin/cargo" "+beta-2023-12-22" "test" "--frozen" "--no-run" "--message-format=json", kill_on_drop: false }`
[INFO] [stdout] 56da06963f3d61e995d391e75262aa0a10367a1d908de3dcfaf528cc29c1661f
[INFO] running `Command { std: "docker" "start" "-a" "56da06963f3d61e995d391e75262aa0a10367a1d908de3dcfaf528cc29c1661f", kill_on_drop: false }`
[INFO] [stderr]    Compiling rustagram v0.1.0 (/opt/rustwide/workdir)
[INFO] [stdout] warning: trait objects without an explicit `dyn` are deprecated
[INFO] [stdout]    --> src/rustaops/mod.rs:243:57
[INFO] [stdout]     |
[INFO] [stdout] 243 | fn process_blend<I>(foreground: &I, background: &I, f: &Fn(u8, u8) -> u8) -> ImageBuffer<Rgba<u8>, Vec<u8>>
[INFO] [stdout]     |                                                         ^^^^^^^^^^^^^^^^
[INFO] [stdout]     |
[INFO] [stdout]     = warning: this is accepted in the current edition (Rust 2015) but is a hard error in Rust 2021!
[INFO] [stdout]     = note: for more information, see <https://doc.rust-lang.org/nightly/edition-guide/rust-2021/warnings-promoted-to-error.html>
[INFO] [stdout]     = note: `#[warn(bare_trait_objects)]` on by default
[INFO] [stdout] help: use `dyn`
[INFO] [stdout]     |
[INFO] [stdout] 243 | fn process_blend<I>(foreground: &I, background: &I, f: &dyn Fn(u8, u8) -> u8) -> ImageBuffer<Rgba<u8>, Vec<u8>>
[INFO] [stdout]     |                                                         +++
[INFO] [stdout] 
[INFO] [stdout] 
[INFO] [stdout] warning: 1 warning emitted
[INFO] [stdout] 
[INFO] [stdout] 
[INFO] [stdout] warning: trait objects without an explicit `dyn` are deprecated
[INFO] [stdout]    --> src/rustaops/mod.rs:243:57
[INFO] [stdout]     |
[INFO] [stdout] 243 | fn process_blend<I>(foreground: &I, background: &I, f: &Fn(u8, u8) -> u8) -> ImageBuffer<Rgba<u8>, Vec<u8>>
[INFO] [stdout]     |                                                         ^^^^^^^^^^^^^^^^
[INFO] [stdout]     |
[INFO] [stdout]     = warning: this is accepted in the current edition (Rust 2015) but is a hard error in Rust 2021!
[INFO] [stdout]     = note: for more information, see <https://doc.rust-lang.org/nightly/edition-guide/rust-2021/warnings-promoted-to-error.html>
[INFO] [stdout]     = note: `#[warn(bare_trait_objects)]` on by default
[INFO] [stdout] help: use `dyn`
[INFO] [stdout]     |
[INFO] [stdout] 243 | fn process_blend<I>(foreground: &I, background: &I, f: &dyn Fn(u8, u8) -> u8) -> ImageBuffer<Rgba<u8>, Vec<u8>>
[INFO] [stdout]     |                                                         +++
[INFO] [stdout] 
[INFO] [stdout] 
[INFO] [stdout] warning: 1 warning emitted
[INFO] [stdout] 
[INFO] [stdout] 
[INFO] [stderr]     Finished test [unoptimized + debuginfo] target(s) in 0.27s
[INFO] running `Command { std: "docker" "inspect" "56da06963f3d61e995d391e75262aa0a10367a1d908de3dcfaf528cc29c1661f", kill_on_drop: false }`
[INFO] running `Command { std: "docker" "rm" "-f" "56da06963f3d61e995d391e75262aa0a10367a1d908de3dcfaf528cc29c1661f", kill_on_drop: false }`
[INFO] [stdout] 56da06963f3d61e995d391e75262aa0a10367a1d908de3dcfaf528cc29c1661f
[INFO] running `Command { std: "docker" "create" "-v" "/var/lib/crater-agent-workspace/builds/worker-4-tc2/target:/opt/rustwide/target:rw,Z" "-v" "/var/lib/crater-agent-workspace/builds/worker-4-tc2/source:/opt/rustwide/workdir:ro,Z" "-v" "/var/lib/crater-agent-workspace/cargo-home:/opt/rustwide/cargo-home:ro,Z" "-v" "/var/lib/crater-agent-workspace/rustup-home:/opt/rustwide/rustup-home:ro,Z" "-e" "SOURCE_DIR=/opt/rustwide/workdir" "-e" "CARGO_TARGET_DIR=/opt/rustwide/target" "-e" "CARGO_INCREMENTAL=0" "-e" "RUST_BACKTRACE=full" "-e" "RUSTFLAGS=--cap-lints=warn" "-e" "RUSTDOCFLAGS=--cap-lints=warn" "-e" "CARGO_HOME=/opt/rustwide/cargo-home" "-e" "RUSTUP_HOME=/opt/rustwide/rustup-home" "-w" "/opt/rustwide/workdir" "-m" "1610612736" "--user" "0:0" "--network" "none" "ghcr.io/rust-lang/crates-build-env/linux@sha256:2788e3201cd34a07e3172128adcd8b3090168a8e3bcc40d7c032b9dda1df7d1c" "/opt/rustwide/cargo-home/bin/cargo" "+beta-2023-12-22" "test" "--frozen", kill_on_drop: false }`
[INFO] [stdout] d0d237bf5a9d0740b064a2a21efaf1afc1bccdbf1a2a3f27c0c20dbe907493bc
[INFO] running `Command { std: "docker" "start" "-a" "d0d237bf5a9d0740b064a2a21efaf1afc1bccdbf1a2a3f27c0c20dbe907493bc", kill_on_drop: false }`
[INFO] [stderr] warning: trait objects without an explicit `dyn` are deprecated
[INFO] [stderr]    --> src/rustaops/mod.rs:243:57
[INFO] [stderr]     |
[INFO] [stderr] 243 | fn process_blend<I>(foreground: &I, background: &I, f: &Fn(u8, u8) -> u8) -> ImageBuffer<Rgba<u8>, Vec<u8>>
[INFO] [stderr]     |                                                         ^^^^^^^^^^^^^^^^
[INFO] [stderr]     |
[INFO] [stderr]     = warning: this is accepted in the current edition (Rust 2015) but is a hard error in Rust 2021!
[INFO] [stderr]     = note: for more information, see <https://doc.rust-lang.org/nightly/edition-guide/rust-2021/warnings-promoted-to-error.html>
[INFO] [stderr]     = note: `#[warn(bare_trait_objects)]` on by default
[INFO] [stderr] help: use `dyn`
[INFO] [stderr]     |
[INFO] [stderr] 243 | fn process_blend<I>(foreground: &I, background: &I, f: &dyn Fn(u8, u8) -> u8) -> ImageBuffer<Rgba<u8>, Vec<u8>>
[INFO] [stderr]     |                                                         +++
[INFO] [stderr] 
[INFO] [stderr] warning: `rustagram` (lib) generated 1 warning (run `cargo fix --lib -p rustagram` to apply 1 suggestion)
[INFO] [stderr] warning: `rustagram` (lib test) generated 1 warning (1 duplicate)
[INFO] [stderr]     Finished test [unoptimized + debuginfo] target(s) in 0.02s
[INFO] [stderr]      Running unittests src/lib.rs (/opt/rustwide/target/debug/deps/rustagram-a7d14d82dae77864)
[INFO] [stdout] 
[INFO] [stdout] running 0 tests
[INFO] [stdout] 
[INFO] [stdout] test result: ok. 0 passed; 0 failed; 0 ignored; 0 measured; 0 filtered out; finished in 0.00s
[INFO] [stdout] 
[INFO] [stderr]      Running unittests src/producer.rs (/opt/rustwide/target/debug/deps/producer-322d165d1670c014)
[INFO] [stdout] 
[INFO] [stdout] running 0 tests
[INFO] [stdout] 
[INFO] [stdout] test result: ok. 0 passed; 0 failed; 0 ignored; 0 measured; 0 filtered out; finished in 0.00s
[INFO] [stdout] 
[INFO] [stderr]      Running unittests src/main.rs (/opt/rustwide/target/debug/deps/rustagram-41bf52a8850c3d8e)
[INFO] [stdout] 
[INFO] [stdout] running 0 tests
[INFO] [stdout] 
[INFO] [stdout] test result: ok. 0 passed; 0 failed; 0 ignored; 0 measured; 0 filtered out; finished in 0.00s
[INFO] [stdout] 
[INFO] [stderr]    Doc-tests rustagram
[INFO] [stdout] 
[INFO] [stdout] running 0 tests
[INFO] [stdout] 
[INFO] [stdout] test result: ok. 0 passed; 0 failed; 0 ignored; 0 measured; 0 filtered out; finished in 0.00s
[INFO] [stdout] 
[INFO] running `Command { std: "docker" "inspect" "d0d237bf5a9d0740b064a2a21efaf1afc1bccdbf1a2a3f27c0c20dbe907493bc", kill_on_drop: false }`
[INFO] running `Command { std: "docker" "rm" "-f" "d0d237bf5a9d0740b064a2a21efaf1afc1bccdbf1a2a3f27c0c20dbe907493bc", kill_on_drop: false }`
[INFO] [stdout] d0d237bf5a9d0740b064a2a21efaf1afc1bccdbf1a2a3f27c0c20dbe907493bc
