[INFO] cloning repository https://github.com/gennyble/img2curve
[INFO] running `Command { std: "git" "-c" "credential.helper=" "-c" "credential.helper=/workspace/cargo-home/bin/git-credential-null" "clone" "--bare" "https://github.com/gennyble/img2curve" "/workspace/cache/git-repos/https%3A%2F%2Fgithub.com%2Fgennyble%2Fimg2curve", kill_on_drop: false }`
[INFO] [stderr] Cloning into bare repository '/workspace/cache/git-repos/https%3A%2F%2Fgithub.com%2Fgennyble%2Fimg2curve'...
[INFO] running `Command { std: "git" "rev-parse" "HEAD", kill_on_drop: false }`
[INFO] [stdout] 13d42aeee4d41ffa5c48c968e9ba1af2aaef9ae4
[INFO] testing gennyble/img2curve against 1.75.0 for beta-1.76-1
[INFO] running `Command { std: "git" "clone" "/workspace/cache/git-repos/https%3A%2F%2Fgithub.com%2Fgennyble%2Fimg2curve" "/workspace/builds/worker-3-tc1/source", kill_on_drop: false }`
[INFO] [stderr] Cloning into '/workspace/builds/worker-3-tc1/source'...
[INFO] [stderr] done.
[INFO] validating manifest of git repo https://github.com/gennyble/img2curve on toolchain 1.75.0
[INFO] running `Command { std: CARGO_HOME="/workspace/cargo-home" RUSTUP_HOME="/workspace/rustup-home" "/workspace/cargo-home/bin/cargo" "+1.75.0" "metadata" "--manifest-path" "Cargo.toml" "--no-deps", kill_on_drop: false }`
[INFO] started tweaking git repo https://github.com/gennyble/img2curve
[INFO] finished tweaking git repo https://github.com/gennyble/img2curve
[INFO] tweaked toml for git repo https://github.com/gennyble/img2curve written to /workspace/builds/worker-3-tc1/source/Cargo.toml
[INFO] crate git repo https://github.com/gennyble/img2curve already has a lockfile, it will not be regenerated
[INFO] running `Command { std: CARGO_HOME="/workspace/cargo-home" RUSTUP_HOME="/workspace/rustup-home" "/workspace/cargo-home/bin/cargo" "+1.75.0" "fetch" "--manifest-path" "Cargo.toml", kill_on_drop: false }`
[INFO] [stderr]     Blocking waiting for file lock on package cache
[ERROR] error running command: no output for 300 seconds
[ERROR] this task or one of its parent failed!
[ERROR] no output for 300 seconds
[ERROR] note: run with `RUST_BACKTRACE=1` to display a backtrace.
[INFO] testing gennyble/img2curve against beta-2023-12-22 for beta-1.76-1
[INFO] running `Command { std: "git" "clone" "/workspace/cache/git-repos/https%3A%2F%2Fgithub.com%2Fgennyble%2Fimg2curve" "/workspace/builds/worker-3-tc2/source", kill_on_drop: false }`
[INFO] [stderr] Cloning into '/workspace/builds/worker-3-tc2/source'...
[INFO] [stderr] done.
[INFO] validating manifest of git repo https://github.com/gennyble/img2curve on toolchain beta-2023-12-22
[INFO] running `Command { std: CARGO_HOME="/workspace/cargo-home" RUSTUP_HOME="/workspace/rustup-home" "/workspace/cargo-home/bin/cargo" "+beta-2023-12-22" "metadata" "--manifest-path" "Cargo.toml" "--no-deps", kill_on_drop: false }`
[INFO] started tweaking git repo https://github.com/gennyble/img2curve
[INFO] finished tweaking git repo https://github.com/gennyble/img2curve
[INFO] tweaked toml for git repo https://github.com/gennyble/img2curve written to /workspace/builds/worker-3-tc2/source/Cargo.toml
[INFO] crate git repo https://github.com/gennyble/img2curve already has a lockfile, it will not be regenerated
[INFO] running `Command { std: CARGO_HOME="/workspace/cargo-home" RUSTUP_HOME="/workspace/rustup-home" "/workspace/cargo-home/bin/cargo" "+beta-2023-12-22" "fetch" "--manifest-path" "Cargo.toml", kill_on_drop: false }`
[INFO] [stderr]     Blocking waiting for file lock on package cache
[INFO] [stderr]     Blocking waiting for file lock on package cache
[ERROR] error running command: no output for 300 seconds
[INFO] testing gennyble/img2curve against beta-2023-12-22 for beta-1.76-1
[INFO] running `Command { std: "git" "clone" "/workspace/cache/git-repos/https%3A%2F%2Fgithub.com%2Fgennyble%2Fimg2curve" "/workspace/builds/worker-3-tc2/source", kill_on_drop: false }`
[INFO] [stderr] Cloning into '/workspace/builds/worker-3-tc2/source'...
[INFO] [stderr] done.
[INFO] validating manifest of git repo https://github.com/gennyble/img2curve on toolchain beta-2023-12-22
[INFO] running `Command { std: CARGO_HOME="/workspace/cargo-home" RUSTUP_HOME="/workspace/rustup-home" "/workspace/cargo-home/bin/cargo" "+beta-2023-12-22" "metadata" "--manifest-path" "Cargo.toml" "--no-deps", kill_on_drop: false }`
[INFO] started tweaking git repo https://github.com/gennyble/img2curve
[INFO] finished tweaking git repo https://github.com/gennyble/img2curve
[INFO] tweaked toml for git repo https://github.com/gennyble/img2curve written to /workspace/builds/worker-3-tc2/source/Cargo.toml
[INFO] crate git repo https://github.com/gennyble/img2curve already has a lockfile, it will not be regenerated
[INFO] running `Command { std: CARGO_HOME="/workspace/cargo-home" RUSTUP_HOME="/workspace/rustup-home" "/workspace/cargo-home/bin/cargo" "+beta-2023-12-22" "fetch" "--manifest-path" "Cargo.toml", kill_on_drop: false }`
[INFO] [stderr]     Blocking waiting for file lock on package cache
[INFO] [stderr]     Blocking waiting for file lock on package cache
[INFO] running `Command { std: "docker" "create" "-v" "/var/lib/crater-agent-workspace/builds/worker-3-tc2/target:/opt/rustwide/target:rw,Z" "-v" "/var/lib/crater-agent-workspace/builds/worker-3-tc2/source:/opt/rustwide/workdir:ro,Z" "-v" "/var/lib/crater-agent-workspace/cargo-home:/opt/rustwide/cargo-home:ro,Z" "-v" "/var/lib/crater-agent-workspace/rustup-home:/opt/rustwide/rustup-home:ro,Z" "-e" "SOURCE_DIR=/opt/rustwide/workdir" "-e" "CARGO_TARGET_DIR=/opt/rustwide/target" "-e" "CARGO_HOME=/opt/rustwide/cargo-home" "-e" "RUSTUP_HOME=/opt/rustwide/rustup-home" "-w" "/opt/rustwide/workdir" "-m" "1610612736" "--user" "0:0" "--network" "none" "ghcr.io/rust-lang/crates-build-env/linux@sha256:2788e3201cd34a07e3172128adcd8b3090168a8e3bcc40d7c032b9dda1df7d1c" "/opt/rustwide/cargo-home/bin/cargo" "+beta-2023-12-22" "metadata" "--no-deps" "--format-version=1", kill_on_drop: false }`
[INFO] [stdout] 5d0d6eec9d224246d435b52f841aaf1fb3ac783dd00d916e1e258e6cb5ae4b54
[INFO] running `Command { std: "docker" "start" "-a" "5d0d6eec9d224246d435b52f841aaf1fb3ac783dd00d916e1e258e6cb5ae4b54", kill_on_drop: false }`
[INFO] running `Command { std: "docker" "inspect" "5d0d6eec9d224246d435b52f841aaf1fb3ac783dd00d916e1e258e6cb5ae4b54", kill_on_drop: false }`
[INFO] running `Command { std: "docker" "rm" "-f" "5d0d6eec9d224246d435b52f841aaf1fb3ac783dd00d916e1e258e6cb5ae4b54", kill_on_drop: false }`
[INFO] [stdout] 5d0d6eec9d224246d435b52f841aaf1fb3ac783dd00d916e1e258e6cb5ae4b54
[INFO] running `Command { std: "docker" "create" "-v" "/var/lib/crater-agent-workspace/builds/worker-3-tc2/target:/opt/rustwide/target:rw,Z" "-v" "/var/lib/crater-agent-workspace/builds/worker-3-tc2/source:/opt/rustwide/workdir:ro,Z" "-v" "/var/lib/crater-agent-workspace/cargo-home:/opt/rustwide/cargo-home:ro,Z" "-v" "/var/lib/crater-agent-workspace/rustup-home:/opt/rustwide/rustup-home:ro,Z" "-e" "SOURCE_DIR=/opt/rustwide/workdir" "-e" "CARGO_TARGET_DIR=/opt/rustwide/target" "-e" "CARGO_INCREMENTAL=0" "-e" "RUST_BACKTRACE=full" "-e" "RUSTFLAGS=--cap-lints=warn" "-e" "RUSTDOCFLAGS=--cap-lints=warn" "-e" "CARGO_HOME=/opt/rustwide/cargo-home" "-e" "RUSTUP_HOME=/opt/rustwide/rustup-home" "-w" "/opt/rustwide/workdir" "-m" "1610612736" "--user" "0:0" "--network" "none" "ghcr.io/rust-lang/crates-build-env/linux@sha256:2788e3201cd34a07e3172128adcd8b3090168a8e3bcc40d7c032b9dda1df7d1c" "/opt/rustwide/cargo-home/bin/cargo" "+beta-2023-12-22" "build" "--frozen" "--message-format=json", kill_on_drop: false }`
[INFO] [stdout] 29b459c46c13797c2361baff426bde0780efae3dbc41b2c8b7e33e0b85fc1dc1
[INFO] running `Command { std: "docker" "start" "-a" "29b459c46c13797c2361baff426bde0780efae3dbc41b2c8b7e33e0b85fc1dc1", kill_on_drop: false }`
[INFO] [stderr]    Compiling autocfg v1.1.0
[INFO] [stderr]    Compiling cfg-if v1.0.0
[INFO] [stderr]    Compiling libc v0.2.117
[INFO] [stderr]    Compiling scopeguard v1.1.0
[INFO] [stderr]    Compiling proc-macro2 v1.0.36
[INFO] [stderr]    Compiling crossbeam-utils v0.8.7
[INFO] [stderr]    Compiling lazy_static v1.4.0
[INFO] [stderr]    Compiling unicode-xid v0.2.2
[INFO] [stderr]    Compiling crossbeam-epoch v0.9.7
[INFO] [stderr]    Compiling syn v1.0.86
[INFO] [stderr]    Compiling crc32fast v1.3.2
[INFO] [stderr]    Compiling adler v1.0.2
[INFO] [stderr]    Compiling rayon-core v1.9.1
[INFO] [stderr]    Compiling adler32 v1.2.0
[INFO] [stderr]    Compiling futures-core v0.3.21
[INFO] [stderr]    Compiling memoffset v0.6.5
[INFO] [stderr]    Compiling num-traits v0.2.14
[INFO] [stderr]    Compiling num-integer v0.1.44
[INFO] [stderr]    Compiling miniz_oxide v0.4.4
[INFO] [stderr]    Compiling quote v1.0.15
[INFO] [stderr]    Compiling rayon v1.5.1
[INFO] [stderr]    Compiling num_cpus v1.13.1
[INFO] [stderr]    Compiling getrandom v0.2.4
[INFO] [stderr]    Compiling crossbeam-channel v0.5.2
[INFO] [stderr]    Compiling lock_api v0.4.6
[INFO] [stderr]    Compiling crossbeam-deque v0.8.1
[INFO] [stderr]    Compiling nanorand v0.6.1
[INFO] [stderr]    Compiling spin v0.9.2
[INFO] [stderr]    Compiling num-iter v0.1.42
[INFO] [stderr]    Compiling num-rational v0.4.0
[INFO] [stderr]    Compiling deflate v1.0.0
[INFO] [stderr]    Compiling either v1.6.1
[INFO] [stderr]    Compiling futures-sink v0.3.21
[INFO] [stderr]    Compiling weezl v0.1.5
[INFO] [stderr]    Compiling flate2 v1.0.22
[INFO] [stderr]    Compiling threadpool v1.8.1
[INFO] [stderr]    Compiling inflate v0.4.5
[INFO] [stderr]    Compiling miniz_oxide v0.5.1
[INFO] [stderr]    Compiling bit_field v0.10.1
[INFO] [stderr]    Compiling color_quant v1.1.0
[INFO] [stderr]    Compiling smallvec v1.8.0
[INFO] [stderr]    Compiling lebe v0.5.1
[INFO] [stderr]    Compiling bitflags v1.3.2
[INFO] [stderr]    Compiling jpeg-decoder v0.1.22
[INFO] [stderr]    Compiling half v1.8.2
[INFO] [stderr]    Compiling png v0.17.3
[INFO] [stderr]    Compiling gif v0.11.3
[INFO] [stderr]    Compiling tiff v0.7.1
[INFO] [stderr]    Compiling scoped_threadpool v0.1.9
[INFO] [stderr]    Compiling byteorder v1.4.3
[INFO] [stderr]    Compiling jpeg-decoder v0.2.2
[INFO] [stderr]    Compiling bytemuck v1.7.3
[INFO] [stderr]    Compiling pin-project-internal v1.0.10
[INFO] [stderr]    Compiling pin-project v1.0.10
[INFO] [stderr]    Compiling flume v0.10.11
[INFO] [stderr]    Compiling exr v1.4.1
[INFO] [stderr]    Compiling image v0.24.0
[INFO] [stderr]    Compiling img2curve v1.0.0 (/opt/rustwide/workdir)
[INFO] [stderr]     Finished dev [unoptimized + debuginfo] target(s) in 15.56s
[INFO] running `Command { std: "docker" "inspect" "29b459c46c13797c2361baff426bde0780efae3dbc41b2c8b7e33e0b85fc1dc1", kill_on_drop: false }`
[INFO] running `Command { std: "docker" "rm" "-f" "29b459c46c13797c2361baff426bde0780efae3dbc41b2c8b7e33e0b85fc1dc1", kill_on_drop: false }`
[INFO] [stdout] 29b459c46c13797c2361baff426bde0780efae3dbc41b2c8b7e33e0b85fc1dc1
[INFO] running `Command { std: "docker" "create" "-v" "/var/lib/crater-agent-workspace/builds/worker-3-tc2/target:/opt/rustwide/target:rw,Z" "-v" "/var/lib/crater-agent-workspace/builds/worker-3-tc2/source:/opt/rustwide/workdir:ro,Z" "-v" "/var/lib/crater-agent-workspace/cargo-home:/opt/rustwide/cargo-home:ro,Z" "-v" "/var/lib/crater-agent-workspace/rustup-home:/opt/rustwide/rustup-home:ro,Z" "-e" "SOURCE_DIR=/opt/rustwide/workdir" "-e" "CARGO_TARGET_DIR=/opt/rustwide/target" "-e" "CARGO_INCREMENTAL=0" "-e" "RUST_BACKTRACE=full" "-e" "RUSTFLAGS=--cap-lints=warn" "-e" "RUSTDOCFLAGS=--cap-lints=warn" "-e" "CARGO_HOME=/opt/rustwide/cargo-home" "-e" "RUSTUP_HOME=/opt/rustwide/rustup-home" "-w" "/opt/rustwide/workdir" "-m" "1610612736" "--user" "0:0" "--network" "none" "ghcr.io/rust-lang/crates-build-env/linux@sha256:2788e3201cd34a07e3172128adcd8b3090168a8e3bcc40d7c032b9dda1df7d1c" "/opt/rustwide/cargo-home/bin/cargo" "+beta-2023-12-22" "test" "--frozen" "--no-run" "--message-format=json", kill_on_drop: false }`
[INFO] [stdout] 9fa5aa66522366befaad1f6211aef0ee546403e9e171e6ddbedf6d539bfb16ae
[INFO] running `Command { std: "docker" "start" "-a" "9fa5aa66522366befaad1f6211aef0ee546403e9e171e6ddbedf6d539bfb16ae", kill_on_drop: false }`
[INFO] [stderr]    Compiling img2curve v1.0.0 (/opt/rustwide/workdir)
[INFO] [stderr]     Finished test [unoptimized + debuginfo] target(s) in 0.22s
[INFO] running `Command { std: "docker" "inspect" "9fa5aa66522366befaad1f6211aef0ee546403e9e171e6ddbedf6d539bfb16ae", kill_on_drop: false }`
[INFO] running `Command { std: "docker" "rm" "-f" "9fa5aa66522366befaad1f6211aef0ee546403e9e171e6ddbedf6d539bfb16ae", kill_on_drop: false }`
[INFO] [stdout] 9fa5aa66522366befaad1f6211aef0ee546403e9e171e6ddbedf6d539bfb16ae
[INFO] running `Command { std: "docker" "create" "-v" "/var/lib/crater-agent-workspace/builds/worker-3-tc2/target:/opt/rustwide/target:rw,Z" "-v" "/var/lib/crater-agent-workspace/builds/worker-3-tc2/source:/opt/rustwide/workdir:ro,Z" "-v" "/var/lib/crater-agent-workspace/cargo-home:/opt/rustwide/cargo-home:ro,Z" "-v" "/var/lib/crater-agent-workspace/rustup-home:/opt/rustwide/rustup-home:ro,Z" "-e" "SOURCE_DIR=/opt/rustwide/workdir" "-e" "CARGO_TARGET_DIR=/opt/rustwide/target" "-e" "CARGO_INCREMENTAL=0" "-e" "RUST_BACKTRACE=full" "-e" "RUSTFLAGS=--cap-lints=warn" "-e" "RUSTDOCFLAGS=--cap-lints=warn" "-e" "CARGO_HOME=/opt/rustwide/cargo-home" "-e" "RUSTUP_HOME=/opt/rustwide/rustup-home" "-w" "/opt/rustwide/workdir" "-m" "1610612736" "--user" "0:0" "--network" "none" "ghcr.io/rust-lang/crates-build-env/linux@sha256:2788e3201cd34a07e3172128adcd8b3090168a8e3bcc40d7c032b9dda1df7d1c" "/opt/rustwide/cargo-home/bin/cargo" "+beta-2023-12-22" "test" "--frozen", kill_on_drop: false }`
[INFO] [stdout] 29887ffb24af3d08a7e090879edbcaade3d4d611c7e896e8cc57ca24384a9bb4
[INFO] running `Command { std: "docker" "start" "-a" "29887ffb24af3d08a7e090879edbcaade3d4d611c7e896e8cc57ca24384a9bb4", kill_on_drop: false }`
[INFO] [stderr]     Finished test [unoptimized + debuginfo] target(s) in 0.03s
[INFO] [stderr]      Running unittests src/main.rs (/opt/rustwide/target/debug/deps/img2curve-b9999baa7f786ba8)
[INFO] [stdout] 
[INFO] [stdout] running 0 tests
[INFO] [stdout] 
[INFO] [stdout] test result: ok. 0 passed; 0 failed; 0 ignored; 0 measured; 0 filtered out; finished in 0.00s
[INFO] [stdout] 
[INFO] running `Command { std: "docker" "inspect" "29887ffb24af3d08a7e090879edbcaade3d4d611c7e896e8cc57ca24384a9bb4", kill_on_drop: false }`
[INFO] running `Command { std: "docker" "rm" "-f" "29887ffb24af3d08a7e090879edbcaade3d4d611c7e896e8cc57ca24384a9bb4", kill_on_drop: false }`
[INFO] [stdout] 29887ffb24af3d08a7e090879edbcaade3d4d611c7e896e8cc57ca24384a9bb4
