[INFO] cloning repository https://github.com/fstp/rogue
[INFO] running `Command { std: "git" "-c" "credential.helper=" "-c" "credential.helper=/workspace/cargo-home/bin/git-credential-null" "clone" "--bare" "https://github.com/fstp/rogue" "/workspace/cache/git-repos/https%3A%2F%2Fgithub.com%2Ffstp%2Frogue", kill_on_drop: false }`
[INFO] [stderr] Cloning into bare repository '/workspace/cache/git-repos/https%3A%2F%2Fgithub.com%2Ffstp%2Frogue'...
[INFO] running `Command { std: "git" "rev-parse" "HEAD", kill_on_drop: false }`
[INFO] [stdout] e40ca0e8dbe7a5e0c6fcc6215f9d7f654565b609
[INFO] testing fstp/rogue against 1.75.0 for beta-1.76-1
[INFO] running `Command { std: "git" "clone" "/workspace/cache/git-repos/https%3A%2F%2Fgithub.com%2Ffstp%2Frogue" "/workspace/builds/worker-2-tc1/source", kill_on_drop: false }`
[INFO] [stderr] Cloning into '/workspace/builds/worker-2-tc1/source'...
[INFO] [stderr] done.
[INFO] [stderr] fatal: update_ref failed for ref 'HEAD': cannot update ref 'refs/heads/master': couldn't write '/workspace/builds/worker-2-tc1/source/.git/refs/heads/master.lock'
[INFO] [stderr] fatal: the remote end hung up unexpectedly
[ERROR] this task or one of its parent failed!
[ERROR] failed to checkout https://github.com/fstp/rogue
[ERROR] caused by: command failed: exit status: 128
[ERROR] note: run with `RUST_BACKTRACE=1` to display a backtrace.
[INFO] testing fstp/rogue against beta-2023-12-22 for beta-1.76-1
[INFO] running `Command { std: "git" "clone" "/workspace/cache/git-repos/https%3A%2F%2Fgithub.com%2Ffstp%2Frogue" "/workspace/builds/worker-2-tc2/source", kill_on_drop: false }`
[INFO] [stderr] Cloning into '/workspace/builds/worker-2-tc2/source'...
[INFO] [stderr] done.
[INFO] validating manifest of git repo https://github.com/fstp/rogue on toolchain beta-2023-12-22
[INFO] running `Command { std: CARGO_HOME="/workspace/cargo-home" RUSTUP_HOME="/workspace/rustup-home" "/workspace/cargo-home/bin/cargo" "+beta-2023-12-22" "metadata" "--manifest-path" "Cargo.toml" "--no-deps", kill_on_drop: false }`
[INFO] started tweaking git repo https://github.com/fstp/rogue
[INFO] finished tweaking git repo https://github.com/fstp/rogue
[INFO] tweaked toml for git repo https://github.com/fstp/rogue written to /workspace/builds/worker-2-tc2/source/Cargo.toml
[INFO] crate git repo https://github.com/fstp/rogue already has a lockfile, it will not be regenerated
[INFO] running `Command { std: CARGO_HOME="/workspace/cargo-home" RUSTUP_HOME="/workspace/rustup-home" "/workspace/cargo-home/bin/cargo" "+beta-2023-12-22" "fetch" "--manifest-path" "Cargo.toml", kill_on_drop: false }`
[INFO] [stderr]     Updating git repository `https://github.com/PistonDevelopers/vecmath`
[INFO] [stderr]  Downloading crates ...
[INFO] [stderr]   Downloaded wayland-window v0.4.2
[INFO] [stderr]   Downloaded pistoncore-event_loop v0.27.0
[INFO] [stderr]   Downloaded serde v0.8.19
[INFO] [stderr]   Downloaded winit v0.5.6
[INFO] [stderr]   Downloaded rayon v0.5.0
[INFO] [stderr]   Downloaded piston v0.27.0
[INFO] [stderr]   Downloaded gfx_core v0.4.0
[INFO] [stderr]   Downloaded gcc v0.3.39
[INFO] [stderr]   Downloaded gfx v0.12.2
[INFO] [stderr]   Downloaded piston2d-graphics v0.19.0
[INFO] [stderr]   Downloaded num_cpus v1.2.0
[INFO] [stderr]   Downloaded gfx_device_gl v0.11.2
[INFO] [stderr]   Downloaded gif v0.9.0
[INFO] [stderr]   Downloaded pistoncore-window v0.24.0
[INFO] [stderr]   Downloaded core-foundation v0.2.2
[INFO] [stderr]   Downloaded gleam v0.2.28
[INFO] [stderr]   Downloaded core-foundation-sys v0.2.2
[INFO] [stderr]   Downloaded piston-gfx_texture v0.18.0
[INFO] [stderr]   Downloaded x11-dl v2.11.0
[INFO] [stderr]   Downloaded pistoncore-input v0.15.0
[INFO] [stderr]   Downloaded glutin v0.7.0
[INFO] [stderr]   Downloaded jpeg-decoder v0.1.8
[INFO] [stderr]   Downloaded pistoncore-glutin_window v0.33.0
[INFO] [stderr]   Downloaded piston2d-gfx_graphics v0.33.2
[INFO] [stderr]   Downloaded piston_window v0.58.0
[INFO] running `Command { std: "docker" "create" "-v" "/var/lib/crater-agent-workspace/builds/worker-2-tc2/target:/opt/rustwide/target:rw,Z" "-v" "/var/lib/crater-agent-workspace/builds/worker-2-tc2/source:/opt/rustwide/workdir:ro,Z" "-v" "/var/lib/crater-agent-workspace/cargo-home:/opt/rustwide/cargo-home:ro,Z" "-v" "/var/lib/crater-agent-workspace/rustup-home:/opt/rustwide/rustup-home:ro,Z" "-e" "SOURCE_DIR=/opt/rustwide/workdir" "-e" "CARGO_TARGET_DIR=/opt/rustwide/target" "-e" "CARGO_HOME=/opt/rustwide/cargo-home" "-e" "RUSTUP_HOME=/opt/rustwide/rustup-home" "-w" "/opt/rustwide/workdir" "-m" "1610612736" "--user" "0:0" "--network" "none" "ghcr.io/rust-lang/crates-build-env/linux@sha256:2788e3201cd34a07e3172128adcd8b3090168a8e3bcc40d7c032b9dda1df7d1c" "/opt/rustwide/cargo-home/bin/cargo" "+beta-2023-12-22" "metadata" "--no-deps" "--format-version=1", kill_on_drop: false }`
[INFO] [stdout] 39dcf90d3d2c6a7df8c19a8a3bc53528ebb6ba64e141f0758a9b19a93319d426
[INFO] running `Command { std: "docker" "start" "-a" "39dcf90d3d2c6a7df8c19a8a3bc53528ebb6ba64e141f0758a9b19a93319d426", kill_on_drop: false }`
[INFO] running `Command { std: "docker" "inspect" "39dcf90d3d2c6a7df8c19a8a3bc53528ebb6ba64e141f0758a9b19a93319d426", kill_on_drop: false }`
[INFO] running `Command { std: "docker" "rm" "-f" "39dcf90d3d2c6a7df8c19a8a3bc53528ebb6ba64e141f0758a9b19a93319d426", kill_on_drop: false }`
[INFO] [stdout] 39dcf90d3d2c6a7df8c19a8a3bc53528ebb6ba64e141f0758a9b19a93319d426
[INFO] running `Command { std: "docker" "create" "-v" "/var/lib/crater-agent-workspace/builds/worker-2-tc2/target:/opt/rustwide/target:rw,Z" "-v" "/var/lib/crater-agent-workspace/builds/worker-2-tc2/source:/opt/rustwide/workdir:ro,Z" "-v" "/var/lib/crater-agent-workspace/cargo-home:/opt/rustwide/cargo-home:ro,Z" "-v" "/var/lib/crater-agent-workspace/rustup-home:/opt/rustwide/rustup-home:ro,Z" "-e" "SOURCE_DIR=/opt/rustwide/workdir" "-e" "CARGO_TARGET_DIR=/opt/rustwide/target" "-e" "CARGO_INCREMENTAL=0" "-e" "RUST_BACKTRACE=full" "-e" "RUSTFLAGS=--cap-lints=warn" "-e" "RUSTDOCFLAGS=--cap-lints=warn" "-e" "CARGO_HOME=/opt/rustwide/cargo-home" "-e" "RUSTUP_HOME=/opt/rustwide/rustup-home" "-w" "/opt/rustwide/workdir" "-m" "1610612736" "--user" "0:0" "--network" "none" "ghcr.io/rust-lang/crates-build-env/linux@sha256:2788e3201cd34a07e3172128adcd8b3090168a8e3bcc40d7c032b9dda1df7d1c" "/opt/rustwide/cargo-home/bin/cargo" "+beta-2023-12-22" "build" "--frozen" "--message-format=json", kill_on_drop: false }`
[INFO] [stdout] c7f90cca20a51abc40fe762394dcaa98cbf6b26b1469adc22f17c5e4f2a9e19e
[INFO] running `Command { std: "docker" "start" "-a" "c7f90cca20a51abc40fe762394dcaa98cbf6b26b1469adc22f17c5e4f2a9e19e", kill_on_drop: false }`
[INFO] [stderr]    Compiling libc v0.2.18
[INFO] [stderr]    Compiling bitflags v0.7.0
[INFO] [stderr]    Compiling num-traits v0.1.36
[INFO] [stderr]    Compiling phf_shared v0.7.20
[INFO] [stderr]    Compiling log v0.3.6
[INFO] [stderr]    Compiling winapi-build v0.1.1
[INFO] [stderr]    Compiling dtoa v0.2.2
[INFO] [stderr]    Compiling itoa v0.1.1
[INFO] [stderr]    Compiling serde v0.8.19
[INFO] [stderr]    Compiling khronos_api v1.0.0
[INFO] [stderr]    Compiling lazy_static v0.2.2
[INFO] [stderr]    Compiling winapi v0.2.8
[INFO] [stderr]    Compiling rustc-serialize v0.3.22
[INFO] [stderr]    Compiling piston-float v0.2.0
[INFO] [stderr]    Compiling byteorder v0.5.3
[INFO] [stderr]    Compiling gcc v0.3.39
[INFO] [stderr]    Compiling xml-rs v0.3.5
[INFO] [stderr]    Compiling semver v0.1.20
[INFO] [stderr]    Compiling bitflags v0.6.0
[INFO] [stderr]    Compiling phf v0.7.20
[INFO] [stderr]    Compiling piston-viewport v0.2.0
[INFO] [stderr]    Compiling pkg-config v0.3.8
[INFO] [stderr]    Compiling kernel32-sys v0.2.2
[INFO] [stderr]    Compiling draw_state v0.6.0
[INFO] [stderr]    Compiling shader_version v0.2.1
[INFO] [stderr]    Compiling inflate v0.1.1
[INFO] [stderr]    Compiling odds v0.2.25
[INFO] [stderr]    Compiling color_quant v1.0.0
[INFO] [stderr]    Compiling lzw v0.10.0
[INFO] [stderr]    Compiling rustc_version v0.1.7
[INFO] [stderr]    Compiling rand v0.3.15
[INFO] [stderr]    Compiling num_cpus v1.2.0
[INFO] [stdout] error[E0310]: the parameter type `T` may not live long enough
[INFO] [stdout]     --> /opt/rustwide/cargo-home/registry/src/index.crates.io-6f17d22bba15001f/rustc-serialize-0.3.22/src/serialize.rs:1155:5
[INFO] [stdout]      |
[INFO] [stdout] 1155 |     fn decode<D: Decoder>(d: &mut D) -> Result<Cow<'static, T>, D::Error> {
[INFO] [stdout]      |     ^^^^^^^^^^^^^^^^^^^^^^^^^^^^^^^^^^^^^^^^^^^^^^^^^^^^^^^^^^^^^^^^^^^^^
[INFO] [stdout]      |     |
[INFO] [stdout]      |     the parameter type `T` must be valid for the static lifetime...
[INFO] [stdout]      |     ...so that the type `T` will meet its required lifetime bounds...
[INFO] [stdout]      |
[INFO] [stdout] note: ...that is required by this bound
[INFO] [stdout]     --> /rustc/0e09125c6c3c2fd70d7de961bcf0e51575235fad/library/alloc/src/borrow.rs:180:30
[INFO] [stdout] help: consider adding an explicit lifetime bound
[INFO] [stdout]      |
[INFO] [stdout] 1151 | impl<'a, T: ?Sized + 'static> Decodable for Cow<'a, T>
[INFO] [stdout]      |                    +++++++++
[INFO] [stdout] 
[INFO] [stdout] 
[INFO] [stderr]    Compiling fs2 v0.2.5
[INFO] [stderr]    Compiling num-integer v0.1.32
[INFO] [stderr]    Compiling gfx_core v0.4.0
[INFO] [stderr]    Compiling shared_library v0.1.5
[INFO] [stderr]    Compiling tempfile v2.1.4
[INFO] [stderr]    Compiling nodrop v0.1.8
[INFO] [stderr]    Compiling x11-dl v2.11.0
[INFO] [stderr]    Compiling num-iter v0.1.32
[INFO] [stderr]    Compiling memmap v0.4.0
[INFO] [stderr]    Compiling gif v0.9.0
[INFO] [stderr]    Compiling byteorder v0.4.2
[INFO] [stderr]    Compiling glob v0.2.11
[INFO] [stderr] LLVM ERROR: IO failure on output stream: No space left on device
[INFO] [stderr] LLVM ERROR: IO failure on output stream: No space left on device
[INFO] [stderr] LLVM ERROR: IO failure on output stream: No space left on device
[INFO] [stderr] LLVM ERROR: IO failure on output stream: No space left on device
[INFO] [stderr] error: could not compile `gcc` (lib)
[INFO] [stderr] warning: build failed, waiting for other jobs to finish...
[INFO] [stderr] error: could not compile `x11-dl` (build script)
[INFO] [stderr] error: could not compile `shared_library` (lib)
[INFO] [stderr] error: could not compile `num_cpus` (lib)
[INFO] [stderr] LLVM ERROR: IO failure on output stream: No space left on device
[INFO] [stderr] error: could not compile `num-iter` (lib)
[INFO] [stdout] error: linking with `cc` failed: exit status: 1
[INFO] [stdout]   |
[INFO] [stdout]   = note: LC_ALL="C" PATH="/opt/rustwide/rustup-home/toolchains/beta-2023-12-22-x86_64-unknown-linux-gnu/lib/rustlib/x86_64-unknown-linux-gnu/bin:/opt/rustwide/cargo-home/bin:/usr/local/sbin:/usr/local/bin:/usr/sbin:/usr/bin:/sbin:/bin" VSLANG="1033" "cc" "-m64" "/tmp/rustcxUVFj7/symbols.o" "/opt/rustwide/target/debug/build/tempfile-8c5278a6b2796e82/build_script_build-8c5278a6b2796e82.build_script_build.98c2950f983f8e81-cgu.0.rcgu.o" "/opt/rustwide/target/debug/build/tempfile-8c5278a6b2796e82/build_script_build-8c5278a6b2796e82.3eexwfdav3sp5p7n.rcgu.o" "-Wl,--as-needed" "-L" "/opt/rustwide/target/debug/deps" "-L" "/opt/rustwide/rustup-home/toolchains/beta-2023-12-22-x86_64-unknown-linux-gnu/lib/rustlib/x86_64-unknown-linux-gnu/lib" "-Wl,-Bstatic" "/opt/rustwide/target/debug/deps/librustc_version-fee9b1ef3b9fc517.rlib" "/opt/rustwide/target/debug/deps/libsemver-36da2404b817368a.rlib" "/opt/rustwide/rustup-home/toolchains/beta-2023-12-22-x86_64-unknown-linux-gnu/lib/rustlib/x86_64-unknown-linux-gnu/lib/libstd-0672489a78b613de.rlib" "/opt/rustwide/rustup-home/toolchains/beta-2023-12-22-x86_64-unknown-linux-gnu/lib/rustlib/x86_64-unknown-linux-gnu/lib/libpanic_unwind-7eb3ffc34a49f675.rlib" "/opt/rustwide/rustup-home/toolchains/beta-2023-12-22-x86_64-unknown-linux-gnu/lib/rustlib/x86_64-unknown-linux-gnu/lib/libobject-6478a9daa4bee8e2.rlib" "/opt/rustwide/rustup-home/toolchains/beta-2023-12-22-x86_64-unknown-linux-gnu/lib/rustlib/x86_64-unknown-linux-gnu/lib/libmemchr-0c75d871a5c3923d.rlib" "/opt/rustwide/rustup-home/toolchains/beta-2023-12-22-x86_64-unknown-linux-gnu/lib/rustlib/x86_64-unknown-linux-gnu/lib/libaddr2line-d163ef63ad37bb71.rlib" "/opt/rustwide/rustup-home/toolchains/beta-2023-12-22-x86_64-unknown-linux-gnu/lib/rustlib/x86_64-unknown-linux-gnu/lib/libgimli-8a3fd810a85b9f4c.rlib" "/opt/rustwide/rustup-home/toolchains/beta-2023-12-22-x86_64-unknown-linux-gnu/lib/rustlib/x86_64-unknown-linux-gnu/lib/librustc_demangle-462a2cde8c5dfc10.rlib" "/opt/rustwide/rustup-home/toolchains/beta-2023-12-22-x86_64-unknown-linux-gnu/lib/rustlib/x86_64-unknown-linux-gnu/lib/libstd_detect-cb06ac9f54713f71.rlib" "/opt/rustwide/rustup-home/toolchains/beta-2023-12-22-x86_64-unknown-linux-gnu/lib/rustlib/x86_64-unknown-linux-gnu/lib/libhashbrown-f20bfd1f8e59b393.rlib" "/opt/rustwide/rustup-home/toolchains/beta-2023-12-22-x86_64-unknown-linux-gnu/lib/rustlib/x86_64-unknown-linux-gnu/lib/librustc_std_workspace_alloc-1ef460949b49da4b.rlib" "/opt/rustwide/rustup-home/toolchains/beta-2023-12-22-x86_64-unknown-linux-gnu/lib/rustlib/x86_64-unknown-linux-gnu/lib/libminiz_oxide-2cb0c0ffe4f87514.rlib" "/opt/rustwide/rustup-home/toolchains/beta-2023-12-22-x86_64-unknown-linux-gnu/lib/rustlib/x86_64-unknown-linux-gnu/lib/libadler-58d841eb322a11a2.rlib" "/opt/rustwide/rustup-home/toolchains/beta-2023-12-22-x86_64-unknown-linux-gnu/lib/rustlib/x86_64-unknown-linux-gnu/lib/libunwind-aa2ae0b0a9d11533.rlib" "/opt/rustwide/rustup-home/toolchains/beta-2023-12-22-x86_64-unknown-linux-gnu/lib/rustlib/x86_64-unknown-linux-gnu/lib/libcfg_if-23874e15830ed336.rlib" "/opt/rustwide/rustup-home/toolchains/beta-2023-12-22-x86_64-unknown-linux-gnu/lib/rustlib/x86_64-unknown-linux-gnu/lib/liblibc-e47cddc003bce885.rlib" "/opt/rustwide/rustup-home/toolchains/beta-2023-12-22-x86_64-unknown-linux-gnu/lib/rustlib/x86_64-unknown-linux-gnu/lib/liballoc-c22b13b48a8f128e.rlib" "/opt/rustwide/rustup-home/toolchains/beta-2023-12-22-x86_64-unknown-linux-gnu/lib/rustlib/x86_64-unknown-linux-gnu/lib/librustc_std_workspace_core-e46bc3da6d7c462f.rlib" "/opt/rustwide/rustup-home/toolchains/beta-2023-12-22-x86_64-unknown-linux-gnu/lib/rustlib/x86_64-unknown-linux-gnu/lib/libcore-8d1ac131d3cb2645.rlib" "/opt/rustwide/rustup-home/toolchains/beta-2023-12-22-x86_64-unknown-linux-gnu/lib/rustlib/x86_64-unknown-linux-gnu/lib/libcompiler_builtins-a1b43df8c6899c1f.rlib" "-Wl,-Bdynamic" "-lgcc_s" "-lutil" "-lrt" "-lpthread" "-lm" "-ldl" "-lc" "-Wl,--eh-frame-hdr" "-Wl,-z,noexecstack" "-L" "/opt/rustwide/rustup-home/toolchains/beta-2023-12-22-x86_64-unknown-linux-gnu/lib/rustlib/x86_64-unknown-linux-gnu/lib" "-o" "/opt/rustwide/target/debug/build/tempfile-8c5278a6b2796e82/build_script_build-8c5278a6b2796e82" "-Wl,--gc-sections" "-pie" "-Wl,-z,relro,-z,now" "-nodefaultlibs"
[INFO] [stdout]   = note: /usr/bin/ld: final link failed: No space left on device
[INFO] [stdout]           collect2: error: ld returned 1 exit status
[INFO] [stdout]           
[INFO] [stdout] 
[INFO] [stdout] 
[INFO] [stdout] error: aborting due to 1 previous error
[INFO] [stdout] 
[INFO] [stdout] 
[INFO] [stderr] error: could not compile `tempfile` (build script) due to 2 previous errors
[INFO] [stdout] error: failed to write /tmp/rustc4HgAt9/lib.rmeta: No space left on device (os error 28)
[INFO] [stdout] 
[INFO] [stdout] 
[INFO] [stderr] LLVM ERROR: IO failure on output stream: No space left on device
[INFO] [stderr] error: could not compile `memmap` (lib)
[INFO] [stderr] LLVM ERROR: IO failure on output stream: No space left on device
[INFO] [stderr] error: could not compile `byteorder` (lib) due to 1 previous error
[INFO] [stdout] error: failed to write to `/opt/rustwide/target/debug/deps/rmetajE06Zl/lib.rmeta`: No space left on device (os error 28)
[INFO] [stdout] 
[INFO] [stdout] 
[INFO] [stderr] error: could not compile `xml-rs` (lib)
[INFO] [stdout] error: failed to write to `/opt/rustwide/target/debug/deps/rmetalQYs7T/lib.rmeta`: No space left on device (os error 28)
[INFO] [stdout] 
[INFO] [stdout] 
[INFO] [stderr] LLVM ERROR: IO failure on output stream: No space left on device
[INFO] [stderr] error: could not compile `gif` (lib) due to 1 previous error
[INFO] [stderr] error: could not compile `rand` (lib)
[INFO] [stdout] error: aborting due to 1 previous error
[INFO] [stdout] 
[INFO] [stdout] 
[INFO] [stderr] error: could not compile `glob` (lib) due to 2 previous errors
[INFO] [stdout] error: aborting due to 1 previous error
[INFO] [stdout] 
[INFO] [stdout] 
[INFO] [stdout] For more information about this error, try `rustc --explain E0310`.
[INFO] [stdout] 
[INFO] [stderr] error: could not compile `rustc-serialize` (lib) due to 2 previous errors
[INFO] [stdout] error: couldn't create a temp dir: No space left on device (os error 28) at path "/opt/rustwide/target/debug/deps/rmetaAfFOE5"
[INFO] [stdout] 
[INFO] [stdout] 
[INFO] [stderr] error: could not compile `inflate` (lib) due to 1 previous error
[INFO] [stdout] error: couldn't create a temp dir: No space left on device (os error 28) at path "/opt/rustwide/target/debug/deps/rmetaHbfcGO"
[INFO] [stdout] 
[INFO] [stdout] 
[INFO] [stderr] error: could not compile `gfx_core` (lib) due to 1 previous error
[INFO] [stdout] error: failed to write to `/opt/rustwide/target/debug/deps/rmetam2t5xV/lib.rmeta`: No space left on device (os error 28)
[INFO] [stdout] 
[INFO] [stdout] 
[INFO] [stdout] error: aborting due to 1 previous error
[INFO] [stdout] 
[INFO] [stdout] 
[INFO] [stderr] error: could not compile `serde` (lib) due to 2 previous errors
[INFO] running `Command { std: "docker" "inspect" "c7f90cca20a51abc40fe762394dcaa98cbf6b26b1469adc22f17c5e4f2a9e19e", kill_on_drop: false }`
[INFO] running `Command { std: "docker" "rm" "-f" "c7f90cca20a51abc40fe762394dcaa98cbf6b26b1469adc22f17c5e4f2a9e19e", kill_on_drop: false }`
[INFO] [stdout] c7f90cca20a51abc40fe762394dcaa98cbf6b26b1469adc22f17c5e4f2a9e19e
