[INFO] cloning repository https://github.com/franktly/my-redis
[INFO] running `Command { std: "git" "-c" "credential.helper=" "-c" "credential.helper=/workspace/cargo-home/bin/git-credential-null" "clone" "--bare" "https://github.com/franktly/my-redis" "/workspace/cache/git-repos/https%3A%2F%2Fgithub.com%2Ffranktly%2Fmy-redis", kill_on_drop: false }`
[INFO] [stderr] Cloning into bare repository '/workspace/cache/git-repos/https%3A%2F%2Fgithub.com%2Ffranktly%2Fmy-redis'...
[INFO] running `Command { std: "git" "rev-parse" "HEAD", kill_on_drop: false }`
[INFO] [stdout] 2502f79714b8c97bf7976dc35442e2c5b7f0c93c
[INFO] testing franktly/my-redis against 1.75.0 for beta-1.76-1
[INFO] running `Command { std: "git" "clone" "/workspace/cache/git-repos/https%3A%2F%2Fgithub.com%2Ffranktly%2Fmy-redis" "/workspace/builds/worker-3-tc1/source", kill_on_drop: false }`
[INFO] [stderr] Cloning into '/workspace/builds/worker-3-tc1/source'...
[INFO] [stderr] done.
[INFO] validating manifest of git repo https://github.com/franktly/my-redis on toolchain 1.75.0
[INFO] running `Command { std: CARGO_HOME="/workspace/cargo-home" RUSTUP_HOME="/workspace/rustup-home" "/workspace/cargo-home/bin/cargo" "+1.75.0" "metadata" "--manifest-path" "Cargo.toml" "--no-deps", kill_on_drop: false }`
[INFO] started tweaking git repo https://github.com/franktly/my-redis
[INFO] finished tweaking git repo https://github.com/franktly/my-redis
[INFO] tweaked toml for git repo https://github.com/franktly/my-redis written to /workspace/builds/worker-3-tc1/source/Cargo.toml
[INFO] running `Command { std: CARGO_HOME="/workspace/cargo-home" RUSTUP_HOME="/workspace/rustup-home" "/workspace/cargo-home/bin/cargo" "+1.75.0" "generate-lockfile" "--manifest-path" "Cargo.toml", kill_on_drop: false }`
[INFO] [stderr]     Blocking waiting for file lock on package cache
[ERROR] error running command: no output for 300 seconds
[ERROR] this task or one of its parent failed!
[ERROR] no output for 300 seconds
[ERROR] note: run with `RUST_BACKTRACE=1` to display a backtrace.
[INFO] testing franktly/my-redis against beta-2023-12-22 for beta-1.76-1
[INFO] running `Command { std: "git" "clone" "/workspace/cache/git-repos/https%3A%2F%2Fgithub.com%2Ffranktly%2Fmy-redis" "/workspace/builds/worker-3-tc2/source", kill_on_drop: false }`
[INFO] [stderr] Cloning into '/workspace/builds/worker-3-tc2/source'...
[INFO] [stderr] done.
[INFO] validating manifest of git repo https://github.com/franktly/my-redis on toolchain beta-2023-12-22
[INFO] running `Command { std: CARGO_HOME="/workspace/cargo-home" RUSTUP_HOME="/workspace/rustup-home" "/workspace/cargo-home/bin/cargo" "+beta-2023-12-22" "metadata" "--manifest-path" "Cargo.toml" "--no-deps", kill_on_drop: false }`
[INFO] started tweaking git repo https://github.com/franktly/my-redis
[INFO] finished tweaking git repo https://github.com/franktly/my-redis
[INFO] tweaked toml for git repo https://github.com/franktly/my-redis written to /workspace/builds/worker-3-tc2/source/Cargo.toml
[INFO] running `Command { std: CARGO_HOME="/workspace/cargo-home" RUSTUP_HOME="/workspace/rustup-home" "/workspace/cargo-home/bin/cargo" "+beta-2023-12-22" "generate-lockfile" "--manifest-path" "Cargo.toml", kill_on_drop: false }`
[INFO] [stderr]     Blocking waiting for file lock on package cache
[INFO] [stderr]     Updating crates.io index
[INFO] running `Command { std: CARGO_HOME="/workspace/cargo-home" RUSTUP_HOME="/workspace/rustup-home" "/workspace/cargo-home/bin/cargo" "+beta-2023-12-22" "fetch" "--manifest-path" "Cargo.toml", kill_on_drop: false }`
[INFO] [stderr]     Blocking waiting for file lock on package cache
[INFO] [stderr]     Blocking waiting for file lock on package cache
[INFO] running `Command { std: "docker" "create" "-v" "/var/lib/crater-agent-workspace/builds/worker-3-tc2/target:/opt/rustwide/target:rw,Z" "-v" "/var/lib/crater-agent-workspace/builds/worker-3-tc2/source:/opt/rustwide/workdir:ro,Z" "-v" "/var/lib/crater-agent-workspace/cargo-home:/opt/rustwide/cargo-home:ro,Z" "-v" "/var/lib/crater-agent-workspace/rustup-home:/opt/rustwide/rustup-home:ro,Z" "-e" "SOURCE_DIR=/opt/rustwide/workdir" "-e" "CARGO_TARGET_DIR=/opt/rustwide/target" "-e" "CARGO_HOME=/opt/rustwide/cargo-home" "-e" "RUSTUP_HOME=/opt/rustwide/rustup-home" "-w" "/opt/rustwide/workdir" "-m" "1610612736" "--user" "0:0" "--network" "none" "ghcr.io/rust-lang/crates-build-env/linux@sha256:2788e3201cd34a07e3172128adcd8b3090168a8e3bcc40d7c032b9dda1df7d1c" "/opt/rustwide/cargo-home/bin/cargo" "+beta-2023-12-22" "metadata" "--no-deps" "--format-version=1", kill_on_drop: false }`
[INFO] [stdout] bc15ff3097fd80fbed57bd91c644700086cb51c780e197f3c6dfcef493562917
[INFO] running `Command { std: "docker" "start" "-a" "bc15ff3097fd80fbed57bd91c644700086cb51c780e197f3c6dfcef493562917", kill_on_drop: false }`
[INFO] running `Command { std: "docker" "inspect" "bc15ff3097fd80fbed57bd91c644700086cb51c780e197f3c6dfcef493562917", kill_on_drop: false }`
[INFO] running `Command { std: "docker" "rm" "-f" "bc15ff3097fd80fbed57bd91c644700086cb51c780e197f3c6dfcef493562917", kill_on_drop: false }`
[INFO] [stdout] bc15ff3097fd80fbed57bd91c644700086cb51c780e197f3c6dfcef493562917
[INFO] running `Command { std: "docker" "create" "-v" "/var/lib/crater-agent-workspace/builds/worker-3-tc2/target:/opt/rustwide/target:rw,Z" "-v" "/var/lib/crater-agent-workspace/builds/worker-3-tc2/source:/opt/rustwide/workdir:ro,Z" "-v" "/var/lib/crater-agent-workspace/cargo-home:/opt/rustwide/cargo-home:ro,Z" "-v" "/var/lib/crater-agent-workspace/rustup-home:/opt/rustwide/rustup-home:ro,Z" "-e" "SOURCE_DIR=/opt/rustwide/workdir" "-e" "CARGO_TARGET_DIR=/opt/rustwide/target" "-e" "CARGO_INCREMENTAL=0" "-e" "RUST_BACKTRACE=full" "-e" "RUSTFLAGS=--cap-lints=warn" "-e" "RUSTDOCFLAGS=--cap-lints=warn" "-e" "CARGO_HOME=/opt/rustwide/cargo-home" "-e" "RUSTUP_HOME=/opt/rustwide/rustup-home" "-w" "/opt/rustwide/workdir" "-m" "1610612736" "--user" "0:0" "--network" "none" "ghcr.io/rust-lang/crates-build-env/linux@sha256:2788e3201cd34a07e3172128adcd8b3090168a8e3bcc40d7c032b9dda1df7d1c" "/opt/rustwide/cargo-home/bin/cargo" "+beta-2023-12-22" "build" "--frozen" "--message-format=json", kill_on_drop: false }`
[INFO] [stdout] d72e285199273d0155e1df92b1be8b28d2c896aacb67e8351d0082398eae8e60
[INFO] running `Command { std: "docker" "start" "-a" "d72e285199273d0155e1df92b1be8b28d2c896aacb67e8351d0082398eae8e60", kill_on_drop: false }`
[INFO] [stderr]    Compiling proc-macro2 v1.0.75
[INFO] [stderr]    Compiling unicode-ident v1.0.12
[INFO] [stderr]    Compiling autocfg v1.1.0
[INFO] [stderr]    Compiling libc v0.2.151
[INFO] [stderr]    Compiling cfg-if v1.0.0
[INFO] [stderr]    Compiling once_cell v1.19.0
[INFO] [stderr]    Compiling pin-project-lite v0.2.13
[INFO] [stderr]    Compiling version_check v0.9.4
[INFO] [stderr]    Compiling crossbeam-utils v0.8.18
[INFO] [stderr]    Compiling smallvec v1.11.2
[INFO] [stderr]    Compiling futures-core v0.3.30
[INFO] [stderr]    Compiling tracing-core v0.1.32
[INFO] [stderr]    Compiling parking_lot_core v0.9.9
[INFO] [stderr]    Compiling syn v1.0.109
[INFO] [stderr]    Compiling proc-macro-error-attr v1.0.4
[INFO] [stderr]    Compiling serde v1.0.194
[INFO] [stderr]    Compiling num-traits v0.2.17
[INFO] [stderr]    Compiling lock_api v0.4.11
[INFO] [stderr]    Compiling slab v0.4.9
[INFO] [stderr]    Compiling proc-macro-error v1.0.4
[INFO] [stderr]    Compiling quote v1.0.35
[INFO] [stderr]    Compiling lazy_static v1.4.0
[INFO] [stderr]    Compiling syn v2.0.48
[INFO] [stderr]    Compiling log v0.4.20
[INFO] [stderr]    Compiling scopeguard v1.2.0
[INFO] [stderr]    Compiling ansi_term v0.12.1
[INFO] [stderr]    Compiling unicode-segmentation v1.10.1
[INFO] [stderr]    Compiling unicode-width v0.1.11
[INFO] [stderr]    Compiling serde_json v1.0.111
[INFO] [stderr]    Compiling regex-syntax v0.6.29
[INFO] [stderr]    Compiling futures-sink v0.3.30
[INFO] [stderr]    Compiling regex-syntax v0.8.2
[INFO] [stderr]    Compiling heck v0.3.3
[INFO] [stderr]    Compiling futures-channel v0.3.30
[INFO] [stderr]    Compiling textwrap v0.11.0
[INFO] [stderr]    Compiling parking_lot v0.12.1
[INFO] [stderr]    Compiling socket2 v0.5.5
[INFO] [stderr]    Compiling num_cpus v1.16.0
[INFO] [stderr]    Compiling atty v0.2.14
[INFO] [stderr]    Compiling signal-hook-registry v1.4.1
[INFO] [stderr]    Compiling mio v0.8.10
[INFO] [stderr]    Compiling sharded-slab v0.1.7
[INFO] [stderr]    Compiling thread_local v1.1.7
[INFO] [stderr]    Compiling regex-automata v0.4.3
[INFO] [stderr]    Compiling strsim v0.8.0
[INFO] [stderr]    Compiling regex-automata v0.1.10
[INFO] [stderr]    Compiling vec_map v0.8.2
[INFO] [stderr]    Compiling pin-utils v0.1.0
[INFO] [stderr]    Compiling iana-time-zone v0.1.59
[INFO] [stderr]    Compiling memchr v2.7.1
[INFO] [stderr]    Compiling bytes v1.5.0
[INFO] [stderr]    Compiling bitflags v1.3.2
[INFO] [stderr]    Compiling itoa v1.0.10
[INFO] [stderr]    Compiling ryu v1.0.16
[INFO] [stderr]    Compiling futures-task v0.3.30
[INFO] [stderr]    Compiling futures-io v0.3.30
[INFO] [stderr]    Compiling clap v2.34.0
[INFO] [stderr]    Compiling regex v1.10.2
[INFO] [stderr]    Compiling tracing-serde v0.1.3
[INFO] [stderr]    Compiling matchers v0.0.1
[INFO] [stderr]    Compiling chrono v0.4.31
[INFO] [stderr]    Compiling tracing-log v0.1.4
[INFO] [stderr]    Compiling crossbeam-epoch v0.9.17
[INFO] [stderr]    Compiling overload v0.1.1
[INFO] [stderr]    Compiling crossbeam-deque v0.8.4
[INFO] [stderr]    Compiling nu-ansi-term v0.46.0
[INFO] [stderr]    Compiling atoi v0.3.3
[INFO] [stderr]    Compiling tracing-log v0.2.0
[INFO] [stderr]    Compiling crossbeam-channel v0.5.10
[INFO] [stderr]    Compiling structopt-derive v0.4.18
[INFO] [stderr]    Compiling crossbeam-queue v0.3.10
[INFO] [stderr]    Compiling tracing-subscriber v0.3.18
[INFO] [stderr]    Compiling crossbeam v0.8.3
[INFO] [stderr]    Compiling tracing-attributes v0.1.27
[INFO] [stderr]    Compiling futures-macro v0.3.30
[INFO] [stderr]    Compiling pin-project-internal v1.1.3
[INFO] [stderr]    Compiling tokio-macros v2.2.0
[INFO] [stderr]    Compiling async-stream-impl v0.3.5
[INFO] [stderr]    Compiling structopt v0.3.26
[INFO] [stderr]    Compiling tokio v1.35.1
[INFO] [stderr]    Compiling futures-util v0.3.30
[INFO] [stderr]    Compiling pin-project v1.1.3
[INFO] [stderr]    Compiling async-stream v0.3.5
[INFO] [stderr]    Compiling tracing v0.1.40
[INFO] [stderr]    Compiling tracing-subscriber v0.2.25
[INFO] [stderr]    Compiling tracing-futures v0.2.5
[INFO] [stderr]    Compiling futures-executor v0.3.30
[INFO] [stderr]    Compiling futures v0.3.30
[INFO] [stderr]    Compiling tokio-stream v0.1.14
[INFO] [stderr]    Compiling mini-redis v0.4.1
[INFO] [stderr]    Compiling my-redis v0.1.0 (/opt/rustwide/workdir)
[INFO] [stdout] warning: unused import: `client`
[INFO] [stdout]  --> src/client/main.rs:2:18
[INFO] [stdout]   |
[INFO] [stdout] 2 | use mini_redis::{client, Result};
[INFO] [stdout]   |                  ^^^^^^
[INFO] [stdout]   |
[INFO] [stdout]   = note: `#[warn(unused_imports)]` on by default
[INFO] [stdout] 
[INFO] [stdout] 
[INFO] [stdout] warning: unused import: `mpsc`
[INFO] [stdout]  --> src/client/main.rs:3:19
[INFO] [stdout]   |
[INFO] [stdout] 3 | use tokio::sync::{mpsc, oneshot};
[INFO] [stdout]   |                   ^^^^
[INFO] [stdout] 
[INFO] [stdout] 
[INFO] [stdout] warning: unused import: `std::rc::Rc`
[INFO] [stdout]  --> src/client/main.rs:4:5
[INFO] [stdout]   |
[INFO] [stdout] 4 | use std::rc::Rc;
[INFO] [stdout]   |     ^^^^^^^^^^^
[INFO] [stdout] 
[INFO] [stdout] 
[INFO] [stdout] warning: unused import: `std::sync::Arc`
[INFO] [stdout]  --> src/client/main.rs:5:5
[INFO] [stdout]   |
[INFO] [stdout] 5 | use std::sync::Arc;
[INFO] [stdout]   |     ^^^^^^^^^^^^^^
[INFO] [stdout] 
[INFO] [stdout] 
[INFO] [stdout] warning: unused imports: `task`, `time`
[INFO] [stdout]  --> src/client/main.rs:6:13
[INFO] [stdout]   |
[INFO] [stdout] 6 | use tokio::{task, time};
[INFO] [stdout]   |             ^^^^  ^^^^
[INFO] [stdout] 
[INFO] [stdout] 
[INFO] [stdout] warning: unused variable: `out`
[INFO] [stdout]   --> src/bin/async-depth.rs:70:37
[INFO] [stdout]    |
[INFO] [stdout] 70 |                         Poll::Ready(out) =>
[INFO] [stdout]    |                                     ^^^ help: if this is intentional, prefix it with an underscore: `_out`
[INFO] [stdout]    |
[INFO] [stdout]    = note: `#[warn(unused_variables)]` on by default
[INFO] [stdout] 
[INFO] [stdout] 
[INFO] [stdout] warning: variant `State0` is never constructed
[INFO] [stdout]   --> src/bin/async-depth.rs:47:5
[INFO] [stdout]    |
[INFO] [stdout] 45 | enum MainFuture{
[INFO] [stdout]    |      ---------- variant in this enum
[INFO] [stdout] 46 |     // Initialized, never polled
[INFO] [stdout] 47 |     State0,
[INFO] [stdout]    |     ^^^^^^
[INFO] [stdout]    |
[INFO] [stdout]    = note: `#[warn(dead_code)]` on by default
[INFO] [stdout] 
[INFO] [stdout] 
[INFO] [stdout] warning: unused variable: `opt`
[INFO] [stdout]   --> src/bin/concept/structopt.rs:56:9
[INFO] [stdout]    |
[INFO] [stdout] 56 |     let opt = Opt::from_args();
[INFO] [stdout]    |         ^^^ help: if this is intentional, prefix it with an underscore: `_opt`
[INFO] [stdout]    |
[INFO] [stdout]    = note: `#[warn(unused_variables)]` on by default
[INFO] [stdout] 
[INFO] [stdout] 
[INFO] [stdout] warning: unused variable: `dbg`
[INFO] [stdout]   --> src/bin/concept/structopt.rs:79:9
[INFO] [stdout]    |
[INFO] [stdout] 79 |     let dbg = matches.value_of("debug2").unwrap();
[INFO] [stdout]    |         ^^^ help: if this is intentional, prefix it with an underscore: `_dbg`
[INFO] [stdout] 
[INFO] [stdout] 
[INFO] [stdout] warning: multiple fields are never read
[INFO] [stdout]   --> src/bin/concept/structopt.rs:9:5
[INFO] [stdout]    |
[INFO] [stdout] 7  | struct Opt{
[INFO] [stdout]    |        --- fields in this struct
[INFO] [stdout] 8  |     #[structopt(name = "debug", short, long)]
[INFO] [stdout] 9  |     debug: bool,
[INFO] [stdout]    |     ^^^^^
[INFO] [stdout] ...
[INFO] [stdout] 12 |     speed: f64,
[INFO] [stdout]    |     ^^^^^
[INFO] [stdout] ...
[INFO] [stdout] 15 |     input: PathBuf,
[INFO] [stdout]    |     ^^^^^
[INFO] [stdout] ...
[INFO] [stdout] 18 |     output: Option<PathBuf>,
[INFO] [stdout]    |     ^^^^^^
[INFO] [stdout] ...
[INFO] [stdout] 21 |     out_type: String,
[INFO] [stdout]    |     ^^^^^^^^
[INFO] [stdout] ...
[INFO] [stdout] 24 |     file_name: Option<String>,
[INFO] [stdout]    |     ^^^^^^^^^
[INFO] [stdout] ...
[INFO] [stdout] 29 |     skipped: u32,
[INFO] [stdout]    |     ^^^^^^^
[INFO] [stdout] ...
[INFO] [stdout] 34 |     parameter_value: String,
[INFO] [stdout]    |     ^^^^^^^^^^^^^^^
[INFO] [stdout] ...
[INFO] [stdout] 40 |     secret_value: String,
[INFO] [stdout]    |     ^^^^^^^^^^^^
[INFO] [stdout] ...
[INFO] [stdout] 44 |     k1: String,
[INFO] [stdout]    |     ^^
[INFO] [stdout] 45 |     #[structopt(skip)]
[INFO] [stdout] 46 |     v1: Vec<u32>,
[INFO] [stdout]    |     ^^
[INFO] [stdout] ...
[INFO] [stdout] 50 |     k2:String,
[INFO] [stdout]    |     ^^
[INFO] [stdout] 51 |     #[structopt(skip =vec![1,2,3])]
[INFO] [stdout] 52 |     v2:Vec<u32>,
[INFO] [stdout]    |     ^^
[INFO] [stdout]    |
[INFO] [stdout]    = note: `Opt` has a derived impl for the trait `Debug`, but this is intentionally ignored during dead code analysis
[INFO] [stdout]    = note: `#[warn(dead_code)]` on by default
[INFO] [stdout] 
[INFO] [stdout] 
[INFO] [stdout] warning: variants `Get` and `Set` are never constructed
[INFO] [stdout]   --> src/client/main.rs:34:5
[INFO] [stdout]    |
[INFO] [stdout] 33 | enum Command {
[INFO] [stdout]    |      ------- variants in this enum
[INFO] [stdout] 34 |     Get 
[INFO] [stdout]    |     ^^^
[INFO] [stdout] ...
[INFO] [stdout] 39 |     Set 
[INFO] [stdout]    |     ^^^
[INFO] [stdout]    |
[INFO] [stdout]    = note: `Command` has a derived impl for the trait `Debug`, but this is intentionally ignored during dead code analysis
[INFO] [stdout]    = note: `#[warn(dead_code)]` on by default
[INFO] [stdout] 
[INFO] [stdout] 
[INFO] [stdout] warning: struct `CanIncrement` is never constructed
[INFO] [stdout]   --> src/server/main.rs:11:8
[INFO] [stdout]    |
[INFO] [stdout] 11 | struct CanIncrement{
[INFO] [stdout]    |        ^^^^^^^^^^^^
[INFO] [stdout]    |
[INFO] [stdout]    = note: `#[warn(dead_code)]` on by default
[INFO] [stdout] 
[INFO] [stdout] 
[INFO] [stdout] warning: method `increment` is never used
[INFO] [stdout]   --> src/server/main.rs:16:5
[INFO] [stdout]    |
[INFO] [stdout] 15 | impl CanIncrement{
[INFO] [stdout]    | ----------------- method in this implementation
[INFO] [stdout] 16 |     fn increment(&self) {
[INFO] [stdout]    |        ^^^^^^^^^
[INFO] [stdout] 
[INFO] [stdout] 
[INFO] [stdout] warning: function `process_v2` is never used
[INFO] [stdout]   --> src/server/main.rs:77:10
[INFO] [stdout]    |
[INFO] [stdout] 77 | async fn process_v2(socket: TcpStream)
[INFO] [stdout]    |          ^^^^^^^^^^
[INFO] [stdout] 
[INFO] [stdout] 
[INFO] [stdout] warning: function `process_v1` is never used
[INFO] [stdout]    --> src/server/main.rs:108:10
[INFO] [stdout]     |
[INFO] [stdout] 108 | async fn process_v1(socket: TcpStream)
[INFO] [stdout]     |          ^^^^^^^^^^
[INFO] [stdout] 
[INFO] [stdout] 
[INFO] [stdout] warning: 3 warnings emitted
[INFO] [stdout] 
[INFO] [stdout] 
[INFO] [stdout] error[E0601]: `main` function not found in crate `cli`
[INFO] [stdout]   |
[INFO] [stdout]   = note: consider adding a `main` function to `src/bin/cli.rs`
[INFO] [stdout] 
[INFO] [stdout] 
[INFO] [stdout] error: aborting due to 1 previous error
[INFO] [stdout] 
[INFO] [stdout] 
[INFO] [stdout] For more information about this error, try `rustc --explain E0601`.
[INFO] [stdout] 
[INFO] [stderr] error: could not compile `my-redis` (bin "cli") due to 2 previous errors
[INFO] [stderr] warning: build failed, waiting for other jobs to finish...
[INFO] [stdout] warning: 2 warnings emitted
[INFO] [stdout] 
[INFO] [stdout] 
[INFO] [stdout] warning: 6 warnings emitted
[INFO] [stdout] 
[INFO] [stdout] 
[INFO] [stdout] warning: 4 warnings emitted
[INFO] [stdout] 
[INFO] [stdout] 
[INFO] running `Command { std: "docker" "inspect" "d72e285199273d0155e1df92b1be8b28d2c896aacb67e8351d0082398eae8e60", kill_on_drop: false }`
[INFO] running `Command { std: "docker" "rm" "-f" "d72e285199273d0155e1df92b1be8b28d2c896aacb67e8351d0082398eae8e60", kill_on_drop: false }`
[INFO] [stdout] d72e285199273d0155e1df92b1be8b28d2c896aacb67e8351d0082398eae8e60
