[INFO] cloning repository https://github.com/fpapado/aoc-2019-rust
[INFO] running `Command { std: "git" "-c" "credential.helper=" "-c" "credential.helper=/workspace/cargo-home/bin/git-credential-null" "clone" "--bare" "https://github.com/fpapado/aoc-2019-rust" "/workspace/cache/git-repos/https%3A%2F%2Fgithub.com%2Ffpapado%2Faoc-2019-rust", kill_on_drop: false }`
[INFO] [stderr] Cloning into bare repository '/workspace/cache/git-repos/https%3A%2F%2Fgithub.com%2Ffpapado%2Faoc-2019-rust'...
[INFO] running `Command { std: "git" "rev-parse" "HEAD", kill_on_drop: false }`
[INFO] [stdout] fcef0318a365083eb4a1b8f27817693940d8f46c
[INFO] testing fpapado/aoc-2019-rust against 1.75.0 for beta-1.76-1
[INFO] running `Command { std: "git" "clone" "/workspace/cache/git-repos/https%3A%2F%2Fgithub.com%2Ffpapado%2Faoc-2019-rust" "/workspace/builds/worker-0-tc1/source", kill_on_drop: false }`
[INFO] [stderr] Cloning into '/workspace/builds/worker-0-tc1/source'...
[INFO] [stderr] done.
[INFO] validating manifest of git repo https://github.com/fpapado/aoc-2019-rust on toolchain 1.75.0
[INFO] running `Command { std: CARGO_HOME="/workspace/cargo-home" RUSTUP_HOME="/workspace/rustup-home" "/workspace/cargo-home/bin/cargo" "+1.75.0" "metadata" "--manifest-path" "Cargo.toml" "--no-deps", kill_on_drop: false }`
[INFO] started tweaking git repo https://github.com/fpapado/aoc-2019-rust
[INFO] finished tweaking git repo https://github.com/fpapado/aoc-2019-rust
[INFO] tweaked toml for git repo https://github.com/fpapado/aoc-2019-rust written to /workspace/builds/worker-0-tc1/source/Cargo.toml
[INFO] crate git repo https://github.com/fpapado/aoc-2019-rust already has a lockfile, it will not be regenerated
[INFO] running `Command { std: CARGO_HOME="/workspace/cargo-home" RUSTUP_HOME="/workspace/rustup-home" "/workspace/cargo-home/bin/cargo" "+1.75.0" "fetch" "--manifest-path" "Cargo.toml", kill_on_drop: false }`
[INFO] [stderr]     Blocking waiting for file lock on package cache
[ERROR] error running command: no output for 300 seconds
[ERROR] this task or one of its parent failed!
[ERROR] no output for 300 seconds
[ERROR] note: run with `RUST_BACKTRACE=1` to display a backtrace.
[INFO] testing fpapado/aoc-2019-rust against beta-2023-12-22 for beta-1.76-1
[INFO] running `Command { std: "git" "clone" "/workspace/cache/git-repos/https%3A%2F%2Fgithub.com%2Ffpapado%2Faoc-2019-rust" "/workspace/builds/worker-0-tc2/source", kill_on_drop: false }`
[INFO] [stderr] Cloning into '/workspace/builds/worker-0-tc2/source'...
[INFO] [stderr] done.
[INFO] validating manifest of git repo https://github.com/fpapado/aoc-2019-rust on toolchain beta-2023-12-22
[INFO] running `Command { std: CARGO_HOME="/workspace/cargo-home" RUSTUP_HOME="/workspace/rustup-home" "/workspace/cargo-home/bin/cargo" "+beta-2023-12-22" "metadata" "--manifest-path" "Cargo.toml" "--no-deps", kill_on_drop: false }`
[INFO] started tweaking git repo https://github.com/fpapado/aoc-2019-rust
[INFO] finished tweaking git repo https://github.com/fpapado/aoc-2019-rust
[INFO] tweaked toml for git repo https://github.com/fpapado/aoc-2019-rust written to /workspace/builds/worker-0-tc2/source/Cargo.toml
[INFO] crate git repo https://github.com/fpapado/aoc-2019-rust already has a lockfile, it will not be regenerated
[INFO] running `Command { std: CARGO_HOME="/workspace/cargo-home" RUSTUP_HOME="/workspace/rustup-home" "/workspace/cargo-home/bin/cargo" "+beta-2023-12-22" "fetch" "--manifest-path" "Cargo.toml", kill_on_drop: false }`
[INFO] [stderr]     Blocking waiting for file lock on package cache
[INFO] [stderr]     Blocking waiting for file lock on package cache
[ERROR] error running command: no output for 300 seconds
[INFO] testing fpapado/aoc-2019-rust against beta-2023-12-22 for beta-1.76-1
[INFO] running `Command { std: "git" "clone" "/workspace/cache/git-repos/https%3A%2F%2Fgithub.com%2Ffpapado%2Faoc-2019-rust" "/workspace/builds/worker-0-tc2/source", kill_on_drop: false }`
[INFO] [stderr] Cloning into '/workspace/builds/worker-0-tc2/source'...
[INFO] [stderr] done.
[INFO] validating manifest of git repo https://github.com/fpapado/aoc-2019-rust on toolchain beta-2023-12-22
[INFO] running `Command { std: CARGO_HOME="/workspace/cargo-home" RUSTUP_HOME="/workspace/rustup-home" "/workspace/cargo-home/bin/cargo" "+beta-2023-12-22" "metadata" "--manifest-path" "Cargo.toml" "--no-deps", kill_on_drop: false }`
[INFO] started tweaking git repo https://github.com/fpapado/aoc-2019-rust
[INFO] finished tweaking git repo https://github.com/fpapado/aoc-2019-rust
[INFO] tweaked toml for git repo https://github.com/fpapado/aoc-2019-rust written to /workspace/builds/worker-0-tc2/source/Cargo.toml
[INFO] crate git repo https://github.com/fpapado/aoc-2019-rust already has a lockfile, it will not be regenerated
[INFO] running `Command { std: CARGO_HOME="/workspace/cargo-home" RUSTUP_HOME="/workspace/rustup-home" "/workspace/cargo-home/bin/cargo" "+beta-2023-12-22" "fetch" "--manifest-path" "Cargo.toml", kill_on_drop: false }`
[INFO] [stderr]     Blocking waiting for file lock on package cache
[INFO] [stderr]     Blocking waiting for file lock on package cache
[INFO] running `Command { std: "docker" "create" "-v" "/var/lib/crater-agent-workspace/builds/worker-0-tc2/target:/opt/rustwide/target:rw,Z" "-v" "/var/lib/crater-agent-workspace/builds/worker-0-tc2/source:/opt/rustwide/workdir:ro,Z" "-v" "/var/lib/crater-agent-workspace/cargo-home:/opt/rustwide/cargo-home:ro,Z" "-v" "/var/lib/crater-agent-workspace/rustup-home:/opt/rustwide/rustup-home:ro,Z" "-e" "SOURCE_DIR=/opt/rustwide/workdir" "-e" "CARGO_TARGET_DIR=/opt/rustwide/target" "-e" "CARGO_HOME=/opt/rustwide/cargo-home" "-e" "RUSTUP_HOME=/opt/rustwide/rustup-home" "-w" "/opt/rustwide/workdir" "-m" "1610612736" "--user" "0:0" "--network" "none" "ghcr.io/rust-lang/crates-build-env/linux@sha256:2788e3201cd34a07e3172128adcd8b3090168a8e3bcc40d7c032b9dda1df7d1c" "/opt/rustwide/cargo-home/bin/cargo" "+beta-2023-12-22" "metadata" "--no-deps" "--format-version=1", kill_on_drop: false }`
[INFO] [stdout] 03ff8161fb5ef40d5009fdae141ce5beafbf3f6ede9a50817264474811d10ad4
[INFO] running `Command { std: "docker" "start" "-a" "03ff8161fb5ef40d5009fdae141ce5beafbf3f6ede9a50817264474811d10ad4", kill_on_drop: false }`
[INFO] running `Command { std: "docker" "inspect" "03ff8161fb5ef40d5009fdae141ce5beafbf3f6ede9a50817264474811d10ad4", kill_on_drop: false }`
[INFO] running `Command { std: "docker" "rm" "-f" "03ff8161fb5ef40d5009fdae141ce5beafbf3f6ede9a50817264474811d10ad4", kill_on_drop: false }`
[INFO] [stdout] 03ff8161fb5ef40d5009fdae141ce5beafbf3f6ede9a50817264474811d10ad4
[INFO] running `Command { std: "docker" "create" "-v" "/var/lib/crater-agent-workspace/builds/worker-0-tc2/target:/opt/rustwide/target:rw,Z" "-v" "/var/lib/crater-agent-workspace/builds/worker-0-tc2/source:/opt/rustwide/workdir:ro,Z" "-v" "/var/lib/crater-agent-workspace/cargo-home:/opt/rustwide/cargo-home:ro,Z" "-v" "/var/lib/crater-agent-workspace/rustup-home:/opt/rustwide/rustup-home:ro,Z" "-e" "SOURCE_DIR=/opt/rustwide/workdir" "-e" "CARGO_TARGET_DIR=/opt/rustwide/target" "-e" "CARGO_INCREMENTAL=0" "-e" "RUST_BACKTRACE=full" "-e" "RUSTFLAGS=--cap-lints=warn" "-e" "RUSTDOCFLAGS=--cap-lints=warn" "-e" "CARGO_HOME=/opt/rustwide/cargo-home" "-e" "RUSTUP_HOME=/opt/rustwide/rustup-home" "-w" "/opt/rustwide/workdir" "-m" "1610612736" "--user" "0:0" "--network" "none" "ghcr.io/rust-lang/crates-build-env/linux@sha256:2788e3201cd34a07e3172128adcd8b3090168a8e3bcc40d7c032b9dda1df7d1c" "/opt/rustwide/cargo-home/bin/cargo" "+beta-2023-12-22" "build" "--frozen" "--message-format=json", kill_on_drop: false }`
[INFO] [stdout] fde899a160736529032f6083e5b5afa75e2e2710e81319d9ddad67e13f7a66f1
[INFO] running `Command { std: "docker" "start" "-a" "fde899a160736529032f6083e5b5afa75e2e2710e81319d9ddad67e13f7a66f1", kill_on_drop: false }`
[INFO] [stderr]    Compiling either v1.5.3
[INFO] [stderr]    Compiling itertools v0.8.2
[INFO] [stderr]    Compiling aoc-2019-rust v0.1.0 (/opt/rustwide/workdir)
[INFO] [stdout] warning: unused variable: `opcode`
[INFO] [stdout]    --> src/day2.rs:150:25
[INFO] [stdout]     |
[INFO] [stdout] 150 |         OpCode::Unknown(opcode) => Err(ProcessingError),
[INFO] [stdout]     |                         ^^^^^^ help: if this is intentional, prefix it with an underscore: `_opcode`
[INFO] [stdout]     |
[INFO] [stdout]     = note: `#[warn(unused_variables)]` on by default
[INFO] [stdout] 
[INFO] [stdout] 
[INFO] [stdout] warning: 1 warning emitted
[INFO] [stdout] 
[INFO] [stdout] 
[INFO] [stderr]     Finished dev [unoptimized + debuginfo] target(s) in 1.38s
[INFO] running `Command { std: "docker" "inspect" "fde899a160736529032f6083e5b5afa75e2e2710e81319d9ddad67e13f7a66f1", kill_on_drop: false }`
[INFO] running `Command { std: "docker" "rm" "-f" "fde899a160736529032f6083e5b5afa75e2e2710e81319d9ddad67e13f7a66f1", kill_on_drop: false }`
[INFO] [stdout] fde899a160736529032f6083e5b5afa75e2e2710e81319d9ddad67e13f7a66f1
[INFO] running `Command { std: "docker" "create" "-v" "/var/lib/crater-agent-workspace/builds/worker-0-tc2/target:/opt/rustwide/target:rw,Z" "-v" "/var/lib/crater-agent-workspace/builds/worker-0-tc2/source:/opt/rustwide/workdir:ro,Z" "-v" "/var/lib/crater-agent-workspace/cargo-home:/opt/rustwide/cargo-home:ro,Z" "-v" "/var/lib/crater-agent-workspace/rustup-home:/opt/rustwide/rustup-home:ro,Z" "-e" "SOURCE_DIR=/opt/rustwide/workdir" "-e" "CARGO_TARGET_DIR=/opt/rustwide/target" "-e" "CARGO_INCREMENTAL=0" "-e" "RUST_BACKTRACE=full" "-e" "RUSTFLAGS=--cap-lints=warn" "-e" "RUSTDOCFLAGS=--cap-lints=warn" "-e" "CARGO_HOME=/opt/rustwide/cargo-home" "-e" "RUSTUP_HOME=/opt/rustwide/rustup-home" "-w" "/opt/rustwide/workdir" "-m" "1610612736" "--user" "0:0" "--network" "none" "ghcr.io/rust-lang/crates-build-env/linux@sha256:2788e3201cd34a07e3172128adcd8b3090168a8e3bcc40d7c032b9dda1df7d1c" "/opt/rustwide/cargo-home/bin/cargo" "+beta-2023-12-22" "test" "--frozen" "--no-run" "--message-format=json", kill_on_drop: false }`
[INFO] [stdout] 9d8668a2503c9806b681c81f8b704f1572e3f7752b40d49f17b9e6eadc7352d7
[INFO] running `Command { std: "docker" "start" "-a" "9d8668a2503c9806b681c81f8b704f1572e3f7752b40d49f17b9e6eadc7352d7", kill_on_drop: false }`
[INFO] [stderr]    Compiling aoc-2019-rust v0.1.0 (/opt/rustwide/workdir)
[INFO] [stdout] warning: unused variable: `opcode`
[INFO] [stdout]    --> src/day2.rs:150:25
[INFO] [stdout]     |
[INFO] [stdout] 150 |         OpCode::Unknown(opcode) => Err(ProcessingError),
[INFO] [stdout]     |                         ^^^^^^ help: if this is intentional, prefix it with an underscore: `_opcode`
[INFO] [stdout]     |
[INFO] [stdout]     = note: `#[warn(unused_variables)]` on by default
[INFO] [stdout] 
[INFO] [stdout] 
[INFO] [stdout] warning: 1 warning emitted
[INFO] [stdout] 
[INFO] [stdout] 
[INFO] [stderr]     Finished test [unoptimized + debuginfo] target(s) in 0.42s
[INFO] running `Command { std: "docker" "inspect" "9d8668a2503c9806b681c81f8b704f1572e3f7752b40d49f17b9e6eadc7352d7", kill_on_drop: false }`
[INFO] running `Command { std: "docker" "rm" "-f" "9d8668a2503c9806b681c81f8b704f1572e3f7752b40d49f17b9e6eadc7352d7", kill_on_drop: false }`
[INFO] [stdout] 9d8668a2503c9806b681c81f8b704f1572e3f7752b40d49f17b9e6eadc7352d7
[INFO] running `Command { std: "docker" "create" "-v" "/var/lib/crater-agent-workspace/builds/worker-0-tc2/target:/opt/rustwide/target:rw,Z" "-v" "/var/lib/crater-agent-workspace/builds/worker-0-tc2/source:/opt/rustwide/workdir:ro,Z" "-v" "/var/lib/crater-agent-workspace/cargo-home:/opt/rustwide/cargo-home:ro,Z" "-v" "/var/lib/crater-agent-workspace/rustup-home:/opt/rustwide/rustup-home:ro,Z" "-e" "SOURCE_DIR=/opt/rustwide/workdir" "-e" "CARGO_TARGET_DIR=/opt/rustwide/target" "-e" "CARGO_INCREMENTAL=0" "-e" "RUST_BACKTRACE=full" "-e" "RUSTFLAGS=--cap-lints=warn" "-e" "RUSTDOCFLAGS=--cap-lints=warn" "-e" "CARGO_HOME=/opt/rustwide/cargo-home" "-e" "RUSTUP_HOME=/opt/rustwide/rustup-home" "-w" "/opt/rustwide/workdir" "-m" "1610612736" "--user" "0:0" "--network" "none" "ghcr.io/rust-lang/crates-build-env/linux@sha256:2788e3201cd34a07e3172128adcd8b3090168a8e3bcc40d7c032b9dda1df7d1c" "/opt/rustwide/cargo-home/bin/cargo" "+beta-2023-12-22" "test" "--frozen", kill_on_drop: false }`
[INFO] [stdout] d8b3d5c8293d1e355aa4be7f7f71ae46db57b00c0ec19050f6b3cc4196d6cbde
[INFO] running `Command { std: "docker" "start" "-a" "d8b3d5c8293d1e355aa4be7f7f71ae46db57b00c0ec19050f6b3cc4196d6cbde", kill_on_drop: false }`
[INFO] [stderr] warning: unused variable: `opcode`
[INFO] [stderr]    --> src/day2.rs:150:25
[INFO] [stderr]     |
[INFO] [stderr] 150 |         OpCode::Unknown(opcode) => Err(ProcessingError),
[INFO] [stderr]     |                         ^^^^^^ help: if this is intentional, prefix it with an underscore: `_opcode`
[INFO] [stderr]     |
[INFO] [stderr]     = note: `#[warn(unused_variables)]` on by default
[INFO] [stderr] 
[INFO] [stderr] warning: `aoc-2019-rust` (bin "aoc-2019-rust" test) generated 1 warning (run `cargo fix --bin "aoc-2019-rust" --tests` to apply 1 suggestion)
[INFO] [stderr]     Finished test [unoptimized + debuginfo] target(s) in 0.01s
[INFO] [stderr]      Running unittests src/main.rs (/opt/rustwide/target/debug/deps/aoc_2019_rust-7ffd601d338277ae)
[INFO] [stdout] 
[INFO] [stdout] running 3 tests
[INFO] [stdout] test day1::tests::test_calculate_fuel ... ok
[INFO] [stdout] test day2::tests::test_process ... ok
[INFO] [stdout] test day1::tests::test_calculate_fuel_with_residual ... ok
[INFO] [stdout] 
[INFO] [stdout] test result: ok. 3 passed; 0 failed; 0 ignored; 0 measured; 0 filtered out; finished in 0.00s
[INFO] [stdout] 
[INFO] running `Command { std: "docker" "inspect" "d8b3d5c8293d1e355aa4be7f7f71ae46db57b00c0ec19050f6b3cc4196d6cbde", kill_on_drop: false }`
[INFO] running `Command { std: "docker" "rm" "-f" "d8b3d5c8293d1e355aa4be7f7f71ae46db57b00c0ec19050f6b3cc4196d6cbde", kill_on_drop: false }`
[INFO] [stdout] d8b3d5c8293d1e355aa4be7f7f71ae46db57b00c0ec19050f6b3cc4196d6cbde
