[INFO] cloning repository https://github.com/ernsttm/mapper
[INFO] running `Command { std: "git" "-c" "credential.helper=" "-c" "credential.helper=/workspace/cargo-home/bin/git-credential-null" "clone" "--bare" "https://github.com/ernsttm/mapper" "/workspace/cache/git-repos/https%3A%2F%2Fgithub.com%2Fernsttm%2Fmapper", kill_on_drop: false }`
[INFO] [stderr] Cloning into bare repository '/workspace/cache/git-repos/https%3A%2F%2Fgithub.com%2Fernsttm%2Fmapper'...
[INFO] running `Command { std: "git" "rev-parse" "HEAD", kill_on_drop: false }`
[INFO] [stdout] d35eaa090f4cbef4cd06356569dfaeecb9494720
[INFO] testing ernsttm/mapper against 1.75.0 for beta-1.76-1
[INFO] running `Command { std: "git" "clone" "/workspace/cache/git-repos/https%3A%2F%2Fgithub.com%2Fernsttm%2Fmapper" "/workspace/builds/worker-5-tc1/source", kill_on_drop: false }`
[INFO] [stderr] Cloning into '/workspace/builds/worker-5-tc1/source'...
[INFO] [stderr] done.
[INFO] validating manifest of git repo https://github.com/ernsttm/mapper on toolchain 1.75.0
[INFO] running `Command { std: CARGO_HOME="/workspace/cargo-home" RUSTUP_HOME="/workspace/rustup-home" "/workspace/cargo-home/bin/cargo" "+1.75.0" "metadata" "--manifest-path" "Cargo.toml" "--no-deps", kill_on_drop: false }`
[INFO] started tweaking git repo https://github.com/ernsttm/mapper
[INFO] finished tweaking git repo https://github.com/ernsttm/mapper
[INFO] tweaked toml for git repo https://github.com/ernsttm/mapper written to /workspace/builds/worker-5-tc1/source/Cargo.toml
[INFO] crate git repo https://github.com/ernsttm/mapper already has a lockfile, it will not be regenerated
[INFO] running `Command { std: CARGO_HOME="/workspace/cargo-home" RUSTUP_HOME="/workspace/rustup-home" "/workspace/cargo-home/bin/cargo" "+1.75.0" "fetch" "--manifest-path" "Cargo.toml", kill_on_drop: false }`
[INFO] [stderr]     Blocking waiting for file lock on package cache
[ERROR] error running command: no output for 300 seconds
[ERROR] this task or one of its parent failed!
[ERROR] no output for 300 seconds
[ERROR] note: run with `RUST_BACKTRACE=1` to display a backtrace.
[INFO] testing ernsttm/mapper against beta-2023-12-22 for beta-1.76-1
[INFO] running `Command { std: "git" "clone" "/workspace/cache/git-repos/https%3A%2F%2Fgithub.com%2Fernsttm%2Fmapper" "/workspace/builds/worker-5-tc2/source", kill_on_drop: false }`
[INFO] [stderr] Cloning into '/workspace/builds/worker-5-tc2/source'...
[INFO] [stderr] done.
[INFO] validating manifest of git repo https://github.com/ernsttm/mapper on toolchain beta-2023-12-22
[INFO] running `Command { std: CARGO_HOME="/workspace/cargo-home" RUSTUP_HOME="/workspace/rustup-home" "/workspace/cargo-home/bin/cargo" "+beta-2023-12-22" "metadata" "--manifest-path" "Cargo.toml" "--no-deps", kill_on_drop: false }`
[INFO] started tweaking git repo https://github.com/ernsttm/mapper
[INFO] finished tweaking git repo https://github.com/ernsttm/mapper
[INFO] tweaked toml for git repo https://github.com/ernsttm/mapper written to /workspace/builds/worker-5-tc2/source/Cargo.toml
[INFO] crate git repo https://github.com/ernsttm/mapper already has a lockfile, it will not be regenerated
[INFO] running `Command { std: CARGO_HOME="/workspace/cargo-home" RUSTUP_HOME="/workspace/rustup-home" "/workspace/cargo-home/bin/cargo" "+beta-2023-12-22" "fetch" "--manifest-path" "Cargo.toml", kill_on_drop: false }`
[INFO] [stderr]     Blocking waiting for file lock on package cache
[INFO] [stderr]     Blocking waiting for file lock on package cache
[INFO] running `Command { std: "docker" "create" "-v" "/var/lib/crater-agent-workspace/builds/worker-5-tc2/target:/opt/rustwide/target:rw,Z" "-v" "/var/lib/crater-agent-workspace/builds/worker-5-tc2/source:/opt/rustwide/workdir:ro,Z" "-v" "/var/lib/crater-agent-workspace/cargo-home:/opt/rustwide/cargo-home:ro,Z" "-v" "/var/lib/crater-agent-workspace/rustup-home:/opt/rustwide/rustup-home:ro,Z" "-e" "SOURCE_DIR=/opt/rustwide/workdir" "-e" "CARGO_TARGET_DIR=/opt/rustwide/target" "-e" "CARGO_HOME=/opt/rustwide/cargo-home" "-e" "RUSTUP_HOME=/opt/rustwide/rustup-home" "-w" "/opt/rustwide/workdir" "-m" "1610612736" "--user" "0:0" "--network" "none" "ghcr.io/rust-lang/crates-build-env/linux@sha256:2788e3201cd34a07e3172128adcd8b3090168a8e3bcc40d7c032b9dda1df7d1c" "/opt/rustwide/cargo-home/bin/cargo" "+beta-2023-12-22" "metadata" "--no-deps" "--format-version=1", kill_on_drop: false }`
[INFO] [stdout] fcfb39b68cd35cb8091f6c3064fc583d9d8359394ab70fae6948ac41f0726dfc
[INFO] running `Command { std: "docker" "start" "-a" "fcfb39b68cd35cb8091f6c3064fc583d9d8359394ab70fae6948ac41f0726dfc", kill_on_drop: false }`
[INFO] running `Command { std: "docker" "inspect" "fcfb39b68cd35cb8091f6c3064fc583d9d8359394ab70fae6948ac41f0726dfc", kill_on_drop: false }`
[INFO] running `Command { std: "docker" "rm" "-f" "fcfb39b68cd35cb8091f6c3064fc583d9d8359394ab70fae6948ac41f0726dfc", kill_on_drop: false }`
[INFO] [stdout] fcfb39b68cd35cb8091f6c3064fc583d9d8359394ab70fae6948ac41f0726dfc
[INFO] running `Command { std: "docker" "create" "-v" "/var/lib/crater-agent-workspace/builds/worker-5-tc2/target:/opt/rustwide/target:rw,Z" "-v" "/var/lib/crater-agent-workspace/builds/worker-5-tc2/source:/opt/rustwide/workdir:ro,Z" "-v" "/var/lib/crater-agent-workspace/cargo-home:/opt/rustwide/cargo-home:ro,Z" "-v" "/var/lib/crater-agent-workspace/rustup-home:/opt/rustwide/rustup-home:ro,Z" "-e" "SOURCE_DIR=/opt/rustwide/workdir" "-e" "CARGO_TARGET_DIR=/opt/rustwide/target" "-e" "CARGO_INCREMENTAL=0" "-e" "RUST_BACKTRACE=full" "-e" "RUSTFLAGS=--cap-lints=warn" "-e" "RUSTDOCFLAGS=--cap-lints=warn" "-e" "CARGO_HOME=/opt/rustwide/cargo-home" "-e" "RUSTUP_HOME=/opt/rustwide/rustup-home" "-w" "/opt/rustwide/workdir" "-m" "1610612736" "--user" "0:0" "--network" "none" "ghcr.io/rust-lang/crates-build-env/linux@sha256:2788e3201cd34a07e3172128adcd8b3090168a8e3bcc40d7c032b9dda1df7d1c" "/opt/rustwide/cargo-home/bin/cargo" "+beta-2023-12-22" "build" "--frozen" "--message-format=json", kill_on_drop: false }`
[INFO] [stdout] 982b3edfc644d21a3f60eb3bde5419b6d2b8399d086ab21d4bd8eca63abbab2c
[INFO] running `Command { std: "docker" "start" "-a" "982b3edfc644d21a3f60eb3bde5419b6d2b8399d086ab21d4bd8eca63abbab2c", kill_on_drop: false }`
[INFO] [stderr]    Compiling placer v0.1.0 (/opt/rustwide/workdir)
[INFO] [stdout] warning: unnecessary parentheses around type
[INFO] [stdout]    --> src/lib.rs:169:37
[INFO] [stdout]     |
[INFO] [stdout] 169 | fn parse(config: &Config) -> Result<(Problem), Box<dyn Error>> {
[INFO] [stdout]     |                                     ^       ^
[INFO] [stdout]     |
[INFO] [stdout]     = note: `#[warn(unused_parens)]` on by default
[INFO] [stdout] help: remove these parentheses
[INFO] [stdout]     |
[INFO] [stdout] 169 - fn parse(config: &Config) -> Result<(Problem), Box<dyn Error>> {
[INFO] [stdout] 169 + fn parse(config: &Config) -> Result<Problem, Box<dyn Error>> {
[INFO] [stdout]     |
[INFO] [stdout] 
[INFO] [stdout] 
[INFO] [stdout] warning: unnecessary parentheses around type
[INFO] [stdout]    --> src/lib.rs:256:39
[INFO] [stdout]     |
[INFO] [stdout] 256 | pub fn run(config: &Config) -> Result<(usize), Box<dyn Error>> {
[INFO] [stdout]     |                                       ^     ^
[INFO] [stdout]     |
[INFO] [stdout] help: remove these parentheses
[INFO] [stdout]     |
[INFO] [stdout] 256 - pub fn run(config: &Config) -> Result<(usize), Box<dyn Error>> {
[INFO] [stdout] 256 + pub fn run(config: &Config) -> Result<usize, Box<dyn Error>> {
[INFO] [stdout]     |
[INFO] [stdout] 
[INFO] [stdout] 
[INFO] [stdout] warning: unused variable: `x`
[INFO] [stdout]    --> src/lib.rs:157:9
[INFO] [stdout]     |
[INFO] [stdout] 157 |     for x in 0..num_cells {
[INFO] [stdout]     |         ^ help: if this is intentional, prefix it with an underscore: `_x`
[INFO] [stdout]     |
[INFO] [stdout]     = note: `#[warn(unused_variables)]` on by default
[INFO] [stdout] 
[INFO] [stdout] 
[INFO] [stdout] warning: unused variable: `x`
[INFO] [stdout]    --> src/lib.rs:181:9
[INFO] [stdout]     |
[INFO] [stdout] 181 |     for x in 0..chip_info[2] {
[INFO] [stdout]     |         ^ help: if this is intentional, prefix it with an underscore: `_x`
[INFO] [stdout] 
[INFO] [stdout] 
[INFO] [stdout] warning: unused variable: `offset`
[INFO] [stdout]    --> src/lib.rs:260:9
[INFO] [stdout]     |
[INFO] [stdout] 260 |     let offset = prob.static_cells.len();
[INFO] [stdout]     |         ^^^^^^ help: if this is intentional, prefix it with an underscore: `_offset`
[INFO] [stdout] 
[INFO] [stdout] 
[INFO] [stdout] warning: variable `count` is assigned to, but never used
[INFO] [stdout]    --> src/lib.rs:261:13
[INFO] [stdout]     |
[INFO] [stdout] 261 |     let mut count = 0;
[INFO] [stdout]     |             ^^^^^
[INFO] [stdout]     |
[INFO] [stdout]     = note: consider using `_count` instead
[INFO] [stdout] 
[INFO] [stdout] 
[INFO] [stdout] warning: unused variable: `cell`
[INFO] [stdout]    --> src/lib.rs:262:9
[INFO] [stdout]     |
[INFO] [stdout] 262 |     for cell in floating_cells.iter() {
[INFO] [stdout]     |         ^^^^ help: if this is intentional, prefix it with an underscore: `_cell`
[INFO] [stdout] 
[INFO] [stdout] 
[INFO] [stdout] warning: 7 warnings emitted
[INFO] [stdout] 
[INFO] [stdout] 
[INFO] [stderr]     Finished dev [unoptimized + debuginfo] target(s) in 0.31s
[INFO] running `Command { std: "docker" "inspect" "982b3edfc644d21a3f60eb3bde5419b6d2b8399d086ab21d4bd8eca63abbab2c", kill_on_drop: false }`
[INFO] running `Command { std: "docker" "rm" "-f" "982b3edfc644d21a3f60eb3bde5419b6d2b8399d086ab21d4bd8eca63abbab2c", kill_on_drop: false }`
[INFO] [stdout] 982b3edfc644d21a3f60eb3bde5419b6d2b8399d086ab21d4bd8eca63abbab2c
[INFO] running `Command { std: "docker" "create" "-v" "/var/lib/crater-agent-workspace/builds/worker-5-tc2/target:/opt/rustwide/target:rw,Z" "-v" "/var/lib/crater-agent-workspace/builds/worker-5-tc2/source:/opt/rustwide/workdir:ro,Z" "-v" "/var/lib/crater-agent-workspace/cargo-home:/opt/rustwide/cargo-home:ro,Z" "-v" "/var/lib/crater-agent-workspace/rustup-home:/opt/rustwide/rustup-home:ro,Z" "-e" "SOURCE_DIR=/opt/rustwide/workdir" "-e" "CARGO_TARGET_DIR=/opt/rustwide/target" "-e" "CARGO_INCREMENTAL=0" "-e" "RUST_BACKTRACE=full" "-e" "RUSTFLAGS=--cap-lints=warn" "-e" "RUSTDOCFLAGS=--cap-lints=warn" "-e" "CARGO_HOME=/opt/rustwide/cargo-home" "-e" "RUSTUP_HOME=/opt/rustwide/rustup-home" "-w" "/opt/rustwide/workdir" "-m" "1610612736" "--user" "0:0" "--network" "none" "ghcr.io/rust-lang/crates-build-env/linux@sha256:2788e3201cd34a07e3172128adcd8b3090168a8e3bcc40d7c032b9dda1df7d1c" "/opt/rustwide/cargo-home/bin/cargo" "+beta-2023-12-22" "test" "--frozen" "--no-run" "--message-format=json", kill_on_drop: false }`
[INFO] [stdout] c8000c782dece5a9cee4d5f647b8a79fcf490f1844d813dbe87971162178f0f4
[INFO] running `Command { std: "docker" "start" "-a" "c8000c782dece5a9cee4d5f647b8a79fcf490f1844d813dbe87971162178f0f4", kill_on_drop: false }`
[INFO] [stdout] warning: unnecessary parentheses around type
[INFO] [stdout]    --> src/lib.rs:169:37
[INFO] [stdout]     |
[INFO] [stdout] 169 | fn parse(config: &Config) -> Result<(Problem), Box<dyn Error>> {
[INFO] [stdout]     |                                     ^       ^
[INFO] [stdout]     |
[INFO] [stdout]     = note: `#[warn(unused_parens)]` on by default
[INFO] [stdout] help: remove these parentheses
[INFO] [stdout]     |
[INFO] [stdout] 169 - fn parse(config: &Config) -> Result<(Problem), Box<dyn Error>> {
[INFO] [stdout] 169 + fn parse(config: &Config) -> Result<Problem, Box<dyn Error>> {
[INFO] [stdout]     |
[INFO] [stdout] 
[INFO] [stdout] 
[INFO] [stdout] warning: unnecessary parentheses around type
[INFO] [stdout]    --> src/lib.rs:256:39
[INFO] [stdout]     |
[INFO] [stdout] 256 | pub fn run(config: &Config) -> Result<(usize), Box<dyn Error>> {
[INFO] [stdout]     |                                       ^     ^
[INFO] [stdout]     |
[INFO] [stdout] help: remove these parentheses
[INFO] [stdout]     |
[INFO] [stdout] 256 - pub fn run(config: &Config) -> Result<(usize), Box<dyn Error>> {
[INFO] [stdout] 256 + pub fn run(config: &Config) -> Result<usize, Box<dyn Error>> {
[INFO] [stdout]     |
[INFO] [stdout] 
[INFO] [stdout] 
[INFO] [stdout] warning: unused variable: `x`
[INFO] [stdout]    --> src/lib.rs:157:9
[INFO] [stdout]     |
[INFO] [stdout] 157 |     for x in 0..num_cells {
[INFO] [stdout]     |         ^ help: if this is intentional, prefix it with an underscore: `_x`
[INFO] [stdout]     |
[INFO] [stdout]     = note: `#[warn(unused_variables)]` on by default
[INFO] [stdout] 
[INFO] [stdout] 
[INFO] [stderr]    Compiling placer v0.1.0 (/opt/rustwide/workdir)
[INFO] [stdout] warning: unused variable: `x`
[INFO] [stdout]    --> src/lib.rs:181:9
[INFO] [stdout]     |
[INFO] [stdout] 181 |     for x in 0..chip_info[2] {
[INFO] [stdout]     |         ^ help: if this is intentional, prefix it with an underscore: `_x`
[INFO] [stdout] 
[INFO] [stdout] 
[INFO] [stdout] warning: unused variable: `offset`
[INFO] [stdout]    --> src/lib.rs:260:9
[INFO] [stdout]     |
[INFO] [stdout] 260 |     let offset = prob.static_cells.len();
[INFO] [stdout]     |         ^^^^^^ help: if this is intentional, prefix it with an underscore: `_offset`
[INFO] [stdout] 
[INFO] [stdout] 
[INFO] [stdout] warning: variable `count` is assigned to, but never used
[INFO] [stdout]    --> src/lib.rs:261:13
[INFO] [stdout]     |
[INFO] [stdout] 261 |     let mut count = 0;
[INFO] [stdout]     |             ^^^^^
[INFO] [stdout]     |
[INFO] [stdout]     = note: consider using `_count` instead
[INFO] [stdout] 
[INFO] [stdout] 
[INFO] [stdout] warning: unused variable: `cell`
[INFO] [stdout]    --> src/lib.rs:262:9
[INFO] [stdout]     |
[INFO] [stdout] 262 |     for cell in floating_cells.iter() {
[INFO] [stdout]     |         ^^^^ help: if this is intentional, prefix it with an underscore: `_cell`
[INFO] [stdout] 
[INFO] [stdout] 
[INFO] [stdout] warning: 7 warnings emitted
[INFO] [stdout] 
[INFO] [stdout] 
[INFO] [stdout] warning: unnecessary parentheses around type
[INFO] [stdout]    --> src/lib.rs:169:37
[INFO] [stdout]     |
[INFO] [stdout] 169 | fn parse(config: &Config) -> Result<(Problem), Box<dyn Error>> {
[INFO] [stdout]     |                                     ^       ^
[INFO] [stdout]     |
[INFO] [stdout]     = note: `#[warn(unused_parens)]` on by default
[INFO] [stdout] help: remove these parentheses
[INFO] [stdout]     |
[INFO] [stdout] 169 - fn parse(config: &Config) -> Result<(Problem), Box<dyn Error>> {
[INFO] [stdout] 169 + fn parse(config: &Config) -> Result<Problem, Box<dyn Error>> {
[INFO] [stdout]     |
[INFO] [stdout] 
[INFO] [stdout] 
[INFO] [stdout] warning: unnecessary parentheses around type
[INFO] [stdout]    --> src/lib.rs:256:39
[INFO] [stdout]     |
[INFO] [stdout] 256 | pub fn run(config: &Config) -> Result<(usize), Box<dyn Error>> {
[INFO] [stdout]     |                                       ^     ^
[INFO] [stdout]     |
[INFO] [stdout] help: remove these parentheses
[INFO] [stdout]     |
[INFO] [stdout] 256 - pub fn run(config: &Config) -> Result<(usize), Box<dyn Error>> {
[INFO] [stdout] 256 + pub fn run(config: &Config) -> Result<usize, Box<dyn Error>> {
[INFO] [stdout]     |
[INFO] [stdout] 
[INFO] [stdout] 
[INFO] [stdout] warning: unused variable: `x`
[INFO] [stdout]    --> src/lib.rs:157:9
[INFO] [stdout]     |
[INFO] [stdout] 157 |     for x in 0..num_cells {
[INFO] [stdout]     |         ^ help: if this is intentional, prefix it with an underscore: `_x`
[INFO] [stdout]     |
[INFO] [stdout]     = note: `#[warn(unused_variables)]` on by default
[INFO] [stdout] 
[INFO] [stdout] 
[INFO] [stdout] warning: unused variable: `x`
[INFO] [stdout]    --> src/lib.rs:181:9
[INFO] [stdout]     |
[INFO] [stdout] 181 |     for x in 0..chip_info[2] {
[INFO] [stdout]     |         ^ help: if this is intentional, prefix it with an underscore: `_x`
[INFO] [stdout] 
[INFO] [stdout] 
[INFO] [stdout] warning: unused variable: `offset`
[INFO] [stdout]    --> src/lib.rs:260:9
[INFO] [stdout]     |
[INFO] [stdout] 260 |     let offset = prob.static_cells.len();
[INFO] [stdout]     |         ^^^^^^ help: if this is intentional, prefix it with an underscore: `_offset`
[INFO] [stdout] 
[INFO] [stdout] 
[INFO] [stdout] warning: variable `count` is assigned to, but never used
[INFO] [stdout]    --> src/lib.rs:261:13
[INFO] [stdout]     |
[INFO] [stdout] 261 |     let mut count = 0;
[INFO] [stdout]     |             ^^^^^
[INFO] [stdout]     |
[INFO] [stdout]     = note: consider using `_count` instead
[INFO] [stdout] 
[INFO] [stdout] 
[INFO] [stdout] warning: unused variable: `cell`
[INFO] [stdout]    --> src/lib.rs:262:9
[INFO] [stdout]     |
[INFO] [stdout] 262 |     for cell in floating_cells.iter() {
[INFO] [stdout]     |         ^^^^ help: if this is intentional, prefix it with an underscore: `_cell`
[INFO] [stdout] 
[INFO] [stdout] 
[INFO] [stdout] warning: 7 warnings emitted
[INFO] [stdout] 
[INFO] [stdout] 
[INFO] [stderr]     Finished test [unoptimized + debuginfo] target(s) in 0.29s
[INFO] running `Command { std: "docker" "inspect" "c8000c782dece5a9cee4d5f647b8a79fcf490f1844d813dbe87971162178f0f4", kill_on_drop: false }`
[INFO] running `Command { std: "docker" "rm" "-f" "c8000c782dece5a9cee4d5f647b8a79fcf490f1844d813dbe87971162178f0f4", kill_on_drop: false }`
[INFO] [stdout] c8000c782dece5a9cee4d5f647b8a79fcf490f1844d813dbe87971162178f0f4
[INFO] running `Command { std: "docker" "create" "-v" "/var/lib/crater-agent-workspace/builds/worker-5-tc2/target:/opt/rustwide/target:rw,Z" "-v" "/var/lib/crater-agent-workspace/builds/worker-5-tc2/source:/opt/rustwide/workdir:ro,Z" "-v" "/var/lib/crater-agent-workspace/cargo-home:/opt/rustwide/cargo-home:ro,Z" "-v" "/var/lib/crater-agent-workspace/rustup-home:/opt/rustwide/rustup-home:ro,Z" "-e" "SOURCE_DIR=/opt/rustwide/workdir" "-e" "CARGO_TARGET_DIR=/opt/rustwide/target" "-e" "CARGO_INCREMENTAL=0" "-e" "RUST_BACKTRACE=full" "-e" "RUSTFLAGS=--cap-lints=warn" "-e" "RUSTDOCFLAGS=--cap-lints=warn" "-e" "CARGO_HOME=/opt/rustwide/cargo-home" "-e" "RUSTUP_HOME=/opt/rustwide/rustup-home" "-w" "/opt/rustwide/workdir" "-m" "1610612736" "--user" "0:0" "--network" "none" "ghcr.io/rust-lang/crates-build-env/linux@sha256:2788e3201cd34a07e3172128adcd8b3090168a8e3bcc40d7c032b9dda1df7d1c" "/opt/rustwide/cargo-home/bin/cargo" "+beta-2023-12-22" "test" "--frozen", kill_on_drop: false }`
[INFO] [stdout] a211edab50ffa08883c3d37cce7ace53d5d4d03ce1702b31f5c0b4191d641511
[INFO] running `Command { std: "docker" "start" "-a" "a211edab50ffa08883c3d37cce7ace53d5d4d03ce1702b31f5c0b4191d641511", kill_on_drop: false }`
[INFO] [stderr] warning: unnecessary parentheses around type
[INFO] [stderr]    --> src/lib.rs:169:37
[INFO] [stderr]     |
[INFO] [stderr] 169 | fn parse(config: &Config) -> Result<(Problem), Box<dyn Error>> {
[INFO] [stderr]     |                                     ^       ^
[INFO] [stderr]     |
[INFO] [stderr]     = note: `#[warn(unused_parens)]` on by default
[INFO] [stderr] help: remove these parentheses
[INFO] [stderr]     |
[INFO] [stderr] 169 - fn parse(config: &Config) -> Result<(Problem), Box<dyn Error>> {
[INFO] [stderr] 169 + fn parse(config: &Config) -> Result<Problem, Box<dyn Error>> {
[INFO] [stderr]     |
[INFO] [stderr] 
[INFO] [stderr] warning: unnecessary parentheses around type
[INFO] [stderr]    --> src/lib.rs:256:39
[INFO] [stderr]     |
[INFO] [stderr] 256 | pub fn run(config: &Config) -> Result<(usize), Box<dyn Error>> {
[INFO] [stderr]     |                                       ^     ^
[INFO] [stderr]     |
[INFO] [stderr] help: remove these parentheses
[INFO] [stderr]     |
[INFO] [stderr] 256 - pub fn run(config: &Config) -> Result<(usize), Box<dyn Error>> {
[INFO] [stderr] 256 + pub fn run(config: &Config) -> Result<usize, Box<dyn Error>> {
[INFO] [stderr]     |
[INFO] [stderr] 
[INFO] [stderr] warning: unused variable: `x`
[INFO] [stderr]    --> src/lib.rs:157:9
[INFO] [stderr]     |
[INFO] [stderr] 157 |     for x in 0..num_cells {
[INFO] [stderr]     |         ^ help: if this is intentional, prefix it with an underscore: `_x`
[INFO] [stderr]     |
[INFO] [stderr]     = note: `#[warn(unused_variables)]` on by default
[INFO] [stderr] 
[INFO] [stderr] warning: unused variable: `x`
[INFO] [stderr]    --> src/lib.rs:181:9
[INFO] [stderr]     |
[INFO] [stderr] 181 |     for x in 0..chip_info[2] {
[INFO] [stderr]     |         ^ help: if this is intentional, prefix it with an underscore: `_x`
[INFO] [stderr] 
[INFO] [stderr] warning: unused variable: `offset`
[INFO] [stderr]    --> src/lib.rs:260:9
[INFO] [stderr]     |
[INFO] [stderr] 260 |     let offset = prob.static_cells.len();
[INFO] [stderr]     |         ^^^^^^ help: if this is intentional, prefix it with an underscore: `_offset`
[INFO] [stderr] 
[INFO] [stderr] warning: variable `count` is assigned to, but never used
[INFO] [stderr]    --> src/lib.rs:261:13
[INFO] [stderr]     |
[INFO] [stderr] 261 |     let mut count = 0;
[INFO] [stderr]     |             ^^^^^
[INFO] [stderr]     |
[INFO] [stderr]     = note: consider using `_count` instead
[INFO] [stderr] 
[INFO] [stderr] warning: unused variable: `cell`
[INFO] [stderr]    --> src/lib.rs:262:9
[INFO] [stderr]     |
[INFO] [stderr] 262 |     for cell in floating_cells.iter() {
[INFO] [stderr]     |         ^^^^ help: if this is intentional, prefix it with an underscore: `_cell`
[INFO] [stderr] 
[INFO] [stderr] warning: `placer` (lib) generated 7 warnings (run `cargo fix --lib -p placer` to apply 6 suggestions)
[INFO] [stderr] warning: `placer` (lib test) generated 7 warnings (7 duplicates)
[INFO] [stderr]     Finished test [unoptimized + debuginfo] target(s) in 0.00s
[INFO] [stderr]      Running unittests src/lib.rs (/opt/rustwide/target/debug/deps/placer-bc6f0ea5e42bc4fe)
[INFO] [stdout] 
[INFO] [stdout] running 7 tests
[INFO] [stdout] test tests::test1 ... ok
[INFO] [stdout] test tests::test2 ... ok
[INFO] [stdout] test tests::test5 ... ignored
[INFO] [stdout] test tests::test3 ... ok
[INFO] [stdout] test tests::valid_input ... ok
[INFO] [stdout] test tests::too_few_arguments - should panic ... ok
[INFO] [stdout] test tests::test4 ... ok
[INFO] [stdout] 
[INFO] [stdout] test result: ok. 6 passed; 0 failed; 1 ignored; 0 measured; 0 filtered out; finished in 0.20s
[INFO] [stdout] 
[INFO] [stderr]      Running unittests src/main.rs (/opt/rustwide/target/debug/deps/placer-b60594a43576f213)
[INFO] [stdout] 
[INFO] [stdout] running 0 tests
[INFO] [stdout] 
[INFO] [stdout] test result: ok. 0 passed; 0 failed; 0 ignored; 0 measured; 0 filtered out; finished in 0.00s
[INFO] [stdout] 
[INFO] [stderr]    Doc-tests placer
[INFO] [stderr] warning: unnecessary parentheses around type
[INFO] [stderr]    --> src/lib.rs:169:37
[INFO] [stderr]     |
[INFO] [stderr] 169 | fn parse(config: &Config) -> Result<(Problem), Box<dyn Error>> {
[INFO] [stderr]     |                                     ^       ^
[INFO] [stderr]     |
[INFO] [stderr]     = note: `#[warn(unused_parens)]` on by default
[INFO] [stderr] help: remove these parentheses
[INFO] [stderr]     |
[INFO] [stderr] 169 - fn parse(config: &Config) -> Result<(Problem), Box<dyn Error>> {
[INFO] [stderr] 169 + fn parse(config: &Config) -> Result<Problem, Box<dyn Error>> {
[INFO] [stderr]     |
[INFO] [stderr] 
[INFO] [stderr] warning: unnecessary parentheses around type
[INFO] [stderr]    --> src/lib.rs:256:39
[INFO] [stderr]     |
[INFO] [stderr] 256 | pub fn run(config: &Config) -> Result<(usize), Box<dyn Error>> {
[INFO] [stderr]     |                                       ^     ^
[INFO] [stderr]     |
[INFO] [stderr] help: remove these parentheses
[INFO] [stderr]     |
[INFO] [stderr] 256 - pub fn run(config: &Config) -> Result<(usize), Box<dyn Error>> {
[INFO] [stderr] 256 + pub fn run(config: &Config) -> Result<usize, Box<dyn Error>> {
[INFO] [stderr]     |
[INFO] [stderr] 
[INFO] [stderr] warning: 2 warnings emitted
[INFO] [stderr] 
[INFO] [stdout] 
[INFO] [stdout] running 0 tests
[INFO] [stdout] 
[INFO] [stdout] test result: ok. 0 passed; 0 failed; 0 ignored; 0 measured; 0 filtered out; finished in 0.00s
[INFO] [stdout] 
[INFO] running `Command { std: "docker" "inspect" "a211edab50ffa08883c3d37cce7ace53d5d4d03ce1702b31f5c0b4191d641511", kill_on_drop: false }`
[INFO] running `Command { std: "docker" "rm" "-f" "a211edab50ffa08883c3d37cce7ace53d5d4d03ce1702b31f5c0b4191d641511", kill_on_drop: false }`
[INFO] [stdout] a211edab50ffa08883c3d37cce7ace53d5d4d03ce1702b31f5c0b4191d641511
