[INFO] cloning repository https://github.com/elijahimmer/layer-shell-tt-test
[INFO] running `Command { std: "git" "-c" "credential.helper=" "-c" "credential.helper=/workspace/cargo-home/bin/git-credential-null" "clone" "--bare" "https://github.com/elijahimmer/layer-shell-tt-test" "/workspace/cache/git-repos/https%3A%2F%2Fgithub.com%2Felijahimmer%2Flayer-shell-tt-test", kill_on_drop: false }`
[INFO] [stderr] Cloning into bare repository '/workspace/cache/git-repos/https%3A%2F%2Fgithub.com%2Felijahimmer%2Flayer-shell-tt-test'...
[INFO] running `Command { std: "git" "rev-parse" "HEAD", kill_on_drop: false }`
[INFO] [stdout] 13139e0f424f12159bcd747e24391658378bf7bb
[INFO] testing elijahimmer/layer-shell-tt-test against 1.75.0 for beta-1.76-1
[INFO] running `Command { std: "git" "clone" "/workspace/cache/git-repos/https%3A%2F%2Fgithub.com%2Felijahimmer%2Flayer-shell-tt-test" "/workspace/builds/worker-4-tc1/source", kill_on_drop: false }`
[INFO] [stderr] Cloning into '/workspace/builds/worker-4-tc1/source'...
[INFO] [stderr] done.
[INFO] validating manifest of git repo https://github.com/elijahimmer/layer-shell-tt-test on toolchain 1.75.0
[INFO] running `Command { std: CARGO_HOME="/workspace/cargo-home" RUSTUP_HOME="/workspace/rustup-home" "/workspace/cargo-home/bin/cargo" "+1.75.0" "metadata" "--manifest-path" "Cargo.toml" "--no-deps", kill_on_drop: false }`
[INFO] started tweaking git repo https://github.com/elijahimmer/layer-shell-tt-test
[INFO] finished tweaking git repo https://github.com/elijahimmer/layer-shell-tt-test
[INFO] tweaked toml for git repo https://github.com/elijahimmer/layer-shell-tt-test written to /workspace/builds/worker-4-tc1/source/Cargo.toml
[INFO] crate git repo https://github.com/elijahimmer/layer-shell-tt-test already has a lockfile, it will not be regenerated
[INFO] running `Command { std: CARGO_HOME="/workspace/cargo-home" RUSTUP_HOME="/workspace/rustup-home" "/workspace/cargo-home/bin/cargo" "+1.75.0" "fetch" "--manifest-path" "Cargo.toml", kill_on_drop: false }`
[INFO] [stderr]     Blocking waiting for file lock on package cache
[ERROR] error running command: no output for 300 seconds
[ERROR] this task or one of its parent failed!
[ERROR] no output for 300 seconds
[ERROR] note: run with `RUST_BACKTRACE=1` to display a backtrace.
[INFO] testing elijahimmer/layer-shell-tt-test against beta-2023-12-22 for beta-1.76-1
[INFO] running `Command { std: "git" "clone" "/workspace/cache/git-repos/https%3A%2F%2Fgithub.com%2Felijahimmer%2Flayer-shell-tt-test" "/workspace/builds/worker-4-tc2/source", kill_on_drop: false }`
[INFO] [stderr] Cloning into '/workspace/builds/worker-4-tc2/source'...
[INFO] [stderr] done.
[INFO] validating manifest of git repo https://github.com/elijahimmer/layer-shell-tt-test on toolchain beta-2023-12-22
[INFO] running `Command { std: CARGO_HOME="/workspace/cargo-home" RUSTUP_HOME="/workspace/rustup-home" "/workspace/cargo-home/bin/cargo" "+beta-2023-12-22" "metadata" "--manifest-path" "Cargo.toml" "--no-deps", kill_on_drop: false }`
[INFO] started tweaking git repo https://github.com/elijahimmer/layer-shell-tt-test
[INFO] finished tweaking git repo https://github.com/elijahimmer/layer-shell-tt-test
[INFO] tweaked toml for git repo https://github.com/elijahimmer/layer-shell-tt-test written to /workspace/builds/worker-4-tc2/source/Cargo.toml
[INFO] crate git repo https://github.com/elijahimmer/layer-shell-tt-test already has a lockfile, it will not be regenerated
[INFO] running `Command { std: CARGO_HOME="/workspace/cargo-home" RUSTUP_HOME="/workspace/rustup-home" "/workspace/cargo-home/bin/cargo" "+beta-2023-12-22" "fetch" "--manifest-path" "Cargo.toml", kill_on_drop: false }`
[INFO] [stderr]     Blocking waiting for file lock on package cache
[INFO] [stderr]     Updating crates.io index
[INFO] [stderr]     Blocking waiting for file lock on package cache
[ERROR] error running command: no output for 300 seconds
[INFO] testing elijahimmer/layer-shell-tt-test against beta-2023-12-22 for beta-1.76-1
[INFO] running `Command { std: "git" "clone" "/workspace/cache/git-repos/https%3A%2F%2Fgithub.com%2Felijahimmer%2Flayer-shell-tt-test" "/workspace/builds/worker-4-tc2/source", kill_on_drop: false }`
[INFO] [stderr] Cloning into '/workspace/builds/worker-4-tc2/source'...
[INFO] [stderr] done.
[INFO] validating manifest of git repo https://github.com/elijahimmer/layer-shell-tt-test on toolchain beta-2023-12-22
[INFO] running `Command { std: CARGO_HOME="/workspace/cargo-home" RUSTUP_HOME="/workspace/rustup-home" "/workspace/cargo-home/bin/cargo" "+beta-2023-12-22" "metadata" "--manifest-path" "Cargo.toml" "--no-deps", kill_on_drop: false }`
[INFO] started tweaking git repo https://github.com/elijahimmer/layer-shell-tt-test
[INFO] finished tweaking git repo https://github.com/elijahimmer/layer-shell-tt-test
[INFO] tweaked toml for git repo https://github.com/elijahimmer/layer-shell-tt-test written to /workspace/builds/worker-4-tc2/source/Cargo.toml
[INFO] crate git repo https://github.com/elijahimmer/layer-shell-tt-test already has a lockfile, it will not be regenerated
[INFO] running `Command { std: CARGO_HOME="/workspace/cargo-home" RUSTUP_HOME="/workspace/rustup-home" "/workspace/cargo-home/bin/cargo" "+beta-2023-12-22" "fetch" "--manifest-path" "Cargo.toml", kill_on_drop: false }`
[INFO] [stderr]     Blocking waiting for file lock on package cache
[INFO] [stderr]     Blocking waiting for file lock on package cache
[INFO] [stderr]  Downloading crates ...
[INFO] [stderr]   Downloaded gtk4-layer-shell-sys v0.1.2
[INFO] [stderr]   Downloaded gtk4-layer-shell v0.2.0
[INFO] [stderr]   Downloaded gtk-layer-shell-sys v0.7.0
[INFO] [stderr]   Downloaded gtk-layer-shell v0.8.0
[INFO] running `Command { std: "docker" "create" "-v" "/var/lib/crater-agent-workspace/builds/worker-4-tc2/target:/opt/rustwide/target:rw,Z" "-v" "/var/lib/crater-agent-workspace/builds/worker-4-tc2/source:/opt/rustwide/workdir:ro,Z" "-v" "/var/lib/crater-agent-workspace/cargo-home:/opt/rustwide/cargo-home:ro,Z" "-v" "/var/lib/crater-agent-workspace/rustup-home:/opt/rustwide/rustup-home:ro,Z" "-e" "SOURCE_DIR=/opt/rustwide/workdir" "-e" "CARGO_TARGET_DIR=/opt/rustwide/target" "-e" "CARGO_HOME=/opt/rustwide/cargo-home" "-e" "RUSTUP_HOME=/opt/rustwide/rustup-home" "-w" "/opt/rustwide/workdir" "-m" "1610612736" "--user" "0:0" "--network" "none" "ghcr.io/rust-lang/crates-build-env/linux@sha256:2788e3201cd34a07e3172128adcd8b3090168a8e3bcc40d7c032b9dda1df7d1c" "/opt/rustwide/cargo-home/bin/cargo" "+beta-2023-12-22" "metadata" "--no-deps" "--format-version=1", kill_on_drop: false }`
[INFO] [stdout] 5b5753ae691f2154e18d74d0779e3999b2b2c198fa617fbb35a0f867cf870d33
[INFO] running `Command { std: "docker" "start" "-a" "5b5753ae691f2154e18d74d0779e3999b2b2c198fa617fbb35a0f867cf870d33", kill_on_drop: false }`
[INFO] running `Command { std: "docker" "inspect" "5b5753ae691f2154e18d74d0779e3999b2b2c198fa617fbb35a0f867cf870d33", kill_on_drop: false }`
[INFO] running `Command { std: "docker" "rm" "-f" "5b5753ae691f2154e18d74d0779e3999b2b2c198fa617fbb35a0f867cf870d33", kill_on_drop: false }`
[INFO] [stdout] 5b5753ae691f2154e18d74d0779e3999b2b2c198fa617fbb35a0f867cf870d33
[INFO] running `Command { std: "docker" "create" "-v" "/var/lib/crater-agent-workspace/builds/worker-4-tc2/target:/opt/rustwide/target:rw,Z" "-v" "/var/lib/crater-agent-workspace/builds/worker-4-tc2/source:/opt/rustwide/workdir:ro,Z" "-v" "/var/lib/crater-agent-workspace/cargo-home:/opt/rustwide/cargo-home:ro,Z" "-v" "/var/lib/crater-agent-workspace/rustup-home:/opt/rustwide/rustup-home:ro,Z" "-e" "SOURCE_DIR=/opt/rustwide/workdir" "-e" "CARGO_TARGET_DIR=/opt/rustwide/target" "-e" "CARGO_INCREMENTAL=0" "-e" "RUST_BACKTRACE=full" "-e" "RUSTFLAGS=--cap-lints=warn" "-e" "RUSTDOCFLAGS=--cap-lints=warn" "-e" "CARGO_HOME=/opt/rustwide/cargo-home" "-e" "RUSTUP_HOME=/opt/rustwide/rustup-home" "-w" "/opt/rustwide/workdir" "-m" "1610612736" "--user" "0:0" "--network" "none" "ghcr.io/rust-lang/crates-build-env/linux@sha256:2788e3201cd34a07e3172128adcd8b3090168a8e3bcc40d7c032b9dda1df7d1c" "/opt/rustwide/cargo-home/bin/cargo" "+beta-2023-12-22" "build" "--frozen" "--message-format=json", kill_on_drop: false }`
[INFO] [stdout] 98744a9c49d75da7b3ed4e32b88d1ba138a3848e0e454be3e3e3e7aa6b576302
[INFO] running `Command { std: "docker" "start" "-a" "98744a9c49d75da7b3ed4e32b88d1ba138a3848e0e454be3e3e3e7aa6b576302", kill_on_drop: false }`
[INFO] [stderr]    Compiling layer-shell-tt-test v0.1.0 (/opt/rustwide/workdir)
[INFO] [stdout] error[E0433]: failed to resolve: use of undeclared crate or module `gtk`
[INFO] [stdout]   --> src/builder.rs:10:5
[INFO] [stdout]    |
[INFO] [stdout] 10 | use gtk::prelude::*;
[INFO] [stdout]    |     ^^^ use of undeclared crate or module `gtk`
[INFO] [stdout] 
[INFO] [stdout] 
[INFO] [stdout] error[E0432]: unresolved import `gtk`
[INFO] [stdout]   --> src/builder.rs:11:5
[INFO] [stdout]    |
[INFO] [stdout] 11 | use gtk::{Application, ApplicationWindow, Label};
[INFO] [stdout]    |     ^^^ use of undeclared crate or module `gtk`
[INFO] [stdout] 
[INFO] [stdout] 
[INFO] [stdout] error[E0433]: failed to resolve: use of undeclared crate or module `gtk`
[INFO] [stdout]   --> src/set.rs:10:5
[INFO] [stdout]    |
[INFO] [stdout] 10 | use gtk::prelude::*;
[INFO] [stdout]    |     ^^^ use of undeclared crate or module `gtk`
[INFO] [stdout] 
[INFO] [stdout] 
[INFO] [stdout] error[E0432]: unresolved import `gtk_layer_shell`
[INFO] [stdout]   --> src/builder.rs:12:5
[INFO] [stdout]    |
[INFO] [stdout] 12 | use gtk_layer_shell::LayerShell;
[INFO] [stdout]    |     ^^^^^^^^^^^^^^^ use of undeclared crate or module `gtk_layer_shell`
[INFO] [stdout] 
[INFO] [stdout] 
[INFO] [stdout] error[E0432]: unresolved import `gtk`
[INFO] [stdout]   --> src/set.rs:11:5
[INFO] [stdout]    |
[INFO] [stdout] 11 | use gtk::{Application, ApplicationWindow, Label};
[INFO] [stdout]    |     ^^^ use of undeclared crate or module `gtk`
[INFO] [stdout] 
[INFO] [stdout] 
[INFO] [stdout] error[E0432]: unresolved import `gtk_layer_shell`
[INFO] [stdout]   --> src/set.rs:12:5
[INFO] [stdout]    |
[INFO] [stdout] 12 | use gtk_layer_shell::LayerShell;
[INFO] [stdout]    |     ^^^^^^^^^^^^^^^ use of undeclared crate or module `gtk_layer_shell`
[INFO] [stdout] 
[INFO] [stdout] 
[INFO] [stdout] error: aborting due to 3 previous errors
[INFO] [stdout] 
[INFO] [stdout] 
[INFO] [stdout] error: aborting due to 3 previous errors
[INFO] [stdout] 
[INFO] [stdout] 
[INFO] [stdout] Some errors have detailed explanations: E0432, E0433.
[INFO] [stdout] 
[INFO] [stdout] For more information about an error, try `rustc --explain E0432`.
[INFO] [stdout] 
[INFO] [stdout] Some errors have detailed explanations: E0432, E0433.
[INFO] [stdout] 
[INFO] [stdout] For more information about an error, try `rustc --explain E0432`.
[INFO] [stdout] 
[INFO] [stderr] error: could not compile `layer-shell-tt-test` (bin "builder") due to 4 previous errors
[INFO] [stderr] warning: build failed, waiting for other jobs to finish...
[INFO] [stderr] error: could not compile `layer-shell-tt-test` (bin "set") due to 4 previous errors
[INFO] [stdout] error[E0433]: failed to resolve: use of undeclared crate or module `gtk`
[INFO] [stdout]   --> src/query.rs:10:5
[INFO] [stdout]    |
[INFO] [stdout] 10 | use gtk::prelude::*;
[INFO] [stdout]    |     ^^^ use of undeclared crate or module `gtk`
[INFO] [stdout] 
[INFO] [stdout] 
[INFO] [stdout] error[E0432]: unresolved import `gtk`
[INFO] [stdout]   --> src/query.rs:11:5
[INFO] [stdout]    |
[INFO] [stdout] 11 | use gtk::{Application, ApplicationWindow, Label};
[INFO] [stdout]    |     ^^^ use of undeclared crate or module `gtk`
[INFO] [stdout] 
[INFO] [stdout] 
[INFO] [stdout] error[E0432]: unresolved import `gtk_layer_shell`
[INFO] [stdout]   --> src/query.rs:12:5
[INFO] [stdout]    |
[INFO] [stdout] 12 | use gtk_layer_shell::LayerShell;
[INFO] [stdout]    |     ^^^^^^^^^^^^^^^ use of undeclared crate or module `gtk_layer_shell`
[INFO] [stdout] 
[INFO] [stdout] 
[INFO] [stdout] error: aborting due to 3 previous errors
[INFO] [stdout] 
[INFO] [stdout] 
[INFO] [stdout] Some errors have detailed explanations: E0432, E0433.
[INFO] [stdout] 
[INFO] [stdout] For more information about an error, try `rustc --explain E0432`.
[INFO] [stdout] 
[INFO] [stderr] error: could not compile `layer-shell-tt-test` (bin "query") due to 4 previous errors
[INFO] running `Command { std: "docker" "inspect" "98744a9c49d75da7b3ed4e32b88d1ba138a3848e0e454be3e3e3e7aa6b576302", kill_on_drop: false }`
[INFO] running `Command { std: "docker" "rm" "-f" "98744a9c49d75da7b3ed4e32b88d1ba138a3848e0e454be3e3e3e7aa6b576302", kill_on_drop: false }`
[INFO] [stdout] 98744a9c49d75da7b3ed4e32b88d1ba138a3848e0e454be3e3e3e7aa6b576302
