[INFO] cloning repository https://github.com/ekwoka/url-shortener
[INFO] running `Command { std: "git" "-c" "credential.helper=" "-c" "credential.helper=/workspace/cargo-home/bin/git-credential-null" "clone" "--bare" "https://github.com/ekwoka/url-shortener" "/workspace/cache/git-repos/https%3A%2F%2Fgithub.com%2Fekwoka%2Furl-shortener", kill_on_drop: false }`
[INFO] [stderr] Cloning into bare repository '/workspace/cache/git-repos/https%3A%2F%2Fgithub.com%2Fekwoka%2Furl-shortener'...
[INFO] running `Command { std: "git" "rev-parse" "HEAD", kill_on_drop: false }`
[INFO] [stdout] 2bba54a61828cc01c309a60833fced5caf3721dd
[INFO] testing ekwoka/url-shortener against 1.75.0 for beta-1.76-1
[INFO] running `Command { std: "git" "clone" "/workspace/cache/git-repos/https%3A%2F%2Fgithub.com%2Fekwoka%2Furl-shortener" "/workspace/builds/worker-2-tc1/source", kill_on_drop: false }`
[INFO] [stderr] Cloning into '/workspace/builds/worker-2-tc1/source'...
[INFO] [stderr] done.
[INFO] validating manifest of git repo https://github.com/ekwoka/url-shortener on toolchain 1.75.0
[INFO] running `Command { std: CARGO_HOME="/workspace/cargo-home" RUSTUP_HOME="/workspace/rustup-home" "/workspace/cargo-home/bin/cargo" "+1.75.0" "metadata" "--manifest-path" "Cargo.toml" "--no-deps", kill_on_drop: false }`
[INFO] started tweaking git repo https://github.com/ekwoka/url-shortener
[INFO] finished tweaking git repo https://github.com/ekwoka/url-shortener
[INFO] tweaked toml for git repo https://github.com/ekwoka/url-shortener written to /workspace/builds/worker-2-tc1/source/Cargo.toml
[INFO] crate git repo https://github.com/ekwoka/url-shortener already has a lockfile, it will not be regenerated
[INFO] running `Command { std: CARGO_HOME="/workspace/cargo-home" RUSTUP_HOME="/workspace/rustup-home" "/workspace/cargo-home/bin/cargo" "+1.75.0" "fetch" "--manifest-path" "Cargo.toml", kill_on_drop: false }`
[INFO] [stderr]     Blocking waiting for file lock on package cache
[ERROR] error running command: no output for 300 seconds
[ERROR] this task or one of its parent failed!
[ERROR] no output for 300 seconds
[ERROR] note: run with `RUST_BACKTRACE=1` to display a backtrace.
[INFO] testing ekwoka/url-shortener against beta-2023-12-22 for beta-1.76-1
[INFO] running `Command { std: "git" "clone" "/workspace/cache/git-repos/https%3A%2F%2Fgithub.com%2Fekwoka%2Furl-shortener" "/workspace/builds/worker-2-tc2/source", kill_on_drop: false }`
[INFO] [stderr] Cloning into '/workspace/builds/worker-2-tc2/source'...
[INFO] [stderr] done.
[INFO] validating manifest of git repo https://github.com/ekwoka/url-shortener on toolchain beta-2023-12-22
[INFO] running `Command { std: CARGO_HOME="/workspace/cargo-home" RUSTUP_HOME="/workspace/rustup-home" "/workspace/cargo-home/bin/cargo" "+beta-2023-12-22" "metadata" "--manifest-path" "Cargo.toml" "--no-deps", kill_on_drop: false }`
[INFO] started tweaking git repo https://github.com/ekwoka/url-shortener
[INFO] finished tweaking git repo https://github.com/ekwoka/url-shortener
[INFO] tweaked toml for git repo https://github.com/ekwoka/url-shortener written to /workspace/builds/worker-2-tc2/source/Cargo.toml
[INFO] crate git repo https://github.com/ekwoka/url-shortener already has a lockfile, it will not be regenerated
[INFO] running `Command { std: CARGO_HOME="/workspace/cargo-home" RUSTUP_HOME="/workspace/rustup-home" "/workspace/cargo-home/bin/cargo" "+beta-2023-12-22" "fetch" "--manifest-path" "Cargo.toml", kill_on_drop: false }`
[INFO] [stderr]     Blocking waiting for file lock on package cache
[INFO] [stderr]     Blocking waiting for file lock on package cache
[ERROR] error running command: no output for 300 seconds
[INFO] testing ekwoka/url-shortener against beta-2023-12-22 for beta-1.76-1
[INFO] running `Command { std: "git" "clone" "/workspace/cache/git-repos/https%3A%2F%2Fgithub.com%2Fekwoka%2Furl-shortener" "/workspace/builds/worker-2-tc2/source", kill_on_drop: false }`
[INFO] [stderr] Cloning into '/workspace/builds/worker-2-tc2/source'...
[INFO] [stderr] done.
[INFO] validating manifest of git repo https://github.com/ekwoka/url-shortener on toolchain beta-2023-12-22
[INFO] running `Command { std: CARGO_HOME="/workspace/cargo-home" RUSTUP_HOME="/workspace/rustup-home" "/workspace/cargo-home/bin/cargo" "+beta-2023-12-22" "metadata" "--manifest-path" "Cargo.toml" "--no-deps", kill_on_drop: false }`
[INFO] started tweaking git repo https://github.com/ekwoka/url-shortener
[INFO] finished tweaking git repo https://github.com/ekwoka/url-shortener
[INFO] tweaked toml for git repo https://github.com/ekwoka/url-shortener written to /workspace/builds/worker-2-tc2/source/Cargo.toml
[INFO] crate git repo https://github.com/ekwoka/url-shortener already has a lockfile, it will not be regenerated
[INFO] running `Command { std: CARGO_HOME="/workspace/cargo-home" RUSTUP_HOME="/workspace/rustup-home" "/workspace/cargo-home/bin/cargo" "+beta-2023-12-22" "fetch" "--manifest-path" "Cargo.toml", kill_on_drop: false }`
[INFO] [stderr]     Blocking waiting for file lock on package cache
[INFO] [stderr]     Blocking waiting for file lock on package cache
[INFO] [stderr]  Downloading crates ...
[INFO] [stderr]   Downloaded imbl v2.0.3
[INFO] running `Command { std: "docker" "create" "-v" "/var/lib/crater-agent-workspace/builds/worker-2-tc2/target:/opt/rustwide/target:rw,Z" "-v" "/var/lib/crater-agent-workspace/builds/worker-2-tc2/source:/opt/rustwide/workdir:ro,Z" "-v" "/var/lib/crater-agent-workspace/cargo-home:/opt/rustwide/cargo-home:ro,Z" "-v" "/var/lib/crater-agent-workspace/rustup-home:/opt/rustwide/rustup-home:ro,Z" "-e" "SOURCE_DIR=/opt/rustwide/workdir" "-e" "CARGO_TARGET_DIR=/opt/rustwide/target" "-e" "CARGO_HOME=/opt/rustwide/cargo-home" "-e" "RUSTUP_HOME=/opt/rustwide/rustup-home" "-w" "/opt/rustwide/workdir" "-m" "1610612736" "--user" "0:0" "--network" "none" "ghcr.io/rust-lang/crates-build-env/linux@sha256:2788e3201cd34a07e3172128adcd8b3090168a8e3bcc40d7c032b9dda1df7d1c" "/opt/rustwide/cargo-home/bin/cargo" "+beta-2023-12-22" "metadata" "--no-deps" "--format-version=1", kill_on_drop: false }`
[INFO] [stdout] b703c41956e63b0d4343f43766c4afbdd6f23bc11a81b176a69742d74ea8eb37
[INFO] running `Command { std: "docker" "start" "-a" "b703c41956e63b0d4343f43766c4afbdd6f23bc11a81b176a69742d74ea8eb37", kill_on_drop: false }`
[INFO] running `Command { std: "docker" "inspect" "b703c41956e63b0d4343f43766c4afbdd6f23bc11a81b176a69742d74ea8eb37", kill_on_drop: false }`
[INFO] running `Command { std: "docker" "rm" "-f" "b703c41956e63b0d4343f43766c4afbdd6f23bc11a81b176a69742d74ea8eb37", kill_on_drop: false }`
[INFO] [stdout] b703c41956e63b0d4343f43766c4afbdd6f23bc11a81b176a69742d74ea8eb37
[INFO] running `Command { std: "docker" "create" "-v" "/var/lib/crater-agent-workspace/builds/worker-2-tc2/target:/opt/rustwide/target:rw,Z" "-v" "/var/lib/crater-agent-workspace/builds/worker-2-tc2/source:/opt/rustwide/workdir:ro,Z" "-v" "/var/lib/crater-agent-workspace/cargo-home:/opt/rustwide/cargo-home:ro,Z" "-v" "/var/lib/crater-agent-workspace/rustup-home:/opt/rustwide/rustup-home:ro,Z" "-e" "SOURCE_DIR=/opt/rustwide/workdir" "-e" "CARGO_TARGET_DIR=/opt/rustwide/target" "-e" "CARGO_INCREMENTAL=0" "-e" "RUST_BACKTRACE=full" "-e" "RUSTFLAGS=--cap-lints=warn" "-e" "RUSTDOCFLAGS=--cap-lints=warn" "-e" "CARGO_HOME=/opt/rustwide/cargo-home" "-e" "RUSTUP_HOME=/opt/rustwide/rustup-home" "-w" "/opt/rustwide/workdir" "-m" "1610612736" "--user" "0:0" "--network" "none" "ghcr.io/rust-lang/crates-build-env/linux@sha256:2788e3201cd34a07e3172128adcd8b3090168a8e3bcc40d7c032b9dda1df7d1c" "/opt/rustwide/cargo-home/bin/cargo" "+beta-2023-12-22" "build" "--frozen" "--message-format=json", kill_on_drop: false }`
[INFO] [stdout] d79dc9aa98ee49068bc3ce3a9301b952c0020ec3c4319fd513285d991ce89d2c
[INFO] running `Command { std: "docker" "start" "-a" "d79dc9aa98ee49068bc3ce3a9301b952c0020ec3c4319fd513285d991ce89d2c", kill_on_drop: false }`
[INFO] [stderr]    Compiling proc-macro2 v1.0.69
[INFO] [stderr]    Compiling unicode-ident v1.0.12
[INFO] [stderr]    Compiling libc v0.2.150
[INFO] [stderr]    Compiling autocfg v1.1.0
[INFO] [stderr]    Compiling cfg-if v1.0.0
[INFO] [stderr]    Compiling version_check v0.9.4
[INFO] [stderr]    Compiling serde v1.0.193
[INFO] [stderr]    Compiling typenum v1.17.0
[INFO] [stderr]    Compiling memchr v2.6.4
[INFO] [stderr]    Compiling scopeguard v1.2.0
[INFO] [stderr]    Compiling once_cell v1.18.0
[INFO] [stderr]    Compiling smallvec v1.11.2
[INFO] [stderr]    Compiling itoa v1.0.9
[INFO] [stderr]    Compiling fnv v1.0.7
[INFO] [stderr]    Compiling libm v0.2.8
[INFO] [stderr]    Compiling futures-core v0.3.29
[INFO] [stderr]    Compiling log v0.4.20
[INFO] [stderr]    Compiling pin-project-lite v0.2.13
[INFO] [stderr]    Compiling subtle v2.5.0
[INFO] [stderr]    Compiling equivalent v1.0.1
[INFO] [stderr]    Compiling hashbrown v0.14.2
[INFO] [stderr]    Compiling byteorder v1.5.0
[INFO] [stderr]    Compiling semver v1.0.20
[INFO] [stderr]    Compiling thiserror v1.0.50
[INFO] [stderr]    Compiling lazy_static v1.4.0
[INFO] [stderr]    Compiling bytes v1.5.0
[INFO] [stderr]    Compiling parking_lot_core v0.9.9
[INFO] [stderr]    Compiling strsim v0.10.0
[INFO] [stderr]    Compiling ident_case v1.0.1
[INFO] [stderr]    Compiling generic-array v0.14.7
[INFO] [stderr]    Compiling regex-syntax v0.8.2
[INFO] [stderr]    Compiling either v1.9.0
[INFO] [stderr]    Compiling rustix v0.38.21
[INFO] [stderr]    Compiling lock_api v0.4.11
[INFO] [stderr]    Compiling num-traits v0.2.17
[INFO] [stderr]    Compiling slab v0.4.9
[INFO] [stderr]    Compiling aho-corasick v1.1.2
[INFO] [stderr]    Compiling crunchy v0.2.2
[INFO] [stderr]    Compiling ryu v1.0.15
[INFO] [stderr]    Compiling indexmap v2.1.0
[INFO] [stderr]    Compiling rustc_version v0.4.0
[INFO] [stderr]    Compiling serde_json v1.0.108
[INFO] [stderr]    Compiling quote v1.0.33
[INFO] [stderr]    Compiling futures-sink v0.3.29
[INFO] [stderr]    Compiling spin v0.9.8
[INFO] [stderr]    Compiling syn v2.0.39
[INFO] [stderr]    Compiling getrandom v0.2.11
[INFO] [stderr]    Compiling cc v1.0.83
[INFO] [stderr]    Compiling dirs-sys-next v0.1.2
[INFO] [stderr]    Compiling heapless v0.7.16
[INFO] [stderr]    Compiling tiny-keccak v2.0.2
[INFO] [stderr]    Compiling rand_core v0.6.4
[INFO] [stderr]    Compiling dirs-next v2.0.0
[INFO] [stderr]    Compiling cpufeatures v0.2.11
[INFO] [stderr]    Compiling linux-raw-sys v0.4.11
[INFO] [stderr]    Compiling tinyvec_macros v0.1.1
[INFO] [stderr]    Compiling siphasher v0.3.11
[INFO] [stderr]    Compiling bitflags v2.4.1
[INFO] [stderr]    Compiling futures-task v0.3.29
[INFO] [stderr]    Compiling futures-channel v0.3.29
[INFO] [stderr]    Compiling parking_lot v0.12.1
[INFO] [stderr]    Compiling tinyvec v1.6.0
[INFO] [stderr]    Compiling term v0.7.0
[INFO] [stderr]    Compiling phf_shared v0.10.0
[INFO] [stderr]    Compiling mio v0.8.9
[INFO] [stderr]    Compiling num_cpus v1.16.0
[INFO] [stderr]    Compiling socket2 v0.5.5
[INFO] [stderr]    Compiling hash32 v0.2.1
[INFO] [stderr]    Compiling precomputed-hash v0.1.1
[INFO] [stderr]    Compiling regex-automata v0.4.3
[INFO] [stderr]    Compiling stable_deref_trait v1.2.0
[INFO] [stderr]    Compiling futures-util v0.3.29
[INFO] [stderr]    Compiling bit-vec v0.6.3
[INFO] [stderr]    Compiling fixedbitset v0.4.2
[INFO] [stderr]    Compiling new_debug_unreachable v1.0.4
[INFO] [stderr]    Compiling bit-set v0.5.3
[INFO] [stderr]    Compiling itertools v0.10.5
[INFO] [stderr]    Compiling string_cache v0.8.7
[INFO] [stderr]    Compiling petgraph v0.6.4
[INFO] [stderr]    Compiling crypto-common v0.1.6
[INFO] [stderr]    Compiling block-buffer v0.10.4
[INFO] [stderr]    Compiling psm v0.1.21
[INFO] [stderr]    Compiling unicode-normalization v0.1.22
[INFO] [stderr]    Compiling ascii-canvas v3.0.0
[INFO] [stderr]    Compiling digest v0.10.7
[INFO] [stderr]    Compiling ena v0.14.2
[INFO] [stderr]    Compiling tracing-core v0.1.32
[INFO] [stderr]    Compiling pico-args v0.5.0
[INFO] [stderr]    Compiling futures-io v0.3.29
[INFO] [stderr]    Compiling syn v1.0.109
[INFO] [stderr]    Compiling diff v0.1.13
[INFO] [stderr]    Compiling is-terminal v0.4.9
[INFO] [stderr]    Compiling pin-utils v0.1.0
[INFO] [stderr]    Compiling unicode-xid v0.2.4
[INFO] [stderr]    Compiling regex-syntax v0.7.5
[INFO] [stderr]    Compiling base64 v0.21.5
[INFO] [stderr]    Compiling stacker v0.1.15
[INFO] [stderr]    Compiling inout v0.1.3
[INFO] [stderr]    Compiling http v0.2.10
[INFO] [stderr]    Compiling num-integer v0.1.45
[INFO] [stderr]    Compiling indexmap v1.9.3
[INFO] [stderr]    Compiling proc-macro-error-attr v1.0.4
[INFO] [stderr]    Compiling unicase v2.7.0
[INFO] [stderr]    Compiling crossbeam-utils v0.8.16
[INFO] [stderr]    Compiling regex v1.10.2
[INFO] [stderr]    Compiling percent-encoding v2.3.0
[INFO] [stderr]    Compiling cipher v0.4.4
[INFO] [stderr]    Compiling rstar v0.10.0
[INFO] [stderr]    Compiling form_urlencoded v1.2.0
[INFO] [stderr]    Compiling rstar v0.11.0
[INFO] [stderr]    Compiling approx v0.5.1
[INFO] [stderr]    Compiling itertools v0.11.0
[INFO] [stderr]    Compiling num-bigint v0.4.4
[INFO] [stderr]    Compiling lalrpop-util v0.20.0
[INFO] [stderr]    Compiling proc-macro-error v1.0.4
[INFO] [stderr]    Compiling ahash v0.8.6
[INFO] [stderr]    Compiling time-core v0.1.2
[INFO] [stderr]    Compiling unicode-width v0.1.11
[INFO] [stderr]    Compiling powerfmt v0.2.0
[INFO] [stderr]    Compiling base64ct v1.6.0
[INFO] [stderr]    Compiling radium v0.7.0
[INFO] [stderr]    Compiling ppv-lite86 v0.2.17
[INFO] [stderr]    Compiling hashbrown v0.12.3
[INFO] [stderr]    Compiling rustc_lexer v0.1.0
[INFO] [stderr]    Compiling deranged v0.3.9
[INFO] [stderr]    Compiling time-macros v0.2.15
[INFO] [stderr]    Compiling password-hash v0.5.0
[INFO] [stderr]    Compiling rand_chacha v0.3.1
[INFO] [stderr]    Compiling darling_core v0.20.3
[INFO] [stderr]    Compiling ring v0.16.20
[INFO] [stderr]    Compiling geographiclib-rs v0.2.3
[INFO] [stderr]    Compiling unicode-bidi v0.3.13
[INFO] [stderr]    Compiling unicode-script v0.5.5
[INFO] [stderr]    Compiling tap v1.0.1
[INFO] [stderr]    Compiling lalrpop v0.20.0
[INFO] [stderr]    Compiling earcutr v0.4.3
[INFO] [stderr]    Compiling float_next_after v1.0.0
[INFO] [stderr]    Compiling zerocopy v0.7.25
[INFO] [stderr]    Compiling httparse v1.8.0
[INFO] [stderr]    Compiling rust_decimal v1.32.0
[INFO] [stderr]    Compiling event-listener v2.5.3
[INFO] [stderr]    Compiling ref-cast v1.0.20
[INFO] [stderr]    Compiling ipnet v2.9.0
[INFO] [stderr]    Compiling bitmaps v3.2.0
[INFO] [stderr]    Compiling unicode-security v0.1.0
[INFO] [stderr]    Compiling idna v0.4.0
[INFO] [stderr]    Compiling wyz v0.5.1
[INFO] [stderr]    Compiling mime_guess v2.0.4
[INFO] [stderr]    Compiling concurrent-queue v2.3.0
[INFO] [stderr]    Compiling imbl-sized-chunks v0.1.1
[INFO] [stderr]    Compiling rand v0.8.5
[INFO] [stderr]    Compiling time v0.3.30
[INFO] [stderr]    Compiling hmac v0.12.1
[INFO] [stderr]    Compiling sha2 v0.10.8
[INFO] [stderr]    Compiling rand_xoshiro v0.6.0
[INFO] [stderr]    Compiling thread_local v1.1.7
[INFO] [stderr]    Compiling snap v1.1.0
[INFO] [stderr]    Compiling arrayvec v0.7.4
[INFO] [stderr]    Compiling untrusted v0.7.1
[INFO] [stderr]    Compiling funty v2.0.0
[INFO] [stderr]    Compiling bytemuck v1.14.0
[INFO] [stderr]    Compiling async-trait v0.1.74
[INFO] [stderr]    Compiling retain_mut v0.1.7
[INFO] [stderr]    Compiling robust v1.1.0
[INFO] [stderr]    Compiling fst v0.4.7
[INFO] [stderr]    Compiling httpdate v1.0.3
[INFO] [stderr]    Compiling spin v0.5.2
[INFO] [stderr]    Compiling minimal-lexical v0.2.1
[INFO] [stderr]    Compiling try-lock v0.2.4
[INFO] [stderr]    Compiling iana-time-zone v0.1.58
[INFO] [stderr]    Compiling mime v0.3.17
[INFO] [stderr]    Compiling atomic v0.5.3
[INFO] [stderr]    Compiling regex-syntax v0.6.29
[INFO] [stderr]    Compiling bitvec v1.0.1
[INFO] [stderr]    Compiling want v0.3.1
[INFO] [stderr]    Compiling nom v7.1.3
[INFO] [stderr]    Compiling imbl v2.0.3
[INFO] [stderr]    Compiling pbkdf2 v0.12.2
[INFO] [stderr]    Compiling url v2.4.1
[INFO] [stderr]    Compiling hashbrown v0.13.2
[INFO] [stderr]    Compiling async-lock v2.8.0
[INFO] [stderr]    Compiling http-body v0.4.5
[INFO] [stderr]    Compiling serde_derive v1.0.193
[INFO] [stderr]    Compiling thiserror-impl v1.0.50
[INFO] [stderr]    Compiling darling_macro v0.20.3
[INFO] [stderr]    Compiling tokio-macros v2.2.0
[INFO] [stderr]    Compiling tracing-attributes v0.1.27
[INFO] [stderr]    Compiling futures-macro v0.3.29
[INFO] [stderr]    Compiling pin-project-internal v1.1.3
[INFO] [stderr]    Compiling miette-derive v5.10.0
[INFO] [stderr]    Compiling darling v0.20.3
[INFO] [stderr]    Compiling serde_with_macros v3.4.0
[INFO] [stderr]    Compiling ref-cast-impl v1.0.20
[INFO] [stderr]    Compiling revision-derive v0.5.0
[INFO] [stderr]    Compiling tokio v1.35.1
[INFO] [stderr]    Compiling regex-automata v0.1.10
[INFO] [stderr]    Compiling headers-core v0.2.0
[INFO] [stderr]    Compiling blowfish v0.9.1
[INFO] [stderr]    Compiling simple_asn1 v0.6.2
[INFO] [stderr]    Compiling salsa20 v0.10.2
[INFO] [stderr]    Compiling pem v2.0.1
[INFO] [stderr]    Compiling sha1 v0.10.6
[INFO] [stderr]    Compiling blake2 v0.10.6
[INFO] [stderr]    Compiling pin-project v1.1.3
[INFO] [stderr]    Compiling nanorand v0.7.0
[INFO] [stderr]    Compiling socket2 v0.4.10
[INFO] [stderr]    Compiling tracing v0.1.40
[INFO] [stderr]    Compiling futures-lite v1.13.0
[INFO] [stderr]    Compiling nibble_vec v0.1.0
[INFO] [stderr]    Compiling async-task v4.5.0
[INFO] [stderr]    Compiling any_ascii v0.3.2
[INFO] [stderr]    Compiling miette v5.10.0
[INFO] [stderr]    Compiling urlencoding v2.1.3
[INFO] [stderr]    Compiling robust v0.2.3
[INFO] [stderr]    Compiling psl-types v2.0.11
[INFO] [stderr]    Compiling fastrand v2.0.1
[INFO] [stderr]    Compiling endian-type v0.1.2
[INFO] [stderr]    Compiling tower-service v0.3.2
[INFO] [stderr]    Compiling arc-swap v1.6.0
[INFO] [stderr]    Compiling linked-hash-map v0.5.6
[INFO] [stderr]    Compiling overload v0.1.1
[INFO] [stderr]    Compiling zeroize v1.6.0
[INFO] [stderr]    Compiling lexicmp v0.1.0
[INFO] [stderr]    Compiling addr v0.15.6
[INFO] [stderr]    Compiling nu-ansi-term v0.46.0
[INFO] [stderr]    Compiling async-executor v1.6.0
[INFO] [stderr]    Compiling dmp v0.2.0
[INFO] [stderr]    Compiling yaml-rust v0.4.5
[INFO] [stderr]    Compiling bcrypt v0.14.0
[INFO] [stderr]    Compiling flume v0.10.14
[INFO] [stderr]    Compiling argon2 v0.5.2
[INFO] [stderr]    Compiling futures-concurrency v7.4.3
[INFO] [stderr]    Compiling headers v0.3.9
[INFO] [stderr]    Compiling matchers v0.1.0
[INFO] [stderr]    Compiling scrypt v0.11.0
[INFO] [stderr]    Compiling lru v0.10.1
[INFO] [stderr]    Compiling async-recursion v1.0.5
[INFO] [stderr]    Compiling surrealdb-derive v0.12.0
[INFO] [stderr]    Compiling nanoid v0.4.0
[INFO] [stderr]    Compiling fuzzy-matcher v0.3.7
[INFO] [stderr]    Compiling async-channel v1.9.0
[INFO] [stderr]    Compiling rustls-pemfile v1.0.4
[INFO] [stderr]    Compiling md-5 v0.10.6
[INFO] [stderr]    Compiling sha-1 v0.10.1
[INFO] [stderr]    Compiling sharded-slab v0.1.7
[INFO] [stderr]    Compiling deunicode v1.4.1
[INFO] [stderr]    Compiling trice v0.3.1
[INFO] [stderr]    Compiling pathdiff v0.2.1
[INFO] [stderr]    Compiling path-clean v1.0.1
[INFO] [stderr]    Compiling scoped-tls v1.0.1
[INFO] [stderr]    Compiling tracing-subscriber v0.3.18
[INFO] [stderr]    Compiling futures-executor v0.3.29
[INFO] [stderr]    Compiling futures v0.3.29
[INFO] [stderr]    Compiling tokio-util v0.7.10
[INFO] [stderr]    Compiling echodb v0.4.0
[INFO] [stderr]    Compiling tokio-stream v0.1.14
[INFO] [stderr]    Compiling cedar-policy-core v2.4.2
[INFO] [stderr]    Compiling geo-types v0.7.11
[INFO] [stderr]    Compiling smol_str v0.2.0
[INFO] [stderr]    Compiling bincode v1.3.3
[INFO] [stderr]    Compiling uuid v1.6.1
[INFO] [stderr]    Compiling chrono v0.4.31
[INFO] [stderr]    Compiling roaring v0.10.2
[INFO] [stderr]    Compiling serde_urlencoded v0.7.1
[INFO] [stderr]    Compiling rust-stemmers v1.2.0
[INFO] [stderr]    Compiling radix_trie v0.2.1
[INFO] [stderr]    Compiling ulid v1.1.0
[INFO] [stderr]    Compiling storekey v0.5.0
[INFO] [stderr]    Compiling config v0.13.4
[INFO] [stderr]    Compiling h2 v0.3.21
[INFO] [stderr]    Compiling geo v0.26.0
[INFO] [stderr]    Compiling geo v0.25.1
[INFO] [stderr]    Compiling serde_with v3.4.0
[INFO] [stderr]    Compiling surrealdb-jsonwebtoken v8.3.0-surreal.1
[INFO] [stderr]    Compiling validator v0.16.1
[INFO] [stderr]    Compiling revision v0.5.0
[INFO] [stderr]    Compiling hyper v0.14.27
[INFO] [stderr]    Compiling warp v0.3.6
[INFO] [stderr]    Compiling cedar-policy-validator v2.4.2
[INFO] [stderr]    Compiling cedar-policy v2.4.2
[INFO] [stderr]    Compiling surrealdb v1.0.2
[INFO] [stderr]    Compiling url_shortener v0.0.1 (/opt/rustwide/workdir)
[INFO] [stderr] error: could not compile `surrealdb` (lib)
[INFO] [stderr] 
[INFO] [stderr] Caused by:
[INFO] [stderr]   process didn't exit successfully: `/opt/rustwide/rustup-home/toolchains/beta-2023-12-22-x86_64-unknown-linux-gnu/bin/rustc --crate-name surrealdb --edition=2021 /opt/rustwide/cargo-home/registry/src/index.crates.io-6f17d22bba15001f/surrealdb-1.0.2/src/lib.rs --error-format=json --json=diagnostic-rendered-ansi,artifacts,future-incompat --crate-type lib --emit=dep-info,metadata,link -C embed-bitcode=no -C debuginfo=2 --cfg 'feature="kv-mem"' -C metadata=7c1e5a530b41ba1b -C extra-filename=-7c1e5a530b41ba1b --out-dir /opt/rustwide/target/debug/deps -L dependency=/opt/rustwide/target/debug/deps --extern addr=/opt/rustwide/target/debug/deps/libaddr-cf575aa02a4d23bb.rmeta --extern ascii=/opt/rustwide/target/debug/deps/libany_ascii-d4da51e1f729703d.rmeta --extern argon2=/opt/rustwide/target/debug/deps/libargon2-45109eb3d88ce47e.rmeta --extern channel=/opt/rustwide/target/debug/deps/libasync_channel-6530e6ea2997e70c.rmeta --extern executor=/opt/rustwide/target/debug/deps/libasync_executor-fdfb4e7f4e2a29fc.rmeta --extern async_recursion=/opt/rustwide/target/debug/deps/libasync_recursion-1617de4502b5410c.so --extern base64_lib=/opt/rustwide/target/debug/deps/libbase64-47ce12bf5fcc4351.rmeta --extern bcrypt=/opt/rustwide/target/debug/deps/libbcrypt-c0d1ecc58229ca84.rmeta --extern bincode=/opt/rustwide/target/debug/deps/libbincode-0ba03a35aea3c75c.rmeta --extern bytes=/opt/rustwide/target/debug/deps/libbytes-d5ef6100ae69ca23.rmeta --extern cedar_policy=/opt/rustwide/target/debug/deps/libcedar_policy-09d2c3efdeed069a.rmeta --extern chrono=/opt/rustwide/target/debug/deps/libchrono-6b4e830dcdd1485b.rmeta --extern deunicode=/opt/rustwide/target/debug/deps/libdeunicode-4ce3baabfde1cf6e.rmeta --extern dmp=/opt/rustwide/target/debug/deps/libdmp-e3447c3e5f724bbb.rmeta --extern echodb=/opt/rustwide/target/debug/deps/libechodb-691ad526cb43315c.rmeta --extern flume=/opt/rustwide/target/debug/deps/libflume-d5a9d6db91796291.rmeta --extern fst=/opt/rustwide/target/debug/deps/libfst-840b87ca3356c8a6.rmeta --extern futures=/opt/rustwide/target/debug/deps/libfutures-7e7a9b0612c338be.rmeta --extern futures_concurrency=/opt/rustwide/target/debug/deps/libfutures_concurrency-ca5a70951dd6621d.rmeta --extern fuzzy_matcher=/opt/rustwide/target/debug/deps/libfuzzy_matcher-cf9137377f4d37ea.rmeta --extern geo=/opt/rustwide/target/debug/deps/libgeo-8927b757da51821a.rmeta --extern indexmap=/opt/rustwide/target/debug/deps/libindexmap-4df5bc10ba904145.rmeta --extern ipnet=/opt/rustwide/target/debug/deps/libipnet-5d86936adafddcc9.rmeta --extern lexicmp=/opt/rustwide/target/debug/deps/liblexicmp-36d4979e86565ede.rmeta --extern lru=/opt/rustwide/target/debug/deps/liblru-2a5759baf705d42b.rmeta --extern md5=/opt/rustwide/target/debug/deps/libmd5-d578bd16f6832782.rmeta --extern nanoid=/opt/rustwide/target/debug/deps/libnanoid-1ef320db487abf6f.rmeta --extern nom=/opt/rustwide/target/debug/deps/libnom-cb9c1dd1c8ebd299.rmeta --extern once_cell=/opt/rustwide/target/debug/deps/libonce_cell-fadaa1d866399a17.rmeta --extern path_clean=/opt/rustwide/target/debug/deps/libpath_clean-573af21ed682e30e.rmeta --extern pbkdf2=/opt/rustwide/target/debug/deps/libpbkdf2-e2e733b632354583.rmeta --extern pin_project_lite=/opt/rustwide/target/debug/deps/libpin_project_lite-085b19c93bbb2231.rmeta --extern radix_trie=/opt/rustwide/target/debug/deps/libradix_trie-7589beb7248d961a.rmeta --extern rand=/opt/rustwide/target/debug/deps/librand-51b4f3ad3fdba471.rmeta --extern regex=/opt/rustwide/target/debug/deps/libregex-303fb85dd4918125.rmeta --extern revision=/opt/rustwide/target/debug/deps/librevision-d02c51ce7d990995.rmeta --extern roaring=/opt/rustwide/target/debug/deps/libroaring-5956dfc7133ee894.rmeta --extern rust_stemmers=/opt/rustwide/target/debug/deps/librust_stemmers-4333ecd4fdb1391a.rmeta --extern rust_decimal=/opt/rustwide/target/debug/deps/librust_decimal-02c914de345d1579.rmeta --extern scrypt=/opt/rustwide/target/debug/deps/libscrypt-4f9fc9dd7b2d2f31.rmeta --extern semver=/opt/rustwide/target/debug/deps/libsemver-7375f94c72a63691.rmeta --extern serde=/opt/rustwide/target/debug/deps/libserde-fa564634c76c67ab.rmeta --extern serde_json=/opt/rustwide/target/debug/deps/libserde_json-df84958db7ada6df.rmeta --extern sha1=/opt/rustwide/target/debug/deps/libsha1-495dceef9ba84bea.rmeta --extern sha2=/opt/rustwide/target/debug/deps/libsha2-87198e2730da440e.rmeta --extern snap=/opt/rustwide/target/debug/deps/libsnap-bc2ef18510893f73.rmeta --extern storekey=/opt/rustwide/target/debug/deps/libstorekey-04c1b429ec5ab761.rmeta --extern derive=/opt/rustwide/target/debug/deps/libsurrealdb_derive-822a0d5df3a72b40.so --extern jsonwebtoken=/opt/rustwide/target/debug/deps/libsurrealdb_jsonwebtoken-c6e550480a9f805b.rmeta --extern thiserror=/opt/rustwide/target/debug/deps/libthiserror-b06498dbf90e35ab.rmeta --extern tokio=/opt/rustwide/target/debug/deps/libtokio-cc790ace156c93a5.rmeta --extern tracing=/opt/rustwide/target/debug/deps/libtracing-7c8f55b85c2f39b0.rmeta --extern trice=/opt/rustwide/target/debug/deps/libtrice-b3849a1f198a9476.rmeta --extern ulid=/opt/rustwide/target/debug/deps/libulid-5f8f92652d135a33.rmeta --extern url=/opt/rustwide/target/debug/deps/liburl-7f57060bbb46f1e7.rmeta --extern uuid=/opt/rustwide/target/debug/deps/libuuid-7d54c2ac3376de8c.rmeta --cap-lints allow --cap-lints=warn -L native=/opt/rustwide/target/debug/build/psm-2c570380ede0c5e8/out -L native=/opt/rustwide/target/debug/build/ring-6973eb5024dc1ef0/out` (signal: 9, SIGKILL: kill)
[INFO] [stderr] warning: build failed, waiting for other jobs to finish...
[INFO] running `Command { std: "docker" "inspect" "d79dc9aa98ee49068bc3ce3a9301b952c0020ec3c4319fd513285d991ce89d2c", kill_on_drop: false }`
[INFO] running `Command { std: "docker" "rm" "-f" "d79dc9aa98ee49068bc3ce3a9301b952c0020ec3c4319fd513285d991ce89d2c", kill_on_drop: false }`
[INFO] [stdout] d79dc9aa98ee49068bc3ce3a9301b952c0020ec3c4319fd513285d991ce89d2c
