[INFO] cloning repository https://github.com/ekosutrisno/rust-axum-sqlx
[INFO] running `Command { std: "git" "-c" "credential.helper=" "-c" "credential.helper=/workspace/cargo-home/bin/git-credential-null" "clone" "--bare" "https://github.com/ekosutrisno/rust-axum-sqlx" "/workspace/cache/git-repos/https%3A%2F%2Fgithub.com%2Fekosutrisno%2Frust-axum-sqlx", kill_on_drop: false }`
[INFO] [stderr] Cloning into bare repository '/workspace/cache/git-repos/https%3A%2F%2Fgithub.com%2Fekosutrisno%2Frust-axum-sqlx'...
[INFO] running `Command { std: "git" "rev-parse" "HEAD", kill_on_drop: false }`
[INFO] [stdout] bc17b3bf9de5993a64be65d8d05a6376cf22afd5
[INFO] testing ekosutrisno/rust-axum-sqlx against 1.75.0 for beta-1.76-1
[INFO] running `Command { std: "git" "clone" "/workspace/cache/git-repos/https%3A%2F%2Fgithub.com%2Fekosutrisno%2Frust-axum-sqlx" "/workspace/builds/worker-1-tc1/source", kill_on_drop: false }`
[INFO] [stderr] Cloning into '/workspace/builds/worker-1-tc1/source'...
[INFO] [stderr] done.
[INFO] validating manifest of git repo https://github.com/ekosutrisno/rust-axum-sqlx on toolchain 1.75.0
[INFO] running `Command { std: CARGO_HOME="/workspace/cargo-home" RUSTUP_HOME="/workspace/rustup-home" "/workspace/cargo-home/bin/cargo" "+1.75.0" "metadata" "--manifest-path" "Cargo.toml" "--no-deps", kill_on_drop: false }`
[INFO] started tweaking git repo https://github.com/ekosutrisno/rust-axum-sqlx
[INFO] finished tweaking git repo https://github.com/ekosutrisno/rust-axum-sqlx
[INFO] tweaked toml for git repo https://github.com/ekosutrisno/rust-axum-sqlx written to /workspace/builds/worker-1-tc1/source/Cargo.toml
[INFO] crate git repo https://github.com/ekosutrisno/rust-axum-sqlx already has a lockfile, it will not be regenerated
[INFO] running `Command { std: CARGO_HOME="/workspace/cargo-home" RUSTUP_HOME="/workspace/rustup-home" "/workspace/cargo-home/bin/cargo" "+1.75.0" "fetch" "--manifest-path" "Cargo.toml", kill_on_drop: false }`
[INFO] [stderr]     Blocking waiting for file lock on package cache
[ERROR] error running command: no output for 300 seconds
[ERROR] this task or one of its parent failed!
[ERROR] no output for 300 seconds
[ERROR] note: run with `RUST_BACKTRACE=1` to display a backtrace.
[INFO] testing ekosutrisno/rust-axum-sqlx against beta-2023-12-22 for beta-1.76-1
[INFO] running `Command { std: "git" "clone" "/workspace/cache/git-repos/https%3A%2F%2Fgithub.com%2Fekosutrisno%2Frust-axum-sqlx" "/workspace/builds/worker-1-tc2/source", kill_on_drop: false }`
[INFO] [stderr] Cloning into '/workspace/builds/worker-1-tc2/source'...
[INFO] [stderr] done.
[INFO] validating manifest of git repo https://github.com/ekosutrisno/rust-axum-sqlx on toolchain beta-2023-12-22
[INFO] running `Command { std: CARGO_HOME="/workspace/cargo-home" RUSTUP_HOME="/workspace/rustup-home" "/workspace/cargo-home/bin/cargo" "+beta-2023-12-22" "metadata" "--manifest-path" "Cargo.toml" "--no-deps", kill_on_drop: false }`
[INFO] started tweaking git repo https://github.com/ekosutrisno/rust-axum-sqlx
[INFO] finished tweaking git repo https://github.com/ekosutrisno/rust-axum-sqlx
[INFO] tweaked toml for git repo https://github.com/ekosutrisno/rust-axum-sqlx written to /workspace/builds/worker-1-tc2/source/Cargo.toml
[INFO] crate git repo https://github.com/ekosutrisno/rust-axum-sqlx already has a lockfile, it will not be regenerated
[INFO] running `Command { std: CARGO_HOME="/workspace/cargo-home" RUSTUP_HOME="/workspace/rustup-home" "/workspace/cargo-home/bin/cargo" "+beta-2023-12-22" "fetch" "--manifest-path" "Cargo.toml", kill_on_drop: false }`
[INFO] [stderr]     Blocking waiting for file lock on package cache
[INFO] [stderr]     Blocking waiting for file lock on package cache
[INFO] running `Command { std: "docker" "create" "-v" "/var/lib/crater-agent-workspace/builds/worker-1-tc2/target:/opt/rustwide/target:rw,Z" "-v" "/var/lib/crater-agent-workspace/builds/worker-1-tc2/source:/opt/rustwide/workdir:ro,Z" "-v" "/var/lib/crater-agent-workspace/cargo-home:/opt/rustwide/cargo-home:ro,Z" "-v" "/var/lib/crater-agent-workspace/rustup-home:/opt/rustwide/rustup-home:ro,Z" "-e" "SOURCE_DIR=/opt/rustwide/workdir" "-e" "CARGO_TARGET_DIR=/opt/rustwide/target" "-e" "CARGO_HOME=/opt/rustwide/cargo-home" "-e" "RUSTUP_HOME=/opt/rustwide/rustup-home" "-w" "/opt/rustwide/workdir" "-m" "1610612736" "--user" "0:0" "--network" "none" "ghcr.io/rust-lang/crates-build-env/linux@sha256:2788e3201cd34a07e3172128adcd8b3090168a8e3bcc40d7c032b9dda1df7d1c" "/opt/rustwide/cargo-home/bin/cargo" "+beta-2023-12-22" "metadata" "--no-deps" "--format-version=1", kill_on_drop: false }`
[INFO] [stdout] bf8e0f9ab7dfc1eb9fb78e8f6539327705f4edbe383aa9c54ba6e11b5990c3c2
[INFO] running `Command { std: "docker" "start" "-a" "bf8e0f9ab7dfc1eb9fb78e8f6539327705f4edbe383aa9c54ba6e11b5990c3c2", kill_on_drop: false }`
[INFO] running `Command { std: "docker" "inspect" "bf8e0f9ab7dfc1eb9fb78e8f6539327705f4edbe383aa9c54ba6e11b5990c3c2", kill_on_drop: false }`
[INFO] running `Command { std: "docker" "rm" "-f" "bf8e0f9ab7dfc1eb9fb78e8f6539327705f4edbe383aa9c54ba6e11b5990c3c2", kill_on_drop: false }`
[INFO] [stdout] bf8e0f9ab7dfc1eb9fb78e8f6539327705f4edbe383aa9c54ba6e11b5990c3c2
[INFO] running `Command { std: "docker" "create" "-v" "/var/lib/crater-agent-workspace/builds/worker-1-tc2/target:/opt/rustwide/target:rw,Z" "-v" "/var/lib/crater-agent-workspace/builds/worker-1-tc2/source:/opt/rustwide/workdir:ro,Z" "-v" "/var/lib/crater-agent-workspace/cargo-home:/opt/rustwide/cargo-home:ro,Z" "-v" "/var/lib/crater-agent-workspace/rustup-home:/opt/rustwide/rustup-home:ro,Z" "-e" "SOURCE_DIR=/opt/rustwide/workdir" "-e" "CARGO_TARGET_DIR=/opt/rustwide/target" "-e" "CARGO_INCREMENTAL=0" "-e" "RUST_BACKTRACE=full" "-e" "RUSTFLAGS=--cap-lints=warn" "-e" "RUSTDOCFLAGS=--cap-lints=warn" "-e" "CARGO_HOME=/opt/rustwide/cargo-home" "-e" "RUSTUP_HOME=/opt/rustwide/rustup-home" "-w" "/opt/rustwide/workdir" "-m" "1610612736" "--user" "0:0" "--network" "none" "ghcr.io/rust-lang/crates-build-env/linux@sha256:2788e3201cd34a07e3172128adcd8b3090168a8e3bcc40d7c032b9dda1df7d1c" "/opt/rustwide/cargo-home/bin/cargo" "+beta-2023-12-22" "build" "--frozen" "--message-format=json", kill_on_drop: false }`
[INFO] [stdout] 7a9ea95311e56d173ee4cb31aa6b488c7ec27ba081363a321dfb6c5f0e01fcbc
[INFO] running `Command { std: "docker" "start" "-a" "7a9ea95311e56d173ee4cb31aa6b488c7ec27ba081363a321dfb6c5f0e01fcbc", kill_on_drop: false }`
[INFO] [stderr]    Compiling libc v0.2.148
[INFO] [stderr]    Compiling proc-macro2 v1.0.67
[INFO] [stderr]    Compiling unicode-ident v1.0.12
[INFO] [stderr]    Compiling autocfg v1.1.0
[INFO] [stderr]    Compiling typenum v1.17.0
[INFO] [stderr]    Compiling futures-core v0.3.28
[INFO] [stderr]    Compiling pin-project-lite v0.2.13
[INFO] [stderr]    Compiling once_cell v1.18.0
[INFO] [stderr]    Compiling memchr v2.6.3
[INFO] [stderr]    Compiling value-bag v1.4.1
[INFO] [stderr]    Compiling log v0.4.20
[INFO] [stderr]    Compiling slab v0.4.9
[INFO] [stderr]    Compiling subtle v2.5.0
[INFO] [stderr]    Compiling futures-io v0.3.28
[INFO] [stderr]    Compiling serde v1.0.188
[INFO] [stderr]    Compiling crossbeam-utils v0.8.16
[INFO] [stderr]    Compiling vcpkg v0.2.15
[INFO] [stderr]    Compiling itoa v1.0.9
[INFO] [stderr]    Compiling quote v1.0.33
[INFO] [stderr]    Compiling pkg-config v0.3.27
[INFO] [stderr]    Compiling syn v2.0.37
[INFO] [stderr]    Compiling cc v1.0.83
[INFO] [stderr]    Compiling getrandom v0.2.10
[INFO] [stderr]    Compiling lock_api v0.4.10
[INFO] [stderr]    Compiling futures-task v0.3.28
[INFO] [stderr]    Compiling bytes v1.5.0
[INFO] [stderr]    Compiling parking_lot_core v0.9.8
[INFO] [stderr]    Compiling generic-array v0.14.7
[INFO] [stderr]    Compiling futures-sink v0.3.28
[INFO] [stderr]    Compiling scopeguard v1.2.0
[INFO] [stderr]    Compiling futures-util v0.3.28
[INFO] [stderr]    Compiling pin-utils v0.1.0
[INFO] [stderr]    Compiling event-listener v2.5.3
[INFO] [stderr]    Compiling smallvec v1.11.1
[INFO] [stderr]    Compiling concurrent-queue v2.2.0
[INFO] [stderr]    Compiling fastrand v1.9.0
[INFO] [stderr]    Compiling block-buffer v0.10.4
[INFO] [stderr]    Compiling waker-fn v1.1.0
[INFO] [stderr]    Compiling io-lifetimes v1.0.11
[INFO] [stderr]    Compiling parking v2.1.0
[INFO] [stderr]    Compiling parking_lot v0.12.1
[INFO] [stderr]    Compiling futures-lite v1.13.0
[INFO] [stderr]    Compiling async-lock v2.8.0
[INFO] [stderr]    Compiling openssl-sys v0.9.93
[INFO] [stderr]    Compiling socket2 v0.4.9
[INFO] [stderr]    Compiling polling v2.8.0
[INFO] [stderr]    Compiling num-traits v0.2.16
[INFO] [stderr]    Compiling ahash v0.8.3
[INFO] [stderr]    Compiling bitflags v1.3.2
[INFO] [stderr]    Compiling tinyvec_macros v0.1.1
[INFO] [stderr]    Compiling rustix v0.37.23
[INFO] [stderr]    Compiling openssl v0.10.57
[INFO] [stderr]    Compiling foreign-types-shared v0.1.1
[INFO] [stderr]    Compiling foreign-types v0.3.2
[INFO] [stderr]    Compiling tinyvec v1.6.0
[INFO] [stderr]    Compiling crypto-common v0.1.6
[INFO] [stderr]    Compiling async-io v1.13.0
[INFO] [stderr]    Compiling tracing-core v0.1.31
[INFO] [stderr]    Compiling cpufeatures v0.2.9
[INFO] [stderr]    Compiling linux-raw-sys v0.3.8
[INFO] [stderr]    Compiling async-task v4.4.0
[INFO] [stderr]    Compiling percent-encoding v2.3.0
[INFO] [stderr]    Compiling form_urlencoded v1.2.0
[INFO] [stderr]    Compiling unicode-normalization v0.1.22
[INFO] [stderr]    Compiling digest v0.10.7
[INFO] [stderr]    Compiling async-channel v1.9.0
[INFO] [stderr]    Compiling unicode-bidi v0.3.13
[INFO] [stderr]    Compiling serde_json v1.0.107
[INFO] [stderr]    Compiling allocator-api2 v0.2.16
[INFO] [stderr]    Compiling native-tls v0.2.11
[INFO] [stderr]    Compiling ryu v1.0.15
[INFO] [stderr]    Compiling atomic-waker v1.1.1
[INFO] [stderr]    Compiling blocking v1.3.1
[INFO] [stderr]    Compiling async-executor v1.5.1
[INFO] [stderr]    Compiling hashbrown v0.14.0
[INFO] [stderr]    Compiling crossbeam-queue v0.3.8
[INFO] [stderr]    Compiling thiserror v1.0.48
[INFO] [stderr]    Compiling iana-time-zone v0.1.57
[INFO] [stderr]    Compiling bitflags v2.4.0
[INFO] [stderr]    Compiling paste v1.0.14
[INFO] [stderr]    Compiling openssl-probe v0.1.5
[INFO] [stderr]    Compiling minimal-lexical v0.2.1
[INFO] [stderr]    Compiling idna v0.4.0
[INFO] [stderr]    Compiling kv-log-macro v1.0.7
[INFO] [stderr]    Compiling nom v7.1.3
[INFO] [stderr]    Compiling crc-catalog v2.2.0
[INFO] [stderr]    Compiling equivalent v1.0.1
[INFO] [stderr]    Compiling unicode_categories v0.1.1
[INFO] [stderr]    Compiling rustversion v1.0.14
[INFO] [stderr]    Compiling crc v3.0.1
[INFO] [stderr]    Compiling indexmap v2.0.0
[INFO] [stderr]    Compiling url v2.4.1
[INFO] [stderr]    Compiling hashlink v0.8.4
[INFO] [stderr]    Compiling async-global-executor v2.3.1
[INFO] [stderr]    Compiling async-std v1.12.0
[INFO] [stderr]    Compiling atoi v2.0.0
[INFO] [stderr]    Compiling futures-intrusive v0.5.0
[INFO] [stderr]    Compiling rand_core v0.6.4
[INFO] [stderr]    Compiling futures-channel v0.3.28
[INFO] [stderr]    Compiling ppv-lite86 v0.2.17
[INFO] [stderr]    Compiling serde_derive v1.0.188
[INFO] [stderr]    Compiling openssl-macros v0.1.1
[INFO] [stderr]    Compiling tracing-attributes v0.1.26
[INFO] [stderr]    Compiling thiserror-impl v1.0.48
[INFO] [stderr]    Compiling hex v0.4.3
[INFO] [stderr]    Compiling dotenvy v0.15.7
[INFO] [stderr]    Compiling byteorder v1.4.3
[INFO] [stderr]    Compiling rand_chacha v0.3.1
[INFO] [stderr]    Compiling rustix v0.38.14
[INFO] [stderr]    Compiling finl_unicode v1.2.0
[INFO] [stderr]    Compiling fnv v1.0.7
[INFO] [stderr]    Compiling stringprep v0.1.4
[INFO] [stderr]    Compiling http v0.2.9
[INFO] [stderr]    Compiling rand v0.8.5
[INFO] [stderr]    Compiling tracing v0.1.37
[INFO] [stderr]    Compiling chrono v0.4.31
[INFO] [stderr]    Compiling hmac v0.12.1
[INFO] [stderr]    Compiling sha2 v0.10.7
[INFO] [stderr]    Compiling whoami v1.4.1
[INFO] [stderr]    Compiling uuid v1.4.1
[INFO] [stderr]    Compiling syn v1.0.109
[INFO] [stderr]    Compiling tower-service v0.3.2
[INFO] [stderr]    Compiling linux-raw-sys v0.4.7
[INFO] [stderr]    Compiling home v0.5.5
[INFO] [stderr]    Compiling base64 v0.21.4
[INFO] [stderr]    Compiling hkdf v0.12.3
[INFO] [stderr]    Compiling http-body v0.4.5
[INFO] [stderr]    Compiling tokio-macros v2.1.0
[INFO] [stderr]    Compiling sha1 v0.10.6
[INFO] [stderr]    Compiling md-5 v0.10.6
[INFO] [stderr]    Compiling num_cpus v1.16.0
[INFO] [stderr]    Compiling socket2 v0.5.4
[INFO] [stderr]    Compiling signal-hook-registry v1.4.1
[INFO] [stderr]    Compiling mio v0.8.8
[INFO] [stderr]    Compiling unicode-segmentation v1.10.1
[INFO] [stderr]    Compiling tower-layer v0.3.2
[INFO] [stderr]    Compiling httparse v1.8.0
[INFO] [stderr]    Compiling fastrand v2.0.0
[INFO] [stderr]    Compiling async-trait v0.1.73
[INFO] [stderr]    Compiling heck v0.4.1
[INFO] [stderr]    Compiling tokio v1.32.0
[INFO] [stderr]    Compiling axum-core v0.3.4
[INFO] [stderr]    Compiling pin-project-internal v1.1.3
[INFO] [stderr]    Compiling tempfile v3.8.0
[INFO] [stderr]    Compiling try-lock v0.2.4
[INFO] [stderr]    Compiling want v0.3.1
[INFO] [stderr]    Compiling axum v0.6.20
[INFO] [stderr]    Compiling httpdate v1.0.3
[INFO] [stderr]    Compiling mime v0.3.17
[INFO] [stderr]    Compiling either v1.9.0
[INFO] [stderr]    Compiling itertools v0.11.0
[INFO] [stderr]    Compiling pin-project v1.1.3
[INFO] [stderr]    Compiling serde_urlencoded v0.7.1
[INFO] [stderr]    Compiling serde_path_to_error v0.1.14
[INFO] [stderr]    Compiling sync_wrapper v0.1.2
[INFO] [stderr]    Compiling http-range-header v0.3.1
[INFO] [stderr]    Compiling matchit v0.7.3
[INFO] [stderr]    Compiling tower-http v0.4.4
[INFO] [stderr]    Compiling sqlformat v0.2.2
[INFO] [stderr]    Compiling dotenv v0.15.0
[INFO] [stderr]    Compiling sqlx-core v0.7.1
[INFO] [stderr]    Compiling tower v0.4.13
[INFO] [stderr]    Compiling hyper v0.14.27
[INFO] [stderr]    Compiling sqlx-postgres v0.7.1
[INFO] [stderr]    Compiling sqlx-macros-core v0.7.1
[INFO] [stderr]    Compiling sqlx-macros v0.7.1
[INFO] [stderr]    Compiling sqlx v0.7.1
[INFO] [stderr]    Compiling axum-002 v0.1.0 (/opt/rustwide/workdir)
[INFO] [stdout] error: error communicating with database: Connection refused (os error 111)
[INFO] [stdout]   --> src/handler.rs:38:24
[INFO] [stdout]    |
[INFO] [stdout] 38 |       let query_result = sqlx::query_as!(
[INFO] [stdout]    |  ________________________^
[INFO] [stdout] 39 | |         NoteModel,
[INFO] [stdout] 40 | |         "SELECT * FROM notes ORDER by id LIMIT $1 OFFSET $2",
[INFO] [stdout] 41 | |         limit as i32,
[INFO] [stdout] 42 | |         offset as i32
[INFO] [stdout] 43 | |     )
[INFO] [stdout]    | |_____^
[INFO] [stdout]    |
[INFO] [stdout]    = note: this error originates in the macro `$crate::sqlx_macros::expand_query` which comes from the expansion of the macro `sqlx::query_as` (in Nightly builds, run with -Z macro-backtrace for more info)
[INFO] [stdout] 
[INFO] [stdout] 
[INFO] [stdout] error: error communicating with database: Connection refused (os error 111)
[INFO] [stdout]   --> src/handler.rs:69:24
[INFO] [stdout]    |
[INFO] [stdout] 69 |       let query_result = sqlx::query_as!(
[INFO] [stdout]    |  ________________________^
[INFO] [stdout] 70 | |         NoteModel,
[INFO] [stdout] 71 | |         "INSERT INTO notes (title,content,category) VALUES ($1, $2, $3) RETURNING *",
[INFO] [stdout] 72 | |         body.title.to_string(),
[INFO] [stdout] 73 | |         body.title.to_string(),
[INFO] [stdout] 74 | |         body.category.to_owned().unwrap_or("".to_string()),
[INFO] [stdout] 75 | |     )
[INFO] [stdout]    | |_____^
[INFO] [stdout]    |
[INFO] [stdout]    = note: this error originates in the macro `$crate::sqlx_macros::expand_query` which comes from the expansion of the macro `sqlx::query_as` (in Nightly builds, run with -Z macro-backtrace for more info)
[INFO] [stdout] 
[INFO] [stdout] 
[INFO] [stdout] error: error communicating with database: Connection refused (os error 111)
[INFO] [stdout]    --> src/handler.rs:109:24
[INFO] [stdout]     |
[INFO] [stdout] 109 |     let query_result = sqlx::query_as!(NoteModel, "SELECT * FROM notes WHERE id = $1", id)
[INFO] [stdout]     |                        ^^^^^^^^^^^^^^^^^^^^^^^^^^^^^^^^^^^^^^^^^^^^^^^^^^^^^^^^^^^^^^^^^^^
[INFO] [stdout]     |
[INFO] [stdout]     = note: this error originates in the macro `$crate::sqlx_macros::expand_query` which comes from the expansion of the macro `sqlx::query_as` (in Nightly builds, run with -Z macro-backtrace for more info)
[INFO] [stdout] 
[INFO] [stdout] 
[INFO] [stdout] error: error communicating with database: Connection refused (os error 111)
[INFO] [stdout]    --> src/handler.rs:136:24
[INFO] [stdout]     |
[INFO] [stdout] 136 |     let query_result = sqlx::query_as!(NoteModel, "SELECT * FROM notes WHERE id = $1", id)
[INFO] [stdout]     |                        ^^^^^^^^^^^^^^^^^^^^^^^^^^^^^^^^^^^^^^^^^^^^^^^^^^^^^^^^^^^^^^^^^^^
[INFO] [stdout]     |
[INFO] [stdout]     = note: this error originates in the macro `$crate::sqlx_macros::expand_query` which comes from the expansion of the macro `sqlx::query_as` (in Nightly builds, run with -Z macro-backtrace for more info)
[INFO] [stdout] 
[INFO] [stdout] 
[INFO] [stdout] error: error communicating with database: Connection refused (os error 111)
[INFO] [stdout]    --> src/handler.rs:151:24
[INFO] [stdout]     |
[INFO] [stdout] 151 |       let query_result = sqlx::query_as!(
[INFO] [stdout]     |  ________________________^
[INFO] [stdout] 152 | |         NoteModel,
[INFO] [stdout] 153 | |         "UPDATE notes SET title = $1, content = $2, category = $3, published = $4, updated_at = $5 WHERE id = $6 RETURNING *",
[INFO] [stdout] 154 | |         body.title.to_owned().unwrap_or(note.title),
[INFO] [stdout] ...   |
[INFO] [stdout] 159 | |         id
[INFO] [stdout] 160 | |     )
[INFO] [stdout]     | |_____^
[INFO] [stdout]     |
[INFO] [stdout]     = note: this error originates in the macro `$crate::sqlx_macros::expand_query` which comes from the expansion of the macro `sqlx::query_as` (in Nightly builds, run with -Z macro-backtrace for more info)
[INFO] [stdout] 
[INFO] [stdout] 
[INFO] [stdout] error: error communicating with database: Connection refused (os error 111)
[INFO] [stdout]    --> src/handler.rs:186:25
[INFO] [stdout]     |
[INFO] [stdout] 186 |     let rows_affected = sqlx::query!("DELETE FROM notes  WHERE id = $1", id)
[INFO] [stdout]     |                         ^^^^^^^^^^^^^^^^^^^^^^^^^^^^^^^^^^^^^^^^^^^^^^^^^^^^
[INFO] [stdout]     |
[INFO] [stdout]     = note: this error originates in the macro `$crate::sqlx_macros::expand_query` which comes from the expansion of the macro `sqlx::query` (in Nightly builds, run with -Z macro-backtrace for more info)
[INFO] [stdout] 
[INFO] [stdout] 
[INFO] [stdout] warning: unused import: `model::NoteModel`
[INFO] [stdout]  --> src/handler.rs:2:5
[INFO] [stdout]   |
[INFO] [stdout] 2 |     model::NoteModel,
[INFO] [stdout]   |     ^^^^^^^^^^^^^^^^
[INFO] [stdout]   |
[INFO] [stdout]   = note: `#[warn(unused_imports)]` on by default
[INFO] [stdout] 
[INFO] [stdout] 
[INFO] [stdout] error: aborting due to 6 previous errors; 1 warning emitted
[INFO] [stdout] 
[INFO] [stdout] 
[INFO] [stderr] error: could not compile `axum-002` (bin "axum-002") due to 7 previous errors; 1 warning emitted
[INFO] running `Command { std: "docker" "inspect" "7a9ea95311e56d173ee4cb31aa6b488c7ec27ba081363a321dfb6c5f0e01fcbc", kill_on_drop: false }`
[INFO] running `Command { std: "docker" "rm" "-f" "7a9ea95311e56d173ee4cb31aa6b488c7ec27ba081363a321dfb6c5f0e01fcbc", kill_on_drop: false }`
[INFO] [stdout] 7a9ea95311e56d173ee4cb31aa6b488c7ec27ba081363a321dfb6c5f0e01fcbc
